CRAN Package Check Results for Package dcGOR

Last updated on 2017-04-28 05:48:21.

Flavor Version Tinstall Tcheck Ttotal Status Flags
r-devel-linux-x86_64-debian-clang 1.0.6 6.01 71.67 77.68 OK
r-devel-linux-x86_64-debian-gcc 1.0.6 5.33 72.29 77.61 OK
r-devel-linux-x86_64-fedora-clang 1.0.6 156.83 NOTE --no-stop-on-test-error
r-devel-linux-x86_64-fedora-gcc 1.0.6 158.26 NOTE --no-stop-on-test-error
r-devel-windows-ix86+x86_64 1.0.6 14.00 150.00 164.00 NOTE
r-patched-linux-x86_64 1.0.6 5.73 75.68 81.41 OK
r-patched-solaris-sparc 1.0.6 972.40 NOTE
r-patched-solaris-x86 1.0.6 218.20 NOTE
r-release-linux-x86_64 1.0.6 5.26 71.41 76.67 OK
r-release-windows-ix86+x86_64 1.0.6 17.00 138.00 155.00 NOTE
r-release-osx-x86_64 1.0.6 ERROR
r-oldrel-windows-ix86+x86_64 1.0.6 19.00 107.00 126.00 NOTE
r-oldrel-osx-x86_64 1.0.6 NOTE

Check Details

Version: 1.0.6
Flags: --no-stop-on-test-error
Check: installed package size
Result: NOTE
     installed size is 5.1Mb
     sub-directories of 1Mb or more:
     data 4.1Mb
Flavors: r-devel-linux-x86_64-fedora-clang, r-devel-linux-x86_64-fedora-gcc

Version: 1.0.6
Check: package dependencies
Result: NOTE
    Package suggested but not available for checking: 'doMC'
Flavors: r-devel-windows-ix86+x86_64, r-release-windows-ix86+x86_64, r-oldrel-windows-ix86+x86_64

Version: 1.0.6
Check: installed package size
Result: NOTE
     installed size is 6.7Mb
     sub-directories of 1Mb or more:
     data 5.4Mb
Flavors: r-patched-solaris-sparc, r-patched-solaris-x86, r-release-windows-ix86+x86_64, r-oldrel-osx-x86_64

Version: 1.0.6
Check: package dependencies
Result: ERROR
    Package required but not available: ‘dnet’
    
    See section ‘The DESCRIPTION file’ in the ‘Writing R Extensions’
    manual.
Flavor: r-release-osx-x86_64