CRAN Package Check Results for Package dcGOR

Last updated on 2015-04-26 09:46:24.

Flavor Version Tinstall Tcheck Ttotal Status Flags
r-devel-linux-x86_64-debian-clang 1.0.4 5.50 69.06 74.56 NOTE
r-devel-linux-x86_64-debian-gcc 1.0.4 5.50 66.37 71.86 NOTE
r-devel-linux-x86_64-fedora-clang 1.0.4 149.88 NOTE
r-devel-linux-x86_64-fedora-gcc 1.0.4 147.10 NOTE
r-devel-osx-x86_64-clang 1.0.4 126.01 NOTE
r-devel-windows-ix86+x86_64 1.0.4 17.00 96.00 113.00 NOTE
r-patched-linux-x86_64 1.0.4 5.27 67.30 72.57 NOTE
r-patched-solaris-sparc 1.0.4 898.00 NOTE
r-patched-solaris-x86 1.0.4 214.90 NOTE
r-release-linux-x86_64 1.0.4 5.71 65.54 71.25 NOTE
r-release-osx-x86_64-mavericks 1.0.4 NOTE
r-release-osx-x86_64-snowleopard 1.0.4 ERROR
r-release-windows-ix86+x86_64 1.0.4 17.00 93.00 110.00 NOTE
r-oldrel-windows-ix86+x86_64 1.0.4 18.00 128.00 146.00 NOTE

Check Details

Version: 1.0.4
Check: installed package size
Result: NOTE
     installed size is 5.0Mb
     sub-directories of 1Mb or more:
     data 4.1Mb
Flavors: r-devel-linux-x86_64-fedora-gcc, r-devel-windows-ix86+x86_64, r-release-windows-ix86+x86_64, r-oldrel-windows-ix86+x86_64

Version: 1.0.4
Check: dependencies in R code
Result: NOTE
    'library' or 'require' call to ‘pkg’ in package code.
     Please use :: or requireNamespace() instead.
     See section 'Suggested packages' in the 'Writing R Extensions' manual.
Flavors: r-devel-linux-x86_64-fedora-gcc, r-devel-windows-ix86+x86_64, r-release-windows-ix86+x86_64, r-oldrel-windows-ix86+x86_64

Version: 1.0.4
Check: package dependencies
Result: NOTE
    Package suggested but not available for checking: 'doMC'
Flavors: r-devel-windows-ix86+x86_64, r-release-windows-ix86+x86_64, r-oldrel-windows-ix86+x86_64