CRAN Package Check Results for Package dcGOR

Last updated on 2015-08-03 19:49:01.

Flavor Version Tinstall Tcheck Ttotal Status Flags
r-devel-linux-x86_64-debian-clang 1.0.6 5.69 72.21 77.90 NOTE
r-devel-linux-x86_64-debian-gcc 1.0.6 5.63 68.42 74.04 NOTE
r-devel-linux-x86_64-fedora-clang 1.0.6 154.59 NOTE
r-devel-linux-x86_64-fedora-gcc 1.0.6 141.97 NOTE
r-devel-osx-x86_64-clang 1.0.6 128.92 NOTE
r-devel-windows-ix86+x86_64 1.0.6 16.00 124.00 140.00 NOTE
r-patched-linux-x86_64 1.0.6 5.74 70.14 75.88 NOTE
r-patched-solaris-sparc 1.0.6 865.80 NOTE
r-patched-solaris-x86 1.0.6 217.00 NOTE
r-release-linux-x86_64 1.0.6 5.62 68.92 74.53 NOTE
r-release-osx-x86_64-mavericks 1.0.6 NOTE
r-release-windows-ix86+x86_64 1.0.6 23.00 116.00 139.00 NOTE
r-oldrel-windows-ix86+x86_64 1.0.6 21.00 145.00 166.00 NOTE

Check Details

Version: 1.0.6
Check: installed package size
Result: NOTE
     installed size is 5.1Mb
     sub-directories of 1Mb or more:
     data 4.1Mb
Flavors: r-devel-linux-x86_64-debian-clang, r-devel-linux-x86_64-debian-gcc, r-devel-linux-x86_64-fedora-clang, r-devel-linux-x86_64-fedora-gcc, r-devel-osx-x86_64-clang, r-devel-windows-ix86+x86_64, r-patched-linux-x86_64, r-patched-solaris-sparc, r-patched-solaris-x86, r-release-linux-x86_64, r-release-osx-x86_64-mavericks, r-release-windows-ix86+x86_64, r-oldrel-windows-ix86+x86_64

Version: 1.0.6
Check: package dependencies
Result: NOTE
    Package suggested but not available for checking: 'doMC'
Flavors: r-devel-windows-ix86+x86_64, r-release-windows-ix86+x86_64, r-oldrel-windows-ix86+x86_64