CRAN Package Check Results for Package dcGOR

Last updated on 2017-10-21 02:48:33.

Flavor Version Tinstall Tcheck Ttotal Status Flags
r-devel-linux-x86_64-debian-clang 1.0.6 5.14 66.70 71.84 OK
r-devel-linux-x86_64-debian-gcc 1.0.6 6.06 71.25 77.31 OK
r-devel-linux-x86_64-fedora-clang 1.0.6 153.39 NOTE
r-devel-linux-x86_64-fedora-gcc 1.0.6 157.12 NOTE
r-devel-windows-ix86+x86_64 1.0.6 16.00 118.00 134.00 NOTE
r-patched-linux-x86_64 1.0.6 5.14 67.41 72.55 OK
r-patched-solaris-x86 1.0.6 212.00 NOTE
r-release-linux-x86_64 1.0.6 4.97 67.01 71.98 OK
r-release-windows-ix86+x86_64 1.0.6 20.00 117.00 137.00 NOTE
r-release-osx-x86_64 1.0.6 ERROR
r-oldrel-windows-ix86+x86_64 1.0.6 15.00 145.00 160.00 NOTE
r-oldrel-osx-x86_64 1.0.6 NOTE

Check Details

Version: 1.0.6
Check: installed package size
Result: NOTE
     installed size is 5.1Mb
     sub-directories of 1Mb or more:
     data 4.1Mb
Flavors: r-devel-linux-x86_64-fedora-clang, r-devel-linux-x86_64-fedora-gcc, r-patched-solaris-x86, r-oldrel-osx-x86_64

Version: 1.0.6
Check: package dependencies
Result: NOTE
    Package suggested but not available for checking: 'doMC'
Flavors: r-devel-windows-ix86+x86_64, r-release-windows-ix86+x86_64, r-oldrel-windows-ix86+x86_64

Version: 1.0.6
Check: package dependencies
Result: ERROR
    Package required but not available: ‘dnet’
    
    See section ‘The DESCRIPTION file’ in the ‘Writing R Extensions’
    manual.
Flavor: r-release-osx-x86_64