CRAN Package Check Results for Package dcGOR

Last updated on 2016-09-25 21:49:57.

Flavor Version Tinstall Tcheck Ttotal Status Flags
r-devel-linux-x86_64-debian-clang 1.0.6 6.10 62.97 69.07 NOTE
r-devel-linux-x86_64-debian-gcc 1.0.6 4.94 63.64 68.59 NOTE
r-devel-linux-x86_64-fedora-clang 1.0.6 134.60 NOTE
r-devel-linux-x86_64-fedora-gcc 1.0.6 128.40 NOTE
r-devel-macos-x86_64-clang 1.0.6 107.59 NOTE
r-devel-windows-ix86+x86_64 1.0.6 15.00 154.00 169.00 NOTE
r-patched-linux-x86_64 1.0.6 5.22 64.65 69.87 NOTE
r-patched-solaris-sparc 1.0.6 862.40 NOTE
r-patched-solaris-x86 1.0.6 189.60 NOTE
r-release-linux-x86_64 1.0.6 4.73 63.59 68.32 NOTE
r-release-osx-x86_64-mavericks 1.0.6 NOTE
r-release-windows-ix86+x86_64 1.0.6 30.00 150.00 180.00 NOTE
r-oldrel-windows-ix86+x86_64 1.0.6 24.00 152.00 176.00 NOTE

Check Details

Version: 1.0.6
Check: installed package size
Result: NOTE
     installed size is 5.0Mb
     sub-directories of 1Mb or more:
     data 4.1Mb
Flavors: r-devel-linux-x86_64-debian-clang, r-devel-linux-x86_64-debian-gcc, r-devel-linux-x86_64-fedora-clang, r-devel-linux-x86_64-fedora-gcc, r-devel-macos-x86_64-clang, r-patched-linux-x86_64, r-patched-solaris-sparc, r-patched-solaris-x86, r-release-linux-x86_64, r-release-osx-x86_64-mavericks

Version: 1.0.6
Check: package dependencies
Result: NOTE
    Package suggested but not available for checking: 'doMC'
Flavors: r-devel-windows-ix86+x86_64, r-release-windows-ix86+x86_64, r-oldrel-windows-ix86+x86_64