CRAN Package Check Results for Package dcGOR

Last updated on 2014-12-21 23:46:58.

Flavor Version Tinstall Tcheck Ttotal Status Flags
r-devel-linux-x86_64-debian-clang 1.0.4 6.66 79.63 86.29 NOTE
r-devel-linux-x86_64-debian-gcc 1.0.4 6.24 74.70 80.94 NOTE
r-devel-linux-x86_64-fedora-clang 1.0.4 203.61 NOTE
r-devel-linux-x86_64-fedora-gcc 1.0.4 193.94 NOTE
r-devel-osx-x86_64-clang 1.0.4 166.31 OK
r-devel-windows-ix86+x86_64 1.0.4 19.00 117.00 136.00 NOTE
r-patched-linux-x86_64 1.0.4 6.90 80.53 87.44 NOTE
r-patched-solaris-sparc 1.0.4 1068.80 NOTE
r-patched-solaris-x86 1.0.4 274.50 NOTE
r-release-linux-ix86 1.0.4 8.03 92.77 100.80 NOTE
r-release-linux-x86_64 1.0.4 7.26 81.72 88.98 NOTE
r-release-osx-x86_64-mavericks 1.0.4 OK
r-release-osx-x86_64-snowleopard 1.0.4 OK
r-release-windows-ix86+x86_64 1.0.4 19.00 122.00 141.00 NOTE

Check Details

Version: 1.0.4
Check: installed package size
Result: NOTE
     installed size is 5.0Mb
     sub-directories of 1Mb or more:
     data 4.1Mb
Flavors: r-devel-linux-x86_64-debian-clang, r-devel-linux-x86_64-debian-gcc, r-devel-linux-x86_64-fedora-clang, r-devel-linux-x86_64-fedora-gcc, r-devel-windows-ix86+x86_64, r-patched-linux-x86_64, r-patched-solaris-sparc, r-patched-solaris-x86, r-release-linux-ix86, r-release-linux-x86_64, r-release-windows-ix86+x86_64

Version: 1.0.4
Check: package dependencies
Result: NOTE
    Package suggested but not available for checking: 'doMC'
Flavors: r-devel-windows-ix86+x86_64, r-release-windows-ix86+x86_64