Last updated on 2018-04-22 21:49:16 CEST.
Flavor | Version | Tinstall | Tcheck | Ttotal | Status | Flags |
---|---|---|---|---|---|---|
r-devel-linux-x86_64-debian-clang | 1.0.6 | 12.43 | 105.89 | 118.32 | OK | |
r-devel-linux-x86_64-debian-gcc | 1.0.6 | 12.10 | 84.18 | 96.28 | OK | |
r-devel-linux-x86_64-fedora-clang | 1.0.6 | 153.98 | NOTE | |||
r-devel-linux-x86_64-fedora-gcc | 1.0.6 | 144.08 | NOTE | |||
r-devel-windows-ix86+x86_64 | 1.0.6 | 31.00 | 110.00 | 141.00 | NOTE | |
r-devel-osx-x86_64 | 1.0.6 | NOTE | ||||
r-patched-linux-x86_64 | 1.0.6 | 13.76 | 105.46 | 119.22 | OK | |
r-patched-solaris-x86 | 1.0.6 | 213.20 | NOTE | |||
r-release-linux-x86_64 | 1.0.6 | 6.73 | 110.73 | 117.46 | OK | |
r-release-windows-ix86+x86_64 | 1.0.6 | 13.00 | 157.00 | 170.00 | NOTE | |
r-release-osx-x86_64 | 1.0.6 | OK | ||||
r-oldrel-windows-ix86+x86_64 | 1.0.6 | 19.00 | 108.00 | 127.00 | NOTE |
Version: 1.0.6
Check: installed package size
Result: NOTE
installed size is 5.4Mb
sub-directories of 1Mb or more:
data 4.1Mb
Flavors: r-devel-linux-x86_64-fedora-clang, r-devel-linux-x86_64-fedora-gcc, r-devel-windows-ix86+x86_64, r-devel-osx-x86_64, r-patched-solaris-x86
Version: 1.0.6
Check: package dependencies
Result: NOTE
Package suggested but not available for checking: 'doMC'
Flavors: r-devel-windows-ix86+x86_64, r-release-windows-ix86+x86_64, r-oldrel-windows-ix86+x86_64