CRAN Package Check Results for Package dcGOR

Last updated on 2014-09-03 05:47:39.

Flavor Version Tinstall Tcheck Ttotal Status Flags
r-devel-linux-x86_64-debian-clang 1.0.2 6.42 71.29 77.71 NOTE
r-devel-linux-x86_64-debian-gcc 1.0.2 6.24 71.14 77.38 NOTE
r-devel-linux-x86_64-fedora-clang 1.0.2 191.39 NOTE
r-devel-linux-x86_64-fedora-gcc 1.0.2 181.51 NOTE
r-devel-osx-x86_64-clang 1.0.2 144.26 NOTE
r-devel-windows-ix86+x86_64 1.0.2 15.00 98.00 113.00 NOTE
r-patched-linux-x86_64 1.0.2 6.49 73.48 79.96 OK
r-patched-solaris-sparc 1.0.2 1025.90 OK
r-patched-solaris-x86 1.0.2 247.70 OK
r-release-linux-ix86 1.0.2 7.70 88.50 96.20 OK
r-release-linux-x86_64 1.0.2 6.71 74.98 81.70 OK
r-release-osx-x86_64-mavericks 1.0.2 OK
r-release-osx-x86_64-snowleopard 1.0.2 OK
r-release-windows-ix86+x86_64 1.0.2 17.00 106.00 123.00 NOTE

Check Details

Version: 1.0.2
Check: R code for possible problems
Result: NOTE
    dcDAGdomainSim: no visible global function definition for ‘%dopar%’
    dcDAGdomainSim: no visible global function definition for ‘foreach’
    dcRWRpipeline: no visible global function definition for ‘%dopar%’
    dcRWRpipeline: no visible global function definition for ‘foreach’
Flavors: r-devel-linux-x86_64-debian-clang, r-devel-linux-x86_64-debian-gcc, r-devel-linux-x86_64-fedora-clang, r-devel-linux-x86_64-fedora-gcc, r-devel-osx-x86_64-clang, r-devel-windows-ix86+x86_64

Version: 1.0.2
Check: package dependencies
Result: NOTE
    Package suggested but not available for checking: 'doMC'
Flavors: r-devel-windows-ix86+x86_64, r-release-windows-ix86+x86_64