CRAN Package Check Results for Package dcGOR

Last updated on 2016-07-30 04:48:59.

Flavor Version Tinstall Tcheck Ttotal Status Flags
r-devel-linux-x86_64-debian-clang 1.0.6 5.62 68.54 74.15 NOTE
r-devel-linux-x86_64-debian-gcc 1.0.6 5.31 70.40 75.71 NOTE
r-devel-linux-x86_64-fedora-clang 1.0.6 142.99 NOTE
r-devel-linux-x86_64-fedora-gcc 1.0.6 131.85 NOTE
r-devel-osx-x86_64-clang 1.0.6 115.73 NOTE
r-devel-windows-ix86+x86_64 1.0.6 15.00 115.00 130.00 NOTE
r-patched-linux-x86_64 1.0.6 6.01 80.77 86.78 NOTE
r-patched-solaris-sparc 1.0.6 862.40 NOTE
r-patched-solaris-x86 1.0.6 185.50 NOTE
r-release-linux-x86_64 1.0.6 6.88 77.42 84.30 NOTE
r-release-osx-x86_64-mavericks 1.0.6 NOTE
r-release-windows-ix86+x86_64 1.0.6 22.00 174.00 196.00 NOTE
r-oldrel-windows-ix86+x86_64 1.0.6 26.00 123.00 149.00 NOTE

Check Details

Version: 1.0.6
Check: installed package size
Result: NOTE
     installed size is 5.1Mb
     sub-directories of 1Mb or more:
     data 4.1Mb
Flavors: r-devel-linux-x86_64-debian-clang, r-devel-linux-x86_64-debian-gcc, r-devel-linux-x86_64-fedora-clang, r-devel-linux-x86_64-fedora-gcc, r-devel-osx-x86_64-clang, r-devel-windows-ix86+x86_64, r-patched-linux-x86_64, r-patched-solaris-sparc, r-patched-solaris-x86, r-release-linux-x86_64, r-release-osx-x86_64-mavericks, r-release-windows-ix86+x86_64, r-oldrel-windows-ix86+x86_64

Version: 1.0.6
Check: package dependencies
Result: NOTE
    Package suggested but not available for checking: 'doMC'
Flavors: r-devel-windows-ix86+x86_64, r-release-windows-ix86+x86_64, r-oldrel-windows-ix86+x86_64