CRAN Package Check Results for Package dcGOR

Last updated on 2015-02-28 17:48:33.

Flavor Version Tinstall Tcheck Ttotal Status Flags
r-devel-linux-x86_64-debian-clang 1.0.4 5.56 66.50 72.06 NOTE
r-devel-linux-x86_64-debian-gcc 1.0.4 5.31 66.61 71.92 NOTE
r-devel-linux-x86_64-fedora-clang 1.0.4 155.55 NOTE
r-devel-linux-x86_64-fedora-gcc 1.0.4 140.68 NOTE
r-devel-osx-x86_64-clang 1.0.4 127.73 NOTE
r-devel-windows-ix86+x86_64 1.0.4 23.00 98.00 121.00 NOTE
r-patched-linux-x86_64 1.0.4 7.44 85.11 92.54 NOTE
r-patched-solaris-sparc 1.0.4 1177.50 NOTE
r-patched-solaris-x86 1.0.4 270.10 NOTE
r-release-linux-ix86 1.0.4 8.05 128.77 136.82 NOTE
r-release-linux-x86_64 1.0.4 7.45 85.33 92.78 NOTE
r-release-osx-x86_64-mavericks 1.0.4 OK
r-release-osx-x86_64-snowleopard 1.0.4 OK
r-release-windows-ix86+x86_64 1.0.4 21.00 124.00 145.00 NOTE

Check Details

Version: 1.0.4
Check: installed package size
Result: NOTE
     installed size is 5.0Mb
     sub-directories of 1Mb or more:
     data 4.1Mb
Flavors: r-devel-linux-x86_64-debian-clang, r-devel-linux-x86_64-debian-gcc, r-devel-linux-x86_64-fedora-clang, r-devel-linux-x86_64-fedora-gcc, r-devel-windows-ix86+x86_64, r-patched-linux-x86_64, r-patched-solaris-sparc, r-patched-solaris-x86, r-release-linux-ix86, r-release-linux-x86_64, r-release-windows-ix86+x86_64

Version: 1.0.4
Check: dependencies in R code
Result: NOTE
    'library' or 'require' call to ‘pkg’ in package code.
     Please use :: or requireNamespace() instead.
     See section 'Suggested packages' in the 'Writing R Extensions' manual.
Flavors: r-devel-linux-x86_64-debian-clang, r-devel-linux-x86_64-debian-gcc, r-devel-linux-x86_64-fedora-clang, r-devel-linux-x86_64-fedora-gcc, r-devel-osx-x86_64-clang, r-devel-windows-ix86+x86_64, r-patched-linux-x86_64, r-patched-solaris-sparc, r-patched-solaris-x86

Version: 1.0.4
Check: package dependencies
Result: NOTE
    Package suggested but not available for checking: 'doMC'
Flavors: r-devel-windows-ix86+x86_64, r-release-windows-ix86+x86_64