CRAN Package Check Results for Package dcGOR

Last updated on 2017-06-28 10:48:08.

Flavor Version Tinstall Tcheck Ttotal Status Flags
r-devel-linux-x86_64-debian-clang 1.0.6 5.52 69.83 75.35 OK
r-devel-linux-x86_64-debian-gcc 1.0.6 5.57 72.93 78.50 OK
r-devel-linux-x86_64-fedora-clang 1.0.6 161.12 NOTE
r-devel-linux-x86_64-fedora-gcc 1.0.6 151.97 NOTE
r-devel-windows-ix86+x86_64 1.0.6 24.00 115.00 139.00 NOTE
r-patched-linux-x86_64 1.0.6 5.62 71.43 77.04 OK
r-patched-solaris-sparc 1.0.6 972.40 NOTE
r-patched-solaris-x86 1.0.6 232.50 NOTE
r-release-linux-x86_64 1.0.6 5.33 71.54 76.87 OK
r-release-windows-ix86+x86_64 1.0.6 17.00 153.00 170.00 NOTE
r-release-osx-x86_64 1.0.6 ERROR
r-oldrel-windows-ix86+x86_64 1.0.6 19.00 110.00 129.00 NOTE
r-oldrel-osx-x86_64 1.0.6 NOTE

Check Details

Version: 1.0.6
Check: installed package size
Result: NOTE
     installed size is 5.1Mb
     sub-directories of 1Mb or more:
     data 4.1Mb
Flavors: r-devel-linux-x86_64-fedora-clang, r-devel-linux-x86_64-fedora-gcc, r-patched-solaris-sparc, r-patched-solaris-x86, r-oldrel-osx-x86_64

Version: 1.0.6
Check: package dependencies
Result: NOTE
    Package suggested but not available for checking: 'doMC'
Flavors: r-devel-windows-ix86+x86_64, r-release-windows-ix86+x86_64, r-oldrel-windows-ix86+x86_64

Version: 1.0.6
Check: package dependencies
Result: ERROR
    Package required but not available: ‘dnet’
    
    See section ‘The DESCRIPTION file’ in the ‘Writing R Extensions’
    manual.
Flavor: r-release-osx-x86_64