CRAN Package Check Results for Package dcGOR

Last updated on 2014-08-20 21:47:23.

Flavor Version Tinstall Tcheck Ttotal Status Flags
r-devel-linux-x86_64-debian-clang 1.0.2 6.51 73.54 80.06 OK
r-devel-linux-x86_64-debian-gcc 1.0.2 6.31 72.28 78.58 OK
r-devel-linux-x86_64-fedora-clang 1.0.2 204.17 NOTE
r-devel-linux-x86_64-fedora-gcc 1.0.2 182.07 NOTE
r-devel-osx-x86_64-clang 1.0.2 144.93 NOTE
r-devel-windows-ix86+x86_64 1.0.2 17.00 101.00 118.00 NOTE
r-patched-linux-x86_64 1.0.2 6.49 71.92 78.41 OK
r-patched-solaris-sparc 1.0.2 1025.90 OK
r-patched-solaris-x86 1.0.2 248.20 OK
r-release-linux-ix86 1.0.2 7.72 88.42 96.14 OK
r-release-linux-x86_64 1.0.2 6.60 73.88 80.48 OK
r-release-osx-x86_64-mavericks 1.0.2 OK
r-release-osx-x86_64-snowleopard 1.0.2 OK
r-release-windows-ix86+x86_64 1.0.2 15.00 106.00 121.00 NOTE

Check Details

Version: 1.0.2
Check: R code for possible problems
Result: NOTE
    dcDAGdomainSim: no visible global function definition for ‘%dopar%’
    dcDAGdomainSim: no visible global function definition for ‘foreach’
    dcRWRpipeline: no visible global function definition for ‘%dopar%’
    dcRWRpipeline: no visible global function definition for ‘foreach’
Flavors: r-devel-linux-x86_64-fedora-clang, r-devel-linux-x86_64-fedora-gcc, r-devel-osx-x86_64-clang

Version: 1.0.2
Check: package dependencies
Result: NOTE
    Package suggested but not available for checking: 'doMC'
Flavors: r-devel-windows-ix86+x86_64, r-release-windows-ix86+x86_64