CRAN Package Check Results for Package dcGOR

Last updated on 2017-08-18 00:49:52.

Flavor Version Tinstall Tcheck Ttotal Status Flags
r-devel-linux-x86_64-debian-clang 1.0.6 4.99 70.01 75.01 OK
r-devel-linux-x86_64-debian-gcc 1.0.6 5.51 66.54 72.05 OK
r-devel-linux-x86_64-fedora-clang 1.0.6 146.78 NOTE
r-devel-linux-x86_64-fedora-gcc 1.0.6 150.61 NOTE
r-devel-windows-ix86+x86_64 1.0.6 13.00 117.00 130.00 NOTE
r-patched-linux-x86_64 1.0.6 5.76 67.62 73.39 OK
r-patched-solaris-x86 1.0.6 206.90 NOTE
r-release-linux-x86_64 1.0.6 5.01 67.94 72.95 OK
r-release-windows-ix86+x86_64 1.0.6 14.00 114.00 128.00 NOTE
r-release-osx-x86_64 1.0.6 ERROR
r-oldrel-windows-ix86+x86_64 1.0.6 15.00 107.00 122.00 NOTE
r-oldrel-osx-x86_64 1.0.6 NOTE

Check Details

Version: 1.0.6
Check: installed package size
Result: NOTE
     installed size is 5.1Mb
     sub-directories of 1Mb or more:
     data 4.1Mb
Flavors: r-devel-linux-x86_64-fedora-clang, r-devel-linux-x86_64-fedora-gcc, r-patched-solaris-x86, r-oldrel-osx-x86_64

Version: 1.0.6
Check: package dependencies
Result: NOTE
    Package suggested but not available for checking: 'doMC'
Flavors: r-devel-windows-ix86+x86_64, r-release-windows-ix86+x86_64, r-oldrel-windows-ix86+x86_64

Version: 1.0.6
Check: package dependencies
Result: ERROR
    Package required but not available: ‘dnet’
    
    See section ‘The DESCRIPTION file’ in the ‘Writing R Extensions’
    manual.
Flavor: r-release-osx-x86_64