CRAN Package Check Results for Package dcGOR

Last updated on 2016-05-26 15:48:56.

Flavor Version Tinstall Tcheck Ttotal Status Flags
r-devel-linux-x86_64-debian-gcc 1.0.6 5.31 66.19 71.51 NOTE
r-devel-linux-x86_64-fedora-clang 1.0.6 156.23 NOTE
r-devel-linux-x86_64-fedora-gcc 1.0.6 133.92 NOTE
r-devel-osx-x86_64-clang 1.0.6 153.03 NOTE
r-devel-windows-ix86+x86_64 1.0.6 14.00 121.00 135.00 NOTE
r-patched-linux-x86_64 1.0.6 5.56 67.05 72.61 NOTE
r-patched-solaris-sparc 1.0.6 865.80 NOTE
r-patched-solaris-x86 1.0.6 191.50 NOTE
r-release-linux-x86_64 1.0.6 5.18 66.35 71.53 NOTE
r-release-osx-x86_64-mavericks 1.0.6 NOTE
r-release-windows-ix86+x86_64 1.0.6 18.00 111.00 129.00 NOTE
r-oldrel-windows-ix86+x86_64 1.0.6 17.00 112.00 129.00 NOTE

Check Details

Version: 1.0.6
Check: installed package size
Result: NOTE
     installed size is 5.1Mb
     sub-directories of 1Mb or more:
     data 4.1Mb
Flavors: r-devel-linux-x86_64-debian-gcc, r-devel-linux-x86_64-fedora-clang, r-devel-linux-x86_64-fedora-gcc, r-devel-osx-x86_64-clang, r-devel-windows-ix86+x86_64, r-patched-linux-x86_64, r-patched-solaris-sparc, r-patched-solaris-x86, r-release-linux-x86_64, r-release-osx-x86_64-mavericks, r-release-windows-ix86+x86_64, r-oldrel-windows-ix86+x86_64

Version: 1.0.6
Check: package dependencies
Result: NOTE
    Package suggested but not available for checking: 'doMC'
Flavors: r-devel-windows-ix86+x86_64, r-release-windows-ix86+x86_64, r-oldrel-windows-ix86+x86_64