CRAN Package Check Results for Package dcGOR

Last updated on 2015-06-30 12:47:10.

Flavor Version Tinstall Tcheck Ttotal Status Flags
r-devel-linux-x86_64-debian-clang 1.0.4 5.34 70.34 75.68 NOTE
r-devel-linux-x86_64-debian-gcc 1.0.4 5.21 66.52 71.72 NOTE
r-devel-linux-x86_64-fedora-clang 1.0.4 151.57 NOTE
r-devel-linux-x86_64-fedora-gcc 1.0.4 140.29 NOTE
r-devel-osx-x86_64-clang 1.0.4 135.31 NOTE
r-devel-windows-ix86+x86_64 1.0.4 23.00 107.00 130.00 NOTE
r-patched-linux-x86_64 1.0.4 5.28 67.08 72.36 NOTE
r-patched-solaris-sparc 1.0.4 912.00 NOTE
r-patched-solaris-x86 1.0.4 213.80 NOTE
r-release-linux-x86_64 1.0.4 5.34 70.38 75.72 NOTE
r-release-osx-x86_64-mavericks 1.0.4 NOTE
r-release-windows-ix86+x86_64 1.0.4 24.00 105.00 129.00 NOTE
r-oldrel-windows-ix86+x86_64 1.0.4 20.00 123.00 143.00 NOTE

Check Details

Version: 1.0.4
Check: installed package size
Result: NOTE
     installed size is 5.0Mb
     sub-directories of 1Mb or more:
     data 4.1Mb
Flavors: r-devel-linux-x86_64-debian-clang, r-devel-linux-x86_64-debian-gcc, r-devel-linux-x86_64-fedora-clang, r-devel-linux-x86_64-fedora-gcc, r-devel-windows-ix86+x86_64, r-patched-linux-x86_64, r-patched-solaris-sparc, r-patched-solaris-x86, r-release-linux-x86_64, r-release-windows-ix86+x86_64, r-oldrel-windows-ix86+x86_64

Version: 1.0.4
Check: dependencies in R code
Result: NOTE
    'library' or 'require' call to ‘pkg’ in package code.
     Please use :: or requireNamespace() instead.
     See section 'Suggested packages' in the 'Writing R Extensions' manual.
Flavors: r-devel-linux-x86_64-debian-clang, r-devel-linux-x86_64-debian-gcc, r-devel-linux-x86_64-fedora-clang, r-devel-linux-x86_64-fedora-gcc, r-devel-osx-x86_64-clang, r-devel-windows-ix86+x86_64, r-patched-linux-x86_64, r-patched-solaris-sparc, r-patched-solaris-x86, r-release-linux-x86_64, r-release-osx-x86_64-mavericks, r-release-windows-ix86+x86_64, r-oldrel-windows-ix86+x86_64

Version: 1.0.4
Check: R code for possible problems
Result: NOTE
    dcAlgo: no visible global function definition for ‘read.delim’
    dcAlgo: no visible global function definition for ‘read.table’
    dcAlgo: no visible global function definition for ‘write.table’
    dcAlgoPredictMain: no visible global function definition for
     ‘write.table’
    dcBuildAnno: no visible global function definition for ‘read.delim’
    dcBuildAnno: no visible global function definition for ‘read.table’
    dcBuildInfoDataFrame: no visible global function definition for
     ‘read.delim’
    dcBuildOnto: no visible global function definition for ‘read.table’
    dcDAGdomainSim: no visible global function definition for
     ‘installed.packages’
    dcRDataLoader: no visible global function definition for
     ‘packageVersion’
    dcRWRpipeline : dp_randomisation: no visible global function definition
     for ‘quantile’
    dcRWRpipeline: no visible global function definition for
     ‘installed.packages’
Flavors: r-devel-linux-x86_64-debian-clang, r-devel-linux-x86_64-debian-gcc, r-devel-windows-ix86+x86_64

Version: 1.0.4
Check: package dependencies
Result: NOTE
    Package suggested but not available for checking: 'doMC'
Flavors: r-devel-windows-ix86+x86_64, r-release-windows-ix86+x86_64, r-oldrel-windows-ix86+x86_64