CRAN Package Check Results for Package dcGOR

Last updated on 2017-01-22 17:47:09.

Flavor Version Tinstall Tcheck Ttotal Status Flags
r-devel-linux-x86_64-debian-clang 1.0.6 5.40 69.93 75.33 OK
r-devel-linux-x86_64-debian-gcc 1.0.6 5.48 70.22 75.71 OK
r-devel-linux-x86_64-fedora-clang 1.0.6 144.84 NOTE --no-stop-on-test-error
r-devel-linux-x86_64-fedora-gcc 1.0.6 143.51 NOTE --no-stop-on-test-error
r-devel-macos-x86_64-clang 1.0.6 119.87 NOTE --no-stop-on-test-error
r-devel-windows-ix86+x86_64 1.0.6 17.00 124.00 141.00 NOTE
r-patched-linux-x86_64 1.0.6 5.20 63.57 68.77 OK
r-patched-solaris-sparc 1.0.6 881.10 NOTE
r-patched-solaris-x86 1.0.6 201.40 NOTE
r-release-linux-x86_64 1.0.6 4.85 63.30 68.15 OK
r-release-osx-x86_64-mavericks 1.0.6 NOTE
r-release-windows-ix86+x86_64 1.0.6 33.00 150.00 183.00 NOTE
r-oldrel-windows-ix86+x86_64 1.0.6 21.00 151.00 172.00 NOTE

Check Details

Version: 1.0.6
Flags: --no-stop-on-test-error
Check: installed package size
Result: NOTE
     installed size is 5.0Mb
     sub-directories of 1Mb or more:
     data 4.1Mb
Flavors: r-devel-linux-x86_64-fedora-clang, r-devel-linux-x86_64-fedora-gcc, r-devel-macos-x86_64-clang

Version: 1.0.6
Check: package dependencies
Result: NOTE
    Package suggested but not available for checking: 'doMC'
Flavors: r-devel-windows-ix86+x86_64, r-release-windows-ix86+x86_64, r-oldrel-windows-ix86+x86_64

Version: 1.0.6
Check: installed package size
Result: NOTE
     installed size is 6.7Mb
     sub-directories of 1Mb or more:
     data 5.4Mb
Flavors: r-patched-solaris-sparc, r-patched-solaris-x86, r-release-osx-x86_64-mavericks