CRAN Package Check Results for Package dcGOR

Last updated on 2017-12-16 01:56:03 CET.

Flavor Version Tinstall Tcheck Ttotal Status Flags
r-devel-linux-x86_64-debian-clang 1.0.6 7.02 104.74 111.76 OK
r-devel-linux-x86_64-debian-gcc 1.0.6 5.65 82.07 87.72 OK
r-devel-linux-x86_64-fedora-clang 1.0.6 138.37 NOTE
r-devel-linux-x86_64-fedora-gcc 1.0.6 134.65 NOTE
r-devel-windows-ix86+x86_64 1.0.6 13.00 112.00 125.00 NOTE
r-patched-linux-x86_64 1.0.6 6.84 112.96 119.80 OK
r-patched-solaris-x86 1.0.6 208.40 NOTE
r-release-linux-x86_64 1.0.6 7.20 110.14 117.34 OK
r-release-windows-ix86+x86_64 1.0.6 14.00 111.00 125.00 NOTE
r-release-osx-x86_64 1.0.6 ERROR
r-oldrel-windows-ix86+x86_64 1.0.6 13.00 121.00 134.00 NOTE
r-oldrel-osx-x86_64 1.0.6 NOTE

Check Details

Version: 1.0.6
Check: installed package size
Result: NOTE
     installed size is 5.1Mb
     sub-directories of 1Mb or more:
     data 4.1Mb
Flavors: r-devel-linux-x86_64-fedora-clang, r-devel-linux-x86_64-fedora-gcc, r-patched-solaris-x86, r-oldrel-osx-x86_64

Version: 1.0.6
Check: package dependencies
Result: NOTE
    Package suggested but not available for checking: 'doMC'
Flavors: r-devel-windows-ix86+x86_64, r-release-windows-ix86+x86_64, r-oldrel-windows-ix86+x86_64

Version: 1.0.6
Check: package dependencies
Result: ERROR
    Package required but not available: ‘dnet’
    
    See section ‘The DESCRIPTION file’ in the ‘Writing R Extensions’
    manual.
Flavor: r-release-osx-x86_64