CRAN Package Check Results for Package dcGOR

Last updated on 2017-02-27 11:48:18.

Flavor Version Tinstall Tcheck Ttotal Status Flags
r-devel-linux-x86_64-debian-clang 1.0.6 5.28 74.50 79.78 OK
r-devel-linux-x86_64-debian-gcc 1.0.6 5.26 71.79 77.05 OK
r-devel-linux-x86_64-fedora-clang 1.0.6 156.79 NOTE --no-stop-on-test-error
r-devel-linux-x86_64-fedora-gcc 1.0.6 158.05 NOTE --no-stop-on-test-error
r-devel-macos-x86_64-clang 1.0.6 122.89 NOTE --no-stop-on-test-error
r-devel-windows-ix86+x86_64 1.0.6 16.00 233.00 249.00 NOTE
r-patched-linux-x86_64 1.0.6 5.38 63.80 69.18 OK
r-patched-solaris-sparc 1.0.6 881.10 NOTE
r-patched-solaris-x86 1.0.6 188.40 NOTE
r-release-linux-x86_64 1.0.6 5.07 68.88 73.95 OK
r-release-osx-x86_64-mavericks 1.0.6 NOTE
r-release-windows-ix86+x86_64 1.0.6 35.00 103.00 138.00 NOTE
r-oldrel-windows-ix86+x86_64 1.0.6 24.00 221.00 245.00 NOTE

Check Details

Version: 1.0.6
Flags: --no-stop-on-test-error
Check: installed package size
Result: NOTE
     installed size is 5.1Mb
     sub-directories of 1Mb or more:
     data 4.1Mb
Flavors: r-devel-linux-x86_64-fedora-clang, r-devel-linux-x86_64-fedora-gcc, r-devel-macos-x86_64-clang

Version: 1.0.6
Check: package dependencies
Result: NOTE
    Package suggested but not available for checking: 'doMC'
Flavors: r-devel-windows-ix86+x86_64, r-release-windows-ix86+x86_64, r-oldrel-windows-ix86+x86_64

Version: 1.0.6
Check: installed package size
Result: NOTE
     installed size is 6.7Mb
     sub-directories of 1Mb or more:
     data 5.4Mb
Flavors: r-patched-solaris-sparc, r-patched-solaris-x86, r-release-osx-x86_64-mavericks