CRAN Package Check Results for Package dcGOR

Last updated on 2015-09-04 11:47:31.

Flavor Version Tinstall Tcheck Ttotal Status Flags
r-devel-linux-x86_64-debian-clang 1.0.6 5.51 69.00 74.50 NOTE
r-devel-linux-x86_64-debian-gcc 1.0.6 5.16 69.30 74.46 NOTE
r-devel-linux-x86_64-fedora-clang 1.0.6 146.22 NOTE
r-devel-linux-x86_64-fedora-gcc 1.0.6 142.52 NOTE
r-devel-osx-x86_64-clang 1.0.6 129.36 NOTE
r-devel-windows-ix86+x86_64 1.0.6 14.00 105.00 119.00 NOTE
r-patched-linux-x86_64 1.0.6 5.62 70.12 75.74 NOTE
r-patched-solaris-sparc 1.0.6 865.80 NOTE
r-patched-solaris-x86 1.0.6 218.00 NOTE
r-release-linux-x86_64 1.0.6 6.72 70.23 76.95 NOTE
r-release-osx-x86_64-mavericks 1.0.6 NOTE
r-release-windows-ix86+x86_64 1.0.6 23.00 154.00 177.00 NOTE
r-oldrel-windows-ix86+x86_64 1.0.6 21.00 187.00 208.00 NOTE

Check Details

Version: 1.0.6
Check: installed package size
Result: NOTE
     installed size is 5.1Mb
     sub-directories of 1Mb or more:
     data 4.1Mb
Flavors: r-devel-linux-x86_64-debian-clang, r-devel-linux-x86_64-debian-gcc, r-devel-linux-x86_64-fedora-clang, r-devel-linux-x86_64-fedora-gcc, r-devel-osx-x86_64-clang, r-devel-windows-ix86+x86_64, r-patched-linux-x86_64, r-patched-solaris-sparc, r-patched-solaris-x86, r-release-linux-x86_64, r-release-osx-x86_64-mavericks, r-release-windows-ix86+x86_64, r-oldrel-windows-ix86+x86_64

Version: 1.0.6
Check: package dependencies
Result: NOTE
    Package suggested but not available for checking: 'doMC'
Flavors: r-devel-windows-ix86+x86_64, r-release-windows-ix86+x86_64, r-oldrel-windows-ix86+x86_64