CRAN Package Check Results for Package dcGOR

Last updated on 2016-06-24 23:47:26.

Flavor Version Tinstall Tcheck Ttotal Status Flags
r-devel-linux-x86_64-debian-gcc 1.0.6 5.29 68.92 74.21 NOTE
r-devel-linux-x86_64-fedora-clang 1.0.6 138.17 NOTE
r-devel-linux-x86_64-fedora-gcc 1.0.6 129.56 NOTE
r-devel-osx-x86_64-clang 1.0.6 113.21 NOTE
r-devel-windows-ix86+x86_64 1.0.6 20.00 156.00 176.00 NOTE
r-patched-linux-x86_64 1.0.6 5.81 67.47 73.27 NOTE
r-patched-solaris-x86 1.0.6 193.60 NOTE
r-release-linux-x86_64 1.0.6 5.72 68.86 74.59 NOTE
r-release-osx-x86_64-mavericks 1.0.6 NOTE
r-release-windows-ix86+x86_64 1.0.6 24.00 114.00 138.00 NOTE
r-oldrel-windows-ix86+x86_64 1.0.6 25.00 163.00 188.00 NOTE

Check Details

Version: 1.0.6
Check: installed package size
Result: NOTE
     installed size is 5.1Mb
     sub-directories of 1Mb or more:
     data 4.1Mb
Flavors: r-devel-linux-x86_64-debian-gcc, r-devel-linux-x86_64-fedora-clang, r-devel-linux-x86_64-fedora-gcc, r-devel-osx-x86_64-clang, r-devel-windows-ix86+x86_64, r-patched-linux-x86_64, r-patched-solaris-sparc, r-patched-solaris-x86, r-release-linux-x86_64, r-release-osx-x86_64-mavericks, r-release-windows-ix86+x86_64, r-oldrel-windows-ix86+x86_64

Version: 1.0.6
Check: package dependencies
Result: NOTE
    Package suggested but not available for checking: 'doMC'
Flavors: r-devel-windows-ix86+x86_64, r-release-windows-ix86+x86_64, r-oldrel-windows-ix86+x86_64