CRAN Package Check Results for Package dcGOR

Last updated on 2016-02-13 23:46:59.

Flavor Version Tinstall Tcheck Ttotal Status Flags
r-devel-linux-x86_64-debian-gcc 1.0.6 5.22 69.47 74.69 NOTE
r-devel-linux-x86_64-fedora-clang 1.0.6 138.51 NOTE
r-devel-linux-x86_64-fedora-gcc 1.0.6 134.62 NOTE
r-devel-osx-x86_64-clang 1.0.6 151.10 NOTE
r-devel-windows-ix86+x86_64 1.0.6 21.00 139.00 160.00 NOTE
r-patched-linux-x86_64 1.0.6 6.13 74.73 80.85 NOTE
r-patched-solaris-sparc 1.0.6 918.80 NOTE
r-patched-solaris-x86 1.0.6 205.00 NOTE
r-release-linux-x86_64 1.0.6 5.83 74.64 80.47 NOTE
r-release-osx-x86_64-mavericks 1.0.6 NOTE
r-release-windows-ix86+x86_64 1.0.6 24.00 121.00 145.00 NOTE
r-oldrel-windows-ix86+x86_64 1.0.6 33.00 151.00 184.00 NOTE

Check Details

Version: 1.0.6
Check: installed package size
Result: NOTE
     installed size is 5.1Mb
     sub-directories of 1Mb or more:
     data 4.1Mb
Flavors: r-devel-linux-x86_64-debian-gcc, r-devel-linux-x86_64-fedora-clang, r-devel-linux-x86_64-fedora-gcc, r-devel-osx-x86_64-clang, r-devel-windows-ix86+x86_64, r-patched-linux-x86_64, r-patched-solaris-sparc, r-patched-solaris-x86, r-release-linux-x86_64, r-release-osx-x86_64-mavericks, r-release-windows-ix86+x86_64, r-oldrel-windows-ix86+x86_64

Version: 1.0.6
Check: package dependencies
Result: NOTE
    Package suggested but not available for checking: 'doMC'
Flavors: r-devel-windows-ix86+x86_64, r-release-windows-ix86+x86_64, r-oldrel-windows-ix86+x86_64