CRAN Package Check Results for Package dcGOR

Last updated on 2016-08-29 03:46:54.

Flavor Version Tinstall Tcheck Ttotal Status Flags
r-devel-linux-x86_64-debian-clang 1.0.6 5.67 68.36 74.03 NOTE
r-devel-linux-x86_64-debian-gcc 1.0.6 5.84 70.13 75.97 NOTE
r-devel-linux-x86_64-fedora-clang 1.0.6 144.84 NOTE
r-devel-linux-x86_64-fedora-gcc 1.0.6 133.80 NOTE
r-devel-osx-x86_64-clang 1.0.6 116.72 NOTE
r-devel-windows-ix86+x86_64 1.0.6 21.00 153.00 174.00 NOTE
r-patched-linux-x86_64 1.0.6 5.14 68.24 73.38 NOTE
r-patched-solaris-sparc 1.0.6 862.40 NOTE
r-patched-solaris-x86 1.0.6 185.80 NOTE
r-release-linux-x86_64 1.0.6 9.95 68.92 78.87 NOTE
r-release-osx-x86_64-mavericks 1.0.6 NOTE
r-release-windows-ix86+x86_64 1.0.6 32.00 151.00 183.00 NOTE
r-oldrel-windows-ix86+x86_64 1.0.6 24.00 154.00 178.00 NOTE

Check Details

Version: 1.0.6
Check: installed package size
Result: NOTE
     installed size is 5.1Mb
     sub-directories of 1Mb or more:
     data 4.1Mb
Flavors: r-devel-linux-x86_64-debian-clang, r-devel-linux-x86_64-debian-gcc, r-devel-linux-x86_64-fedora-clang, r-devel-linux-x86_64-fedora-gcc, r-devel-osx-x86_64-clang, r-devel-windows-ix86+x86_64, r-patched-linux-x86_64, r-patched-solaris-sparc, r-patched-solaris-x86, r-release-linux-x86_64, r-release-osx-x86_64-mavericks, r-release-windows-ix86+x86_64, r-oldrel-windows-ix86+x86_64

Version: 1.0.6
Check: package dependencies
Result: NOTE
    Package suggested but not available for checking: 'doMC'
Flavors: r-devel-windows-ix86+x86_64, r-release-windows-ix86+x86_64, r-oldrel-windows-ix86+x86_64