CRAN Package Check Results for Package dcGOR

Last updated on 2015-05-22 19:48:02.

Flavor Version Tinstall Tcheck Ttotal Status Flags
r-devel-linux-x86_64-debian-clang 1.0.4 5.77 67.80 73.57 NOTE
r-devel-linux-x86_64-debian-gcc 1.0.4 5.26 65.64 70.90 NOTE
r-devel-linux-x86_64-fedora-clang 1.0.4 151.21 NOTE
r-devel-linux-x86_64-fedora-gcc 1.0.4 143.74 NOTE
r-devel-osx-x86_64-clang 1.0.4 135.16 NOTE
r-devel-windows-ix86+x86_64 1.0.4 21.00 102.00 123.00 NOTE
r-patched-linux-x86_64 1.0.4 5.55 65.80 71.34 NOTE
r-patched-solaris-sparc 1.0.4 912.00 NOTE
r-patched-solaris-x86 1.0.4 214.90 NOTE
r-release-linux-x86_64 1.0.4 5.32 65.33 70.66 NOTE
r-release-osx-x86_64-mavericks 1.0.4 NOTE
r-release-osx-x86_64-snowleopard 1.0.4 ERROR
r-release-windows-ix86+x86_64 1.0.4 16.00 102.00 118.00 NOTE
r-oldrel-windows-ix86+x86_64 1.0.4 19.00 114.00 133.00 NOTE

Check Details

Version: 1.0.4
Check: installed package size
Result: NOTE
     installed size is 5.0Mb
     sub-directories of 1Mb or more:
     data 4.1Mb
Flavors: r-devel-linux-x86_64-debian-clang, r-devel-linux-x86_64-debian-gcc, r-devel-linux-x86_64-fedora-clang, r-devel-linux-x86_64-fedora-gcc, r-devel-windows-ix86+x86_64, r-patched-linux-x86_64, r-patched-solaris-sparc, r-patched-solaris-x86, r-release-linux-x86_64, r-release-windows-ix86+x86_64, r-oldrel-windows-ix86+x86_64

Version: 1.0.4
Check: dependencies in R code
Result: NOTE
    'library' or 'require' call to ‘pkg’ in package code.
     Please use :: or requireNamespace() instead.
     See section 'Suggested packages' in the 'Writing R Extensions' manual.
Flavors: r-devel-linux-x86_64-debian-clang, r-devel-linux-x86_64-debian-gcc, r-devel-linux-x86_64-fedora-clang, r-devel-linux-x86_64-fedora-gcc, r-devel-osx-x86_64-clang, r-devel-windows-ix86+x86_64, r-patched-linux-x86_64, r-patched-solaris-sparc, r-patched-solaris-x86, r-release-linux-x86_64, r-release-osx-x86_64-mavericks, r-release-windows-ix86+x86_64, r-oldrel-windows-ix86+x86_64

Version: 1.0.4
Check: package dependencies
Result: NOTE
    Package suggested but not available for checking: 'doMC'
Flavors: r-devel-windows-ix86+x86_64, r-release-windows-ix86+x86_64, r-oldrel-windows-ix86+x86_64

Version: 1.0.4
Check: package dependencies
Result: ERROR
    Package required but not available: ‘dnet’
    
    See section ‘The DESCRIPTION file’ in the ‘Writing R Extensions’
    manual.
Flavor: r-release-osx-x86_64-snowleopard