CRAN Package Check Results for Package dcGOR

Last updated on 2014-11-28 19:51:15.

Flavor Version Tinstall Tcheck Ttotal Status Flags
r-devel-linux-x86_64-debian-clang 1.0.3 6.22 73.28 79.50 OK
r-devel-linux-x86_64-debian-gcc 1.0.3 6.11 75.68 81.79 OK
r-devel-linux-x86_64-fedora-clang 1.0.3 193.25 OK
r-devel-linux-x86_64-fedora-gcc 1.0.3 209.28 OK
r-devel-osx-x86_64-clang 1.0.3 150.55 OK
r-devel-windows-ix86+x86_64 1.0.3 17.00 99.00 116.00 NOTE
r-patched-linux-x86_64 1.0.3 6.44 74.77 81.21 OK
r-patched-solaris-sparc 1.0.3 960.20 NOTE
r-patched-solaris-x86 1.0.3 258.80 NOTE
r-release-linux-ix86 1.0.3 7.50 85.84 93.34 NOTE
r-release-linux-x86_64 1.0.3 6.68 75.60 82.28 OK
r-release-osx-x86_64-mavericks 1.0.3 OK
r-release-osx-x86_64-snowleopard 1.0.3 OK
r-release-windows-ix86+x86_64 1.0.3 19.00 109.00 128.00 NOTE

Check Details

Version: 1.0.3
Check: package dependencies
Result: NOTE
    Package suggested but not available for checking: 'doMC'
Flavors: r-devel-windows-ix86+x86_64, r-release-windows-ix86+x86_64

Version: 1.0.3
Check: installed package size
Result: NOTE
     installed size is 6.5Mb
     sub-directories of 1Mb or more:
     data 5.4Mb
Flavors: r-patched-solaris-sparc, r-patched-solaris-x86, r-release-linux-ix86