CRAN Package Check Results for Package dcGOR

Last updated on 2015-03-29 17:51:31.

Flavor Version Tinstall Tcheck Ttotal Status Flags
r-devel-linux-x86_64-debian-clang 1.0.4 5.70 66.98 72.68 NOTE
r-devel-linux-x86_64-debian-gcc 1.0.4 5.48 65.39 70.88 NOTE
r-devel-linux-x86_64-fedora-clang 1.0.4 151.47 NOTE
r-devel-linux-x86_64-fedora-gcc 1.0.4 143.88 NOTE
r-devel-osx-x86_64-clang 1.0.4 135.77 NOTE
r-prerel-windows-ix86+x86_64 1.0.4 23.00 87.00 110.00 NOTE
r-prerel-linux-x86_64 1.0.4 5.51 67.38 72.90 NOTE
r-prerel-solaris-sparc 1.0.4 898.00 NOTE
r-prerel-solaris-x86 1.0.4 200.00 NOTE
r-release-linux-x86_64 1.0.4 7.13 82.08 89.21 NOTE
r-release-osx-x86_64-mavericks 1.0.4 OK
r-release-osx-x86_64-snowleopard 1.0.4 OK
r-release-windows-ix86+x86_64 1.0.4 20.00 124.00 144.00 NOTE

Check Details

Version: 1.0.4
Check: installed package size
Result: NOTE
     installed size is 5.0Mb
     sub-directories of 1Mb or more:
     data 4.1Mb
Flavors: r-devel-linux-x86_64-debian-clang, r-devel-linux-x86_64-debian-gcc, r-devel-linux-x86_64-fedora-clang, r-devel-linux-x86_64-fedora-gcc, r-prerel-windows-ix86+x86_64, r-prerel-linux-x86_64, r-prerel-solaris-sparc, r-prerel-solaris-x86, r-release-linux-x86_64, r-release-windows-ix86+x86_64

Version: 1.0.4
Check: dependencies in R code
Result: NOTE
    'library' or 'require' call to ‘pkg’ in package code.
     Please use :: or requireNamespace() instead.
     See section 'Suggested packages' in the 'Writing R Extensions' manual.
Flavors: r-devel-linux-x86_64-debian-clang, r-devel-linux-x86_64-debian-gcc, r-devel-linux-x86_64-fedora-clang, r-devel-linux-x86_64-fedora-gcc, r-devel-osx-x86_64-clang, r-prerel-windows-ix86+x86_64, r-prerel-linux-x86_64, r-prerel-solaris-sparc, r-prerel-solaris-x86, r-release-linux-x86_64, r-release-windows-ix86+x86_64

Version: 1.0.4
Check: package dependencies
Result: NOTE
    Package suggested but not available for checking: 'doMC'
Flavors: r-prerel-windows-ix86+x86_64, r-release-windows-ix86+x86_64