CRAN Package Check Results for Package dcemriS4

Last updated on 2014-04-24 03:47:42.

Flavor Version Tinstall Tcheck Ttotal Status Flags
r-devel-linux-x86_64-debian-clang 0.51 3.00 65.74 68.74 OK
r-devel-linux-x86_64-debian-gcc 0.51 2.94 65.10 68.03 OK
r-devel-linux-x86_64-fedora-clang 0.51 137.31 OK
r-devel-linux-x86_64-fedora-gcc 0.51 133.30 OK
r-devel-osx-x86_64-clang 0.51 93.71 OK
r-devel-osx-x86_64-gcc 0.51 NOTE
r-devel-windows-ix86+x86_64 0.51 12.00 173.00 185.00 OK
r-patched-linux-x86_64 0.51 3.18 64.81 67.99 OK
r-patched-solaris-sparc 0.51 882.10 OK
r-patched-solaris-x86 0.51 173.20 OK
r-release-linux-ix86 0.51 4.00 403.00 407.00 OK
r-release-linux-x86_64 0.51 2.96 65.52 68.48 OK
r-release-osx-x86_64-mavericks 0.51 WARN
r-release-osx-x86_64-snowleopard 0.51 OK
r-release-windows-ix86+x86_64 0.51 22.00 218.00 240.00 OK
r-oldrel-windows-ix86+x86_64 0.51 11.00 173.00 184.00 OK

Check Details

Version: 0.51
Check: package dependencies
Result: NOTE
    Packages suggested but not available for checking: ‘XML’ ‘oro.dicom’
Flavor: r-devel-osx-x86_64-gcc

Version: 0.51
Check: PDF version of manual
Result: WARNING
    LaTeX errors when creating PDF version.
    This typically indicates Rd problems.
    LaTeX errors found:
    ! LaTeX Error: File `upquote.sty' not found.
    
    Type X to quit or <RETURN> to proceed,
    or enter new name. (Default extension: sty)
    
    4074559/Rd2.tex:8: ==> Fatal error occurred, no output PDF file produced!
Flavor: r-release-osx-x86_64-mavericks