CRAN Package Check Results for Package dcemriS4

Last updated on 2014-10-24 11:47:12.

Flavor Version Tinstall Tcheck Ttotal Status Flags
r-devel-linux-x86_64-debian-clang 0.51 2.93 64.40 67.32 WARN
r-devel-linux-x86_64-debian-gcc 0.51 2.88 65.19 68.07 WARN
r-devel-linux-x86_64-fedora-clang 0.51 126.95 WARN
r-devel-linux-x86_64-fedora-gcc 0.51 135.01 WARN
r-devel-osx-x86_64-clang 0.51 101.82 WARN
r-devel-windows-ix86+x86_64 0.51 11.00 165.00 176.00 WARN
r-patched-linux-x86_64 0.51 3.00 66.01 69.01 WARN
r-patched-solaris-sparc 0.51 920.10 WARN
r-patched-solaris-x86 0.51 168.70 WARN
r-release-linux-ix86 0.51 3.82 413.69 417.51 OK
r-release-linux-x86_64 0.51 2.93 66.24 69.18 OK
r-release-osx-x86_64-mavericks 0.51 OK
r-release-osx-x86_64-snowleopard 0.51 OK
r-release-windows-ix86+x86_64 0.51 13.00 173.00 186.00 OK
r-oldrel-windows-ix86+x86_64 0.51 12.00 170.00 182.00 OK

Check Details

Version: 0.51
Check: dependencies in R code
Result: WARN
    'library' or 'require' call not declared from: ‘parallel’
    See the information on DESCRIPTION files in the chapter ‘Creating R
    packages’ of the ‘Writing R Extensions’ manual.
Flavors: r-devel-linux-x86_64-debian-clang, r-devel-linux-x86_64-debian-gcc, r-devel-linux-x86_64-fedora-clang, r-devel-linux-x86_64-fedora-gcc, r-devel-osx-x86_64-clang, r-devel-windows-ix86+x86_64, r-patched-linux-x86_64, r-patched-solaris-sparc, r-patched-solaris-x86

Version: 0.51
Check: R code for possible problems
Result: NOTE
    .dcemri.spline.single: no visible global function definition for
     ‘splineDesign’
Flavors: r-devel-linux-x86_64-debian-clang, r-devel-linux-x86_64-debian-gcc, r-devel-linux-x86_64-fedora-clang, r-devel-linux-x86_64-fedora-gcc, r-devel-osx-x86_64-clang, r-devel-windows-ix86+x86_64, r-patched-linux-x86_64, r-patched-solaris-sparc, r-patched-solaris-x86