CRAN Package Check Results for Package dcemriS4

Last updated on 2014-12-20 03:49:29.

Flavor Version Tinstall Tcheck Ttotal Status Flags
r-devel-linux-x86_64-debian-clang 0.51 2.99 64.28 67.27 WARN
r-devel-linux-x86_64-debian-gcc 0.51 2.80 62.21 65.01 WARN
r-devel-linux-x86_64-fedora-clang 0.51 137.52 WARN
r-devel-linux-x86_64-fedora-gcc 0.51 127.85 WARN
r-devel-osx-x86_64-clang 0.51 103.88 WARN
r-devel-windows-ix86+x86_64 0.51 17.00 211.00 228.00 WARN
r-patched-linux-x86_64 0.51 2.90 64.61 67.52 WARN
r-patched-solaris-sparc 0.51 920.10 WARN
r-patched-solaris-x86 0.51 171.00 WARN
r-release-linux-ix86 0.51 3.76 385.66 389.41 WARN
r-release-linux-x86_64 0.51 3.00 64.43 67.44 WARN
r-release-osx-x86_64-mavericks 0.51 OK
r-release-osx-x86_64-snowleopard 0.51 OK
r-release-windows-ix86+x86_64 0.51 12.00 183.00 195.00 WARN
r-oldrel-windows-ix86+x86_64 0.51 12.00 177.00 189.00 OK

Check Details

Version: 0.51
Check: dependencies in R code
Result: WARN
    'library' or 'require' call not declared from: ‘parallel’
    See the information on DESCRIPTION files in the chapter ‘Creating R
    packages’ of the ‘Writing R Extensions’ manual.
Flavors: r-devel-linux-x86_64-debian-clang, r-devel-linux-x86_64-debian-gcc, r-devel-linux-x86_64-fedora-clang, r-devel-linux-x86_64-fedora-gcc, r-devel-osx-x86_64-clang, r-devel-windows-ix86+x86_64, r-patched-linux-x86_64, r-patched-solaris-sparc, r-patched-solaris-x86, r-release-linux-ix86, r-release-linux-x86_64, r-release-windows-ix86+x86_64

Version: 0.51
Check: R code for possible problems
Result: NOTE
    .dcemri.spline.single: no visible global function definition for
     ‘splineDesign’
Flavors: r-devel-linux-x86_64-debian-clang, r-devel-linux-x86_64-debian-gcc, r-devel-linux-x86_64-fedora-clang, r-devel-linux-x86_64-fedora-gcc, r-devel-osx-x86_64-clang, r-devel-windows-ix86+x86_64, r-patched-linux-x86_64, r-patched-solaris-sparc, r-patched-solaris-x86, r-release-linux-ix86, r-release-linux-x86_64, r-release-windows-ix86+x86_64