CRAN Package Check Results for Package dcemriS4

Last updated on 2014-08-30 21:47:21.

Flavor Version Tinstall Tcheck Ttotal Status Flags
r-devel-linux-x86_64-debian-clang 0.51 2.66 62.50 65.17 WARN
r-devel-linux-x86_64-debian-gcc 0.51 2.88 61.35 64.23 WARN
r-devel-linux-x86_64-fedora-clang 0.51 136.90 WARN
r-devel-linux-x86_64-fedora-gcc 0.51 130.69 WARN
r-devel-osx-x86_64-clang 0.51 99.50 WARN
r-devel-windows-ix86+x86_64 0.51 11.00 164.00 175.00 WARN
r-patched-linux-x86_64 0.51 2.93 63.06 65.99 WARN
r-patched-solaris-sparc 0.51 914.00 WARN
r-patched-solaris-x86 0.51 168.80 WARN
r-release-linux-ix86 0.51 3.86 414.05 417.91 OK
r-release-linux-x86_64 0.51 3.05 63.70 66.75 OK
r-release-osx-x86_64-mavericks 0.51 OK
r-release-osx-x86_64-snowleopard 0.51 OK
r-release-windows-ix86+x86_64 0.51 12.00 178.00 190.00 OK
r-oldrel-windows-ix86+x86_64 0.51 13.00 186.00 199.00 OK

Check Details

Version: 0.51
Check: dependencies in R code
Result: WARN
    'library' or 'require' call not declared from: ‘parallel’
    See the information on DESCRIPTION files in the chapter ‘Creating R
    packages’ of the ‘Writing R Extensions’ manual.
Flavors: r-devel-linux-x86_64-debian-clang, r-devel-linux-x86_64-debian-gcc, r-devel-linux-x86_64-fedora-clang, r-devel-linux-x86_64-fedora-gcc, r-devel-osx-x86_64-clang, r-devel-windows-ix86+x86_64, r-patched-linux-x86_64, r-patched-solaris-sparc, r-patched-solaris-x86

Version: 0.51
Check: R code for possible problems
Result: NOTE
    .dcemri.spline.single: no visible global function definition for
     ‘splineDesign’
Flavors: r-devel-linux-x86_64-debian-clang, r-devel-linux-x86_64-debian-gcc, r-devel-linux-x86_64-fedora-clang, r-devel-linux-x86_64-fedora-gcc, r-devel-osx-x86_64-clang, r-devel-windows-ix86+x86_64