CRAN Package Check Results for Package dcemriS4

Last updated on 2017-02-19 23:48:04.

Flavor Version Tinstall Tcheck Ttotal Status Flags
r-devel-linux-x86_64-debian-clang 0.55 3.28 61.08 64.36 NOTE
r-devel-linux-x86_64-debian-gcc 0.55 2.90 62.58 65.47 NOTE
r-devel-linux-x86_64-fedora-clang 0.55 148.75 NOTE --no-stop-on-test-error
r-devel-linux-x86_64-fedora-gcc 0.55 146.15 NOTE --no-stop-on-test-error
r-devel-macos-x86_64-clang 0.55 85.64 NOTE --no-stop-on-test-error
r-devel-windows-ix86+x86_64 0.55 21.00 214.00 235.00 NOTE
r-patched-linux-x86_64 0.55 2.96 55.94 58.89 NOTE
r-patched-solaris-sparc 0.55 660.00 NOTE
r-patched-solaris-x86 0.55 139.80 NOTE
r-release-linux-x86_64 0.55 3.00 56.52 59.51 NOTE
r-release-osx-x86_64-mavericks 0.55 NOTE
r-release-windows-ix86+x86_64 0.55 10.00 177.00 187.00 NOTE
r-oldrel-windows-ix86+x86_64 0.55 20.00 210.00 230.00 OK

Check Details

Version: 0.55
Check: R code for possible problems
Result: NOTE
    .CA.fast2: no visible global function definition for ‘lsfit’
    .T2.fast: no visible global function definition for ‘txtProgressBar’
    .T2.fast: no visible global function definition for ‘setTxtProgressBar’
    .dcemri.bayes: no visible global function definition for ‘median’
    .dcemri.bayes: no visible global function definition for ‘sd’
    .dcemri.map : posterior: no visible global function definition for
     ‘dnorm’
    .dcemri.map : posterior: no visible global function definition for
     ‘dgamma’
    .dcemri.map : posterior: no visible global function definition for
     ‘dbeta’
    .dcemri.map.single: no visible global function definition for ‘optim’
    .dcemri.spline: no visible binding for global variable ‘median’
    .dcemri.spline: no visible global function definition for ‘median’
    .dcemri.spline.single: no visible binding for global variable
     ‘quantile’
    .dcemri.spline.single: no visible binding for global variable ‘median’
    .dcemri.spline.single: no visible global function definition for
     ‘median’
    .ftm: no visible global function definition for ‘fft’
    .ftm: no visible global function definition for ‘matplot’
    .ftm: no visible global function definition for ‘legend’
    compartmentalModel : <anonymous>: no visible global function definition
     for ‘approx’
    convFFT: no visible global function definition for ‘fft’
    extractAIF : c.start: no visible global function definition for ‘sd’
    extractAIF : c.start: no visible global function definition for ‘cor’
    Undefined global functions or variables:
     approx cor dbeta dgamma dnorm fft legend lsfit matplot median optim
     quantile sd setTxtProgressBar txtProgressBar
    Consider adding
     importFrom("graphics", "legend", "matplot")
     importFrom("stats", "approx", "cor", "dbeta", "dgamma", "dnorm", "fft",
     "lsfit", "median", "optim", "quantile", "sd")
     importFrom("utils", "setTxtProgressBar", "txtProgressBar")
    to your NAMESPACE file.
Flavors: r-devel-linux-x86_64-debian-clang, r-devel-linux-x86_64-debian-gcc, r-devel-windows-ix86+x86_64, r-patched-linux-x86_64, r-patched-solaris-sparc, r-patched-solaris-x86, r-release-linux-x86_64, r-release-osx-x86_64-mavericks, r-release-windows-ix86+x86_64

Version: 0.55
Check: compiled code
Result: NOTE
    File ‘dcemriS4/libs/dcemriS4.so’:
     Found no calls to: ‘R_registerRoutines’, ‘R_useDynamicSymbols’
    
    It is good practice to register native routines and to disable symbol
    search.
    
    See ‘Writing portable packages’ in the ‘Writing R Extensions’ manual.
Flavors: r-devel-linux-x86_64-debian-clang, r-devel-linux-x86_64-debian-gcc

Version: 0.55
Flags: --no-stop-on-test-error
Check: R code for possible problems
Result: NOTE
    .CA.fast2: no visible global function definition for ‘lsfit’
    .T2.fast: no visible global function definition for ‘txtProgressBar’
    .T2.fast: no visible global function definition for ‘setTxtProgressBar’
    .dcemri.bayes: no visible global function definition for ‘median’
    .dcemri.bayes: no visible global function definition for ‘sd’
    .dcemri.map : posterior: no visible global function definition for
     ‘dnorm’
    .dcemri.map : posterior: no visible global function definition for
     ‘dgamma’
    .dcemri.map : posterior: no visible global function definition for
     ‘dbeta’
    .dcemri.map.single: no visible global function definition for ‘optim’
    .dcemri.spline: no visible binding for global variable ‘median’
    .dcemri.spline: no visible global function definition for ‘median’
    .dcemri.spline.single: no visible binding for global variable
     ‘quantile’
    .dcemri.spline.single: no visible binding for global variable ‘median’
    .dcemri.spline.single: no visible global function definition for
     ‘median’
    .ftm: no visible global function definition for ‘fft’
    .ftm: no visible global function definition for ‘matplot’
    .ftm: no visible global function definition for ‘legend’
    compartmentalModel : <anonymous>: no visible global function definition
     for ‘approx’
    convFFT: no visible global function definition for ‘fft’
    extractAIF : c.start: no visible global function definition for ‘sd’
    extractAIF : c.start: no visible global function definition for ‘cor’
    Undefined global functions or variables:
     approx cor dbeta dgamma dnorm fft legend lsfit matplot median optim
     quantile sd setTxtProgressBar txtProgressBar
    Consider adding
     importFrom("graphics", "legend", "matplot")
     importFrom("stats", "approx", "cor", "dbeta", "dgamma", "dnorm", "fft",
     "lsfit", "median", "optim", "quantile", "sd")
     importFrom("utils", "setTxtProgressBar", "txtProgressBar")
    to your NAMESPACE file.
Flavors: r-devel-linux-x86_64-fedora-clang, r-devel-linux-x86_64-fedora-gcc, r-devel-macos-x86_64-clang

Version: 0.55
Flags: --no-stop-on-test-error
Check: compiled code
Result: NOTE
    File ‘dcemriS4/libs/dcemriS4.so’:
     Found no calls to: ‘R_registerRoutines’, ‘R_useDynamicSymbols’
    
    It is good practice to register native routines and to disable symbol
    search.
    
    See ‘Writing portable packages’ in the ‘Writing R Extensions’ manual.
Flavors: r-devel-linux-x86_64-fedora-clang, r-devel-linux-x86_64-fedora-gcc, r-devel-macos-x86_64-clang