CRAN Package Check Results for Package dcemriS4

Last updated on 2015-04-27 17:48:15.

Flavor Version Tinstall Tcheck Ttotal Status Flags
r-devel-linux-x86_64-debian-clang 0.51 2.50 59.73 62.24 WARN
r-devel-linux-x86_64-debian-gcc 0.51 2.64 58.72 61.36 WARN
r-devel-linux-x86_64-fedora-clang 0.51 119.29 WARN
r-devel-linux-x86_64-fedora-gcc 0.51 117.96 WARN
r-devel-osx-x86_64-clang 0.51 93.16 WARN
r-devel-windows-ix86+x86_64 0.51 12.00 183.00 195.00 WARN
r-patched-linux-x86_64 0.51 2.38 59.62 62.00 WARN
r-patched-solaris-sparc 0.51 861.50 WARN
r-patched-solaris-x86 0.51 153.60 WARN
r-release-linux-x86_64 0.51 2.36 58.54 60.90 WARN
r-release-osx-x86_64-mavericks 0.51 WARN
r-release-osx-x86_64-snowleopard 0.51 WARN
r-release-windows-ix86+x86_64 0.51 19.00 203.00 222.00 WARN
r-oldrel-windows-ix86+x86_64 0.51 10.00 173.00 183.00 WARN

Check Details

Version: 0.51
Check: dependencies in R code
Result: WARN
    'library' or 'require' call not declared from: ‘parallel’
    'library' or 'require' call to ‘parallel’ in package code.
     Please use :: or requireNamespace() instead.
     See section 'Suggested packages' in the 'Writing R Extensions' manual.
Flavors: r-devel-linux-x86_64-debian-clang, r-devel-linux-x86_64-debian-gcc, r-devel-linux-x86_64-fedora-clang, r-devel-linux-x86_64-fedora-gcc, r-devel-osx-x86_64-clang, r-devel-windows-ix86+x86_64, r-patched-solaris-sparc, r-patched-solaris-x86, r-release-linux-x86_64, r-release-osx-x86_64-mavericks, r-release-osx-x86_64-snowleopard, r-release-windows-ix86+x86_64, r-oldrel-windows-ix86+x86_64

Version: 0.51
Check: R code for possible problems
Result: NOTE
    .dcemri.spline.single: no visible global function definition for
     ‘splineDesign’
Flavors: r-devel-linux-x86_64-debian-clang, r-devel-linux-x86_64-debian-gcc, r-devel-linux-x86_64-fedora-clang, r-devel-linux-x86_64-fedora-gcc, r-devel-osx-x86_64-clang, r-devel-windows-ix86+x86_64, r-patched-solaris-sparc, r-patched-solaris-x86, r-release-linux-x86_64, r-release-osx-x86_64-mavericks, r-release-osx-x86_64-snowleopard, r-release-windows-ix86+x86_64, r-oldrel-windows-ix86+x86_64

Version: 0.51
Check: line endings in Makefiles
Result: NOTE
    Found the following Makefile(s) without a final LF:
     src/Makevars
    Some ‘make’ programs ignore lines not ending in LF.
Flavors: r-devel-linux-x86_64-debian-clang, r-devel-linux-x86_64-debian-gcc, r-devel-linux-x86_64-fedora-clang, r-devel-linux-x86_64-fedora-gcc, r-devel-osx-x86_64-clang, r-devel-windows-ix86+x86_64, r-patched-solaris-sparc, r-patched-solaris-x86, r-release-linux-x86_64, r-release-osx-x86_64-mavericks, r-release-osx-x86_64-snowleopard, r-release-windows-ix86+x86_64, r-oldrel-windows-ix86+x86_64

Version: 0.51
Check: package dependencies
Result: NOTE
    Package suggested but not available for checking: ‘XML’
Flavor: r-release-osx-x86_64-snowleopard