CRAN Package Check Results for Package dcemriS4

Last updated on 2015-06-30 18:47:10.

Flavor Version Tinstall Tcheck Ttotal Status Flags
r-devel-linux-x86_64-debian-clang 0.55 2.66 60.39 63.05 NOTE
r-devel-linux-x86_64-debian-gcc 0.55 2.92 56.55 59.47 NOTE
r-devel-linux-x86_64-fedora-clang 0.55 117.20 NOTE
r-devel-linux-x86_64-fedora-gcc 0.55 111.82 OK
r-devel-osx-x86_64-clang 0.55 97.87 OK
r-devel-windows-ix86+x86_64 0.55 18.00 146.00 164.00 NOTE
r-patched-linux-x86_64 0.55 2.63 58.12 60.74 OK
r-patched-solaris-sparc 0.55 774.00 OK
r-patched-solaris-x86 0.55 155.80 OK
r-release-linux-x86_64 0.55 2.98 59.92 62.90 OK
r-release-osx-x86_64-mavericks 0.55 OK
r-release-windows-ix86+x86_64 0.55 18.00 151.00 169.00 OK
r-oldrel-windows-ix86+x86_64 0.55 20.00 188.00 208.00 OK

Check Details

Version: 0.55
Check: R code for possible problems
Result: NOTE
    .CA.fast2: no visible global function definition for ‘lsfit’
    .T2.fast: no visible global function definition for ‘txtProgressBar’
    .T2.fast: no visible global function definition for ‘setTxtProgressBar’
    .dcemri.bayes: no visible global function definition for ‘median’
    .dcemri.bayes: no visible global function definition for ‘sd’
    .dcemri.map : posterior: no visible global function definition for
     ‘dnorm’
    .dcemri.map : posterior: no visible global function definition for
     ‘dgamma’
    .dcemri.map : posterior: no visible global function definition for
     ‘dbeta’
    .dcemri.map.single: no visible global function definition for ‘optim’
    .dcemri.spline: no visible binding for global variable ‘median’
    .dcemri.spline: no visible global function definition for ‘median’
    .dcemri.spline.single: no visible binding for global variable
     ‘quantile’
    .dcemri.spline.single: no visible binding for global variable ‘median’
    .dcemri.spline.single: no visible global function definition for
     ‘median’
    .ftm: no visible global function definition for ‘fft’
    .ftm: no visible global function definition for ‘matplot’
    .ftm: no visible global function definition for ‘legend’
    compartmentalModel : <anonymous>: no visible global function definition
     for ‘approx’
    convFFT: no visible global function definition for ‘fft’
    extractAIF : c.start: no visible global function definition for ‘sd’
    extractAIF : c.start: no visible global function definition for ‘cor’
Flavors: r-devel-linux-x86_64-debian-clang, r-devel-linux-x86_64-debian-gcc, r-devel-linux-x86_64-fedora-clang, r-devel-windows-ix86+x86_64