CRAN Package Check Results for Package dcemriS4

Last updated on 2015-07-30 03:48:12.

Flavor Version Tinstall Tcheck Ttotal Status Flags
r-devel-linux-x86_64-debian-clang 0.55 2.68 59.41 62.08 NOTE
r-devel-linux-x86_64-debian-gcc 0.55 2.66 58.10 60.76 NOTE
r-devel-linux-x86_64-fedora-clang 0.55 117.89 NOTE
r-devel-linux-x86_64-fedora-gcc 0.55 112.46 NOTE
r-devel-osx-x86_64-clang 0.55 96.56 OK
r-devel-windows-ix86+x86_64 0.55 19.00 148.00 167.00 NOTE
r-patched-linux-x86_64 0.55 2.76 59.41 62.18 OK
r-patched-solaris-sparc 0.55 770.30 OK
r-patched-solaris-x86 0.55 155.80 OK
r-release-linux-x86_64 0.55 2.92 56.80 59.73 OK
r-release-osx-x86_64-mavericks 0.55 OK
r-release-windows-ix86+x86_64 0.55 19.00 155.00 174.00 OK
r-oldrel-windows-ix86+x86_64 0.55 18.00 162.00 180.00 OK

Check Details

Version: 0.55
Check: R code for possible problems
Result: NOTE
    .CA.fast2: no visible global function definition for ‘lsfit’
    .T2.fast: no visible global function definition for ‘txtProgressBar’
    .T2.fast: no visible global function definition for ‘setTxtProgressBar’
    .dcemri.bayes: no visible global function definition for ‘median’
    .dcemri.bayes: no visible global function definition for ‘sd’
    .dcemri.map : posterior: no visible global function definition for
     ‘dnorm’
    .dcemri.map : posterior: no visible global function definition for
     ‘dgamma’
    .dcemri.map : posterior: no visible global function definition for
     ‘dbeta’
    .dcemri.map.single: no visible global function definition for ‘optim’
    .dcemri.spline: no visible binding for global variable ‘median’
    .dcemri.spline: no visible global function definition for ‘median’
    .dcemri.spline.single: no visible binding for global variable
     ‘quantile’
    .dcemri.spline.single: no visible binding for global variable ‘median’
    .dcemri.spline.single: no visible global function definition for
     ‘median’
    .ftm: no visible global function definition for ‘fft’
    .ftm: no visible global function definition for ‘matplot’
    .ftm: no visible global function definition for ‘legend’
    compartmentalModel : <anonymous>: no visible global function definition
     for ‘approx’
    convFFT: no visible global function definition for ‘fft’
    extractAIF : c.start: no visible global function definition for ‘sd’
    extractAIF : c.start: no visible global function definition for ‘cor’
    Undefined global functions or variables:
     approx cor dbeta dgamma dnorm fft legend lsfit matplot median optim
     quantile sd setTxtProgressBar txtProgressBar
    Consider adding
     importFrom("graphics", "legend", "matplot")
     importFrom("stats", "approx", "cor", "dbeta", "dgamma", "dnorm", "fft",
     "lsfit", "median", "optim", "quantile", "sd")
     importFrom("utils", "setTxtProgressBar", "txtProgressBar")
    to your NAMESPACE.
Flavors: r-devel-linux-x86_64-debian-clang, r-devel-linux-x86_64-debian-gcc, r-devel-linux-x86_64-fedora-clang, r-devel-linux-x86_64-fedora-gcc, r-devel-windows-ix86+x86_64