CRAN Package Check Results for Package dcemriS4

Last updated on 2014-11-24 19:50:20.

Flavor Version Tinstall Tcheck Ttotal Status Flags
r-devel-linux-x86_64-debian-clang 0.51 2.88 64.46 67.35 WARN
r-devel-linux-x86_64-debian-gcc 0.51 3.04 62.98 66.02 WARN
r-devel-linux-x86_64-fedora-clang 0.51 134.01 WARN
r-devel-linux-x86_64-fedora-gcc 0.51 129.13 WARN
r-devel-osx-x86_64-clang 0.51 102.95 WARN
r-devel-windows-ix86+x86_64 0.51 12.00 162.00 174.00 WARN
r-patched-linux-x86_64 0.51 2.90 65.59 68.49 WARN
r-patched-solaris-sparc 0.51 920.10 WARN
r-patched-solaris-x86 0.51 169.00 WARN
r-release-linux-ix86 0.51 3.68 386.30 389.98 WARN
r-release-linux-x86_64 0.51 2.86 64.13 66.99 WARN
r-release-osx-x86_64-mavericks 0.51 OK
r-release-osx-x86_64-snowleopard 0.51 OK
r-release-windows-ix86+x86_64 0.51 12.00 178.00 190.00 WARN
r-oldrel-windows-ix86+x86_64 0.51 12.00 170.00 182.00 OK

Check Details

Version: 0.51
Check: dependencies in R code
Result: WARN
    'library' or 'require' call not declared from: ‘parallel’
    See the information on DESCRIPTION files in the chapter ‘Creating R
    packages’ of the ‘Writing R Extensions’ manual.
Flavors: r-devel-linux-x86_64-debian-clang, r-devel-linux-x86_64-debian-gcc, r-devel-linux-x86_64-fedora-clang, r-devel-linux-x86_64-fedora-gcc, r-devel-osx-x86_64-clang, r-devel-windows-ix86+x86_64, r-patched-linux-x86_64, r-patched-solaris-sparc, r-patched-solaris-x86, r-release-linux-ix86, r-release-linux-x86_64, r-release-windows-ix86+x86_64

Version: 0.51
Check: R code for possible problems
Result: NOTE
    .dcemri.spline.single: no visible global function definition for
     ‘splineDesign’
Flavors: r-devel-linux-x86_64-debian-clang, r-devel-linux-x86_64-debian-gcc, r-devel-linux-x86_64-fedora-clang, r-devel-linux-x86_64-fedora-gcc, r-devel-osx-x86_64-clang, r-devel-windows-ix86+x86_64, r-patched-linux-x86_64, r-patched-solaris-sparc, r-patched-solaris-x86, r-release-linux-ix86, r-release-linux-x86_64, r-release-windows-ix86+x86_64