CRAN Package Check Results for Package dclone

Last updated on 2015-08-02 23:47:58.

Flavor Version Tinstall Tcheck Ttotal Status Flags
r-devel-linux-x86_64-debian-clang 2.0-0 1.21 22.93 24.14 NOTE
r-devel-linux-x86_64-debian-gcc 2.0-0 1.40 23.07 24.47 NOTE
r-devel-linux-x86_64-fedora-clang 2.0-0 43.50 NOTE
r-devel-linux-x86_64-fedora-gcc 2.0-0 40.34 NOTE
r-devel-osx-x86_64-clang 2.0-0 41.33 NOTE
r-devel-windows-ix86+x86_64 2.0-0 9.00 43.00 52.00 NOTE
r-patched-linux-x86_64 2.0-0 1.56 21.98 23.54 NOTE
r-patched-solaris-sparc 2.0-0 290.80 NOTE
r-patched-solaris-x86 2.0-0 62.10 NOTE
r-release-linux-x86_64 2.0-0 1.65 22.62 24.27 NOTE
r-release-osx-x86_64-mavericks 2.0-0 NOTE
r-release-windows-ix86+x86_64 2.0-0 5.00 58.00 63.00 NOTE
r-oldrel-windows-ix86+x86_64 2.0-0 7.00 47.00 54.00 NOTE

Check Details

Version: 2.0-0
Check: dependencies in R code
Result: NOTE
    'library' or 'require' calls in package code:
     ‘BRugs’ ‘MASS’ ‘R2OpenBUGS’ ‘R2WinBUGS’ ‘snow’
     Please use :: or requireNamespace() instead.
     See section 'Suggested packages' in the 'Writing R Extensions' manual.
    Package in Depends field not imported from: ‘parallel’
     These packages need to be imported from (in the NAMESPACE file)
     for when this namespace is loaded but not attached.
Flavors: r-devel-linux-x86_64-debian-clang, r-devel-linux-x86_64-debian-gcc, r-devel-linux-x86_64-fedora-clang, r-devel-linux-x86_64-fedora-gcc, r-devel-osx-x86_64-clang, r-devel-windows-ix86+x86_64, r-patched-linux-x86_64, r-patched-solaris-sparc, r-patched-solaris-x86, r-release-linux-x86_64, r-release-osx-x86_64-mavericks, r-release-windows-ix86+x86_64, r-oldrel-windows-ix86+x86_64

Version: 2.0-0
Check: R code for possible problems
Result: NOTE
    .dcFit: no visible global function definition for ‘flush.console’
    .dcFit: no visible global function definition for ‘varnames’
    .dcFit: no visible global function definition for ‘nchain’
    [.mcmc.list.dc: no visible global function definition for ‘as’
    as.mcmc.list.bugs : <anonymous>: no visible global function definition
     for ‘mcmc’
    bugs.parfit: no visible global function definition for ‘flush.console’
    bugs.parfit: no visible binding for global variable ‘as.mcmc’
    chisq.diag.mcmc.list: no visible global function definition for ‘var’
    chisq.diag.mcmc.list: no visible global function definition for
     ‘qchisq’
    chisq.diag.mcmc.list: no visible global function definition for ‘cor’
    clusterSplitSB: no visible global function definition for
     ‘clusterSplit’
    codaSamples: no visible global function definition for ‘coda.samples’
    confint.mcmc.list.dc: no visible global function definition for
     ‘varnames’
    confint.mcmc.list.dc: no visible global function definition for ‘qnorm’
    dc.parfit: no visible global function definition for ‘flush.console’
    dc.parfit : dcparallel: no visible global function definition for
     ‘varnames’
    dc.parfit: no visible global function definition for ‘varnames’
    dc.parfit: no visible global function definition for ‘list.modules’
    dc.parfit : assemblyfun: no visible binding for global variable
     ‘as.mcmc’
    dc.parfit: no visible global function definition for ‘nchain’
    dcdiag.default: no visible binding for global variable ‘varnames’
    dcsd.mcmc.list: no visible binding for global variable ‘sd’
    errlines.default: no visible global function definition for ‘polygon’
    errlines.default: no visible global function definition for ‘lines’
    extractdcdiag.default: no visible global function definition for
     ‘nchain’
    extractdcdiag.default: no visible global function definition for ‘nvar’
    extractdcdiag.default: no visible global function definition for
     ‘gelman.diag’
    extractdctable.default: no visible binding for global variable ‘sd’
    extractdctable.default: no visible global function definition for
     ‘nchain’
    extractdctable.default: no visible global function definition for
     ‘gelman.diag’
    extractdctable.default: no visible global function definition for
     ‘varnames’
    jags.parfit: no visible global function definition for ‘clusterEvalQ’
    jags.parfit: no visible global function definition for ‘list.modules’
    jags.parfit: no visible global function definition for ‘flush.console’
    jags.parfit: no visible binding for global variable ‘as.mcmc’
    lambdamax.diag.mcmc.list: no visible global function definition for
     ‘var’
    lambdamax.diag.mcmc.list: no visible global function definition for
     ‘nvar’
    mclapplySB: no visible global function definition for ‘mclapply’
    pairs.mcmc.list: no visible global function definition for
     ‘terrain.colors’
    pairs.mcmc.list: no visible global function definition for ‘niter’
    pairs.mcmc.list : fun.lower0: no visible global function definition for
     ‘kde2d’
    pairs.mcmc.list : fun.lower0: no visible global function definition for
     ‘image’
    pairs.mcmc.list : fun.lower0: no visible global function definition for
     ‘abline’
    pairs.mcmc.list : fun.upper: no visible global function definition for
     ‘abline’
    pairs.mcmc.list : fun.upper: no visible global function definition for
     ‘points’
    pairs.mcmc.list : panel.hist.density: no visible global function
     definition for ‘par’
    pairs.mcmc.list : panel.hist.density: no visible global function
     definition for ‘hist’
    pairs.mcmc.list : panel.hist.density: no visible global function
     definition for ‘rect’
    pairs.mcmc.list : panel.hist.density: no visible global function
     definition for ‘lines’
    pairs.mcmc.list : panel.hist.density: no visible global function
     definition for ‘rug’
    pairs.mcmc.list: no visible global function definition for
     ‘pairs.default’
    pairs.mcmc.list: no visible global function definition for ‘varnames’
    parCodaSamples: no visible binding for global variable ‘as.mcmc’
    parDosa: no visible global function definition for ‘clusterEvalQ’
    parDosa: no visible global function definition for ‘clusterSetupRNG’
    parDosa: no visible global function definition for ‘parLapply’
    parDosa: no visible global function definition for ‘clusterExport’
    parDosa: no visible global function definition for ‘clusterApplyLB’
    parJagsModel: no visible global function definition for ‘clusterEvalQ’
    parJagsModel: no visible global function definition for ‘list.modules’
    parLapplySB: no visible global function definition for ‘clusterApply’
    parLapplySB: no visible global function definition for ‘docall’
    parLapplySLB: no visible global function definition for
     ‘clusterApplyLB’
    parListFactories: no visible global function definition for
     ‘clusterEvalQ’
    parListFactories: no visible global function definition for
     ‘clusterCall’
    parListModules: no visible global function definition for
     ‘clusterEvalQ’
    parLoadModule: no visible global function definition for ‘clusterEvalQ’
    parLoadModule: no visible global function definition for ‘parLapply’
    parSetFactory: no visible global function definition for ‘clusterEvalQ’
    parSetFactory: no visible global function definition for ‘clusterCall’
    parUnloadModule: no visible global function definition for
     ‘clusterEvalQ’
    parUnloadModule: no visible global function definition for
     ‘clusterCall’
    parUpdate: no visible global function definition for ‘clusterEvalQ’
    plot.chisq.diag: no visible global function definition for ‘qqplot’
    plot.chisq.diag: no visible global function definition for ‘abline’
    plot.dcdiag : plotit: no visible global function definition for ‘plot’
    plot.dcdiag : plotit: no visible global function definition for ‘axis’
    plot.dcdiag : plotit: no visible global function definition for ‘box’
    plot.dcdiag : plotit: no visible global function definition for
     ‘legend’
    plot.dcdiag : plotit: no visible global function definition for ‘lines’
    plot.dcdiag: no visible global function definition for ‘par’
    plot.dctable : plotit: no visible global function definition for ‘plot’
    plot.dctable : plotit: no visible global function definition for
     ‘points’
    plot.dctable : plotit: no visible global function definition for ‘axis’
    plot.dctable : plotit: no visible global function definition for ‘box’
    plot.dctable : plotit: no visible global function definition for
     ‘legend’
    plot.dctable : plotit: no visible global function definition for
     ‘lines’
    plot.dctable: no visible global function definition for ‘par’
    plotClusterSize: no visible global function definition for
     ‘clusterSplit’
    plotClusterSize: no visible global function definition for ‘plot.new’
    plotClusterSize: no visible global function definition for
     ‘plot.window’
    plotClusterSize: no visible global function definition for ‘box’
    plotClusterSize: no visible global function definition for ‘axis’
    plotClusterSize: no visible global function definition for ‘title’
    plotClusterSize: no visible global function definition for ‘polygon’
    plotClusterSize: no visible global function definition for ‘text’
    snowWrapper: no visible global function definition for ‘clusterEvalQ’
    snowWrapper: no visible global function definition for
     ‘clusterSetupRNG’
    snowWrapper: no visible global function definition for ‘parLapply’
    snowWrapper: no visible global function definition for ‘clusterExport’
    snowWrapper: no visible global function definition for ‘clusterApplyLB’
    stack.mcmc.list: no visible global function definition for ‘varnames’
    stack.mcmc.list: no visible global function definition for ‘nvar’
    stack.mcmc.list: no visible global function definition for ‘time’
    stack.mcmc.list: no visible global function definition for ‘nchain’
    stack.mcmc.list: no visible global function definition for ‘niter’
    summary.mcmc.list.dc: no visible global function definition for
     ‘nchain’
    summary.mcmc.list.dc: no visible global function definition for
     ‘gelman.diag’
    summary.mcmc.list.dc: no visible global function definition for ‘nvar’
    summary.mcmc.list.dc: no visible global function definition for
     ‘varnames’
    update.mcmc.list: no visible global function definition for ‘varnames’
    update.mcmc.list: no visible global function definition for ‘niter’
    update.mcmc.list: no visible global function definition for
     ‘coda.samples’
    vcov.mcmc.list: no visible global function definition for ‘cov’
    vcov.mcmc.list.dc: no visible global function definition for ‘cov’
    Undefined global functions or variables:
     abline as as.mcmc axis box clusterApply clusterApplyLB clusterCall
     clusterEvalQ clusterExport clusterSetupRNG clusterSplit coda.samples
     cor cov docall flush.console gelman.diag hist image kde2d legend
     lines list.modules mclapply mcmc nchain niter nvar pairs.default par
     parLapply plot plot.new plot.window points polygon qchisq qnorm
     qqplot rect rug sd terrain.colors text time title var varnames
    Consider adding
     importFrom("grDevices", "terrain.colors")
     importFrom("graphics", "abline", "axis", "box", "hist", "image",
     "legend", "lines", "pairs.default", "par", "plot",
     "plot.new", "plot.window", "points", "polygon", "rect",
     "rug", "text", "title")
     importFrom("methods", "as")
     importFrom("stats", "cor", "cov", "qchisq", "qnorm", "qqplot", "sd",
     "time", "var")
     importFrom("utils", "flush.console")
    to your NAMESPACE.
Flavors: r-devel-linux-x86_64-debian-clang, r-devel-linux-x86_64-debian-gcc, r-devel-linux-x86_64-fedora-clang, r-devel-linux-x86_64-fedora-gcc, r-devel-windows-ix86+x86_64

Version: 2.0-0
Check: package dependencies
Result: NOTE
    Package suggested but not available for checking: ‘BRugs’
Flavors: r-devel-osx-x86_64-clang, r-patched-solaris-sparc, r-patched-solaris-x86, r-release-osx-x86_64-mavericks

Version: 2.0-0
Check: R code for possible problems
Result: NOTE
    .dcFit: no visible global function definition for ‘varnames’
    .dcFit: no visible global function definition for ‘nchain’
    as.mcmc.list.bugs : <anonymous>: no visible global function definition
     for ‘mcmc’
    bugs.parfit: no visible binding for global variable ‘as.mcmc’
    clusterSplitSB: no visible global function definition for
     ‘clusterSplit’
    codaSamples: no visible global function definition for ‘coda.samples’
    confint.mcmc.list.dc: no visible global function definition for
     ‘varnames’
    dc.parfit : dcparallel: no visible global function definition for
     ‘varnames’
    dc.parfit: no visible global function definition for ‘varnames’
    dc.parfit: no visible global function definition for ‘list.modules’
    dc.parfit : assemblyfun: no visible binding for global variable
     ‘as.mcmc’
    dc.parfit: no visible global function definition for ‘nchain’
    dcdiag.default: no visible binding for global variable ‘varnames’
    extractdcdiag.default: no visible global function definition for
     ‘nchain’
    extractdcdiag.default: no visible global function definition for ‘nvar’
    extractdcdiag.default: no visible global function definition for
     ‘gelman.diag’
    extractdctable.default: no visible global function definition for
     ‘nchain’
    extractdctable.default: no visible global function definition for
     ‘gelman.diag’
    extractdctable.default: no visible global function definition for
     ‘varnames’
    jags.parfit: no visible global function definition for ‘clusterEvalQ’
    jags.parfit: no visible global function definition for ‘list.modules’
    jags.parfit: no visible binding for global variable ‘as.mcmc’
    lambdamax.diag.mcmc.list: no visible global function definition for
     ‘nvar’
    mclapplySB: no visible global function definition for ‘mclapply’
    pairs.mcmc.list: no visible global function definition for ‘niter’
    pairs.mcmc.list : fun.lower0: no visible global function definition for
     ‘kde2d’
    pairs.mcmc.list: no visible global function definition for ‘varnames’
    parCodaSamples: no visible binding for global variable ‘as.mcmc’
    parDosa: no visible global function definition for ‘clusterEvalQ’
    parDosa: no visible global function definition for ‘clusterSetupRNG’
    parDosa: no visible global function definition for ‘parLapply’
    parDosa: no visible global function definition for ‘clusterExport’
    parDosa: no visible global function definition for ‘clusterApplyLB’
    parJagsModel: no visible global function definition for ‘clusterEvalQ’
    parJagsModel: no visible global function definition for ‘list.modules’
    parLapplySB: no visible global function definition for ‘clusterApply’
    parLapplySB: no visible global function definition for ‘docall’
    parLapplySLB: no visible global function definition for
     ‘clusterApplyLB’
    parListFactories: no visible global function definition for
     ‘clusterEvalQ’
    parListFactories: no visible global function definition for
     ‘clusterCall’
    parListModules: no visible global function definition for
     ‘clusterEvalQ’
    parLoadModule: no visible global function definition for ‘clusterEvalQ’
    parLoadModule: no visible global function definition for ‘parLapply’
    parSetFactory: no visible global function definition for ‘clusterEvalQ’
    parSetFactory: no visible global function definition for ‘clusterCall’
    parUnloadModule: no visible global function definition for
     ‘clusterEvalQ’
    parUnloadModule: no visible global function definition for
     ‘clusterCall’
    parUpdate: no visible global function definition for ‘clusterEvalQ’
    plotClusterSize: no visible global function definition for
     ‘clusterSplit’
    snowWrapper: no visible global function definition for ‘clusterEvalQ’
    snowWrapper: no visible global function definition for
     ‘clusterSetupRNG’
    snowWrapper: no visible global function definition for ‘parLapply’
    snowWrapper: no visible global function definition for ‘clusterExport’
    snowWrapper: no visible global function definition for ‘clusterApplyLB’
    stack.mcmc.list: no visible global function definition for ‘varnames’
    stack.mcmc.list: no visible global function definition for ‘nvar’
    stack.mcmc.list: no visible global function definition for ‘nchain’
    stack.mcmc.list: no visible global function definition for ‘niter’
    summary.mcmc.list.dc: no visible global function definition for
     ‘nchain’
    summary.mcmc.list.dc: no visible global function definition for
     ‘gelman.diag’
    summary.mcmc.list.dc: no visible global function definition for ‘nvar’
    summary.mcmc.list.dc: no visible global function definition for
     ‘varnames’
    update.mcmc.list: no visible global function definition for ‘varnames’
    update.mcmc.list: no visible global function definition for ‘niter’
    update.mcmc.list: no visible global function definition for
     ‘coda.samples’
    Undefined global functions or variables:
     as.mcmc clusterApply clusterApplyLB clusterCall clusterEvalQ
     clusterExport clusterSetupRNG clusterSplit coda.samples docall
     gelman.diag kde2d list.modules mclapply mcmc nchain niter nvar
     parLapply varnames
Flavor: r-devel-osx-x86_64-clang

Version: 2.0-0
Check: R code for possible problems
Result: NOTE
    .dcFit: no visible global function definition for ‘varnames’
    .dcFit: no visible global function definition for ‘nchain’
    as.mcmc.list.bugs : <anonymous>: no visible global function definition
     for ‘mcmc’
    bugs.parfit: no visible binding for global variable ‘as.mcmc’
    clusterSplitSB: no visible global function definition for
     ‘clusterSplit’
    codaSamples: no visible global function definition for ‘coda.samples’
    confint.mcmc.list.dc: no visible global function definition for
     ‘varnames’
    dc.parfit : dcparallel: no visible global function definition for
     ‘varnames’
    dc.parfit: no visible global function definition for ‘varnames’
    dc.parfit: no visible global function definition for ‘list.modules’
    dc.parfit : assemblyfun: no visible binding for global variable
     ‘as.mcmc’
    dc.parfit: no visible global function definition for ‘nchain’
    dcdiag.default: no visible binding for global variable ‘varnames’
    extractdcdiag.default: no visible global function definition for
     ‘nchain’
    extractdcdiag.default: no visible global function definition for ‘nvar’
    extractdcdiag.default: no visible global function definition for
     ‘gelman.diag’
    extractdctable.default: no visible global function definition for
     ‘nchain’
    extractdctable.default: no visible global function definition for
     ‘gelman.diag’
    extractdctable.default: no visible global function definition for
     ‘varnames’
    jags.parfit: no visible global function definition for ‘clusterEvalQ’
    jags.parfit: no visible global function definition for ‘list.modules’
    jags.parfit: no visible binding for global variable ‘as.mcmc’
    lambdamax.diag.mcmc.list: no visible global function definition for
     ‘nvar’
    mclapplySB: no visible global function definition for ‘mclapply’
    pairs.mcmc.list: no visible global function definition for ‘niter’
    pairs.mcmc.list : fun.lower0: no visible global function definition for
     ‘kde2d’
    pairs.mcmc.list: no visible global function definition for ‘varnames’
    parCodaSamples: no visible binding for global variable ‘as.mcmc’
    parDosa: no visible global function definition for ‘clusterEvalQ’
    parDosa: no visible global function definition for ‘clusterSetupRNG’
    parDosa: no visible global function definition for ‘parLapply’
    parDosa: no visible global function definition for ‘clusterExport’
    parDosa: no visible global function definition for ‘clusterApplyLB’
    parJagsModel: no visible global function definition for ‘clusterEvalQ’
    parJagsModel: no visible global function definition for ‘list.modules’
    parLapplySB: no visible global function definition for ‘clusterApply’
    parLapplySB: no visible global function definition for ‘docall’
    parLapplySLB: no visible global function definition for
     ‘clusterApplyLB’
    parListFactories: no visible global function definition for
     ‘clusterEvalQ’
    parListFactories: no visible global function definition for
     ‘clusterCall’
    parListModules: no visible global function definition for
     ‘clusterEvalQ’
    parLoadModule: no visible global function definition for ‘clusterEvalQ’
    parLoadModule: no visible global function definition for ‘parLapply’
    parSetFactory: no visible global function definition for ‘clusterEvalQ’
    parSetFactory: no visible global function definition for ‘clusterCall’
    parUnloadModule: no visible global function definition for
     ‘clusterEvalQ’
    parUnloadModule: no visible global function definition for
     ‘clusterCall’
    parUpdate: no visible global function definition for ‘clusterEvalQ’
    plotClusterSize: no visible global function definition for
     ‘clusterSplit’
    snowWrapper: no visible global function definition for ‘clusterEvalQ’
    snowWrapper: no visible global function definition for
     ‘clusterSetupRNG’
    snowWrapper: no visible global function definition for ‘parLapply’
    snowWrapper: no visible global function definition for ‘clusterExport’
    snowWrapper: no visible global function definition for ‘clusterApplyLB’
    stack.mcmc.list: no visible global function definition for ‘varnames’
    stack.mcmc.list: no visible global function definition for ‘nvar’
    stack.mcmc.list: no visible global function definition for ‘nchain’
    stack.mcmc.list: no visible global function definition for ‘niter’
    summary.mcmc.list.dc: no visible global function definition for
     ‘nchain’
    summary.mcmc.list.dc: no visible global function definition for
     ‘gelman.diag’
    summary.mcmc.list.dc: no visible global function definition for ‘nvar’
    summary.mcmc.list.dc: no visible global function definition for
     ‘varnames’
    update.mcmc.list: no visible global function definition for ‘varnames’
    update.mcmc.list: no visible global function definition for ‘niter’
    update.mcmc.list: no visible global function definition for
     ‘coda.samples’
Flavors: r-patched-linux-x86_64, r-patched-solaris-sparc, r-patched-solaris-x86, r-release-linux-x86_64, r-release-osx-x86_64-mavericks, r-release-windows-ix86+x86_64, r-oldrel-windows-ix86+x86_64