CRAN Package Check Results for Package dclone

Last updated on 2016-05-05 11:48:02.

Flavor Version Tinstall Tcheck Ttotal Status Flags
r-devel-linux-x86_64-debian-gcc 2.1-2 3.31 41.97 45.29 OK
r-devel-linux-x86_64-fedora-clang 2.1-2 86.65 OK
r-devel-linux-x86_64-fedora-gcc 2.1-2 81.03 OK
r-devel-osx-x86_64-clang 2.1-2 91.20 NOTE
r-devel-windows-ix86+x86_64 2.1-2 9.00 81.00 90.00 OK
r-patched-linux-x86_64 2.1-2 2.90 41.64 44.55 OK
r-patched-solaris-sparc 2.1-2 540.00 NOTE
r-patched-solaris-x86 2.1-2 121.50 NOTE
r-release-linux-x86_64 2.1-2 3.34 41.93 45.27 OK
r-release-osx-x86_64-mavericks 2.1-2 ERROR
r-release-windows-ix86+x86_64 2.1-2 9.00 81.00 90.00 OK
r-oldrel-windows-ix86+x86_64 2.1-2 14.00 100.00 114.00 OK

Check Details

Version: 2.1-2
Check: package dependencies
Result: NOTE
    Package suggested but not available for checking: ‘BRugs’
Flavors: r-devel-osx-x86_64-clang, r-patched-solaris-sparc, r-patched-solaris-x86

Version: 2.1-2
Check: package dependencies
Result: ERROR
    Package required and available but unsuitable version: ‘rjags’
    
    Package suggested but not available for checking: ‘BRugs’
    
    See section ‘The DESCRIPTION file’ in the ‘Writing R Extensions’
    manual.
Flavor: r-release-osx-x86_64-mavericks