CRAN Package Check Results for Package dclone

Last updated on 2021-11-27 15:50:38 CET.

Flavor Version Tinstall Tcheck Ttotal Status Flags
r-devel-linux-x86_64-debian-clang 2.3-0 OK
r-devel-linux-x86_64-debian-gcc 2.3-0 11.34 103.24 114.58 OK
r-devel-linux-x86_64-fedora-clang 2.3-0 193.98 OK
r-devel-linux-x86_64-fedora-gcc 2.3-0 180.87 OK
r-devel-windows-x86_64-new-UL 2.3-0 35.00 188.00 223.00 NOTE
r-devel-windows-x86_64-new-TK 2.3-0 NOTE
r-devel-windows-x86_64-old 2.3-0 20.00 180.00 200.00 OK
r-patched-linux-x86_64 2.3-0 20.58 129.23 149.81 OK
r-patched-solaris-x86 2.3-0 303.00 NOTE
r-release-linux-x86_64 2.3-0 OK
r-release-macos-arm64 2.3-0 NOTE
r-release-macos-x86_64 2.3-0 NOTE
r-release-windows-ix86+x86_64 2.3-0 38.00 138.00 176.00 OK
r-oldrel-macos-x86_64 2.3-0 NOTE
r-oldrel-windows-ix86+x86_64 2.3-0 40.00 174.00 214.00 OK

Check Details

Version: 2.3-0
Check: package dependencies
Result: NOTE
    Package suggested but not available for checking: 'BRugs'
Flavors: r-devel-windows-x86_64-new-UL, r-devel-windows-x86_64-new-TK, r-patched-solaris-x86, r-release-macos-arm64, r-release-macos-x86_64, r-oldrel-macos-x86_64