CRAN Package Check Results for Package dclone

Last updated on 2016-07-26 05:48:52.

Flavor Version Tinstall Tcheck Ttotal Status Flags
r-devel-linux-x86_64-debian-clang 2.1-2 3.82 48.73 52.55 OK
r-devel-linux-x86_64-debian-gcc 2.1-2 3.49 49.76 53.26 OK
r-devel-linux-x86_64-fedora-clang 2.1-2 87.84 OK
r-devel-linux-x86_64-fedora-gcc 2.1-2 84.33 OK
r-devel-osx-x86_64-clang 2.1-2 69.80 NOTE
r-devel-windows-ix86+x86_64 2.1-2 13.00 95.00 108.00 OK
r-patched-linux-x86_64 2.1-2 3.43 47.28 50.71 OK
r-patched-solaris-sparc 2.1-2 538.70 NOTE
r-patched-solaris-x86 2.1-2 118.00 NOTE
r-release-linux-x86_64 2.1-2 3.42 51.42 54.85 OK
r-release-osx-x86_64-mavericks 2.1-2 NOTE
r-release-windows-ix86+x86_64 2.1-2 14.00 75.00 89.00 OK
r-oldrel-windows-ix86+x86_64 2.1-2 14.00 75.00 89.00 OK

Check Details

Version: 2.1-2
Check: package dependencies
Result: NOTE
    Package suggested but not available for checking: ‘BRugs’
Flavors: r-devel-osx-x86_64-clang, r-patched-solaris-sparc, r-patched-solaris-x86, r-release-osx-x86_64-mavericks