CRAN Package Check Results for Package dclone

Last updated on 2018-04-21 08:49:09 CEST.

Flavor Version Tinstall Tcheck Ttotal Status Flags
r-devel-linux-x86_64-debian-clang 2.2-0 7.30 65.90 73.20 OK
r-devel-linux-x86_64-debian-gcc 2.2-0 5.46 54.76 60.22 OK
r-devel-linux-x86_64-fedora-clang 2.2-0 88.90 OK
r-devel-linux-x86_64-fedora-gcc 2.2-0 84.69 OK
r-devel-windows-ix86+x86_64 2.2-0 13.00 105.00 118.00 OK
r-devel-osx-x86_64 2.2-0 NOTE
r-patched-linux-x86_64 2.2-0 7.66 65.12 72.78 OK
r-patched-solaris-x86 2.2-0 138.60 NOTE
r-release-linux-x86_64 2.2-0 3.95 69.63 73.58 OK
r-release-windows-ix86+x86_64 2.2-0 12.00 76.00 88.00 OK
r-release-osx-x86_64 2.2-0 NOTE
r-oldrel-windows-ix86+x86_64 2.2-0 12.00 75.00 87.00 OK

Check Details

Version: 2.2-0
Check: package dependencies
Result: NOTE
    Package suggested but not available for checking: ‘BRugs’
Flavors: r-devel-osx-x86_64, r-patched-solaris-x86, r-release-osx-x86_64