CRAN Package Check Results for Package dclone

Last updated on 2018-08-18 17:48:20 CEST.

Flavor Version Tinstall Tcheck Ttotal Status Flags
r-devel-linux-x86_64-debian-clang 2.2-0 5.60 75.88 81.48 OK
r-devel-linux-x86_64-debian-gcc 2.2-0 7.32 63.53 70.85 OK
r-devel-linux-x86_64-fedora-clang 2.2-0 97.89 OK
r-devel-linux-x86_64-fedora-gcc 2.2-0 95.65 OK
r-devel-windows-ix86+x86_64 2.2-0 16.00 113.00 129.00 OK
r-patched-linux-x86_64 2.2-0 6.37 65.42 71.79 OK
r-patched-solaris-x86 2.2-0 138.40 NOTE
r-release-linux-x86_64 2.2-0 5.23 65.32 70.55 OK
r-release-windows-ix86+x86_64 2.2-0 15.00 100.00 115.00 OK
r-release-osx-x86_64 2.2-0 NOTE
r-oldrel-windows-ix86+x86_64 2.2-0 9.00 103.00 112.00 OK
r-oldrel-osx-x86_64 2.2-0 NOTE

Check Details

Version: 2.2-0
Check: package dependencies
Result: NOTE
    Package suggested but not available for checking: ‘BRugs’
Flavors: r-patched-solaris-x86, r-release-osx-x86_64, r-oldrel-osx-x86_64