Last updated on 2022-05-19 00:52:48 CEST.
Flavor | Version | Tinstall | Tcheck | Ttotal | Status | Flags |
---|---|---|---|---|---|---|
r-devel-linux-x86_64-debian-clang | 2.3-0 | 17.59 | 163.52 | 181.11 | OK | |
r-devel-linux-x86_64-debian-gcc | 2.3-0 | 12.69 | 121.26 | 133.95 | OK | |
r-devel-linux-x86_64-fedora-clang | 2.3-0 | 212.65 | OK | |||
r-devel-linux-x86_64-fedora-gcc | 2.3-0 | 204.19 | OK | |||
r-devel-windows-x86_64 | 2.3-0 | 37.00 | 175.00 | 212.00 | NOTE | |
r-patched-linux-x86_64 | 2.3-0 | 20.75 | 152.84 | 173.59 | OK | |
r-release-linux-x86_64 | 2.3-0 | 10.91 | 152.46 | 163.37 | OK | |
r-release-macos-arm64 | 2.3-0 | 70.00 | NOTE | |||
r-release-macos-x86_64 | 2.3-0 | 89.00 | NOTE | |||
r-release-windows-x86_64 | 2.3-0 | 46.00 | 174.00 | 220.00 | NOTE | |
r-oldrel-macos-arm64 | 2.3-0 | 52.00 | NOTE | |||
r-oldrel-macos-x86_64 | 2.3-0 | 113.00 | NOTE | |||
r-oldrel-windows-ix86+x86_64 | 2.3-0 | 37.00 | 166.00 | 203.00 | OK |
Version: 2.3-0
Check: package dependencies
Result: NOTE
Package suggested but not available for checking: 'BRugs'
Flavors: r-devel-windows-x86_64, r-release-macos-arm64, r-release-macos-x86_64, r-release-windows-x86_64, r-oldrel-macos-arm64, r-oldrel-macos-x86_64