CRAN Package Check Results for Package dclone

Last updated on 2019-01-20 09:47:31 CET.

Flavor Version Tinstall Tcheck Ttotal Status Flags
r-devel-linux-x86_64-debian-clang 2.2-0 6.86 68.52 75.38 OK
r-devel-linux-x86_64-debian-gcc 2.2-0 6.06 57.89 63.95 OK
r-devel-linux-x86_64-fedora-clang 2.2-0 92.84 OK
r-devel-linux-x86_64-fedora-gcc 2.2-0 83.42 OK
r-devel-windows-ix86+x86_64 2.2-0 19.00 109.00 128.00 OK
r-patched-linux-x86_64 2.2-0 5.21 64.70 69.91 OK
r-patched-solaris-x86 2.2-0 145.30 NOTE
r-release-linux-x86_64 2.2-0 7.60 64.63 72.23 OK
r-release-windows-ix86+x86_64 2.2-0 17.00 105.00 122.00 OK
r-release-osx-x86_64 2.2-0 NOTE
r-oldrel-windows-ix86+x86_64 2.2-0 13.00 76.00 89.00 OK
r-oldrel-osx-x86_64 2.2-0 NOTE

Check Details

Version: 2.2-0
Check: package dependencies
Result: NOTE
    Package suggested but not available for checking: ‘BRugs’
Flavors: r-patched-solaris-x86, r-release-osx-x86_64, r-oldrel-osx-x86_64