CRAN Package Check Results for Package dclone

Last updated on 2014-09-30 23:47:39.

Flavor Version Tinstall Tcheck Ttotal Status Flags
r-devel-linux-x86_64-debian-clang 2.0-0 1.32 23.66 24.98 NOTE
r-devel-linux-x86_64-debian-gcc 2.0-0 1.27 23.82 25.09 NOTE
r-devel-linux-x86_64-fedora-clang 2.0-0 49.71 NOTE
r-devel-linux-x86_64-fedora-gcc 2.0-0 47.30 NOTE
r-devel-osx-x86_64-clang 2.0-0 47.46 NOTE
r-devel-windows-ix86+x86_64 2.0-0 4.00 38.00 42.00 NOTE
r-patched-linux-x86_64 2.0-0 1.34 25.22 26.55 NOTE
r-patched-solaris-sparc 2.0-0 317.40 NOTE
r-patched-solaris-x86 2.0-0 69.20 NOTE
r-release-linux-ix86 2.0-0 1.80 34.52 36.32 OK
r-release-linux-x86_64 2.0-0 1.30 24.76 26.07 OK
r-release-osx-x86_64-mavericks 2.0-0 NOTE
r-release-windows-ix86+x86_64 2.0-0 4.00 40.00 44.00 OK
r-oldrel-windows-ix86+x86_64 2.0-0 4.00 42.00 46.00 OK

Check Details

Version: 2.0-0
Check: dependencies in R code
Result: NOTE
    Package in Depends field not imported from: ‘parallel’
     These packages need to be imported from (in the NAMESPACE file)
     for when this namespace is loaded but not attached.
    See the information on DESCRIPTION files in the chapter ‘Creating R
    packages’ of the ‘Writing R Extensions’ manual.
Flavors: r-devel-linux-x86_64-debian-clang, r-devel-linux-x86_64-debian-gcc, r-devel-linux-x86_64-fedora-clang, r-devel-linux-x86_64-fedora-gcc, r-devel-osx-x86_64-clang, r-devel-windows-ix86+x86_64, r-patched-linux-x86_64, r-patched-solaris-sparc, r-patched-solaris-x86

Version: 2.0-0
Check: R code for possible problems
Result: NOTE
    .dcFit: no visible global function definition for ‘varnames’
    .dcFit: no visible global function definition for ‘nchain’
    as.mcmc.list.bugs : <anonymous>: no visible global function definition
     for ‘mcmc’
    bugs.parfit: no visible binding for global variable ‘as.mcmc’
    clusterSplitSB: no visible global function definition for
     ‘clusterSplit’
    codaSamples: no visible global function definition for ‘coda.samples’
    confint.mcmc.list.dc: no visible global function definition for
     ‘varnames’
    dc.parfit : dcparallel: no visible global function definition for
     ‘varnames’
    dc.parfit: no visible global function definition for ‘varnames’
    dc.parfit: no visible global function definition for ‘list.modules’
    dc.parfit : assemblyfun: no visible binding for global variable
     ‘as.mcmc’
    dc.parfit: no visible global function definition for ‘nchain’
    dcdiag.default: no visible binding for global variable ‘varnames’
    extractdcdiag.default: no visible global function definition for
     ‘nchain’
    extractdcdiag.default: no visible global function definition for ‘nvar’
    extractdcdiag.default: no visible global function definition for
     ‘gelman.diag’
    extractdctable.default: no visible global function definition for
     ‘nchain’
    extractdctable.default: no visible global function definition for
     ‘gelman.diag’
    extractdctable.default: no visible global function definition for
     ‘varnames’
    jags.parfit: no visible global function definition for ‘clusterEvalQ’
    jags.parfit: no visible global function definition for ‘list.modules’
    jags.parfit: no visible binding for global variable ‘as.mcmc’
    lambdamax.diag.mcmc.list: no visible global function definition for
     ‘nvar’
    mclapplySB: no visible global function definition for ‘mclapply’
    pairs.mcmc.list: no visible global function definition for ‘niter’
    pairs.mcmc.list : fun.lower0: no visible global function definition for
     ‘kde2d’
    pairs.mcmc.list: no visible global function definition for ‘varnames’
    parCodaSamples: no visible binding for global variable ‘as.mcmc’
    parDosa: no visible global function definition for ‘clusterEvalQ’
    parDosa: no visible global function definition for ‘clusterSetupRNG’
    parDosa: no visible global function definition for ‘parLapply’
    parDosa: no visible global function definition for ‘clusterExport’
    parDosa: no visible global function definition for ‘clusterApplyLB’
    parJagsModel: no visible global function definition for ‘clusterEvalQ’
    parJagsModel: no visible global function definition for ‘list.modules’
    parLapplySB: no visible global function definition for ‘clusterApply’
    parLapplySB: no visible global function definition for ‘docall’
    parLapplySLB: no visible global function definition for
     ‘clusterApplyLB’
    parListFactories: no visible global function definition for
     ‘clusterEvalQ’
    parListFactories: no visible global function definition for
     ‘clusterCall’
    parListModules: no visible global function definition for
     ‘clusterEvalQ’
    parLoadModule: no visible global function definition for ‘clusterEvalQ’
    parLoadModule: no visible global function definition for ‘parLapply’
    parSetFactory: no visible global function definition for ‘clusterEvalQ’
    parSetFactory: no visible global function definition for ‘clusterCall’
    parUnloadModule: no visible global function definition for
     ‘clusterEvalQ’
    parUnloadModule: no visible global function definition for
     ‘clusterCall’
    parUpdate: no visible global function definition for ‘clusterEvalQ’
    plotClusterSize: no visible global function definition for
     ‘clusterSplit’
    snowWrapper: no visible global function definition for ‘clusterEvalQ’
    snowWrapper: no visible global function definition for
     ‘clusterSetupRNG’
    snowWrapper: no visible global function definition for ‘parLapply’
    snowWrapper: no visible global function definition for ‘clusterExport’
    snowWrapper: no visible global function definition for ‘clusterApplyLB’
    stack.mcmc.list: no visible global function definition for ‘varnames’
    stack.mcmc.list: no visible global function definition for ‘nvar’
    stack.mcmc.list: no visible global function definition for ‘nchain’
    stack.mcmc.list: no visible global function definition for ‘niter’
    summary.mcmc.list.dc: no visible global function definition for
     ‘nchain’
    summary.mcmc.list.dc: no visible global function definition for
     ‘gelman.diag’
    summary.mcmc.list.dc: no visible global function definition for ‘nvar’
    summary.mcmc.list.dc: no visible global function definition for
     ‘varnames’
    update.mcmc.list: no visible global function definition for ‘varnames’
    update.mcmc.list: no visible global function definition for ‘niter’
    update.mcmc.list: no visible global function definition for
     ‘coda.samples’
Flavors: r-devel-linux-x86_64-debian-clang, r-devel-linux-x86_64-debian-gcc, r-devel-linux-x86_64-fedora-clang, r-devel-linux-x86_64-fedora-gcc, r-devel-osx-x86_64-clang, r-devel-windows-ix86+x86_64

Version: 2.0-0
Check: package dependencies
Result: NOTE
    Package suggested but not available for checking: ‘BRugs’
Flavors: r-devel-osx-x86_64-clang, r-patched-solaris-sparc, r-patched-solaris-x86

Version: 2.0-0
Check: package dependencies
Result: NOTE
    Packages suggested but not available for checking: ‘rjags’ ‘BRugs’
Flavor: r-release-osx-x86_64-mavericks

Version: 2.0-0
Check: R code for possible problems
Result: NOTE
    codaSamples: no visible global function definition for ‘coda.samples’
    dc.parfit: no visible global function definition for ‘list.modules’
    jags.parfit: no visible global function definition for ‘list.modules’
    parJagsModel: no visible global function definition for ‘list.modules’
    update.mcmc.list: no visible global function definition for
     ‘coda.samples’
Flavor: r-release-osx-x86_64-mavericks

Version: 2.0-0
Check: Rd cross-references
Result: NOTE
    Package unavailable to check Rd xrefs: ‘rjags’
Flavor: r-release-osx-x86_64-mavericks