CRAN Package Check Results for Package dclone

Last updated on 2017-09-19 19:46:19.

Flavor Version Tinstall Tcheck Ttotal Status Flags
r-devel-linux-x86_64-debian-clang 2.1-2 3.06 43.86 46.92 OK
r-devel-linux-x86_64-debian-gcc 2.1-2 2.77 43.18 45.95 OK
r-devel-linux-x86_64-fedora-clang 2.1-2 98.63 OK
r-devel-linux-x86_64-fedora-gcc 2.1-2 99.80 OK
r-devel-windows-ix86+x86_64 2.1-2 8.00 104.00 112.00 OK
r-patched-linux-x86_64 2.1-2 3.08 45.65 48.73 OK
r-patched-solaris-x86 2.1-2 153.70 NOTE
r-release-linux-x86_64 2.1-2 2.85 43.98 46.83 OK
r-release-windows-ix86+x86_64 2.1-2 9.00 82.00 91.00 OK
r-release-osx-x86_64 2.1-2 NOTE
r-oldrel-windows-ix86+x86_64 2.1-2 8.00 72.00 80.00 OK
r-oldrel-osx-x86_64 2.1-2 NOTE

Check Details

Version: 2.1-2
Check: package dependencies
Result: NOTE
    Package suggested but not available for checking: ‘BRugs’
Flavors: r-patched-solaris-x86, r-release-osx-x86_64, r-oldrel-osx-x86_64