CRAN Package Check Results for Package dclone

Last updated on 2017-07-24 10:46:39.

Flavor Version Tinstall Tcheck Ttotal Status Flags
r-devel-linux-x86_64-debian-clang 2.1-2 2.90 53.10 56.00 OK
r-devel-linux-x86_64-debian-gcc 2.1-2 2.75 55.32 58.07 OK
r-devel-linux-x86_64-fedora-clang 2.1-2 100.21 OK
r-devel-linux-x86_64-fedora-gcc 2.1-2 96.72 OK
r-devel-windows-ix86+x86_64 2.1-2 11.00 110.00 121.00 OK
r-patched-linux-x86_64 2.1-2 2.91 52.78 55.69 OK
r-patched-solaris-x86 2.1-2 145.70 NOTE
r-release-linux-x86_64 2.1-2 2.80 54.34 57.14 OK
r-release-windows-ix86+x86_64 2.1-2 8.00 110.00 118.00 OK
r-release-osx-x86_64 2.1-2 NOTE
r-oldrel-windows-ix86+x86_64 2.1-2 6.00 75.00 81.00 OK
r-oldrel-osx-x86_64 2.1-2 NOTE

Check Details

Version: 2.1-2
Check: package dependencies
Result: NOTE
    Package suggested but not available for checking: ‘BRugs’
Flavors: r-patched-solaris-x86, r-release-osx-x86_64, r-oldrel-osx-x86_64