CRAN Package Check Results for Package dclone

Last updated on 2017-04-23 17:49:29.

Flavor Version Tinstall Tcheck Ttotal Status Flags
r-devel-linux-x86_64-debian-clang 2.1-2 2.88 45.12 48.01 OK
r-devel-linux-x86_64-debian-gcc 2.1-2 3.03 44.04 47.07 OK
r-devel-linux-x86_64-fedora-clang 2.1-2 98.99 OK --no-stop-on-test-error
r-devel-linux-x86_64-fedora-gcc 2.1-2 98.15 OK --no-stop-on-test-error
r-devel-windows-ix86+x86_64 2.1-2 14.00 111.00 125.00 OK
r-patched-linux-x86_64 2.1-2 2.84 44.19 47.03 OK
r-patched-solaris-sparc 2.1-2 622.80 NOTE
r-patched-solaris-x86 2.1-2 155.60 NOTE
r-release-linux-x86_64 2.1-2 2.78 43.87 46.65 OK
r-release-windows-ix86+x86_64 2.1-2 12.00 81.00 93.00 OK
r-release-osx-x86_64 2.1-2 ERROR
r-oldrel-windows-ix86+x86_64 2.1-2 8.00 75.00 83.00 OK
r-oldrel-osx-x86_64 2.1-2 NOTE

Check Details

Version: 2.1-2
Check: package dependencies
Result: NOTE
    Package suggested but not available for checking: ‘BRugs’
Flavors: r-patched-solaris-sparc, r-patched-solaris-x86, r-oldrel-osx-x86_64

Version: 2.1-2
Check: package dependencies
Result: ERROR
    Package required but not available: ‘rjags’
    
    Package suggested but not available for checking: ‘BRugs’
    
    See section ‘The DESCRIPTION file’ in the ‘Writing R Extensions’
    manual.
Flavor: r-release-osx-x86_64