CRAN Package Check Results for Package dclone

Last updated on 2018-10-15 21:48:14 CEST.

Flavor Version Tinstall Tcheck Ttotal Status Flags
r-devel-linux-x86_64-debian-clang 2.2-0 8.58 75.72 84.30 OK
r-devel-linux-x86_64-debian-gcc 2.2-0 6.70 62.93 69.63 OK
r-devel-linux-x86_64-fedora-clang 2.2-0 96.75 OK
r-devel-linux-x86_64-fedora-gcc 2.2-0 96.22 OK
r-devel-windows-ix86+x86_64 2.2-0 15.00 111.00 126.00 OK
r-patched-linux-x86_64 2.2-0 6.28 65.32 71.60 OK
r-patched-solaris-x86 2.2-0 132.70 NOTE
r-release-linux-x86_64 2.2-0 4.72 65.49 70.21 OK
r-release-windows-ix86+x86_64 2.2-0 11.00 100.00 111.00 OK
r-release-osx-x86_64 2.2-0 NOTE
r-oldrel-windows-ix86+x86_64 2.2-0 14.00 83.00 97.00 OK
r-oldrel-osx-x86_64 2.2-0 NOTE

Check Details

Version: 2.2-0
Check: package dependencies
Result: NOTE
    Package suggested but not available for checking: ‘BRugs’
Flavors: r-patched-solaris-x86, r-release-osx-x86_64, r-oldrel-osx-x86_64