CRAN Package Check Results for Package dclone

Last updated on 2016-09-30 12:50:15.

Flavor Version Tinstall Tcheck Ttotal Status Flags
r-devel-linux-x86_64-debian-clang 2.1-2 2.63 40.14 42.77 OK
r-devel-linux-x86_64-debian-gcc 2.1-2 2.74 42.05 44.79 OK
r-devel-linux-x86_64-fedora-clang 2.1-2 93.19 OK
r-devel-linux-x86_64-fedora-gcc 2.1-2 80.56 OK
r-devel-macos-x86_64-clang 2.1-2 65.53 NOTE
r-devel-windows-ix86+x86_64 2.1-2 8.00 99.00 107.00 OK
r-patched-linux-x86_64 2.1-2 2.81 40.23 43.04 OK
r-patched-solaris-sparc 2.1-2 538.70 NOTE
r-patched-solaris-x86 2.1-2 122.50 NOTE
r-release-linux-x86_64 2.1-2 2.96 41.79 44.76 OK
r-release-osx-x86_64-mavericks 2.1-2 NOTE
r-release-windows-ix86+x86_64 2.1-2 8.00 102.00 110.00 OK
r-oldrel-windows-ix86+x86_64 2.1-2 12.00 95.00 107.00 OK

Check Details

Version: 2.1-2
Check: package dependencies
Result: NOTE
    Package suggested but not available for checking: ‘BRugs’
Flavors: r-devel-macos-x86_64-clang, r-patched-solaris-sparc, r-patched-solaris-x86, r-release-osx-x86_64-mavericks