CRAN Package Check Results for Package dclone

Last updated on 2018-06-23 00:46:18 CEST.

Flavor Version Tinstall Tcheck Ttotal Status Flags
r-devel-linux-x86_64-debian-clang 2.2-0 6.55 75.89 82.44 OK
r-devel-linux-x86_64-debian-gcc 2.2-0 6.36 61.88 68.24 OK
r-devel-linux-x86_64-fedora-clang 2.2-0 96.97 OK
r-devel-linux-x86_64-fedora-gcc 2.2-0 94.62 OK
r-devel-windows-ix86+x86_64 2.2-0 10.00 117.00 127.00 OK
r-patched-linux-x86_64 2.2-0 6.41 66.16 72.57 OK
r-patched-solaris-x86 2.2-0 131.50 NOTE
r-release-linux-x86_64 2.2-0 5.74 65.45 71.19 OK
r-release-windows-ix86+x86_64 2.2-0 12.00 114.00 126.00 OK
r-release-osx-x86_64 2.2-0 NOTE
r-oldrel-windows-ix86+x86_64 2.2-0 19.00 111.00 130.00 OK
r-oldrel-osx-x86_64 2.2-0 NOTE

Check Details

Version: 2.2-0
Check: package dependencies
Result: NOTE
    Package suggested but not available for checking: ‘BRugs’
Flavors: r-patched-solaris-x86, r-release-osx-x86_64, r-oldrel-osx-x86_64