CRAN Package Check Results for Package dclone

Last updated on 2016-08-27 04:50:49.

Flavor Version Tinstall Tcheck Ttotal Status Flags
r-devel-linux-x86_64-debian-clang 2.1-2 3.56 43.11 46.67 OK
r-devel-linux-x86_64-debian-gcc 2.1-2 4.39 57.51 61.90 OK
r-devel-linux-x86_64-fedora-clang 2.1-2 89.82 OK
r-devel-linux-x86_64-fedora-gcc 2.1-2 82.57 OK
r-devel-osx-x86_64-clang 2.1-2 70.20 NOTE
r-devel-windows-ix86+x86_64 2.1-2 12.00 74.00 86.00 OK
r-patched-linux-x86_64 2.1-2 3.58 42.57 46.15 OK
r-patched-solaris-sparc 2.1-2 538.70 NOTE
r-patched-solaris-x86 2.1-2 121.30 NOTE
r-release-linux-x86_64 2.1-2 3.39 46.05 49.44 OK
r-release-osx-x86_64-mavericks 2.1-2 NOTE
r-release-windows-ix86+x86_64 2.1-2 13.00 78.00 91.00 OK
r-oldrel-windows-ix86+x86_64 2.1-2 11.00 92.00 103.00 OK

Check Details

Version: 2.1-2
Check: package dependencies
Result: NOTE
    Package suggested but not available for checking: ‘BRugs’
Flavors: r-devel-osx-x86_64-clang, r-patched-solaris-sparc, r-patched-solaris-x86, r-release-osx-x86_64-mavericks