CRAN Package Check Results for Package dclone

Last updated on 2014-04-25 09:52:12.

Flavor Version Tinstall Tcheck Ttotal Status Flags
r-devel-linux-x86_64-debian-clang 2.0-0 1.36 24.97 26.33 OK
r-devel-linux-x86_64-debian-gcc 2.0-0 1.49 24.91 26.40 OK
r-devel-linux-x86_64-fedora-clang 2.0-0 51.09 OK
r-devel-linux-x86_64-fedora-gcc 2.0-0 47.91 OK
r-devel-osx-x86_64-clang 2.0-0 45.35 NOTE
r-devel-osx-x86_64-gcc 2.0-0 NOTE
r-devel-windows-ix86+x86_64 2.0-0 4.00 39.00 43.00 OK
r-patched-linux-x86_64 2.0-0 1.48 25.56 27.03 OK
r-patched-solaris-sparc 2.0-0 302.10 NOTE
r-patched-solaris-x86 2.0-0 68.80 NOTE
r-release-linux-ix86 2.0-0 3.00 47.00 50.00 OK
r-release-linux-x86_64 2.0-0 1.34 25.28 26.62 OK
r-release-osx-x86_64-mavericks 2.0-0 WARN
r-release-windows-ix86+x86_64 2.0-0 4.00 40.00 44.00 OK
r-oldrel-windows-ix86+x86_64 2.0-0 5.00 41.00 46.00 OK

Check Details

Version: 2.0-0
Check: package dependencies
Result: NOTE
    Package suggested but not available for checking: ‘BRugs’
Flavors: r-devel-osx-x86_64-clang, r-patched-solaris-sparc, r-patched-solaris-x86

Version: 2.0-0
Check: package dependencies
Result: NOTE
    Packages suggested but not available for checking: ‘R2OpenBUGS’ ‘BRugs’
Flavor: r-devel-osx-x86_64-gcc

Version: 2.0-0
Check: Rd cross-references
Result: NOTE
    Package unavailable to check Rd xrefs: ‘R2OpenBUGS’
Flavor: r-devel-osx-x86_64-gcc

Version: 2.0-0
Check: package dependencies
Result: NOTE
    Packages suggested but not available for checking: ‘rjags’ ‘BRugs’
Flavor: r-release-osx-x86_64-mavericks

Version: 2.0-0
Check: R code for possible problems
Result: NOTE
    codaSamples: no visible global function definition for ‘coda.samples’
    dc.parfit: no visible global function definition for ‘list.modules’
    jags.parfit: no visible global function definition for ‘list.modules’
    parJagsModel: no visible global function definition for ‘list.modules’
    update.mcmc.list: no visible global function definition for
     ‘coda.samples’
Flavor: r-release-osx-x86_64-mavericks

Version: 2.0-0
Check: Rd cross-references
Result: NOTE
    Package unavailable to check Rd xrefs: ‘rjags’
Flavor: r-release-osx-x86_64-mavericks

Version: 2.0-0
Check: PDF version of manual
Result: WARNING
    LaTeX errors when creating PDF version.
    This typically indicates Rd problems.
    LaTeX errors found:
    ! LaTeX Error: File `upquote.sty' not found.
    
    Type X to quit or <RETURN> to proceed,
    or enter new name. (Default extension: sty)
    
    924b1fa/Rd2.tex:8: ==> Fatal error occurred, no output PDF file produced!
Flavor: r-release-osx-x86_64-mavericks