CRAN Package Check Results for Package dclone

Last updated on 2017-05-28 02:46:53.

Flavor Version Tinstall Tcheck Ttotal Status Flags
r-devel-linux-x86_64-debian-clang 2.1-2 2.95 45.72 48.67 OK
r-devel-linux-x86_64-debian-gcc 2.1-2 2.91 44.56 47.48 OK
r-devel-linux-x86_64-fedora-clang 2.1-2 98.62 OK
r-devel-linux-x86_64-fedora-gcc 2.1-2 95.41 OK
r-devel-windows-ix86+x86_64 2.1-2 8.00 87.00 95.00 OK
r-patched-linux-x86_64 2.1-2 3.22 47.03 50.24 OK
r-patched-solaris-sparc 2.1-2 622.80 NOTE
r-patched-solaris-x86 2.1-2 158.10 NOTE
r-release-linux-x86_64 2.1-2 3.02 44.60 47.62 OK
r-release-windows-ix86+x86_64 2.1-2 9.00 78.00 87.00 OK
r-release-osx-x86_64 2.1-2 NOTE
r-oldrel-windows-ix86+x86_64 2.1-2 12.00 66.00 78.00 OK
r-oldrel-osx-x86_64 2.1-2 NOTE

Check Details

Version: 2.1-2
Check: package dependencies
Result: NOTE
    Package suggested but not available for checking: ‘BRugs’
Flavors: r-patched-solaris-sparc, r-patched-solaris-x86, r-release-osx-x86_64, r-oldrel-osx-x86_64