CRAN Package Check Results for Package dclone

Last updated on 2017-01-18 12:54:30.

Flavor Version Tinstall Tcheck Ttotal Status Flags
r-devel-linux-x86_64-debian-clang 2.1-2 3.04 43.39 46.43 OK
r-devel-linux-x86_64-debian-gcc 2.1-2 2.92 43.25 46.17 OK
r-devel-linux-x86_64-fedora-clang 2.1-2 100.25 OK --no-stop-on-test-error
r-devel-linux-x86_64-fedora-gcc 2.1-2 97.11 OK --no-stop-on-test-error
r-devel-macos-x86_64-clang 2.1-2 74.40 NOTE --no-stop-on-test-error
r-devel-windows-ix86+x86_64 2.1-2 10.00 75.00 85.00 OK
r-patched-linux-x86_64 2.1-2 3.16 38.85 42.01 OK
r-patched-solaris-sparc 2.1-2 554.20 NOTE
r-patched-solaris-x86 2.1-2 131.90 NOTE
r-release-linux-x86_64 2.1-2 2.78 38.48 41.27 OK
r-release-osx-x86_64-mavericks 2.1-2 NOTE
r-release-windows-ix86+x86_64 2.1-2 8.00 90.00 98.00 OK
r-oldrel-windows-ix86+x86_64 2.1-2 8.00 104.00 112.00 OK

Check Details

Version: 2.1-2
Flags: --no-stop-on-test-error
Check: package dependencies
Result: NOTE
    Package suggested but not available for checking: ‘BRugs’
Flavor: r-devel-macos-x86_64-clang

Version: 2.1-2
Check: package dependencies
Result: NOTE
    Package suggested but not available for checking: ‘BRugs’
Flavors: r-patched-solaris-sparc, r-patched-solaris-x86, r-release-osx-x86_64-mavericks