CRAN Package Check Results for Package dclone

Last updated on 2017-03-27 06:48:03.

Flavor Version Tinstall Tcheck Ttotal Status Flags
r-devel-linux-x86_64-debian-clang 2.1-2 2.80 45.03 47.83 OK
r-devel-linux-x86_64-debian-gcc 2.1-2 2.84 43.40 46.25 OK
r-devel-linux-x86_64-fedora-clang 2.1-2 98.82 OK --no-stop-on-test-error
r-devel-linux-x86_64-fedora-gcc 2.1-2 100.69 OK --no-stop-on-test-error
r-devel-macos-x86_64-clang 2.1-2 75.40 NOTE --no-stop-on-test-error
r-devel-windows-ix86+x86_64 2.1-2 9.00 104.00 113.00 OK
r-patched-linux-x86_64 2.1-2 2.83 43.17 46.01 OK
r-patched-solaris-sparc 2.1-2 622.80 NOTE
r-patched-solaris-x86 2.1-2 150.80 NOTE
r-release-linux-x86_64 2.1-2 2.69 40.97 43.66 OK
r-release-osx-x86_64-mavericks 2.1-2 NOTE
r-release-windows-ix86+x86_64 2.1-2 10.00 73.00 83.00 OK
r-oldrel-windows-ix86+x86_64 2.1-2 2.00 2.00 4.00 ERROR

Check Details

Version: 2.1-2
Flags: --no-stop-on-test-error
Check: package dependencies
Result: NOTE
    Package suggested but not available for checking: ‘BRugs’
Flavor: r-devel-macos-x86_64-clang

Version: 2.1-2
Check: package dependencies
Result: NOTE
    Package suggested but not available for checking: ‘BRugs’
Flavors: r-patched-solaris-sparc, r-patched-solaris-x86, r-release-osx-x86_64-mavericks

Version: 2.1-2
Check: whether package can be installed
Result: ERROR
    Installation failed.
Flavor: r-oldrel-windows-ix86+x86_64