CRAN Package Check Results for Package dclone

Last updated on 2016-02-10 10:47:40.

Flavor Version Tinstall Tcheck Ttotal Status Flags
r-devel-linux-x86_64-debian-gcc 2.1-1 3.02 43.21 46.24 OK
r-devel-linux-x86_64-fedora-clang 2.1-1 87.98 OK
r-devel-linux-x86_64-fedora-gcc 2.1-1 89.37 OK
r-devel-osx-x86_64-clang 2.1-1 91.08 NOTE
r-devel-windows-ix86+x86_64 2.1-1 11.00 107.00 118.00 OK
r-patched-linux-x86_64 2.1-1 3.23 46.68 49.90 OK
r-patched-solaris-sparc 2.1-1 532.20 NOTE
r-patched-solaris-x86 2.1-1 124.10 NOTE
r-release-linux-x86_64 2.1-1 3.25 47.69 50.94 OK
r-release-osx-x86_64-mavericks 2.1-1 NOTE
r-release-windows-ix86+x86_64 2.1-1 14.00 101.00 115.00 OK
r-oldrel-windows-ix86+x86_64 2.1-1 16.00 93.00 109.00 OK

Check Details

Version: 2.1-1
Check: package dependencies
Result: NOTE
    Package suggested but not available for checking: ‘BRugs’
Flavors: r-devel-osx-x86_64-clang, r-patched-solaris-sparc, r-patched-solaris-x86, r-release-osx-x86_64-mavericks