CRAN Package Check Results for Package dclone

Last updated on 2017-02-23 07:47:29.

Flavor Version Tinstall Tcheck Ttotal Status Flags
r-devel-linux-x86_64-debian-clang 2.1-2 2.73 44.32 47.05 OK
r-devel-linux-x86_64-debian-gcc 2.1-2 2.94 44.91 47.85 OK
r-devel-linux-x86_64-fedora-clang 2.1-2 101.65 OK --no-stop-on-test-error
r-devel-linux-x86_64-fedora-gcc 2.1-2 96.30 OK --no-stop-on-test-error
r-devel-macos-x86_64-clang 2.1-2 76.71 NOTE --no-stop-on-test-error
r-devel-windows-ix86+x86_64 2.1-2 13.00 169.00 182.00 OK
r-patched-linux-x86_64 2.1-2 2.75 39.76 42.51 OK
r-patched-solaris-sparc 2.1-2 554.20 NOTE
r-patched-solaris-x86 2.1-2 132.70 NOTE
r-release-linux-x86_64 2.1-2 2.85 39.44 42.29 OK
r-release-osx-x86_64-mavericks 2.1-2 NOTE
r-release-windows-ix86+x86_64 2.1-2 11.00 100.00 111.00 OK
r-oldrel-windows-ix86+x86_64 2.1-2 5.00 3.00 8.00 ERROR

Check Details

Version: 2.1-2
Flags: --no-stop-on-test-error
Check: package dependencies
Result: NOTE
    Package suggested but not available for checking: ‘BRugs’
Flavor: r-devel-macos-x86_64-clang

Version: 2.1-2
Check: package dependencies
Result: NOTE
    Package suggested but not available for checking: ‘BRugs’
Flavors: r-patched-solaris-sparc, r-patched-solaris-x86, r-release-osx-x86_64-mavericks

Version: 2.1-2
Check: whether package can be installed
Result: ERROR
    Installation failed.
Flavor: r-oldrel-windows-ix86+x86_64