CRAN Package Check Results for Package dclone

Last updated on 2014-07-26 08:50:48.

Flavor Version Tinstall Tcheck Ttotal Status Flags
r-devel-linux-x86_64-debian-clang 2.0-0 1.38 24.26 25.64 OK
r-devel-linux-x86_64-debian-gcc 2.0-0 1.28 23.77 25.06 OK
r-devel-linux-x86_64-fedora-clang 2.0-0 50.67 OK
r-devel-linux-x86_64-fedora-gcc 2.0-0 47.56 OK
r-devel-osx-x86_64-clang 2.0-0 49.09 NOTE
r-devel-windows-ix86+x86_64 2.0-0 5.00 42.00 47.00 OK
r-patched-linux-x86_64 2.0-0 1.25 23.54 24.78 OK
r-patched-solaris-sparc 2.0-0 302.10 NOTE
r-patched-solaris-x86 2.0-0 65.40 NOTE
r-release-linux-ix86 2.0-0 1.80 33.90 35.69 OK
r-release-linux-x86_64 2.0-0 1.31 24.39 25.70 OK
r-release-osx-x86_64-mavericks 2.0-0 NOTE
r-release-windows-ix86+x86_64 2.0-0 4.00 40.00 44.00 OK
r-oldrel-windows-ix86+x86_64 2.0-0 4.00 43.00 47.00 OK

Check Details

Version: 2.0-0
Check: package dependencies
Result: NOTE
    Package suggested but not available for checking: ‘BRugs’
Flavors: r-devel-osx-x86_64-clang, r-patched-solaris-sparc, r-patched-solaris-x86

Version: 2.0-0
Check: package dependencies
Result: NOTE
    Packages suggested but not available for checking: ‘rjags’ ‘BRugs’
Flavor: r-release-osx-x86_64-mavericks

Version: 2.0-0
Check: R code for possible problems
Result: NOTE
    codaSamples: no visible global function definition for ‘coda.samples’
    dc.parfit: no visible global function definition for ‘list.modules’
    jags.parfit: no visible global function definition for ‘list.modules’
    parJagsModel: no visible global function definition for ‘list.modules’
    update.mcmc.list: no visible global function definition for
     ‘coda.samples’
Flavor: r-release-osx-x86_64-mavericks

Version: 2.0-0
Check: Rd cross-references
Result: NOTE
    Package unavailable to check Rd xrefs: ‘rjags’
Flavor: r-release-osx-x86_64-mavericks