CRAN Package Check Results for Package dclone

Last updated on 2018-02-20 09:49:56 CET.

Flavor Version Tinstall Tcheck Ttotal Status Flags
r-devel-linux-x86_64-debian-clang 2.1-3 6.44 58.86 65.30 OK
r-devel-linux-x86_64-debian-gcc 2.1-3 5.19 54.38 59.57 OK
r-devel-linux-x86_64-fedora-clang 2.1-3 89.21 OK
r-devel-linux-x86_64-fedora-gcc 2.1-3 86.18 OK
r-devel-windows-ix86+x86_64 2.1-3 10.00 71.00 81.00 OK
r-patched-linux-x86_64 2.1-3 4.33 69.70 74.03 OK
r-patched-solaris-x86 2.1-3 139.90 NOTE
r-release-linux-x86_64 2.1-3 3.66 69.99 73.65 OK
r-release-windows-ix86+x86_64 2.1-3 11.00 107.00 118.00 OK
r-release-osx-x86_64 2.1-3 NOTE
r-oldrel-windows-ix86+x86_64 2.1-3 11.00 93.00 104.00 OK
r-oldrel-osx-x86_64 2.1-2 NOTE

Check Details

Version: 2.1-3
Check: package dependencies
Result: NOTE
    Package suggested but not available for checking: ‘BRugs’
Flavors: r-patched-solaris-x86, r-release-osx-x86_64

Version: 2.1-2
Check: package dependencies
Result: NOTE
    Package suggested but not available for checking: ‘BRugs’
Flavor: r-oldrel-osx-x86_64