CRAN Package Check Results for Package dcmle

Last updated on 2017-02-22 13:50:37.

Flavor Version Tinstall Tcheck Ttotal Status Flags
r-devel-linux-x86_64-debian-clang 0.3-1 3.55 56.04 59.59 OK
r-devel-linux-x86_64-debian-gcc 0.3-1 3.77 53.22 56.99 OK
r-devel-linux-x86_64-fedora-clang 0.3-1 126.20 OK --no-stop-on-test-error
r-devel-linux-x86_64-fedora-gcc 0.3-1 123.07 OK --no-stop-on-test-error
r-devel-macos-x86_64-clang 0.3-1 92.06 OK --no-stop-on-test-error
r-devel-windows-ix86+x86_64 0.3-1 14.00 178.00 192.00 OK
r-patched-linux-x86_64 0.3-1 3.44 48.66 52.10 OK
r-patched-solaris-sparc 0.3-1 742.50 OK
r-patched-solaris-x86 0.3-1 166.00 OK
r-release-linux-x86_64 0.3-1 3.41 48.92 52.32 OK
r-release-osx-x86_64-mavericks 0.3-1 OK
r-release-windows-ix86+x86_64 0.3-1 20.00 94.00 114.00 OK
r-oldrel-windows-ix86+x86_64 0.3-1 4.00 3.00 7.00 ERROR

Check Details

Version: 0.3-1
Check: whether package can be installed
Result: ERROR
    Installation failed.
Flavor: r-oldrel-windows-ix86+x86_64