CRAN Package Check Results for Package dcmle

Last updated on 2017-01-24 15:47:59.

Flavor Version Tinstall Tcheck Ttotal Status Flags
r-devel-linux-x86_64-debian-clang 0.3-1 3.69 56.63 60.32 OK
r-devel-linux-x86_64-debian-gcc 0.3-1 3.94 53.04 56.97 OK
r-devel-linux-x86_64-fedora-clang 0.3-1 114.22 OK --no-stop-on-test-error
r-devel-linux-x86_64-fedora-gcc 0.3-1 111.32 OK --no-stop-on-test-error
r-devel-macos-x86_64-clang 0.3-1 82.06 OK --no-stop-on-test-error
r-devel-windows-ix86+x86_64 0.3-1 14.00 123.00 137.00 OK
r-patched-linux-x86_64 0.3-1 3.79 50.43 54.22 OK
r-patched-solaris-sparc 0.3-1 742.50 OK
r-patched-solaris-x86 0.3-1 160.20 OK
r-release-linux-x86_64 0.3-1 3.48 49.39 52.88 OK
r-release-osx-x86_64-mavericks 0.3-1 OK
r-release-windows-ix86+x86_64 0.3-1 14.00 119.00 133.00 OK
r-oldrel-windows-ix86+x86_64 0.3-1 6.00 3.00 9.00 ERROR

Check Details

Version: 0.3-1
Check: whether package can be installed
Result: ERROR
    Installation failed.
Flavor: r-oldrel-windows-ix86+x86_64