CRAN Package Check Results for Package dcmle

Last updated on 2014-08-28 00:46:58.

Flavor Version Tinstall Tcheck Ttotal Status Flags
r-devel-linux-x86_64-debian-clang 0.2-4 2.17 21.14 23.31 NOTE
r-devel-linux-x86_64-debian-gcc 0.2-4 2.36 20.80 23.16 NOTE
r-devel-linux-x86_64-fedora-clang 0.2-4 50.04 NOTE
r-devel-linux-x86_64-fedora-gcc 0.2-4 47.34 NOTE
r-devel-osx-x86_64-clang 0.2-4 46.39 NOTE
r-devel-windows-ix86+x86_64 0.2-4 7.00 32.00 39.00 NOTE
r-patched-linux-x86_64 0.2-4 2.26 21.97 24.23 OK
r-patched-solaris-sparc 0.2-4 295.00 OK
r-patched-solaris-x86 0.2-4 69.50 OK
r-release-linux-ix86 0.2-4 2.90 29.35 32.25 OK
r-release-linux-x86_64 0.2-4 2.31 22.54 24.85 OK
r-release-osx-x86_64-mavericks 0.2-4 ERROR
r-release-osx-x86_64-snowleopard 0.2-4 OK
r-release-windows-ix86+x86_64 0.2-4 7.00 34.00 41.00 OK
r-oldrel-windows-ix86+x86_64 0.2-4 7.00 34.00 41.00 OK

Check Details

Version: 0.2-4
Check: package namespace information
Result: NOTE
     Namespace with empty importFrom: ‘rjags’
Flavors: r-devel-linux-x86_64-debian-clang, r-devel-linux-x86_64-debian-gcc, r-devel-linux-x86_64-fedora-clang, r-devel-linux-x86_64-fedora-gcc, r-devel-osx-x86_64-clang, r-devel-windows-ix86+x86_64

Version: 0.2-4
Check: R code for possible problems
Result: NOTE
    .dcmle: no visible global function definition for ‘bugs.parfit’
    coerce,codaMCMC-MCMClist : <anonymous>: no visible global function
     definition for ‘mcmc’
    coerce,codaMCMC-MCMClist: no visible global function definition for
     ‘varnames<-’
    coerce,dcCodaMCMC-MCMClist : <anonymous>: no visible global function
     definition for ‘mcmc’
    coerce,dcCodaMCMC-MCMClist: no visible global function definition for
     ‘varnames<-’
Flavors: r-devel-linux-x86_64-debian-clang, r-devel-linux-x86_64-debian-gcc, r-devel-linux-x86_64-fedora-clang, r-devel-linux-x86_64-fedora-gcc, r-devel-osx-x86_64-clang, r-devel-windows-ix86+x86_64

Version: 0.2-4
Check: package dependencies
Result: ERROR
    Package required but not available: ‘rjags’
    
    See the information on DESCRIPTION files in the chapter ‘Creating R
    packages’ of the ‘Writing R Extensions’ manual.
Flavor: r-release-osx-x86_64-mavericks