CRAN Package Check Results for Package dcmle

Last updated on 2014-04-24 11:48:44.

Flavor Version Tinstall Tcheck Ttotal Status Flags
r-devel-linux-x86_64-debian-clang 0.2-4 2.40 22.67 25.07 OK
r-devel-linux-x86_64-debian-gcc 0.2-4 2.38 22.36 24.75 OK
r-devel-linux-x86_64-fedora-clang 0.2-4 51.99 OK
r-devel-linux-x86_64-fedora-gcc 0.2-4 48.98 OK
r-devel-osx-x86_64-clang 0.2-4 44.63 OK
r-devel-osx-x86_64-gcc 0.2-4 OK
r-devel-windows-ix86+x86_64 0.2-4 6.00 34.00 40.00 OK
r-patched-linux-x86_64 0.2-4 2.37 22.58 24.95 OK
r-patched-solaris-sparc 0.2-4 282.70 OK
r-patched-solaris-x86 0.2-4 72.60 OK
r-release-linux-ix86 0.2-4 4.00 41.00 45.00 OK
r-release-linux-x86_64 0.2-4 2.36 23.11 25.47 OK
r-release-osx-x86_64-mavericks 0.2-4 ERROR
r-release-osx-x86_64-snowleopard 0.2-4 OK
r-release-windows-ix86+x86_64 0.2-4 6.00 34.00 40.00 OK
r-oldrel-windows-ix86+x86_64 0.2-4 7.00 36.00 43.00 OK

Check Details

Version: 0.2-4
Check: package dependencies
Result: ERROR
    Package required but not available: ‘rjags’
    
    See the information on DESCRIPTION files in the chapter ‘Creating R
    packages’ of the ‘Writing R Extensions’ manual.
Flavor: r-release-osx-x86_64-mavericks