CRAN Package Check Results for Package dcmle

Last updated on 2014-10-31 20:48:07.

Flavor Version Tinstall Tcheck Ttotal Status Flags
r-devel-linux-x86_64-debian-clang 0.2-4 2.15 22.95 25.10 NOTE
r-devel-linux-x86_64-debian-gcc 0.2-4 2.11 21.95 24.06 NOTE
r-devel-linux-x86_64-fedora-clang 0.2-4 50.68 NOTE
r-devel-linux-x86_64-fedora-gcc 0.2-4 47.94 NOTE
r-devel-osx-x86_64-clang 0.2-4 49.76 NOTE
r-devel-windows-ix86+x86_64 0.2-4 6.00 34.00 40.00 NOTE
r-patched-linux-x86_64 0.2-4 2.32 22.13 24.45 NOTE
r-patched-solaris-sparc 0.2-4 282.20 NOTE
r-patched-solaris-x86 0.2-4 79.50 NOTE
r-release-linux-ix86 0.2-4 2.94 29.51 32.45 OK
r-release-linux-x86_64 0.2-4 2.40 23.04 25.44 OK
r-release-osx-x86_64-mavericks 0.2-4 OK
r-release-osx-x86_64-snowleopard 0.2-4 OK
r-release-windows-ix86+x86_64 0.2-4 7.00 37.00 44.00 OK
r-oldrel-windows-ix86+x86_64 0.2-4 6.00 42.00 48.00 OK

Check Details

Version: 0.2-4
Check: package namespace information
Result: NOTE
     Namespace with empty importFrom: ‘rjags’
Flavors: r-devel-linux-x86_64-debian-clang, r-devel-linux-x86_64-debian-gcc, r-devel-linux-x86_64-fedora-clang, r-devel-linux-x86_64-fedora-gcc, r-devel-osx-x86_64-clang, r-devel-windows-ix86+x86_64, r-patched-linux-x86_64, r-patched-solaris-sparc, r-patched-solaris-x86

Version: 0.2-4
Check: R code for possible problems
Result: NOTE
    .dcmle: no visible global function definition for ‘bugs.parfit’
    coerce,codaMCMC-MCMClist : <anonymous>: no visible global function
     definition for ‘mcmc’
    coerce,codaMCMC-MCMClist: no visible global function definition for
     ‘varnames<-’
    coerce,dcCodaMCMC-MCMClist : <anonymous>: no visible global function
     definition for ‘mcmc’
    coerce,dcCodaMCMC-MCMClist: no visible global function definition for
     ‘varnames<-’
Flavors: r-devel-linux-x86_64-debian-clang, r-devel-linux-x86_64-debian-gcc, r-devel-linux-x86_64-fedora-clang, r-devel-linux-x86_64-fedora-gcc, r-devel-osx-x86_64-clang, r-devel-windows-ix86+x86_64, r-patched-linux-x86_64, r-patched-solaris-sparc, r-patched-solaris-x86