CRAN Package Check Results for Package dcmle

Last updated on 2014-12-21 11:46:32.

Flavor Version Tinstall Tcheck Ttotal Status Flags
r-devel-linux-x86_64-debian-clang 0.2-4 2.30 22.42 24.72 NOTE
r-devel-linux-x86_64-debian-gcc 0.2-4 2.04 21.56 23.60 NOTE
r-devel-linux-x86_64-fedora-clang 0.2-4 52.65 NOTE
r-devel-linux-x86_64-fedora-gcc 0.2-4 49.80 NOTE
r-devel-osx-x86_64-clang 0.2-4 49.66 NOTE
r-devel-windows-ix86+x86_64 0.2-4 7.00 36.00 43.00 NOTE
r-patched-linux-x86_64 0.2-4 2.23 22.64 24.87 NOTE
r-patched-solaris-sparc 0.2-4 282.20 NOTE
r-patched-solaris-x86 0.2-4 78.90 NOTE
r-release-linux-ix86 0.2-4 2.62 27.44 30.06 NOTE
r-release-linux-x86_64 0.2-4 2.24 22.83 25.07 NOTE
r-release-osx-x86_64-mavericks 0.2-4 OK
r-release-osx-x86_64-snowleopard 0.2-4 OK
r-release-windows-ix86+x86_64 0.2-4 7.00 39.00 46.00 NOTE
r-oldrel-windows-ix86+x86_64 0.2-4 7.00 41.00 48.00 OK

Check Details

Version: 0.2-4
Check: package namespace information
Result: NOTE
     Namespace with empty importFrom: ‘rjags’
Flavors: r-devel-linux-x86_64-debian-clang, r-devel-linux-x86_64-debian-gcc, r-devel-linux-x86_64-fedora-clang, r-devel-linux-x86_64-fedora-gcc, r-devel-osx-x86_64-clang, r-devel-windows-ix86+x86_64, r-patched-linux-x86_64, r-patched-solaris-sparc, r-patched-solaris-x86, r-release-linux-ix86, r-release-linux-x86_64, r-release-windows-ix86+x86_64

Version: 0.2-4
Check: R code for possible problems
Result: NOTE
    .dcmle: no visible global function definition for ‘bugs.parfit’
    coerce,codaMCMC-MCMClist : <anonymous>: no visible global function
     definition for ‘mcmc’
    coerce,codaMCMC-MCMClist: no visible global function definition for
     ‘varnames<-’
    coerce,dcCodaMCMC-MCMClist : <anonymous>: no visible global function
     definition for ‘mcmc’
    coerce,dcCodaMCMC-MCMClist: no visible global function definition for
     ‘varnames<-’
Flavors: r-devel-linux-x86_64-debian-clang, r-devel-linux-x86_64-debian-gcc, r-devel-linux-x86_64-fedora-clang, r-devel-linux-x86_64-fedora-gcc, r-devel-osx-x86_64-clang, r-devel-windows-ix86+x86_64, r-patched-linux-x86_64, r-patched-solaris-sparc, r-patched-solaris-x86, r-release-linux-ix86, r-release-linux-x86_64, r-release-windows-ix86+x86_64