CRAN Package Check Results for Package dcmle

Last updated on 2015-03-29 00:48:12.

Flavor Version Tinstall Tcheck Ttotal Status Flags
r-devel-linux-x86_64-debian-clang 0.2-4 1.92 19.46 21.38 NOTE
r-devel-linux-x86_64-debian-gcc 0.2-4 1.79 19.46 21.25 NOTE
r-devel-linux-x86_64-fedora-clang 0.2-4 41.47 NOTE
r-devel-linux-x86_64-fedora-gcc 0.2-4 40.95 NOTE
r-devel-osx-x86_64-clang 0.2-4 47.24 NOTE
r-prerel-windows-ix86+x86_64 0.2-4 8.00 30.00 38.00 NOTE
r-prerel-linux-x86_64 0.2-4 1.83 19.46 21.29 NOTE
r-prerel-solaris-sparc 0.2-4 261.50 NOTE
r-prerel-solaris-x86 0.2-4 63.90 NOTE
r-release-linux-x86_64 0.2-4 2.28 22.95 25.23 NOTE
r-release-osx-x86_64-mavericks 0.2-4 NOTE
r-release-osx-x86_64-snowleopard 0.2-4 OK
r-release-windows-ix86+x86_64 0.2-4 7.00 41.00 48.00 NOTE
r-oldrel-windows-ix86+x86_64 0.2-4 8.00 37.00 45.00 OK

Check Details

Version: 0.2-4
Check: package namespace information
Result: NOTE
     Namespace with empty importFrom: ‘rjags’
Flavors: r-devel-linux-x86_64-debian-clang, r-devel-linux-x86_64-debian-gcc, r-devel-linux-x86_64-fedora-clang, r-devel-linux-x86_64-fedora-gcc, r-devel-osx-x86_64-clang, r-prerel-windows-ix86+x86_64, r-prerel-linux-x86_64, r-prerel-solaris-sparc, r-prerel-solaris-x86, r-release-linux-x86_64, r-release-osx-x86_64-mavericks, r-release-windows-ix86+x86_64

Version: 0.2-4
Check: S3 generic/method consistency
Result: NOTE
    Found the following apparent S3 methods exported but not registered:
     as.mcmc.list
    See section ‘Registering S3 methods’ in the ‘Writing R Extensions’
    manual.
Flavors: r-devel-linux-x86_64-debian-clang, r-devel-linux-x86_64-debian-gcc, r-devel-linux-x86_64-fedora-clang, r-devel-linux-x86_64-fedora-gcc, r-devel-osx-x86_64-clang, r-prerel-linux-x86_64

Version: 0.2-4
Check: R code for possible problems
Result: NOTE
    .dcmle: no visible global function definition for ‘bugs.parfit’
    coerce,codaMCMC-MCMClist : <anonymous>: no visible global function
     definition for ‘mcmc’
    coerce,codaMCMC-MCMClist: no visible global function definition for
     ‘varnames<-’
    coerce,dcCodaMCMC-MCMClist : <anonymous>: no visible global function
     definition for ‘mcmc’
    coerce,dcCodaMCMC-MCMClist: no visible global function definition for
     ‘varnames<-’
Flavors: r-devel-linux-x86_64-debian-clang, r-devel-linux-x86_64-debian-gcc, r-devel-linux-x86_64-fedora-clang, r-devel-linux-x86_64-fedora-gcc, r-devel-osx-x86_64-clang, r-prerel-windows-ix86+x86_64, r-prerel-linux-x86_64, r-prerel-solaris-sparc, r-prerel-solaris-x86, r-release-linux-x86_64, r-release-osx-x86_64-mavericks, r-release-windows-ix86+x86_64