CRAN Package Check Results for Package dcmle

Last updated on 2015-07-06 08:48:01.

Flavor Version Tinstall Tcheck Ttotal Status Flags
r-devel-linux-x86_64-debian-clang 0.2-4 1.81 19.02 20.82 NOTE
r-devel-linux-x86_64-debian-gcc 0.2-4 1.80 18.75 20.55 NOTE
r-devel-linux-x86_64-fedora-clang 0.2-4 40.98 NOTE
r-devel-linux-x86_64-fedora-gcc 0.2-4 38.69 NOTE
r-devel-osx-x86_64-clang 0.2-4 37.86 NOTE
r-devel-windows-ix86+x86_64 0.2-4 9.00 50.00 59.00 NOTE
r-patched-linux-x86_64 0.2-4 1.84 19.03 20.88 NOTE
r-patched-solaris-sparc 0.2-4 267.30 NOTE
r-patched-solaris-x86 0.2-4 70.90 NOTE
r-release-linux-x86_64 0.2-4 1.82 19.05 20.87 NOTE
r-release-osx-x86_64-mavericks 0.2-4 NOTE
r-release-windows-ix86+x86_64 0.2-4 8.00 46.00 54.00 NOTE
r-oldrel-windows-ix86+x86_64 0.2-4 10.00 62.00 72.00 NOTE

Check Details

Version: 0.2-4
Check: package namespace information
Result: NOTE
     Namespace with empty importFrom: ‘rjags’
Flavors: r-devel-linux-x86_64-debian-clang, r-devel-linux-x86_64-debian-gcc, r-devel-linux-x86_64-fedora-clang, r-devel-linux-x86_64-fedora-gcc, r-devel-osx-x86_64-clang, r-devel-windows-ix86+x86_64, r-patched-linux-x86_64, r-patched-solaris-sparc, r-patched-solaris-x86, r-release-linux-x86_64, r-release-osx-x86_64-mavericks, r-release-windows-ix86+x86_64, r-oldrel-windows-ix86+x86_64

Version: 0.2-4
Check: S3 generic/method consistency
Result: NOTE
    Found the following apparent S3 methods exported but not registered:
     as.mcmc.list
    See section ‘Registering S3 methods’ in the ‘Writing R Extensions’
    manual.
Flavors: r-devel-linux-x86_64-debian-clang, r-devel-linux-x86_64-debian-gcc, r-devel-linux-x86_64-fedora-clang, r-devel-linux-x86_64-fedora-gcc, r-devel-osx-x86_64-clang, r-patched-linux-x86_64, r-patched-solaris-sparc, r-patched-solaris-x86, r-release-linux-x86_64

Version: 0.2-4
Check: R code for possible problems
Result: NOTE
    .dcmle: no visible global function definition for ‘as’
    .dcmle: no visible global function definition for ‘bugs.parfit’
    dcmle: no visible global function definition for ‘as’
    listDcExamples: no visible global function definition for ‘read.table’
    makeDcFit: no visible global function definition for ‘new’
    makeGsFit: no visible global function definition for ‘new’
    [,codaMCMC: no visible global function definition for ‘as’
    [,dcCodaMCMC: no visible global function definition for ‘as’
    [,dcmle: no visible global function definition for ‘as’
    [[,codaMCMC: no visible global function definition for ‘as’
    [[,dcCodaMCMC: no visible global function definition for ‘as’
    [[,dcmle: no visible global function definition for ‘as’
    acfplot,MCMClist: no visible global function definition for ‘as’
    acfplot,codaMCMC: no visible global function definition for ‘as’
    acfplot,dcmle: no visible global function definition for ‘as’
    as.matrix,codaMCMC: no visible global function definition for ‘as’
    as.matrix,dcmle: no visible global function definition for ‘as’
    as.mcmc.list,codaMCMC: no visible global function definition for ‘as’
    as.mcmc.list,dcmle: no visible global function definition for ‘as’
    autocorr.diag,MCMClist: no visible global function definition for ‘as’
    autocorr.diag,codaMCMC: no visible global function definition for ‘as’
    autocorr.diag,dcmle: no visible global function definition for ‘as’
    chanames,MCMClist: no visible global function definition for ‘as’
    chanames,codaMCMC: no visible global function definition for ‘as’
    chanames,dcmle: no visible global function definition for ‘as’
    chisq.diag,codaMCMC: no visible global function definition for ‘as’
    chisq.diag,dcmle: no visible global function definition for ‘as’
    coef,codaMCMC: no visible global function definition for ‘as’
    coerce,MCMClist-codaMCMC: no visible global function definition for
     ‘new’
    coerce,MCMClist-dcCodaMCMC: no visible global function definition for
     ‘new’
    coerce,MCMClist-dcCodaMCMC: no visible global function definition for
     ‘as’
    coerce,MCMClist-dcmle: no visible global function definition for ‘as’
    coerce,MCMClist-dcmle: no visible global function definition for ‘new’
    coerce,codaMCMC-MCMClist : <anonymous>: no visible global function
     definition for ‘mcmc’
    coerce,codaMCMC-MCMClist: no visible global function definition for
     ‘varnames<-’
    coerce,codaMCMC-dcmle: no visible global function definition for ‘as’
    coerce,codaMCMC-dcmle: no visible global function definition for ‘new’
    coerce,dcCodaMCMC-MCMClist : <anonymous>: no visible global function
     definition for ‘mcmc’
    coerce,dcCodaMCMC-MCMClist: no visible global function definition for
     ‘varnames<-’
    coerce,dcCodaMCMC-dcmle: no visible global function definition for
     ‘new’
    coerce,dcmle-MCMClist: no visible global function definition for ‘as’
    coerce,dcmle-codaMCMC: no visible global function definition for ‘as’
    confint,dcCodaMCMC: no visible global function definition for ‘as’
    confint,dcmle: no visible global function definition for ‘as’
    crosscorr.plot,codaMCMC: no visible global function definition for ‘as’
    crosscorr.plot,dcmle: no visible global function definition for ‘as’
    crosscorr,codaMCMC: no visible global function definition for ‘as’
    crosscorr,dcmle: no visible global function definition for ‘as’
    dcdiag,codaMCMC: no visible global function definition for ‘as’
    dcsd,codaMCMC: no visible global function definition for ‘as’
    dctable,codaMCMC: no visible global function definition for ‘as’
    densityplot,MCMClist: no visible global function definition for ‘as’
    densityplot,codaMCMC: no visible global function definition for ‘as’
    densityplot,dcmle: no visible global function definition for ‘as’
    densplot,codaMCMC: no visible global function definition for ‘as’
    densplot,dcmle: no visible global function definition for ‘as’
    gelman.diag,codaMCMC: no visible global function definition for ‘as’
    gelman.diag,dcmle: no visible global function definition for ‘as’
    gelman.plot,codaMCMC: no visible global function definition for ‘as’
    gelman.plot,dcmle: no visible global function definition for ‘as’
    geweke.diag,codaMCMC: no visible global function definition for ‘as’
    geweke.diag,dcmle: no visible global function definition for ‘as’
    head,codaMCMC: no visible global function definition for ‘as’
    head,dcmle: no visible global function definition for ‘as’
    heidel.diag,codaMCMC: no visible global function definition for ‘as’
    heidel.diag,dcmle: no visible global function definition for ‘as’
    lambdamax.diag,codaMCMC: no visible global function definition for ‘as’
    lambdamax.diag,dcmle: no visible global function definition for ‘as’
    pairs,codaMCMC: no visible global function definition for ‘as’
    pairs,dcmle: no visible global function definition for ‘as’
    plot,MCMClist-missing: no visible global function definition for ‘as’
    plot,codaMCMC-missing: no visible global function definition for ‘as’
    plot,dcmle-missing: no visible global function definition for ‘as’
    qqmath,MCMClist: no visible global function definition for ‘as’
    qqmath,codaMCMC: no visible global function definition for ‘as’
    qqmath,dcmle: no visible global function definition for ‘as’
    quantile,codaMCMC: no visible global function definition for ‘as’
    quantile,dcmle: no visible global function definition for ‘as’
    raftery.diag,codaMCMC: no visible global function definition for ‘as’
    raftery.diag,dcmle: no visible global function definition for ‘as’
    show,summary.codaMCMC: no visible global function definition for
     ‘printCoefmat’
    show,summary.dcCodaMCMC: no visible global function definition for
     ‘printCoefmat’
    show,summary.dcmle: no visible global function definition for
     ‘printCoefmat’
    str,dcCodaMCMC: no visible global function definition for ‘as’
    str,dcmle: no visible global function definition for ‘as’
    summary,codaMCMC: no visible global function definition for ‘new’
    summary,dcCodaMCMC: no visible global function definition for ‘pnorm’
    summary,dcCodaMCMC: no visible global function definition for ‘new’
    summary,dcmle: no visible global function definition for ‘pnorm’
    summary,dcmle: no visible global function definition for ‘new’
    tail,codaMCMC: no visible global function definition for ‘as’
    tail,dcmle: no visible global function definition for ‘as’
    time,codaMCMC: no visible global function definition for ‘ts’
    time,dcmle: no visible global function definition for ‘ts’
    traceplot,codaMCMC: no visible global function definition for ‘as’
    traceplot,dcmle: no visible global function definition for ‘as’
    update,dcmle: Error while checking: only works for closures
    vcov,codaMCMC: no visible global function definition for ‘as’
    window,codaMCMC: no visible global function definition for ‘as’
    window,dcmle: no visible global function definition for ‘as’
    xyplot,MCMClist: no visible global function definition for ‘as’
    xyplot,codaMCMC: no visible global function definition for ‘as’
    xyplot,dcmle: no visible global function definition for ‘as’
    Undefined global functions or variables:
     as bugs.parfit mcmc new pnorm printCoefmat read.table ts varnames<-
Flavors: r-devel-linux-x86_64-debian-clang, r-devel-linux-x86_64-debian-gcc, r-devel-linux-x86_64-fedora-clang, r-devel-linux-x86_64-fedora-gcc, r-devel-windows-ix86+x86_64

Version: 0.2-4
Check: R code for possible problems
Result: NOTE
    .dcmle: no visible global function definition for ‘bugs.parfit’
    coerce,codaMCMC-MCMClist : <anonymous>: no visible global function
     definition for ‘mcmc’
    coerce,codaMCMC-MCMClist: no visible global function definition for
     ‘varnames<-’
    coerce,dcCodaMCMC-MCMClist : <anonymous>: no visible global function
     definition for ‘mcmc’
    coerce,dcCodaMCMC-MCMClist: no visible global function definition for
     ‘varnames<-’
    update,dcmle: Error while checking: only works for closures
    Undefined global functions or variables:
     bugs.parfit mcmc varnames<-
Flavor: r-devel-osx-x86_64-clang

Version: 0.2-4
Check: R code for possible problems
Result: NOTE
    .dcmle: no visible global function definition for ‘bugs.parfit’
    coerce,codaMCMC-MCMClist : <anonymous>: no visible global function
     definition for ‘mcmc’
    coerce,codaMCMC-MCMClist: no visible global function definition for
     ‘varnames<-’
    coerce,dcCodaMCMC-MCMClist : <anonymous>: no visible global function
     definition for ‘mcmc’
    coerce,dcCodaMCMC-MCMClist: no visible global function definition for
     ‘varnames<-’
Flavors: r-patched-linux-x86_64, r-patched-solaris-sparc, r-patched-solaris-x86, r-release-linux-x86_64, r-release-osx-x86_64-mavericks, r-release-windows-ix86+x86_64, r-oldrel-windows-ix86+x86_64