CRAN Package Check Results for Package dcmle

Last updated on 2014-09-18 23:47:06.

Flavor Version Tinstall Tcheck Ttotal Status Flags
r-devel-linux-x86_64-debian-clang 0.2-4 2.18 21.55 23.74 NOTE
r-devel-linux-x86_64-debian-gcc 0.2-4 2.11 20.57 22.68 NOTE
r-devel-linux-x86_64-fedora-clang 0.2-4 49.42 NOTE
r-devel-linux-x86_64-fedora-gcc 0.2-4 48.25 NOTE
r-devel-osx-x86_64-clang 0.2-4 44.28 NOTE
r-devel-windows-ix86+x86_64 0.2-4 6.00 34.00 40.00 NOTE
r-patched-linux-x86_64 0.2-4 2.26 22.29 24.56 OK
r-patched-solaris-sparc 0.2-4 295.00 OK
r-patched-solaris-x86 0.2-4 74.40 OK
r-release-linux-ix86 0.2-4 2.91 29.64 32.55 OK
r-release-linux-x86_64 0.2-4 2.31 23.10 25.42 OK
r-release-osx-x86_64-mavericks 0.2-4 OK
r-release-osx-x86_64-snowleopard 0.2-4 OK
r-release-windows-ix86+x86_64 0.2-4 6.00 34.00 40.00 OK
r-oldrel-windows-ix86+x86_64 0.2-4 8.00 37.00 45.00 OK

Check Details

Version: 0.2-4
Check: package namespace information
Result: NOTE
     Namespace with empty importFrom: ‘rjags’
Flavors: r-devel-linux-x86_64-debian-clang, r-devel-linux-x86_64-debian-gcc, r-devel-linux-x86_64-fedora-clang, r-devel-linux-x86_64-fedora-gcc, r-devel-osx-x86_64-clang, r-devel-windows-ix86+x86_64

Version: 0.2-4
Check: R code for possible problems
Result: NOTE
    .dcmle: no visible global function definition for ‘bugs.parfit’
    coerce,codaMCMC-MCMClist : <anonymous>: no visible global function
     definition for ‘mcmc’
    coerce,codaMCMC-MCMClist: no visible global function definition for
     ‘varnames<-’
    coerce,dcCodaMCMC-MCMClist : <anonymous>: no visible global function
     definition for ‘mcmc’
    coerce,dcCodaMCMC-MCMClist: no visible global function definition for
     ‘varnames<-’
Flavors: r-devel-linux-x86_64-debian-clang, r-devel-linux-x86_64-debian-gcc, r-devel-linux-x86_64-fedora-clang, r-devel-linux-x86_64-fedora-gcc, r-devel-osx-x86_64-clang, r-devel-windows-ix86+x86_64