CRAN Package Check Results for Package dcmle

Last updated on 2016-02-07 12:46:57.

Flavor Version Tinstall Tcheck Ttotal Status Flags
r-devel-linux-x86_64-debian-gcc 0.3-0 3.84 52.90 56.74 OK
r-devel-linux-x86_64-fedora-clang 0.3-0 111.35 OK
r-devel-linux-x86_64-fedora-gcc 0.3-0 116.00 OK
r-devel-osx-x86_64-clang 0.3-0 109.44 OK
r-devel-windows-ix86+x86_64 0.3-0 10.00 108.00 118.00 OK
r-patched-linux-x86_64 0.3-0 3.89 60.15 64.03 OK
r-patched-solaris-sparc 0.3-0 727.80 OK
r-patched-solaris-x86 0.3-0 157.90 OK
r-release-linux-x86_64 0.3-0 3.97 55.93 59.90 OK
r-release-osx-x86_64-mavericks 0.3-0 OK
r-release-windows-ix86+x86_64 0.3-0 8.00 128.00 136.00 OK
r-oldrel-windows-ix86+x86_64 0.3-0 17.00 108.00 125.00 WARN

Check Details

Version: 0.3-0
Check: S3 generic/method consistency
Result: WARN
    Warning: declared S3 method '.as_mcmc_list_default' not found
    Warning: declared S3 method '.as_mcmc_list_default' not found
    See section 'Generic functions and methods' in the 'Writing R
    Extensions' manual.
Flavor: r-oldrel-windows-ix86+x86_64