CRAN Package Check Results for Package dcmle

Last updated on 2014-07-24 15:52:17.

Flavor Version Tinstall Tcheck Ttotal Status Flags
r-devel-linux-x86_64-debian-clang 0.2-4 2.24 21.37 23.61 OK
r-devel-linux-x86_64-debian-gcc 0.2-4 2.21 21.22 23.43 OK
r-devel-linux-x86_64-fedora-clang 0.2-4 53.08 OK
r-devel-linux-x86_64-fedora-gcc 0.2-4 48.91 OK
r-devel-osx-x86_64-clang 0.2-4 46.94 OK
r-devel-windows-ix86+x86_64 0.2-4 6.00 35.00 41.00 OK
r-patched-linux-x86_64 0.2-4 2.27 21.18 23.46 OK
r-patched-solaris-sparc 0.2-4 282.70 OK
r-patched-solaris-x86 0.2-4 71.60 OK
r-release-linux-ix86 0.2-4 2.90 29.56 32.46 OK
r-release-linux-x86_64 0.2-4 2.33 21.97 24.30 OK
r-release-osx-x86_64-mavericks 0.2-4 ERROR
r-release-osx-x86_64-snowleopard 0.2-4 OK
r-release-windows-ix86+x86_64 0.2-4 7.00 36.00 43.00 OK
r-oldrel-windows-ix86+x86_64 0.2-4 7.00 36.00 43.00 OK

Check Details

Version: 0.2-4
Check: package dependencies
Result: ERROR
    Package required but not available: ‘rjags’
    
    See the information on DESCRIPTION files in the chapter ‘Creating R
    packages’ of the ‘Writing R Extensions’ manual.
Flavor: r-release-osx-x86_64-mavericks