CRAN Package Check Results for Package dcmle

Last updated on 2014-11-26 17:51:29.

Flavor Version Tinstall Tcheck Ttotal Status Flags
r-devel-linux-x86_64-debian-clang 0.2-4 2.09 22.03 24.12 NOTE
r-devel-linux-x86_64-debian-gcc 0.2-4 2.08 21.50 23.57 NOTE
r-devel-linux-x86_64-fedora-clang 0.2-4 53.85 NOTE
r-devel-linux-x86_64-fedora-gcc 0.2-4 50.67 NOTE
r-devel-osx-x86_64-clang 0.2-4 49.63 NOTE
r-devel-windows-ix86+x86_64 0.2-4 6.00 35.00 41.00 NOTE
r-patched-linux-x86_64 0.2-4 2.24 22.86 25.10 NOTE
r-patched-solaris-sparc 0.2-4 282.20 NOTE
r-patched-solaris-x86 0.2-4 80.40 NOTE
r-release-linux-ix86 0.2-4 2.75 27.68 30.43 NOTE
r-release-linux-x86_64 0.2-4 2.24 22.07 24.30 NOTE
r-release-osx-x86_64-mavericks 0.2-4 OK
r-release-osx-x86_64-snowleopard 0.2-4 OK
r-release-windows-ix86+x86_64 0.2-4 8.00 36.00 44.00 NOTE
r-oldrel-windows-ix86+x86_64 0.2-4 6.00 40.00 46.00 OK

Check Details

Version: 0.2-4
Check: package namespace information
Result: NOTE
     Namespace with empty importFrom: ‘rjags’
Flavors: r-devel-linux-x86_64-debian-clang, r-devel-linux-x86_64-debian-gcc, r-devel-linux-x86_64-fedora-clang, r-devel-linux-x86_64-fedora-gcc, r-devel-osx-x86_64-clang, r-devel-windows-ix86+x86_64, r-patched-linux-x86_64, r-patched-solaris-sparc, r-patched-solaris-x86, r-release-linux-ix86, r-release-linux-x86_64, r-release-windows-ix86+x86_64

Version: 0.2-4
Check: R code for possible problems
Result: NOTE
    .dcmle: no visible global function definition for ‘bugs.parfit’
    coerce,codaMCMC-MCMClist : <anonymous>: no visible global function
     definition for ‘mcmc’
    coerce,codaMCMC-MCMClist: no visible global function definition for
     ‘varnames<-’
    coerce,dcCodaMCMC-MCMClist : <anonymous>: no visible global function
     definition for ‘mcmc’
    coerce,dcCodaMCMC-MCMClist: no visible global function definition for
     ‘varnames<-’
Flavors: r-devel-linux-x86_64-debian-clang, r-devel-linux-x86_64-debian-gcc, r-devel-linux-x86_64-fedora-clang, r-devel-linux-x86_64-fedora-gcc, r-devel-osx-x86_64-clang, r-devel-windows-ix86+x86_64, r-patched-linux-x86_64, r-patched-solaris-sparc, r-patched-solaris-x86, r-release-linux-ix86, r-release-linux-x86_64, r-release-windows-ix86+x86_64