CRAN Package Check Results for Package dcmle

Last updated on 2016-05-04 07:48:01.

Flavor Version Tinstall Tcheck Ttotal Status Flags
r-devel-linux-x86_64-debian-gcc 0.3-1 3.81 52.79 56.60 OK
r-devel-linux-x86_64-fedora-clang 0.3-1 109.85 OK
r-devel-linux-x86_64-fedora-gcc 0.3-1 104.57 OK
r-devel-osx-x86_64-clang 0.3-1 110.84 OK
r-devel-windows-ix86+x86_64 0.3-1 10.00 95.00 105.00 OK
r-patched-linux-x86_64 0.3-1 3.59 51.64 55.23 OK
r-patched-solaris-sparc 0.3-1 726.80 OK
r-patched-solaris-x86 0.3-1 152.80 OK
r-release-linux-x86_64 0.3-1 4.18 57.57 61.75 OK
r-release-osx-x86_64-mavericks 0.3-1 OK
r-release-windows-ix86+x86_64 0.3-1 11.00 121.00 132.00 OK
r-oldrel-windows-ix86+x86_64 0.3-1 14.00 109.00 123.00 WARN

Check Details

Version: 0.3-1
Check: S3 generic/method consistency
Result: WARN
    Warning: declared S3 method '.as_mcmc_list_default' not found
    Warning: declared S3 method '.as_mcmc_list_default' not found
    See section 'Generic functions and methods' in the 'Writing R
    Extensions' manual.
Flavor: r-oldrel-windows-ix86+x86_64