CRAN Package Check Results for Package dcmle

Last updated on 2017-03-27 13:55:26.

Flavor Version Tinstall Tcheck Ttotal Status Flags
r-devel-linux-x86_64-debian-clang 0.3-1 3.66 54.89 58.55 OK
r-devel-linux-x86_64-debian-gcc 0.3-1 3.65 51.78 55.43 OK
r-devel-linux-x86_64-fedora-clang 0.3-1 125.43 OK --no-stop-on-test-error
r-devel-linux-x86_64-fedora-gcc 0.3-1 125.22 OK --no-stop-on-test-error
r-devel-macos-x86_64-clang 0.3-1 90.36 OK --no-stop-on-test-error
r-devel-windows-ix86+x86_64 0.3-1 11.00 105.00 116.00 OK
r-patched-linux-x86_64 0.3-1 4.11 51.69 55.80 OK
r-patched-solaris-sparc 0.3-1 825.10 OK
r-patched-solaris-x86 0.3-1 182.70 OK
r-release-linux-x86_64 0.3-1 3.56 48.49 52.04 OK
r-release-osx-x86_64-mavericks 0.3-1 OK
r-release-windows-ix86+x86_64 0.3-1 12.00 92.00 104.00 OK
r-oldrel-windows-ix86+x86_64 0.3-1 2.00 2.00 4.00 ERROR

Check Details

Version: 0.3-1
Check: whether package can be installed
Result: ERROR
    Installation failed.
Flavor: r-oldrel-windows-ix86+x86_64