CRAN Package Check Results for Package dcv

Last updated on 2016-12-03 20:46:59.

Flavor Version Tinstall Tcheck Ttotal Status Flags
r-devel-linux-x86_64-debian-clang 0.1.1 0.92 12.64 13.56 NOTE
r-devel-linux-x86_64-debian-gcc 0.1.1 0.87 12.61 13.48 NOTE
r-devel-linux-x86_64-fedora-clang 0.1.1 22.47 NOTE
r-devel-linux-x86_64-fedora-gcc 0.1.1 21.15 NOTE
r-devel-macos-x86_64-clang 0.1.1 19.92 NOTE
r-devel-windows-ix86+x86_64 0.1.1 3.00 31.00 34.00 NOTE
r-patched-linux-x86_64 0.1.1 0.68 10.43 11.11 NOTE
r-patched-solaris-sparc 0.1.1 119.50 NOTE
r-patched-solaris-x86 0.1.1 30.00 NOTE
r-release-linux-x86_64 0.1.1 0.66 10.11 10.78 NOTE
r-release-osx-x86_64-mavericks 0.1.1 NOTE
r-release-windows-ix86+x86_64 0.1.1 4.00 39.00 43.00 NOTE
r-oldrel-windows-ix86+x86_64 0.1.1 4.00 36.00 40.00 OK

Check Details

Version: 0.1.1
Check: R code for possible problems
Result: NOTE
    test.LM: no visible global function definition for ‘lm’
    Undefined global functions or variables:
     lm
    Consider adding
     importFrom("stats", "lm")
    to your NAMESPACE file.
Flavors: r-devel-linux-x86_64-debian-clang, r-devel-linux-x86_64-debian-gcc, r-devel-linux-x86_64-fedora-clang, r-devel-linux-x86_64-fedora-gcc, r-devel-macos-x86_64-clang, r-devel-windows-ix86+x86_64, r-patched-linux-x86_64, r-patched-solaris-sparc, r-patched-solaris-x86, r-release-linux-x86_64, r-release-osx-x86_64-mavericks, r-release-windows-ix86+x86_64