CRAN Package Check Results for Package dcv

Last updated on 2015-08-01 10:46:49.

Flavor Version Tinstall Tcheck Ttotal Status Flags
r-devel-linux-x86_64-debian-clang 0.1.1 0.84 10.44 11.27 NOTE
r-devel-linux-x86_64-debian-gcc 0.1.1 0.71 9.99 10.70 NOTE
r-devel-linux-x86_64-fedora-clang 0.1.1 21.55 NOTE
r-devel-linux-x86_64-fedora-gcc 0.1.1 19.36 NOTE
r-devel-osx-x86_64-clang 0.1.1 21.75 OK
r-devel-windows-ix86+x86_64 0.1.1 5.00 33.00 38.00 NOTE
r-patched-linux-x86_64 0.1.1 0.80 10.39 11.18 OK
r-patched-solaris-sparc 0.1.1 125.20 OK
r-patched-solaris-x86 0.1.1 33.50 OK
r-release-linux-x86_64 0.1.1 0.68 10.23 10.92 OK
r-release-osx-x86_64-mavericks 0.1.1 OK
r-release-windows-ix86+x86_64 0.1.1 4.00 21.00 25.00 OK
r-oldrel-windows-ix86+x86_64 0.1.1 5.00 26.00 31.00 OK

Check Details

Version: 0.1.1
Check: R code for possible problems
Result: NOTE
    test.LM: no visible global function definition for ‘lm’
    Undefined global functions or variables:
     lm
    Consider adding
     importFrom("stats", "lm")
    to your NAMESPACE.
Flavors: r-devel-linux-x86_64-debian-clang, r-devel-linux-x86_64-debian-gcc, r-devel-linux-x86_64-fedora-clang, r-devel-linux-x86_64-fedora-gcc, r-devel-windows-ix86+x86_64