CRAN Package Check Results for Package dcv

Last updated on 2017-10-23 14:48:36.

Flavor Version Tinstall Tcheck Ttotal Status Flags
r-devel-linux-x86_64-debian-clang 0.1.1 0.85 12.67 13.51 NOTE
r-devel-linux-x86_64-debian-gcc 0.1.1 1.12 13.56 14.68 NOTE
r-devel-linux-x86_64-fedora-clang 0.1.1 21.86 NOTE
r-devel-linux-x86_64-fedora-gcc 0.1.1 21.81 NOTE
r-devel-windows-ix86+x86_64 0.1.1 4.00 29.00 33.00 NOTE
r-patched-linux-x86_64 0.1.1 0.84 13.17 14.01 NOTE
r-patched-solaris-x86 0.1.1 33.50 NOTE
r-release-linux-x86_64 0.1.1 0.89 13.45 14.34 NOTE
r-release-windows-ix86+x86_64 0.1.1 4.00 38.00 42.00 NOTE
r-release-osx-x86_64 0.1.1 NOTE
r-oldrel-windows-ix86+x86_64 0.1.1 2.00 27.00 29.00 NOTE
r-oldrel-osx-x86_64 0.1.1 NOTE

Check Details

Version: 0.1.1
Check: R code for possible problems
Result: NOTE
    test.LM: no visible global function definition for ‘lm’
    Undefined global functions or variables:
     lm
    Consider adding
     importFrom("stats", "lm")
    to your NAMESPACE file.
Flavors: r-devel-linux-x86_64-debian-clang, r-devel-linux-x86_64-debian-gcc, r-devel-linux-x86_64-fedora-clang, r-devel-linux-x86_64-fedora-gcc, r-devel-windows-ix86+x86_64, r-patched-linux-x86_64, r-patched-solaris-x86, r-release-linux-x86_64, r-release-windows-ix86+x86_64, r-release-osx-x86_64, r-oldrel-windows-ix86+x86_64, r-oldrel-osx-x86_64