CRAN Package Check Results for Package dcv

Last updated on 2015-05-29 07:47:22.

Flavor Version Tinstall Tcheck Ttotal Status Flags
r-devel-linux-x86_64-debian-clang 0.1.1 0.71 10.47 11.18 OK
r-devel-linux-x86_64-debian-gcc 0.1.1 0.73 10.59 11.32 OK
r-devel-linux-x86_64-fedora-clang 0.1.1 22.22 OK
r-devel-linux-x86_64-fedora-gcc 0.1.1 20.09 OK
r-devel-osx-x86_64-clang 0.1.1 25.06 OK
r-devel-windows-ix86+x86_64 0.1.1 3.00 20.00 23.00 OK
r-patched-linux-x86_64 0.1.1 0.74 11.07 11.82 OK
r-patched-solaris-sparc 0.1.1 124.80 OK
r-patched-solaris-x86 0.1.1 32.70 OK
r-release-linux-x86_64 0.1.1 0.68 10.54 11.22 OK
r-release-osx-x86_64-mavericks 0.1.1 OK
r-release-osx-x86_64-snowleopard 0.1.1 ERROR
r-release-windows-ix86+x86_64 0.1.1 3.00 18.00 21.00 OK
r-oldrel-windows-ix86+x86_64 0.1.1 4.00 22.00 26.00 OK

Check Details

Version: 0.1.1
Check: package dependencies
Result: ERROR
    Package required but not available: ‘lmtest’
    
    See section ‘The DESCRIPTION file’ in the ‘Writing R Extensions’
    manual.
Flavor: r-release-osx-x86_64-snowleopard