CRAN Package Check Results for Package dcv

Last updated on 2016-06-29 07:46:49.

Flavor Version Tinstall Tcheck Ttotal Status Flags
r-devel-linux-x86_64-debian-gcc 0.1.1 0.82 11.28 12.10 NOTE
r-devel-linux-x86_64-fedora-clang 0.1.1 18.69 NOTE
r-devel-linux-x86_64-fedora-gcc 0.1.1 16.80 NOTE
r-devel-osx-x86_64-clang 0.1.1 17.05 NOTE
r-devel-windows-ix86+x86_64 0.1.1 2.00 27.00 29.00 NOTE
r-patched-linux-x86_64 0.1.1 0.87 11.33 12.20 NOTE
r-patched-solaris-sparc 0.1.1 119.50 NOTE
r-patched-solaris-x86 0.1.1 30.30 NOTE
r-release-linux-x86_64 0.1.1 0.69 11.28 11.97 NOTE
r-release-osx-x86_64-mavericks 0.1.1 NOTE
r-release-windows-ix86+x86_64 0.1.1 5.00 28.00 33.00 NOTE
r-oldrel-windows-ix86+x86_64 0.1.1 5.00 25.00 30.00 OK

Check Details

Version: 0.1.1
Check: R code for possible problems
Result: NOTE
    test.LM: no visible global function definition for ‘lm’
    Undefined global functions or variables:
     lm
    Consider adding
     importFrom("stats", "lm")
    to your NAMESPACE file.
Flavors: r-devel-linux-x86_64-debian-gcc, r-devel-linux-x86_64-fedora-clang, r-devel-linux-x86_64-fedora-gcc, r-devel-osx-x86_64-clang, r-devel-windows-ix86+x86_64, r-patched-linux-x86_64, r-patched-solaris-sparc, r-patched-solaris-x86, r-release-linux-x86_64, r-release-osx-x86_64-mavericks, r-release-windows-ix86+x86_64