CRAN Package Check Results for Package dcv

Last updated on 2016-02-08 19:48:20.

Flavor Version Tinstall Tcheck Ttotal Status Flags
r-devel-linux-x86_64-debian-gcc 0.1.1 0.67 10.45 11.13 NOTE
r-devel-linux-x86_64-fedora-clang 0.1.1 18.45 NOTE
r-devel-linux-x86_64-fedora-gcc 0.1.1 18.18 NOTE
r-devel-osx-x86_64-clang 0.1.1 21.52 NOTE
r-devel-windows-ix86+x86_64 0.1.1 6.00 20.00 26.00 NOTE
r-patched-linux-x86_64 0.1.1 0.78 11.49 12.27 OK
r-patched-solaris-sparc 0.1.1 121.40 OK
r-patched-solaris-x86 0.1.1 29.50 OK
r-release-linux-x86_64 0.1.1 0.75 10.90 11.65 OK
r-release-osx-x86_64-mavericks 0.1.1 OK
r-release-windows-ix86+x86_64 0.1.1 3.00 37.00 40.00 OK
r-oldrel-windows-ix86+x86_64 0.1.1 5.00 23.00 28.00 OK

Check Details

Version: 0.1.1
Check: R code for possible problems
Result: NOTE
    test.LM: no visible global function definition for ‘lm’
    Undefined global functions or variables:
     lm
    Consider adding
     importFrom("stats", "lm")
    to your NAMESPACE file.
Flavors: r-devel-linux-x86_64-debian-gcc, r-devel-linux-x86_64-fedora-clang, r-devel-linux-x86_64-fedora-gcc, r-devel-osx-x86_64-clang, r-devel-windows-ix86+x86_64