CRAN Package Check Results for Package dcv

Last updated on 2016-05-06 19:54:14.

Flavor Version Tinstall Tcheck Ttotal Status Flags
r-devel-linux-x86_64-debian-gcc 0.1.1 0.75 10.45 11.19 NOTE
r-devel-linux-x86_64-fedora-clang 0.1.1 19.03 NOTE
r-devel-linux-x86_64-fedora-gcc 0.1.1 17.12 NOTE
r-devel-osx-x86_64-clang 0.1.1 22.02 NOTE
r-devel-windows-ix86+x86_64 0.1.1 3.00 26.00 29.00 NOTE
r-patched-linux-x86_64 0.1.1 0.67 10.31 10.98 NOTE
r-patched-solaris-sparc 0.1.1 117.60 NOTE
r-patched-solaris-x86 0.1.1 30.70 NOTE
r-release-linux-x86_64 0.1.1 0.73 10.07 10.79 NOTE
r-release-osx-x86_64-mavericks 0.1.1 NOTE
r-release-windows-ix86+x86_64 0.1.1 3.00 26.00 29.00 NOTE
r-oldrel-windows-ix86+x86_64 0.1.1 4.00 33.00 37.00 OK

Check Details

Version: 0.1.1
Check: R code for possible problems
Result: NOTE
    test.LM: no visible global function definition for ‘lm’
    Undefined global functions or variables:
     lm
    Consider adding
     importFrom("stats", "lm")
    to your NAMESPACE file.
Flavors: r-devel-linux-x86_64-debian-gcc, r-devel-linux-x86_64-fedora-clang, r-devel-linux-x86_64-fedora-gcc, r-devel-osx-x86_64-clang, r-devel-windows-ix86+x86_64, r-patched-linux-x86_64, r-patched-solaris-sparc, r-patched-solaris-x86, r-release-linux-x86_64, r-release-osx-x86_64-mavericks, r-release-windows-ix86+x86_64