CRAN Package Check Results for Package dcv

Last updated on 2018-05-22 12:49:09 CEST.

Flavor Version Tinstall Tcheck Ttotal Status Flags
r-devel-linux-x86_64-debian-clang 0.1.1 1.15 19.36 20.51 NOTE
r-devel-linux-x86_64-debian-gcc 0.1.1 0.94 15.79 16.73 NOTE
r-devel-linux-x86_64-fedora-clang 0.1.1 24.99 NOTE
r-devel-linux-x86_64-fedora-gcc 0.1.1 23.58 NOTE
r-devel-windows-ix86+x86_64 0.1.1 5.00 29.00 34.00 NOTE
r-patched-linux-x86_64 0.1.1 1.23 18.68 19.91 NOTE
r-patched-solaris-x86 0.1.1 39.10 NOTE
r-release-linux-x86_64 0.1.1 1.04 18.37 19.41 NOTE
r-release-windows-ix86+x86_64 0.1.1 5.00 50.00 55.00 NOTE
r-release-osx-x86_64 0.1.1 NOTE
r-oldrel-windows-ix86+x86_64 0.1.1 5.00 34.00 39.00 NOTE
r-oldrel-osx-x86_64 0.1.1 NOTE

Check Details

Version: 0.1.1
Check: R code for possible problems
Result: NOTE
    test.LM: no visible global function definition for ‘lm’
    Undefined global functions or variables:
     lm
    Consider adding
     importFrom("stats", "lm")
    to your NAMESPACE file.
Flavors: r-devel-linux-x86_64-debian-clang, r-devel-linux-x86_64-debian-gcc, r-devel-linux-x86_64-fedora-clang, r-devel-linux-x86_64-fedora-gcc, r-devel-windows-ix86+x86_64, r-patched-linux-x86_64, r-patched-solaris-x86, r-release-linux-x86_64, r-release-windows-ix86+x86_64, r-release-osx-x86_64, r-oldrel-windows-ix86+x86_64, r-oldrel-osx-x86_64