CRAN Package Check Results for Package dcv

Last updated on 2017-03-01 19:48:26.

Flavor Version Tinstall Tcheck Ttotal Status Flags
r-devel-linux-x86_64-debian-clang 0.1.1 0.82 13.45 14.27 NOTE
r-devel-linux-x86_64-debian-gcc 0.1.1 0.90 13.75 14.65 NOTE
r-devel-linux-x86_64-fedora-clang 0.1.1 21.61 NOTE --no-stop-on-test-error
r-devel-linux-x86_64-fedora-gcc 0.1.1 21.22 NOTE --no-stop-on-test-error
r-devel-macos-x86_64-clang 0.1.1 19.87 NOTE --no-stop-on-test-error
r-devel-windows-ix86+x86_64 0.1.1 3.00 41.00 44.00 NOTE
r-patched-linux-x86_64 0.1.1 0.72 10.77 11.48 NOTE
r-patched-solaris-sparc 0.1.1 125.50 NOTE
r-patched-solaris-x86 0.1.1 30.40 NOTE
r-release-linux-x86_64 0.1.1 0.74 10.45 11.18 NOTE
r-release-osx-x86_64-mavericks 0.1.1 NOTE
r-release-windows-ix86+x86_64 0.1.1 4.00 38.00 42.00 NOTE
r-oldrel-windows-ix86+x86_64 0.1.1 8.00 43.00 51.00 OK

Check Details

Version: 0.1.1
Check: R code for possible problems
Result: NOTE
    test.LM: no visible global function definition for ‘lm’
    Undefined global functions or variables:
     lm
    Consider adding
     importFrom("stats", "lm")
    to your NAMESPACE file.
Flavors: r-devel-linux-x86_64-debian-clang, r-devel-linux-x86_64-debian-gcc, r-devel-windows-ix86+x86_64, r-patched-linux-x86_64, r-patched-solaris-sparc, r-patched-solaris-x86, r-release-linux-x86_64, r-release-osx-x86_64-mavericks, r-release-windows-ix86+x86_64

Version: 0.1.1
Flags: --no-stop-on-test-error
Check: R code for possible problems
Result: NOTE
    test.LM: no visible global function definition for ‘lm’
    Undefined global functions or variables:
     lm
    Consider adding
     importFrom("stats", "lm")
    to your NAMESPACE file.
Flavors: r-devel-linux-x86_64-fedora-clang, r-devel-linux-x86_64-fedora-gcc, r-devel-macos-x86_64-clang