CRAN Package Check Results for Package dcv

Last updated on 2016-09-28 23:49:14.

Flavor Version Tinstall Tcheck Ttotal Status Flags
r-devel-linux-x86_64-debian-clang 0.1.1 0.65 10.28 10.93 NOTE
r-devel-linux-x86_64-debian-gcc 0.1.1 0.69 11.05 11.74 NOTE
r-devel-linux-x86_64-fedora-clang 0.1.1 18.81 NOTE
r-devel-linux-x86_64-fedora-gcc 0.1.1 17.56 NOTE
r-devel-macos-x86_64-clang 0.1.1 16.90 NOTE
r-devel-windows-ix86+x86_64 0.1.1 3.00 36.00 39.00 NOTE
r-patched-linux-x86_64 0.1.1 0.67 11.17 11.84 NOTE
r-patched-solaris-sparc 0.1.1 119.50 NOTE
r-patched-solaris-x86 0.1.1 29.10 NOTE
r-release-linux-x86_64 0.1.1 0.67 11.29 11.95 NOTE
r-release-osx-x86_64-mavericks 0.1.1 NOTE
r-release-windows-ix86+x86_64 0.1.1 3.00 37.00 40.00 NOTE
r-oldrel-windows-ix86+x86_64 0.1.1 4.00 35.00 39.00 OK

Check Details

Version: 0.1.1
Check: R code for possible problems
Result: NOTE
    test.LM: no visible global function definition for ‘lm’
    Undefined global functions or variables:
     lm
    Consider adding
     importFrom("stats", "lm")
    to your NAMESPACE file.
Flavors: r-devel-linux-x86_64-debian-clang, r-devel-linux-x86_64-debian-gcc, r-devel-linux-x86_64-fedora-clang, r-devel-linux-x86_64-fedora-gcc, r-devel-macos-x86_64-clang, r-devel-windows-ix86+x86_64, r-patched-linux-x86_64, r-patched-solaris-sparc, r-patched-solaris-x86, r-release-linux-x86_64, r-release-osx-x86_64-mavericks, r-release-windows-ix86+x86_64