CRAN Package Check Results for Package dcv

Last updated on 2016-08-28 03:47:03.

Flavor Version Tinstall Tcheck Ttotal Status Flags
r-devel-linux-x86_64-debian-clang 0.1.1 0.76 10.21 10.97 NOTE
r-devel-linux-x86_64-debian-gcc 0.1.1 0.77 10.65 11.42 NOTE
r-devel-linux-x86_64-fedora-clang 0.1.1 18.64 NOTE
r-devel-linux-x86_64-fedora-gcc 0.1.1 17.57 NOTE
r-devel-osx-x86_64-clang 0.1.1 16.99 NOTE
r-devel-windows-ix86+x86_64 0.1.1 4.00 29.00 33.00 NOTE
r-patched-linux-x86_64 0.1.1 0.70 10.73 11.43 NOTE
r-patched-solaris-sparc 0.1.1 119.50 NOTE
r-patched-solaris-x86 0.1.1 30.60 NOTE
r-release-linux-x86_64 0.1.1 0.86 11.50 12.36 NOTE
r-release-osx-x86_64-mavericks 0.1.1 NOTE
r-release-windows-ix86+x86_64 0.1.1 5.00 27.00 32.00 NOTE
r-oldrel-windows-ix86+x86_64 0.1.1 3.00 28.00 31.00 OK

Check Details

Version: 0.1.1
Check: R code for possible problems
Result: NOTE
    test.LM: no visible global function definition for ‘lm’
    Undefined global functions or variables:
     lm
    Consider adding
     importFrom("stats", "lm")
    to your NAMESPACE file.
Flavors: r-devel-linux-x86_64-debian-clang, r-devel-linux-x86_64-debian-gcc, r-devel-linux-x86_64-fedora-clang, r-devel-linux-x86_64-fedora-gcc, r-devel-osx-x86_64-clang, r-devel-windows-ix86+x86_64, r-patched-linux-x86_64, r-patched-solaris-sparc, r-patched-solaris-x86, r-release-linux-x86_64, r-release-osx-x86_64-mavericks, r-release-windows-ix86+x86_64