CRAN Package Check Results for Package dcv

Last updated on 2014-04-25 05:47:13.

Flavor Version Tinstall Tcheck Ttotal Status Flags
r-devel-linux-x86_64-debian-clang 0.1.1 0.82 12.28 13.10 OK
r-devel-linux-x86_64-debian-gcc 0.1.1 0.79 12.35 13.14 OK
r-devel-linux-x86_64-fedora-clang 0.1.1 24.95 OK
r-devel-linux-x86_64-fedora-gcc 0.1.1 23.80 OK
r-devel-osx-x86_64-clang 0.1.1 25.54 OK
r-devel-osx-x86_64-gcc 0.1.1 ERROR
r-devel-windows-ix86+x86_64 0.1.1 3.00 19.00 22.00 OK
r-patched-linux-x86_64 0.1.1 0.78 11.96 12.74 OK
r-patched-solaris-sparc 0.1.1 142.30 OK
r-patched-solaris-x86 0.1.1 37.20 OK
r-release-linux-ix86 0.1.1 1.00 27.00 28.00 OK
r-release-linux-x86_64 0.1.1 0.84 12.03 12.87 OK
r-release-osx-x86_64-mavericks 0.1.1 WARN
r-release-osx-x86_64-snowleopard 0.1.1 OK
r-release-windows-ix86+x86_64 0.1.1 3.00 20.00 23.00 OK
r-oldrel-windows-ix86+x86_64 0.1.1 3.00 20.00 23.00 OK

Check Details

Version: 0.1.1
Check: package dependencies
Result: ERROR
    Package required but not available: ‘lmtest’
    
    See the information on DESCRIPTION files in the chapter ‘Creating R
    packages’ of the ‘Writing R Extensions’ manual.
Flavor: r-devel-osx-x86_64-gcc

Version: 0.1.1
Check: PDF version of manual
Result: WARNING
    LaTeX errors when creating PDF version.
    This typically indicates Rd problems.
    LaTeX errors found:
    ! LaTeX Error: File `upquote.sty' not found.
    
    Type X to quit or <RETURN> to proceed,
    or enter new name. (Default extension: sty)
    
    1a5d04af/Rd2.tex:8: ==> Fatal error occurred, no output PDF file produced!
Flavor: r-release-osx-x86_64-mavericks