CRAN Package Check Results for Package dcv

Last updated on 2015-09-03 22:47:53.

Flavor Version Tinstall Tcheck Ttotal Status Flags
r-devel-linux-x86_64-debian-clang 0.1.1 0.65 9.83 10.48 NOTE
r-devel-linux-x86_64-debian-gcc 0.1.1 0.63 10.43 11.06 NOTE
r-devel-linux-x86_64-fedora-clang 0.1.1 19.84 NOTE
r-devel-linux-x86_64-fedora-gcc 0.1.1 19.16 NOTE
r-devel-osx-x86_64-clang 0.1.1 21.00 OK
r-devel-windows-ix86+x86_64 0.1.1 3.00 21.00 24.00 NOTE
r-patched-linux-x86_64 0.1.1 2.69 10.50 13.18 OK
r-patched-solaris-sparc 0.1.1 125.20 OK
r-patched-solaris-x86 0.1.1 33.50 OK
r-release-linux-x86_64 0.1.1 0.70 10.62 11.32 OK
r-release-osx-x86_64-mavericks 0.1.1 OK
r-release-windows-ix86+x86_64 0.1.1 4.00 19.00 23.00 OK
r-oldrel-windows-ix86+x86_64 0.1.1 5.00 25.00 30.00 OK

Check Details

Version: 0.1.1
Check: R code for possible problems
Result: NOTE
    test.LM: no visible global function definition for ‘lm’
    Undefined global functions or variables:
     lm
    Consider adding
     importFrom("stats", "lm")
    to your NAMESPACE.
Flavors: r-devel-linux-x86_64-debian-clang, r-devel-linux-x86_64-debian-gcc, r-devel-linux-x86_64-fedora-clang, r-devel-linux-x86_64-fedora-gcc, r-devel-windows-ix86+x86_64