CRAN Package Check Results for Package dcv

Last updated on 2019-07-21 10:46:11 CEST.

Flavor Version Tinstall Tcheck Ttotal Status Flags
r-devel-linux-x86_64-debian-clang 0.1.1 2.01 20.08 22.09 NOTE
r-devel-linux-x86_64-debian-gcc 0.1.1 1.56 16.78 18.34 NOTE
r-devel-linux-x86_64-fedora-clang 0.1.1 26.96 NOTE
r-devel-linux-x86_64-fedora-gcc 0.1.1 25.81 NOTE
r-devel-windows-ix86+x86_64 0.1.1 5.00 48.00 53.00 NOTE
r-patched-linux-x86_64 0.1.1 1.79 20.18 21.97 NOTE
r-patched-solaris-x86 0.1.1 43.50 NOTE
r-release-linux-x86_64 0.1.1 1.73 20.23 21.96 NOTE
r-release-windows-ix86+x86_64 0.1.1 5.00 35.00 40.00 NOTE
r-release-osx-x86_64 0.1.1 NOTE
r-oldrel-windows-ix86+x86_64 0.1.1 5.00 31.00 36.00 NOTE
r-oldrel-osx-x86_64 0.1.1 NOTE

Check Details

Version: 0.1.1
Check: R code for possible problems
Result: NOTE
    test.LM: no visible global function definition for 'lm'
    Undefined global functions or variables:
     lm
    Consider adding
     importFrom("stats", "lm")
    to your NAMESPACE file.
Flavors: r-devel-linux-x86_64-debian-clang, r-devel-linux-x86_64-debian-gcc, r-devel-linux-x86_64-fedora-clang, r-devel-linux-x86_64-fedora-gcc, r-devel-windows-ix86+x86_64, r-patched-linux-x86_64, r-patched-solaris-x86, r-release-linux-x86_64, r-release-windows-ix86+x86_64, r-release-osx-x86_64, r-oldrel-windows-ix86+x86_64, r-oldrel-osx-x86_64