CRAN Package Check Results for Package dcv

Last updated on 2017-04-28 17:47:29.

Flavor Version Tinstall Tcheck Ttotal Status Flags
r-devel-linux-x86_64-debian-clang 0.1.1 0.98 13.52 14.49 NOTE
r-devel-linux-x86_64-debian-gcc 0.1.1 0.92 13.85 14.77 NOTE
r-devel-linux-x86_64-fedora-clang 0.1.1 22.14 NOTE --no-stop-on-test-error
r-devel-linux-x86_64-fedora-gcc 0.1.1 21.09 NOTE --no-stop-on-test-error
r-devel-windows-ix86+x86_64 0.1.1 3.00 40.00 43.00 NOTE
r-patched-linux-x86_64 0.1.1 0.94 13.21 14.15 NOTE
r-patched-solaris-sparc 0.1.1 138.30 NOTE
r-patched-solaris-x86 0.1.1 35.60 NOTE
r-release-linux-x86_64 0.1.1 0.82 12.95 13.76 NOTE
r-release-windows-ix86+x86_64 0.1.1 4.00 45.00 49.00 NOTE
r-release-osx-x86_64 0.1.1 NOTE
r-oldrel-windows-ix86+x86_64 0.1.1 5.00 26.00 31.00 NOTE
r-oldrel-osx-x86_64 0.1.1 NOTE

Check Details

Version: 0.1.1
Check: R code for possible problems
Result: NOTE
    test.LM: no visible global function definition for ‘lm’
    Undefined global functions or variables:
     lm
    Consider adding
     importFrom("stats", "lm")
    to your NAMESPACE file.
Flavors: r-devel-linux-x86_64-debian-clang, r-devel-linux-x86_64-debian-gcc, r-devel-windows-ix86+x86_64, r-patched-linux-x86_64, r-patched-solaris-sparc, r-patched-solaris-x86, r-release-linux-x86_64, r-release-windows-ix86+x86_64, r-release-osx-x86_64, r-oldrel-windows-ix86+x86_64, r-oldrel-osx-x86_64

Version: 0.1.1
Flags: --no-stop-on-test-error
Check: R code for possible problems
Result: NOTE
    test.LM: no visible global function definition for ‘lm’
    Undefined global functions or variables:
     lm
    Consider adding
     importFrom("stats", "lm")
    to your NAMESPACE file.
Flavors: r-devel-linux-x86_64-fedora-clang, r-devel-linux-x86_64-fedora-gcc