CRAN Package Check Results for Package dcv

Last updated on 2017-01-22 19:46:51.

Flavor Version Tinstall Tcheck Ttotal Status Flags
r-devel-linux-x86_64-debian-clang 0.1.1 0.83 13.42 14.25 NOTE
r-devel-linux-x86_64-debian-gcc 0.1.1 0.85 12.92 13.77 NOTE
r-devel-linux-x86_64-fedora-clang 0.1.1 21.59 NOTE --no-stop-on-test-error
r-devel-linux-x86_64-fedora-gcc 0.1.1 20.83 NOTE --no-stop-on-test-error
r-devel-macos-x86_64-clang 0.1.1 19.31 NOTE --no-stop-on-test-error
r-devel-windows-ix86+x86_64 0.1.1 3.00 30.00 33.00 NOTE
r-patched-linux-x86_64 0.1.1 0.64 10.40 11.05 NOTE
r-patched-solaris-sparc 0.1.1 125.50 NOTE
r-patched-solaris-x86 0.1.1 30.70 NOTE
r-release-linux-x86_64 0.1.1 0.66 10.17 10.83 NOTE
r-release-osx-x86_64-mavericks 0.1.1 NOTE
r-release-windows-ix86+x86_64 0.1.1 8.00 28.00 36.00 NOTE
r-oldrel-windows-ix86+x86_64 0.1.1 10.00 34.00 44.00 OK

Check Details

Version: 0.1.1
Check: R code for possible problems
Result: NOTE
    test.LM: no visible global function definition for ‘lm’
    Undefined global functions or variables:
     lm
    Consider adding
     importFrom("stats", "lm")
    to your NAMESPACE file.
Flavors: r-devel-linux-x86_64-debian-clang, r-devel-linux-x86_64-debian-gcc, r-devel-windows-ix86+x86_64, r-patched-linux-x86_64, r-patched-solaris-sparc, r-patched-solaris-x86, r-release-linux-x86_64, r-release-osx-x86_64-mavericks, r-release-windows-ix86+x86_64

Version: 0.1.1
Flags: --no-stop-on-test-error
Check: R code for possible problems
Result: NOTE
    test.LM: no visible global function definition for ‘lm’
    Undefined global functions or variables:
     lm
    Consider adding
     importFrom("stats", "lm")
    to your NAMESPACE file.
Flavors: r-devel-linux-x86_64-fedora-clang, r-devel-linux-x86_64-fedora-gcc, r-devel-macos-x86_64-clang