CRAN Package Check Results for Package dcv

Last updated on 2017-08-23 01:46:15.

Flavor Version Tinstall Tcheck Ttotal Status Flags
r-devel-linux-x86_64-debian-clang 0.1.1 0.95 13.68 14.63 NOTE
r-devel-linux-x86_64-debian-gcc 0.1.1 0.80 13.05 13.85 NOTE
r-devel-linux-x86_64-fedora-clang 0.1.1 22.05 NOTE
r-devel-linux-x86_64-fedora-gcc 0.1.1 21.80 NOTE
r-devel-windows-ix86+x86_64 0.1.1 3.00 32.00 35.00 NOTE
r-patched-linux-x86_64 0.1.1 0.86 13.53 14.39 NOTE
r-patched-solaris-x86 0.1.1 33.50 NOTE
r-release-linux-x86_64 0.1.1 0.86 13.52 14.37 NOTE
r-release-windows-ix86+x86_64 0.1.1 3.00 39.00 42.00 NOTE
r-release-osx-x86_64 0.1.1 NOTE
r-oldrel-windows-ix86+x86_64 0.1.1 2.00 28.00 30.00 NOTE
r-oldrel-osx-x86_64 0.1.1 NOTE

Check Details

Version: 0.1.1
Check: R code for possible problems
Result: NOTE
    test.LM: no visible global function definition for ‘lm’
    Undefined global functions or variables:
     lm
    Consider adding
     importFrom("stats", "lm")
    to your NAMESPACE file.
Flavors: r-devel-linux-x86_64-debian-clang, r-devel-linux-x86_64-debian-gcc, r-devel-linux-x86_64-fedora-clang, r-devel-linux-x86_64-fedora-gcc, r-devel-windows-ix86+x86_64, r-patched-linux-x86_64, r-patched-solaris-x86, r-release-linux-x86_64, r-release-windows-ix86+x86_64, r-release-osx-x86_64, r-oldrel-windows-ix86+x86_64, r-oldrel-osx-x86_64