CRAN Package Check Results for Package dcv

Last updated on 2015-07-08 05:47:33.

Flavor Version Tinstall Tcheck Ttotal Status Flags
r-devel-linux-x86_64-debian-clang 0.1.1 0.82 10.67 11.49 NOTE
r-devel-linux-x86_64-debian-gcc 0.1.1 0.78 9.98 10.77 NOTE
r-devel-linux-x86_64-fedora-clang 0.1.1 20.33 NOTE
r-devel-linux-x86_64-fedora-gcc 0.1.1 19.37 NOTE
r-devel-osx-x86_64-clang 0.1.1 20.81 OK
r-devel-windows-ix86+x86_64 0.1.1 7.00 19.00 26.00 NOTE
r-patched-linux-x86_64 0.1.1 0.83 10.42 11.25 OK
r-patched-solaris-sparc 0.1.1 124.80 OK
r-patched-solaris-x86 0.1.1 33.40 OK
r-release-linux-x86_64 0.1.1 0.70 10.61 11.30 OK
r-release-osx-x86_64-mavericks 0.1.1 OK
r-release-windows-ix86+x86_64 0.1.1 4.00 20.00 24.00 OK
r-oldrel-windows-ix86+x86_64 0.1.1 4.00 23.00 27.00 OK

Check Details

Version: 0.1.1
Check: R code for possible problems
Result: NOTE
    test.LM: no visible global function definition for ‘lm’
    Undefined global functions or variables:
     lm
Flavors: r-devel-linux-x86_64-debian-clang, r-devel-linux-x86_64-debian-gcc, r-devel-linux-x86_64-fedora-clang, r-devel-linux-x86_64-fedora-gcc, r-devel-windows-ix86+x86_64