CRAN Package Check Results for Package dcv

Last updated on 2015-04-28 08:50:16.

Flavor Version Tinstall Tcheck Ttotal Status Flags
r-devel-linux-x86_64-debian-clang 0.1.1 0.70 10.53 11.23 OK
r-devel-linux-x86_64-debian-gcc 0.1.1 0.70 10.56 11.26 OK
r-devel-linux-x86_64-fedora-clang 0.1.1 21.60 OK
r-devel-linux-x86_64-fedora-gcc 0.1.1 20.29 OK
r-devel-osx-x86_64-clang 0.1.1 24.45 OK
r-devel-windows-ix86+x86_64 0.1.1 3.00 18.00 21.00 OK
r-patched-linux-x86_64 0.1.1 0.70 10.35 11.05 OK
r-patched-solaris-sparc 0.1.1 132.60 OK
r-patched-solaris-x86 0.1.1 32.80 OK
r-release-linux-x86_64 0.1.1 0.69 10.29 10.98 OK
r-release-osx-x86_64-mavericks 0.1.1 OK
r-release-osx-x86_64-snowleopard 0.1.1 ERROR
r-release-windows-ix86+x86_64 0.1.1 3.00 18.00 21.00 OK
r-oldrel-windows-ix86+x86_64 0.1.1 3.00 21.00 24.00 OK

Check Details

Version: 0.1.1
Check: package dependencies
Result: ERROR
    Package required but not available: ‘lmtest’
    
    See section ‘The DESCRIPTION file’ in the ‘Writing R Extensions’
    manual.
Flavor: r-release-osx-x86_64-snowleopard