CRAN Package Check Results for Package dcv

Last updated on 2017-06-26 02:47:24.

Flavor Version Tinstall Tcheck Ttotal Status Flags
r-devel-linux-x86_64-debian-clang 0.1.1 0.86 13.56 14.43 NOTE
r-devel-linux-x86_64-debian-gcc 0.1.1 0.89 13.24 14.13 NOTE
r-devel-linux-x86_64-fedora-clang 0.1.1 22.11 NOTE
r-devel-linux-x86_64-fedora-gcc 0.1.1 22.39 NOTE
r-devel-windows-ix86+x86_64 0.1.1 5.00 46.00 51.00 NOTE
r-patched-linux-x86_64 0.1.1 0.86 12.89 13.75 NOTE
r-patched-solaris-sparc 0.1.1 138.30 NOTE
r-patched-solaris-x86 0.1.1 35.70 NOTE
r-release-linux-x86_64 0.1.1 0.90 13.19 14.09 NOTE
r-release-windows-ix86+x86_64 0.1.1 6.00 39.00 45.00 NOTE
r-release-osx-x86_64 0.1.1 NOTE
r-oldrel-windows-ix86+x86_64 0.1.1 2.00 39.00 41.00 NOTE
r-oldrel-osx-x86_64 0.1.1 NOTE

Check Details

Version: 0.1.1
Check: R code for possible problems
Result: NOTE
    test.LM: no visible global function definition for ‘lm’
    Undefined global functions or variables:
     lm
    Consider adding
     importFrom("stats", "lm")
    to your NAMESPACE file.
Flavors: r-devel-linux-x86_64-debian-clang, r-devel-linux-x86_64-debian-gcc, r-devel-linux-x86_64-fedora-clang, r-devel-linux-x86_64-fedora-gcc, r-devel-windows-ix86+x86_64, r-patched-linux-x86_64, r-patched-solaris-sparc, r-patched-solaris-x86, r-release-linux-x86_64, r-release-windows-ix86+x86_64, r-release-osx-x86_64, r-oldrel-windows-ix86+x86_64, r-oldrel-osx-x86_64