CRAN Package Check Results for Package ddalpha

Last updated on 2016-06-28 08:48:32.

Flavor Version Tinstall Tcheck Ttotal Status Flags
r-devel-linux-x86_64-debian-gcc 1.1.3.1 42.49 49.05 91.54 OK
r-devel-linux-x86_64-fedora-clang 1.1.3.1 170.81 OK
r-devel-linux-x86_64-fedora-gcc 1.1.3.1 158.79 OK
r-devel-osx-x86_64-clang 1.1.3.1 125.69 OK
r-devel-windows-ix86+x86_64 1.1.3.1 251.00 91.00 342.00 OK
r-patched-linux-x86_64 1.1.3.1 35.75 50.54 86.30 OK
r-patched-solaris-sparc 1.1.3.1 1004.50 NOTE
r-patched-solaris-x86 1.1.3.1 187.40 NOTE
r-release-linux-x86_64 1.1.3.1 36.15 49.46 85.62 OK
r-release-osx-x86_64-mavericks 1.1.3.1 OK
r-release-windows-ix86+x86_64 1.1.3.1 260.00 108.00 368.00 OK
r-oldrel-windows-ix86+x86_64 1.1.3.1 205.00 104.00 309.00 OK

Check Details

Version: 1.1.3.1
Check: installed package size
Result: NOTE
     installed size is 6.3Mb
     sub-directories of 1Mb or more:
     libs 5.3Mb
Flavors: r-patched-solaris-sparc, r-patched-solaris-x86