CRAN Package Check Results for Package ddalpha

Last updated on 2017-08-22 04:46:47.

Flavor Version Tinstall Tcheck Ttotal Status Flags
r-devel-linux-x86_64-debian-clang 1.2.1 88.71 56.36 145.07 NOTE
r-devel-linux-x86_64-debian-gcc 1.2.1 92.64 54.34 146.98 NOTE
r-devel-linux-x86_64-fedora-clang 1.2.1 282.91 NOTE
r-devel-linux-x86_64-fedora-gcc 1.2.1 267.57 NOTE
r-devel-windows-ix86+x86_64 1.2.1 379.00 131.00 510.00 OK
r-patched-linux-x86_64 1.2.1 90.00 58.90 148.89 NOTE
r-patched-solaris-x86 1.2.1 275.00 OK
r-release-linux-x86_64 1.2.1 88.81 58.13 146.94 NOTE
r-release-windows-ix86+x86_64 1.2.1 268.00 161.00 429.00 OK
r-release-osx-x86_64 1.2.1 OK
r-oldrel-windows-ix86+x86_64 1.2.1 262.00 110.00 372.00 OK
r-oldrel-osx-x86_64 1.2.1 OK

Check Details

Version: 1.2.1
Check: compiled code
Result: NOTE
    File ‘ddalpha/libs/ddalpha.so’:
     Found no calls to: ‘R_registerRoutines’, ‘R_useDynamicSymbols’
    
    It is good practice to register native routines and to disable symbol
    search.
    
    See ‘Writing portable packages’ in the ‘Writing R Extensions’ manual.
Flavors: r-devel-linux-x86_64-debian-clang, r-devel-linux-x86_64-debian-gcc, r-devel-linux-x86_64-fedora-clang, r-devel-linux-x86_64-fedora-gcc, r-patched-linux-x86_64, r-release-linux-x86_64

Version: 1.2.1
Check: installed package size
Result: NOTE
     installed size is 5.7Mb
     sub-directories of 1Mb or more:
     libs 4.8Mb
Flavor: r-devel-linux-x86_64-fedora-gcc