CRAN Package Check Results for Package ddalpha

Last updated on 2017-10-20 02:48:12.

Flavor Version Tinstall Tcheck Ttotal Status Flags
r-devel-linux-x86_64-debian-clang 1.3.1 89.33 101.87 191.20 OK
r-devel-linux-x86_64-debian-gcc 1.3.1 91.53 109.31 200.84 OK
r-devel-linux-x86_64-fedora-clang 1.3.1 385.39 OK
r-devel-linux-x86_64-fedora-gcc 1.3.1 372.20 NOTE
r-devel-windows-ix86+x86_64 1.3.1 411.00 211.00 622.00 OK
r-patched-linux-x86_64 1.3.1 90.70 73.69 164.39 OK
r-patched-solaris-x86 1.3.1 318.00 OK
r-release-linux-x86_64 1.3.1 90.32 74.40 164.72 OK
r-release-windows-ix86+x86_64 1.3.1 427.00 205.00 632.00 OK
r-release-osx-x86_64 1.3.1 OK
r-oldrel-windows-ix86+x86_64 1.3.1 280.00 175.00 455.00 OK
r-oldrel-osx-x86_64 1.3.1 OK

Check Details

Version: 1.3.1
Check: installed package size
Result: NOTE
     installed size is 6.0Mb
     sub-directories of 1Mb or more:
     libs 4.9Mb
Flavor: r-devel-linux-x86_64-fedora-gcc