CRAN Package Check Results for Package ddalpha

Last updated on 2014-11-22 01:48:09.

Flavor Version Tinstall Tcheck Ttotal Status Flags
r-devel-linux-x86_64-debian-clang 1.0.6 24.64 22.64 47.28 NOTE
r-devel-linux-x86_64-debian-gcc 1.0.6 28.76 22.18 50.94 NOTE
r-devel-linux-x86_64-fedora-clang 1.0.6 101.37 NOTE
r-devel-linux-x86_64-fedora-gcc 1.0.6 99.79 NOTE
r-devel-osx-x86_64-clang 1.0.6 78.94 NOTE
r-devel-windows-ix86+x86_64 1.0.6 107.00 44.00 151.00 NOTE
r-patched-linux-x86_64 1.0.6 28.58 23.51 52.08 NOTE
r-patched-solaris-sparc 1.0.6 494.20 NOTE
r-patched-solaris-x86 1.0.6 131.50 NOTE
r-release-linux-ix86 1.0.6 36.38 31.52 67.90 NOTE
r-release-linux-x86_64 1.0.6 28.68 22.92 51.60 NOTE
r-release-osx-x86_64-mavericks 1.0.6 OK
r-release-osx-x86_64-snowleopard 1.0.6 OK
r-release-windows-ix86+x86_64 1.0.6 144.00 49.00 193.00 NOTE
r-oldrel-windows-ix86+x86_64 1.0.6 96.00 50.00 146.00 NOTE

Check Details

Version: 1.0.6
Check: compiled code
Result: NOTE
    File ‘ddalpha/libs/ddalpha.so’:
     Found ‘rand’, possibly from ‘rand’ (C)
     Object: ‘ZonoidDepth.o’
    
    Compiled code should not call entry points which might terminate R nor
    write to stdout/stderr instead of to the console, nor the C RNG.
    
    See ‘Writing portable packages’ in the ‘Writing R Extensions’ manual.
Flavors: r-devel-linux-x86_64-debian-clang, r-devel-linux-x86_64-debian-gcc, r-devel-linux-x86_64-fedora-clang, r-devel-linux-x86_64-fedora-gcc, r-patched-linux-x86_64, r-patched-solaris-sparc, r-patched-solaris-x86, r-release-linux-ix86, r-release-linux-x86_64

Version: 1.0.6
Check: compiled code
Result: NOTE
    File ‘ddalpha/libs/ddalpha.so’:
     Found ‘_rand’, possibly from ‘rand’ (C)
     Object: ‘ZonoidDepth.o’
    
    Compiled code should not call entry points which might terminate R nor
    write to stdout/stderr instead of to the console, nor the C RNG.
    
    See ‘Writing portable packages’ in the ‘Writing R Extensions’ manual.
Flavor: r-devel-osx-x86_64-clang

Version: 1.0.6
Check: compiled code
Result: NOTE
    File 'ddalpha/libs/i386/ddalpha.dll':
     Found '_ZSt4cerr', possibly from 'std::cerr' (C++)
     Object: 'Knn.o'
     Found 'rand', possibly from 'rand' (C)
     Object: 'ZonoidDepth.o'
    File 'ddalpha/libs/x64/ddalpha.dll':
     Found '_ZSt4cerr', possibly from 'std::cerr' (C++)
     Object: 'Knn.o'
     Found 'rand', possibly from 'rand' (C)
     Object: 'ZonoidDepth.o'
    
    Compiled code should not call entry points which might terminate R nor
    write to stdout/stderr instead of to the console, nor the C RNG.
    
    See 'Writing portable packages' in the 'Writing R Extensions' manual.
Flavors: r-devel-windows-ix86+x86_64, r-release-windows-ix86+x86_64

Version: 1.0.6
Check: compiled code
Result: NOTE
    File 'd:/Rcompile/CRANpkg/lib/3.0/ddalpha/libs/i386/ddalpha.dll':
     Found '_ZSt4cerr', possibly from 'std::cerr' (C++)
     Object: 'Knn.o'
    File 'd:/Rcompile/CRANpkg/lib/3.0/ddalpha/libs/x64/ddalpha.dll':
     Found '_ZSt4cerr', possibly from 'std::cerr' (C++)
     Object: 'Knn.o'
    
    Compiled code should not call entry points which might terminate R nor
    write to stdout/stderr instead of to the console.
    
    See 'Writing portable packages' in the 'Writing R Extensions' manual.
Flavor: r-oldrel-windows-ix86+x86_64