CRAN Package Check Results for Package ddalpha

Last updated on 2016-08-27 08:48:51.

Flavor Version Tinstall Tcheck Ttotal Status Flags
r-devel-linux-x86_64-debian-clang 1.2.0.1 83.01 51.33 134.34 OK
r-devel-linux-x86_64-debian-gcc 1.2.0.1 113.36 70.15 183.51 NOTE
r-devel-linux-x86_64-fedora-clang 1.2.0.1 269.13 OK
r-devel-linux-x86_64-fedora-gcc 1.2.0.1 248.56 NOTE
r-devel-osx-x86_64-clang 1.2.0.1 178.86 OK
r-devel-windows-ix86+x86_64 1.2.0.1 383.00 110.00 493.00 OK
r-patched-linux-x86_64 1.2.0.1 68.31 50.80 119.11 NOTE
r-patched-solaris-sparc 1.2.0.1 1367.20 OK
r-patched-solaris-x86 1.2.0.1 265.80 OK
r-release-linux-x86_64 1.2.0.1 70.05 54.42 124.47 NOTE
r-release-osx-x86_64-mavericks 1.2.0.1 OK
r-release-windows-ix86+x86_64 1.2.0.1 442.00 105.00 547.00 OK
r-oldrel-windows-ix86+x86_64 1.2.0.1 248.00 161.00 409.00 OK

Check Details

Version: 1.2.0.1
Check: installed package size
Result: NOTE
     installed size is 5.9Mb
     sub-directories of 1Mb or more:
     libs 5.0Mb
Flavors: r-devel-linux-x86_64-debian-gcc, r-devel-linux-x86_64-fedora-gcc, r-patched-linux-x86_64, r-release-linux-x86_64