CRAN Package Check Results for Package ddalpha

Last updated on 2017-01-22 19:46:51.

Flavor Version Tinstall Tcheck Ttotal Status Flags
r-devel-linux-x86_64-debian-clang 1.2.1 84.26 56.06 140.32 OK
r-devel-linux-x86_64-debian-gcc 1.2.1 87.56 55.52 143.08 OK
r-devel-linux-x86_64-fedora-clang 1.2.1 275.66 OK --no-stop-on-test-error
r-devel-linux-x86_64-fedora-gcc 1.2.1 262.84 NOTE --no-stop-on-test-error
r-devel-macos-x86_64-clang 1.2.1 184.69 OK --no-stop-on-test-error
r-devel-windows-ix86+x86_64 1.2.1 268.00 128.00 396.00 OK
r-patched-linux-x86_64 1.2.1 68.41 50.98 119.39 OK
r-patched-solaris-sparc 1.2.1 1455.60 OK
r-patched-solaris-x86 1.2.1 269.20 OK
r-release-linux-x86_64 1.2.1 67.67 52.66 120.33 OK
r-release-osx-x86_64-mavericks 1.2.1 OK
r-release-windows-ix86+x86_64 1.2.1 661.00 138.00 799.00 OK
r-oldrel-windows-ix86+x86_64 1.2.1 596.00 213.00 809.00 OK

Check Details

Version: 1.2.1
Flags: --no-stop-on-test-error
Check: installed package size
Result: NOTE
     installed size is 5.4Mb
     sub-directories of 1Mb or more:
     libs 4.6Mb
Flavor: r-devel-linux-x86_64-fedora-gcc