CRAN Package Check Results for Package ddalpha

Last updated on 2014-12-21 08:47:31.

Flavor Version Tinstall Tcheck Ttotal Status Flags
r-devel-linux-x86_64-debian-clang 1.1.0 49.80 48.90 98.70 OK
r-devel-linux-x86_64-debian-gcc 1.1.0 54.61 45.72 100.33 OK
r-devel-linux-x86_64-fedora-clang 1.1.0 115.50 OK
r-devel-linux-x86_64-fedora-gcc 1.1.0 109.89 NOTE
r-devel-osx-x86_64-clang 1.1.0 71.19 OK
r-devel-windows-ix86+x86_64 1.0.6 106.00 46.00 152.00 NOTE
r-patched-linux-x86_64 1.0.6 28.64 23.46 52.10 NOTE
r-patched-solaris-sparc 1.0.6 527.80 NOTE
r-patched-solaris-x86 1.1.0 218.20 OK
r-release-linux-ix86 1.0.6 36.33 31.17 67.50 NOTE
r-release-linux-x86_64 1.0.6 28.58 23.09 51.66 NOTE
r-release-osx-x86_64-mavericks 1.0.6 OK
r-release-osx-x86_64-snowleopard 1.0.6 OK
r-release-windows-ix86+x86_64 1.1.0 164.00 99.00 263.00 WARN
r-oldrel-windows-ix86+x86_64 1.0.6 101.00 54.00 155.00 NOTE

Check Details

Version: 1.1.0
Check: installed package size
Result: NOTE
     installed size is 5.3Mb
     sub-directories of 1Mb or more:
     libs 4.6Mb
Flavor: r-devel-linux-x86_64-fedora-gcc

Version: 1.0.6
Check: compiled code
Result: NOTE
    File 'ddalpha/libs/i386/ddalpha.dll':
     Found '_ZSt4cerr', possibly from 'std::cerr' (C++)
     Object: 'Knn.o'
     Found 'rand', possibly from 'rand' (C)
     Object: 'ZonoidDepth.o'
    File 'ddalpha/libs/x64/ddalpha.dll':
     Found '_ZSt4cerr', possibly from 'std::cerr' (C++)
     Object: 'Knn.o'
     Found 'rand', possibly from 'rand' (C)
     Object: 'ZonoidDepth.o'
    
    Compiled code should not call entry points which might terminate R nor
    write to stdout/stderr instead of to the console, nor the system RNG.
    
    See 'Writing portable packages' in the 'Writing R Extensions' manual.
Flavor: r-devel-windows-ix86+x86_64

Version: 1.0.6
Check: compiled code
Result: NOTE
    File ‘ddalpha/libs/ddalpha.so’:
     Found ‘rand’, possibly from ‘rand’ (C)
     Object: ‘ZonoidDepth.o’
    
    Compiled code should not call entry points which might terminate R nor
    write to stdout/stderr instead of to the console, nor the system RNG.
    
    See ‘Writing portable packages’ in the ‘Writing R Extensions’ manual.
Flavors: r-patched-linux-x86_64, r-patched-solaris-sparc

Version: 1.0.6
Check: compiled code
Result: NOTE
    File ‘ddalpha/libs/ddalpha.so’:
     Found ‘rand’, possibly from ‘rand’ (C)
     Object: ‘ZonoidDepth.o’
    
    Compiled code should not call entry points which might terminate R nor
    write to stdout/stderr instead of to the console, nor the C RNG.
    
    See ‘Writing portable packages’ in the ‘Writing R Extensions’ manual.
Flavors: r-release-linux-ix86, r-release-linux-x86_64

Version: 1.1.0
Check: compiled code
Result: WARN
    File 'ddalpha/libs/i386/ddalpha.dll':
     Found '_ZSt4cerr', possibly from 'std::cerr' (C++)
     Object: 'Polynomial.o'
     Found 'abort', possibly from 'abort' (C), 'runtime' (Fortran)
     Object: 'Polynomial.o'
    File 'ddalpha/libs/x64/ddalpha.dll':
     Found '_ZSt4cerr', possibly from 'std::cerr' (C++)
     Object: 'Polynomial.o'
     Found 'abort', possibly from 'abort' (C), 'runtime' (Fortran)
     Object: 'Polynomial.o'
    
    Compiled code should not call entry points which might terminate R nor
    write to stdout/stderr instead of to the console, nor the C RNG.
    
    See 'Writing portable packages' in the 'Writing R Extensions' manual.
Flavor: r-release-windows-ix86+x86_64

Version: 1.0.6
Check: compiled code
Result: NOTE
    File 'd:/Rcompile/CRANpkg/lib/3.0/ddalpha/libs/i386/ddalpha.dll':
     Found '_ZSt4cerr', possibly from 'std::cerr' (C++)
     Object: 'Knn.o'
    File 'd:/Rcompile/CRANpkg/lib/3.0/ddalpha/libs/x64/ddalpha.dll':
     Found '_ZSt4cerr', possibly from 'std::cerr' (C++)
     Object: 'Knn.o'
    
    Compiled code should not call entry points which might terminate R nor
    write to stdout/stderr instead of to the console.
    
    See 'Writing portable packages' in the 'Writing R Extensions' manual.
Flavor: r-oldrel-windows-ix86+x86_64