CRAN Package Check Results for Package ddalpha

Last updated on 2016-09-27 20:46:58.

Flavor Version Tinstall Tcheck Ttotal Status Flags
r-devel-linux-x86_64-debian-clang 1.2.0.1 83.51 52.05 135.56 OK
r-devel-linux-x86_64-debian-gcc 1.2.0.1 90.65 55.52 146.17 NOTE
r-devel-linux-x86_64-fedora-clang 1.2.0.1 265.11 OK
r-devel-linux-x86_64-fedora-gcc 1.2.0.1 245.64 NOTE
r-devel-macos-x86_64-clang 1.2.0.1 178.16 OK
r-devel-windows-ix86+x86_64 1.2.0.1 424.00 132.00 556.00 OK
r-patched-linux-x86_64 1.2.0.1 68.01 53.20 121.21 NOTE
r-patched-solaris-sparc 1.2.0.1 1367.20 OK
r-patched-solaris-x86 1.2.0.1 264.10 OK
r-release-linux-x86_64 1.2.0.1 70.17 54.18 124.35 NOTE
r-release-osx-x86_64-mavericks 1.2.0.1 OK
r-release-windows-ix86+x86_64 1.2.0.1 387.00 120.00 507.00 OK
r-oldrel-windows-ix86+x86_64 1.2.0.1 343.00 142.00 485.00 OK

Check Details

Version: 1.2.0.1
Check: installed package size
Result: NOTE
     installed size is 5.9Mb
     sub-directories of 1Mb or more:
     libs 5.0Mb
Flavors: r-devel-linux-x86_64-debian-gcc, r-devel-linux-x86_64-fedora-gcc, r-patched-linux-x86_64, r-release-linux-x86_64