CRAN Package Check Results for Package ddalpha

Last updated on 2017-06-25 06:47:23.

Flavor Version Tinstall Tcheck Ttotal Status Flags
r-devel-linux-x86_64-debian-clang 1.2.1 87.83 55.08 142.91 NOTE
r-devel-linux-x86_64-debian-gcc 1.2.1 91.24 55.10 146.34 NOTE
r-devel-linux-x86_64-fedora-clang 1.2.1 282.46 NOTE
r-devel-linux-x86_64-fedora-gcc 1.2.1 259.86 NOTE
r-devel-windows-ix86+x86_64 1.2.1 300.00 165.00 465.00 OK
r-patched-linux-x86_64 1.2.1 68.84 58.61 127.45 NOTE
r-patched-solaris-sparc 1.2.1 1505.60 OK
r-patched-solaris-x86 1.2.1 277.40 OK
r-release-linux-x86_64 1.2.1 88.16 56.21 144.36 NOTE
r-release-windows-ix86+x86_64 1.2.1 523.00 173.00 696.00 OK
r-release-osx-x86_64 1.2.1 OK
r-oldrel-windows-ix86+x86_64 1.2.1 414.00 147.00 561.00 OK
r-oldrel-osx-x86_64 1.2.1 OK

Check Details

Version: 1.2.1
Check: compiled code
Result: NOTE
    File ‘ddalpha/libs/ddalpha.so’:
     Found no calls to: ‘R_registerRoutines’, ‘R_useDynamicSymbols’
    
    It is good practice to register native routines and to disable symbol
    search.
    
    See ‘Writing portable packages’ in the ‘Writing R Extensions’ manual.
Flavors: r-devel-linux-x86_64-debian-clang, r-devel-linux-x86_64-debian-gcc, r-devel-linux-x86_64-fedora-clang, r-devel-linux-x86_64-fedora-gcc, r-patched-linux-x86_64, r-release-linux-x86_64

Version: 1.2.1
Check: installed package size
Result: NOTE
     installed size is 5.7Mb
     sub-directories of 1Mb or more:
     libs 4.8Mb
Flavor: r-devel-linux-x86_64-fedora-gcc