CRAN Package Check Results for Package ddalpha

Last updated on 2017-03-01 19:48:26.

Flavor Version Tinstall Tcheck Ttotal Status Flags
r-devel-linux-x86_64-debian-clang 1.2.1 84.94 56.12 141.06 NOTE
r-devel-linux-x86_64-debian-gcc 1.2.1 87.78 56.38 144.16 NOTE
r-devel-linux-x86_64-fedora-clang 1.2.1 275.45 NOTE --no-stop-on-test-error
r-devel-linux-x86_64-fedora-gcc 1.2.1 262.46 NOTE --no-stop-on-test-error
r-devel-macos-x86_64-clang 1.2.1 184.68 NOTE --no-stop-on-test-error
r-devel-windows-ix86+x86_64 1.2.1 276.00 167.00 443.00 OK
r-patched-linux-x86_64 1.2.1 67.02 52.11 119.13 OK
r-patched-solaris-sparc 1.2.1 1455.60 OK
r-patched-solaris-x86 1.2.1 268.30 OK
r-release-linux-x86_64 1.2.1 68.83 51.90 120.73 OK
r-release-osx-x86_64-mavericks 1.2.1 OK
r-release-windows-ix86+x86_64 1.2.1 402.00 148.00 550.00 OK
r-oldrel-windows-ix86+x86_64 1.2.1 601.00 161.00 762.00 OK

Check Details

Version: 1.2.1
Check: compiled code
Result: NOTE
    File ‘ddalpha/libs/ddalpha.so’:
     Found no calls to: ‘R_registerRoutines’, ‘R_useDynamicSymbols’
    
    It is good practice to register native routines and to disable symbol
    search.
    
    See ‘Writing portable packages’ in the ‘Writing R Extensions’ manual.
Flavors: r-devel-linux-x86_64-debian-clang, r-devel-linux-x86_64-debian-gcc

Version: 1.2.1
Flags: --no-stop-on-test-error
Check: compiled code
Result: NOTE
    File ‘ddalpha/libs/ddalpha.so’:
     Found no calls to: ‘R_registerRoutines’, ‘R_useDynamicSymbols’
    
    It is good practice to register native routines and to disable symbol
    search.
    
    See ‘Writing portable packages’ in the ‘Writing R Extensions’ manual.
Flavors: r-devel-linux-x86_64-fedora-clang, r-devel-linux-x86_64-fedora-gcc, r-devel-macos-x86_64-clang

Version: 1.2.1
Flags: --no-stop-on-test-error
Check: installed package size
Result: NOTE
     installed size is 5.4Mb
     sub-directories of 1Mb or more:
     libs 4.6Mb
Flavor: r-devel-linux-x86_64-fedora-gcc