CRAN Package Check Results for Package ddalpha

Last updated on 2014-07-22 15:51:48.

Flavor Version Tinstall Tcheck Ttotal Status Flags
r-devel-linux-x86_64-debian-clang 1.0.6 22.71 22.59 45.30 OK
r-devel-linux-x86_64-debian-gcc 1.0.6 28.54 23.28 51.82 OK
r-devel-linux-x86_64-fedora-clang 1.0.6 95.64 OK
r-devel-linux-x86_64-fedora-gcc 1.0.6 101.73 OK
r-devel-osx-x86_64-clang 1.0.6 81.68 OK
r-devel-windows-ix86+x86_64 1.0.6 106.00 52.00 158.00 NOTE
r-patched-linux-x86_64 1.0.6 28.53 23.42 51.95 OK
r-patched-solaris-sparc 1.0.6 477.70 OK
r-patched-solaris-x86 1.0.6 128.20 OK
r-release-linux-ix86 1.0.6 38.94 33.84 72.78 OK
r-release-linux-x86_64 1.0.6 30.74 23.50 54.24 OK
r-release-osx-x86_64-mavericks 1.0.6 OK
r-release-osx-x86_64-snowleopard 1.0.6 OK
r-release-windows-ix86+x86_64 1.0.6 105.00 50.00 155.00 NOTE
r-oldrel-windows-ix86+x86_64 1.0.6 112.00 53.00 165.00 NOTE

Check Details

Version: 1.0.6
Check: compiled code
Result: NOTE
    File 'd:/Rcompile/CRANpkg/lib/3.2/ddalpha/libs/i386/ddalpha.dll':
     Found '_ZSt4cerr', possibly from 'std::cerr' (C++)
     Object: 'Knn.o'
    File 'd:/Rcompile/CRANpkg/lib/3.2/ddalpha/libs/x64/ddalpha.dll':
     Found '_ZSt4cerr', possibly from 'std::cerr' (C++)
     Object: 'Knn.o'
    
    Compiled code should not call entry points which might terminate R nor
    write to stdout/stderr instead of to the console.
    
    See 'Writing portable packages' in the 'Writing R Extensions' manual.
    * checking examples ...
Flavor: r-devel-windows-ix86+x86_64

Version: 1.0.6
Check: compiled code
Result: NOTE
    File 'd:/Rcompile/CRANpkg/lib/3.1/ddalpha/libs/i386/ddalpha.dll':
     Found '_ZSt4cerr', possibly from 'std::cerr' (C++)
     Object: 'Knn.o'
    File 'd:/Rcompile/CRANpkg/lib/3.1/ddalpha/libs/x64/ddalpha.dll':
     Found '_ZSt4cerr', possibly from 'std::cerr' (C++)
     Object: 'Knn.o'
    
    Compiled code should not call entry points which might terminate R nor
    write to stdout/stderr instead of to the console.
    
    See 'Writing portable packages' in the 'Writing R Extensions' manual.
    * checking examples ...
Flavor: r-release-windows-ix86+x86_64

Version: 1.0.6
Check: compiled code
Result: NOTE
    File 'd:/Rcompile/CRANpkg/lib/3.0/ddalpha/libs/i386/ddalpha.dll':
     Found '_ZSt4cerr', possibly from 'std::cerr' (C++)
     Object: 'Knn.o'
    File 'd:/Rcompile/CRANpkg/lib/3.0/ddalpha/libs/x64/ddalpha.dll':
     Found '_ZSt4cerr', possibly from 'std::cerr' (C++)
     Object: 'Knn.o'
    
    Compiled code should not call entry points which might terminate R nor
    write to stdout/stderr instead of to the console.
    
    See 'Writing portable packages' in the 'Writing R Extensions' manual.
    * checking examples ...
Flavor: r-oldrel-windows-ix86+x86_64