CRAN Package Check Results for Package ddalpha

Last updated on 2018-04-25 08:50:55 CEST.

Flavor Version Tinstall Tcheck Ttotal Status Flags
r-devel-linux-x86_64-debian-clang 1.3.2 279.07 106.29 385.36 OK
r-devel-linux-x86_64-debian-gcc 1.3.2 236.64 83.02 319.66 OK
r-devel-linux-x86_64-fedora-clang 1.3.2 610.92 NOTE
r-devel-linux-x86_64-fedora-gcc 1.3.2 550.55 NOTE
r-devel-windows-ix86+x86_64 1.3.2 648.00 165.00 813.00 OK
r-patched-linux-x86_64 1.3.2 276.26 107.61 383.87 OK
r-patched-solaris-x86 1.3.2 1321.30 OK
r-release-linux-x86_64 1.3.2 272.69 107.25 379.94 OK
r-release-windows-ix86+x86_64 1.3.2 648.00 165.00 813.00 OK
r-release-osx-x86_64 1.3.2 OK
r-oldrel-windows-ix86+x86_64 1.3.2 316.00 220.00 536.00 OK
r-oldrel-osx-x86_64 1.3.2 OK

Additional issues

clang-UBSAN

Check Details

Version: 1.3.2
Check: installed package size
Result: NOTE
     installed size is 5.5Mb
     sub-directories of 1Mb or more:
     R 1.2Mb
     libs 3.6Mb
Flavors: r-devel-linux-x86_64-fedora-clang, r-devel-linux-x86_64-fedora-gcc