CRAN Package Check Results for Package ddalpha

Last updated on 2014-08-27 22:47:09.

Flavor Version Tinstall Tcheck Ttotal Status Flags
r-devel-linux-x86_64-debian-clang 1.0.6 23.88 22.31 46.19 NOTE
r-devel-linux-x86_64-debian-gcc 1.0.6 28.80 22.71 51.51 NOTE
r-devel-linux-x86_64-fedora-clang 1.0.6 96.25 NOTE
r-devel-linux-x86_64-fedora-gcc 1.0.6 98.81 NOTE
r-devel-osx-x86_64-clang 1.0.6 72.05 NOTE
r-devel-windows-ix86+x86_64 1.0.6 93.00 43.00 136.00 NOTE
r-patched-linux-x86_64 1.0.6 28.72 22.83 51.55 OK
r-patched-solaris-sparc 1.0.6 531.00 OK
r-patched-solaris-x86 1.0.6 129.90 OK
r-release-linux-ix86 1.0.6 38.10 33.70 71.80 OK
r-release-linux-x86_64 1.0.6 28.75 23.49 52.24 OK
r-release-osx-x86_64-mavericks 1.0.6 OK
r-release-osx-x86_64-snowleopard 1.0.6 OK
r-release-windows-ix86+x86_64 1.0.6 97.00 51.00 148.00 NOTE
r-oldrel-windows-ix86+x86_64 1.0.6 100.00 51.00 151.00 NOTE

Check Details

Version: 1.0.6
Check: compiled code
Result: NOTE
    File ‘/home/hornik/tmp/R.check/r-devel-clang/Work/build/Packages/ddalpha/libs/ddalpha.so’:
     Found ‘rand’, possibly from ‘rand’ (C)
     Object: ‘ZonoidDepth.o’
    
    Compiled code should not call entry points which might terminate R nor
    write to stdout/stderr instead of to the console, nor the C RNG.
    
    See ‘Writing portable packages’ in the ‘Writing R Extensions’ manual.
Flavor: r-devel-linux-x86_64-debian-clang

Version: 1.0.6
Check: compiled code
Result: NOTE
    File ‘/home/hornik/tmp/R.check/r-devel-gcc/Work/build/Packages/ddalpha/libs/ddalpha.so’:
     Found ‘rand’, possibly from ‘rand’ (C)
     Object: ‘ZonoidDepth.o’
    
    Compiled code should not call entry points which might terminate R nor
    write to stdout/stderr instead of to the console, nor the C RNG.
    
    See ‘Writing portable packages’ in the ‘Writing R Extensions’ manual.
Flavor: r-devel-linux-x86_64-debian-gcc

Version: 1.0.6
Check: compiled code
Result: NOTE
    File ‘/data/gannet/ripley/R/packages/tests-clang/ddalpha.Rcheck/ddalpha/libs/ddalpha.so’:
     Found ‘rand’, possibly from ‘rand’ (C)
     Object: ‘ZonoidDepth.o’
    
    Compiled code should not call entry points which might terminate R nor
    write to stdout/stderr instead of to the console, nor the C RNG.
    
    See ‘Writing portable packages’ in the ‘Writing R Extensions’ manual.
Flavor: r-devel-linux-x86_64-fedora-clang

Version: 1.0.6
Check: compiled code
Result: NOTE
    File ‘/data/gannet/ripley/R/packages/tests-devel/ddalpha.Rcheck/ddalpha/libs/ddalpha.so’:
     Found ‘rand’, possibly from ‘rand’ (C)
     Object: ‘ZonoidDepth.o’
    
    Compiled code should not call entry points which might terminate R nor
    write to stdout/stderr instead of to the console, nor the C RNG.
    
    See ‘Writing portable packages’ in the ‘Writing R Extensions’ manual.
Flavor: r-devel-linux-x86_64-fedora-gcc

Version: 1.0.6
Check: compiled code
Result: NOTE
    File ‘/Users/ripley/R/packages/tests-devel/ddalpha.Rcheck/ddalpha/libs/ddalpha.so’:
     Found ‘_rand’, possibly from ‘rand’ (C)
     Object: ‘ZonoidDepth.o’
    
    Compiled code should not call entry points which might terminate R nor
    write to stdout/stderr instead of to the console, nor the C RNG.
    
    See ‘Writing portable packages’ in the ‘Writing R Extensions’ manual.
Flavor: r-devel-osx-x86_64-clang

Version: 1.0.6
Check: compiled code
Result: NOTE
    File 'd:/Rcompile/CRANpkg/lib/3.2/ddalpha/libs/i386/ddalpha.dll':
     Found '_ZSt4cerr', possibly from 'std::cerr' (C++)
     Object: 'Knn.o'
     Found 'rand', possibly from 'rand' (C)
     Object: 'ZonoidDepth.o'
    File 'd:/Rcompile/CRANpkg/lib/3.2/ddalpha/libs/x64/ddalpha.dll':
     Found '_ZSt4cerr', possibly from 'std::cerr' (C++)
     Object: 'Knn.o'
     Found 'rand', possibly from 'rand' (C)
     Object: 'ZonoidDepth.o'
    
    Compiled code should not call entry points which might terminate R nor
    write to stdout/stderr instead of to the console, nor the C RNG.
    
    See 'Writing portable packages' in the 'Writing R Extensions' manual.
Flavor: r-devel-windows-ix86+x86_64

Version: 1.0.6
Check: compiled code
Result: NOTE
    File 'd:/Rcompile/CRANpkg/lib/3.1/ddalpha/libs/i386/ddalpha.dll':
     Found '_ZSt4cerr', possibly from 'std::cerr' (C++)
     Object: 'Knn.o'
    File 'd:/Rcompile/CRANpkg/lib/3.1/ddalpha/libs/x64/ddalpha.dll':
     Found '_ZSt4cerr', possibly from 'std::cerr' (C++)
     Object: 'Knn.o'
    
    Compiled code should not call entry points which might terminate R nor
    write to stdout/stderr instead of to the console.
    
    See 'Writing portable packages' in the 'Writing R Extensions' manual.
Flavor: r-release-windows-ix86+x86_64

Version: 1.0.6
Check: compiled code
Result: NOTE
    File 'd:/Rcompile/CRANpkg/lib/3.0/ddalpha/libs/i386/ddalpha.dll':
     Found '_ZSt4cerr', possibly from 'std::cerr' (C++)
     Object: 'Knn.o'
    File 'd:/Rcompile/CRANpkg/lib/3.0/ddalpha/libs/x64/ddalpha.dll':
     Found '_ZSt4cerr', possibly from 'std::cerr' (C++)
     Object: 'Knn.o'
    
    Compiled code should not call entry points which might terminate R nor
    write to stdout/stderr instead of to the console.
    
    See 'Writing portable packages' in the 'Writing R Extensions' manual.
Flavor: r-oldrel-windows-ix86+x86_64