CRAN Package Check Results for Package ddalpha

Last updated on 2015-07-01 06:48:30.

Flavor Version Tinstall Tcheck Ttotal Status Flags
r-devel-linux-x86_64-debian-clang 1.1.1 24.10 46.68 70.79 NOTE
r-devel-linux-x86_64-debian-gcc 1.1.1 29.62 46.19 75.80 NOTE
r-devel-linux-x86_64-fedora-clang 1.1.1 147.37 NOTE
r-devel-linux-x86_64-fedora-gcc 1.1.1 139.11 NOTE
r-devel-osx-x86_64-clang 1.1.1 119.95 OK
r-devel-windows-ix86+x86_64 1.1.1 162.00 103.00 265.00 NOTE
r-patched-linux-x86_64 1.1.1 28.18 47.43 75.60 OK
r-patched-solaris-sparc 1.1.1 1040.60 OK
r-patched-solaris-x86 1.1.1 185.40 OK
r-release-linux-x86_64 1.1.1 27.78 53.95 81.74 OK
r-release-osx-x86_64-mavericks 1.1.1 OK
r-release-windows-ix86+x86_64 1.1.1 104.00 104.00 208.00 OK
r-oldrel-windows-ix86+x86_64 1.1.1 171.00 122.00 293.00 OK

Check Details

Version: 1.1.1
Check: R code for possible problems
Result: NOTE
    .Mahalanobis_depth: no visible global function definition for ‘cov’
    .ddalpha.learn.depth: no visible global function definition for ‘cov’
    .lda_classify: no visible global function definition for ‘predict’
    .lda_learn: no visible global function definition for ‘as.formula’
    .mah_learn: no visible global function definition for ‘cov’
    .zdepth: no visible binding for global variable ‘median’
    .zdepth: no visible binding for global variable ‘mad’
    .zdepth.sub: no visible binding for global variable ‘median’
    .zdepth.sub: no visible binding for global variable ‘mad’
    GetPoints: no visible global function definition for ‘prcomp’
    GetPointsAll: no visible global function definition for ‘prcomp’
    GetPointsDHB12: no visible global function definition for ‘prcomp’
    dataf.sim.1.CFF07: no visible global function definition for ‘head’
    dataf.sim.1.CFF07: no visible global function definition for ‘tail’
    dataf.sim.1.CFF07: no visible global function definition for ‘grid’
    dataf.sim.1.CFF07: no visible global function definition for ‘lines’
    dataf.sim.2.CFF07: no visible global function definition for
     ‘smooth.spline’
    dataf.sim.2.CFF07: no visible global function definition for ‘head’
    dataf.sim.2.CFF07: no visible global function definition for ‘tail’
    dataf.sim.2.CFF07: no visible global function definition for ‘grid’
    dataf.sim.2.CFF07: no visible global function definition for ‘lines’
    ddalpha.getErrorRateCV: no visible global function definition for ‘sd’
    ddalpha.getErrorRateJK: no visible global function definition for ‘sd’
    depth.Mahalanobis: no visible global function definition for ‘cov’
    depth.graph : <anonymous>: no visible global function definition for
     ‘cov’
    depth.graph: no visible global function definition for ‘par’
    depth.graph: no visible global function definition for ‘persp’
    getBestSpaceDHB12: no visible global function definition for ‘combn’
    getdata: Error while checking: invalid ‘envir’ argument
    lda.classify: no visible global function definition for ‘predict’
    lda.train: no visible global function definition for ‘as.formula’
    mah.moment: no visible global function definition for ‘cov’
    nlm_optimize_r: no visible global function definition for ‘nlm’
    plotf: no visible global function definition for ‘grid’
    plotf: no visible global function definition for ‘lines’
    qda.classify: no visible global function definition for ‘predict’
    qda.train: no visible global function definition for ‘as.formula’
    resetPar: no visible global function definition for ‘dev.new’
    resetPar: no visible global function definition for ‘par’
    resetPar: no visible global function definition for ‘dev.off’
Flavors: r-devel-linux-x86_64-debian-clang, r-devel-linux-x86_64-debian-gcc, r-devel-linux-x86_64-fedora-clang, r-devel-linux-x86_64-fedora-gcc, r-devel-windows-ix86+x86_64