CRAN Package Check Results for Package ddalpha

Last updated on 2015-03-01 03:48:31.

Flavor Version Tinstall Tcheck Ttotal Status Flags
r-devel-linux-x86_64-debian-clang 1.1.0 49.57 43.60 93.17 OK
r-devel-linux-x86_64-debian-gcc 1.1.0 57.90 42.40 100.30 OK
r-devel-linux-x86_64-fedora-clang 1.1.0 216.71 OK
r-devel-linux-x86_64-fedora-gcc 1.1.0 190.13 NOTE
r-devel-osx-x86_64-clang 1.1.0 129.96 OK
r-devel-windows-ix86+x86_64 1.1.0 321.00 86.00 407.00 WARN
r-patched-linux-x86_64 1.1.0 56.24 51.56 107.80 OK
r-patched-solaris-sparc 1.1.0 126.50 ERROR
r-patched-solaris-x86 1.1.0 259.20 OK
r-release-linux-ix86 1.1.0 70.19 66.85 137.04 OK
r-release-linux-x86_64 1.1.0 57.22 50.53 107.75 OK
r-release-osx-x86_64-mavericks 1.1.0 OK
r-release-osx-x86_64-snowleopard 1.1.0 ERROR
r-release-windows-ix86+x86_64 1.1.0 222.00 103.00 325.00 WARN
r-oldrel-windows-ix86+x86_64 1.1.0 224.00 108.00 332.00 WARN

Check Details

Version: 1.1.0
Check: installed package size
Result: NOTE
     installed size is 5.3Mb
     sub-directories of 1Mb or more:
     libs 4.6Mb
Flavor: r-devel-linux-x86_64-fedora-gcc

Version: 1.1.0
Check: compiled code
Result: WARN
    File 'ddalpha/libs/i386/ddalpha.dll':
     Found '_ZSt4cerr', possibly from 'std::cerr' (C++)
     Object: 'Polynomial.o'
     Found 'abort', possibly from 'abort' (C), 'runtime' (Fortran)
     Object: 'Polynomial.o'
    File 'ddalpha/libs/x64/ddalpha.dll':
     Found '_ZSt4cerr', possibly from 'std::cerr' (C++)
     Object: 'Polynomial.o'
     Found 'abort', possibly from 'abort' (C), 'runtime' (Fortran)
     Object: 'Polynomial.o'
    
    Compiled code should not call entry points which might terminate R nor
    write to stdout/stderr instead of to the console, nor the system RNG.
    
    See 'Writing portable packages' in the 'Writing R Extensions' manual.
Flavor: r-devel-windows-ix86+x86_64

Version: 1.1.0
Check: whether package can be installed
Result: ERROR
    Installation failed.
Flavors: r-patched-solaris-sparc, r-release-osx-x86_64-snowleopard

Version: 1.1.0
Check: compiled code
Result: WARN
    File 'ddalpha/libs/i386/ddalpha.dll':
     Found '_ZSt4cerr', possibly from 'std::cerr' (C++)
     Object: 'Polynomial.o'
     Found 'abort', possibly from 'abort' (C), 'runtime' (Fortran)
     Object: 'Polynomial.o'
    File 'ddalpha/libs/x64/ddalpha.dll':
     Found '_ZSt4cerr', possibly from 'std::cerr' (C++)
     Object: 'Polynomial.o'
     Found 'abort', possibly from 'abort' (C), 'runtime' (Fortran)
     Object: 'Polynomial.o'
    
    Compiled code should not call entry points which might terminate R nor
    write to stdout/stderr instead of to the console, nor the C RNG.
    
    See 'Writing portable packages' in the 'Writing R Extensions' manual.
Flavor: r-release-windows-ix86+x86_64

Version: 1.1.0
Check: compiled code
Result: WARN
    File 'd:/Rcompile/CRANpkg/lib/3.0/ddalpha/libs/i386/ddalpha.dll':
     Found '_ZSt4cerr', possibly from 'std::cerr' (C++)
     Object: 'Polynomial.o'
     Found 'abort', possibly from 'abort' (C), 'runtime' (Fortran)
     Object: 'Polynomial.o'
    File 'd:/Rcompile/CRANpkg/lib/3.0/ddalpha/libs/x64/ddalpha.dll':
     Found '_ZSt4cerr', possibly from 'std::cerr' (C++)
     Object: 'Polynomial.o'
     Found 'abort', possibly from 'abort' (C), 'runtime' (Fortran)
     Object: 'Polynomial.o'
    
    Compiled code should not call entry points which might terminate R nor
    write to stdout/stderr instead of to the console.
    
    See 'Writing portable packages' in the 'Writing R Extensions' manual.
Flavor: r-oldrel-windows-ix86+x86_64