CRAN Package Check Results for Package ddalpha

Last updated on 2016-12-09 07:48:23.

Flavor Version Tinstall Tcheck Ttotal Status Flags
r-devel-linux-x86_64-debian-clang 1.2.1 84.68 56.72 141.40 OK
r-devel-linux-x86_64-debian-gcc 1.2.1 87.26 58.12 145.38 OK
r-devel-linux-x86_64-fedora-clang 1.2.1 277.88 OK --no-stop-on-test-error
r-devel-linux-x86_64-fedora-gcc 1.2.1 263.80 NOTE --no-stop-on-test-error
r-devel-macos-x86_64-clang 1.2.1 186.06 OK
r-devel-windows-ix86+x86_64 1.2.1 302.00 154.00 456.00 OK
r-patched-linux-x86_64 1.2.1 67.19 51.00 118.19 OK
r-patched-solaris-sparc 1.2.1 1420.00 OK
r-patched-solaris-x86 1.2.1 264.80 OK
r-release-linux-x86_64 1.2.1 67.16 53.50 120.66 OK
r-release-osx-x86_64-mavericks 1.2.1 OK
r-release-windows-ix86+x86_64 1.2.1 284.00 105.00 389.00 OK
r-oldrel-windows-ix86+x86_64 1.2.1 374.00 119.00 493.00 OK

Check Details

Version: 1.2.1
Flags: --no-stop-on-test-error
Check: installed package size
Result: NOTE
     installed size is 5.4Mb
     sub-directories of 1Mb or more:
     libs 4.5Mb
Flavor: r-devel-linux-x86_64-fedora-gcc