CRAN Package Check Results for Package ddalpha

Last updated on 2014-10-22 01:47:24.

Flavor Version Tinstall Tcheck Ttotal Status Flags
r-devel-linux-x86_64-debian-clang 1.0.6 24.87 22.48 47.35 NOTE
r-devel-linux-x86_64-debian-gcc 1.0.6 28.74 22.95 51.69 NOTE
r-devel-linux-x86_64-fedora-clang 1.0.6 94.35 NOTE
r-devel-linux-x86_64-fedora-gcc 1.0.6 103.81 NOTE
r-devel-osx-x86_64-clang 1.0.6 71.88 NOTE
r-devel-windows-ix86+x86_64 1.0.6 102.00 46.00 148.00 NOTE
r-patched-linux-x86_64 1.0.6 30.08 23.27 53.36 NOTE
r-patched-solaris-sparc 1.0.6 517.80 NOTE
r-patched-solaris-x86 1.0.6 130.30 NOTE
r-release-linux-ix86 1.0.6 38.91 33.98 72.88 OK
r-release-linux-x86_64 1.0.6 28.66 23.48 52.14 OK
r-release-osx-x86_64-mavericks 1.0.6 OK
r-release-osx-x86_64-snowleopard 1.0.6 OK
r-release-windows-ix86+x86_64 1.0.6 100.00 50.00 150.00 NOTE
r-oldrel-windows-ix86+x86_64 1.0.6 104.00 51.00 155.00 NOTE

Check Details

Version: 1.0.6
Check: compiled code
Result: NOTE
    File ‘ddalpha/libs/ddalpha.so’:
     Found ‘rand’, possibly from ‘rand’ (C)
     Object: ‘ZonoidDepth.o’
    
    Compiled code should not call entry points which might terminate R nor
    write to stdout/stderr instead of to the console, nor the C RNG.
    
    See ‘Writing portable packages’ in the ‘Writing R Extensions’ manual.
Flavors: r-devel-linux-x86_64-debian-clang, r-devel-linux-x86_64-debian-gcc, r-devel-linux-x86_64-fedora-clang, r-devel-linux-x86_64-fedora-gcc, r-patched-linux-x86_64, r-patched-solaris-sparc, r-patched-solaris-x86

Version: 1.0.6
Check: compiled code
Result: NOTE
    File ‘ddalpha/libs/ddalpha.so’:
     Found ‘_rand’, possibly from ‘rand’ (C)
     Object: ‘ZonoidDepth.o’
    
    Compiled code should not call entry points which might terminate R nor
    write to stdout/stderr instead of to the console, nor the C RNG.
    
    See ‘Writing portable packages’ in the ‘Writing R Extensions’ manual.
Flavor: r-devel-osx-x86_64-clang

Version: 1.0.6
Check: compiled code
Result: NOTE
    File 'ddalpha/libs/i386/ddalpha.dll':
     Found '_ZSt4cerr', possibly from 'std::cerr' (C++)
     Object: 'Knn.o'
     Found 'rand', possibly from 'rand' (C)
     Object: 'ZonoidDepth.o'
    File 'ddalpha/libs/x64/ddalpha.dll':
     Found '_ZSt4cerr', possibly from 'std::cerr' (C++)
     Object: 'Knn.o'
     Found 'rand', possibly from 'rand' (C)
     Object: 'ZonoidDepth.o'
    
    Compiled code should not call entry points which might terminate R nor
    write to stdout/stderr instead of to the console, nor the C RNG.
    
    See 'Writing portable packages' in the 'Writing R Extensions' manual.
Flavor: r-devel-windows-ix86+x86_64

Version: 1.0.6
Check: compiled code
Result: NOTE
    File 'd:/Rcompile/CRANpkg/lib/3.1/ddalpha/libs/i386/ddalpha.dll':
     Found '_ZSt4cerr', possibly from 'std::cerr' (C++)
     Object: 'Knn.o'
    File 'd:/Rcompile/CRANpkg/lib/3.1/ddalpha/libs/x64/ddalpha.dll':
     Found '_ZSt4cerr', possibly from 'std::cerr' (C++)
     Object: 'Knn.o'
    
    Compiled code should not call entry points which might terminate R nor
    write to stdout/stderr instead of to the console.
    
    See 'Writing portable packages' in the 'Writing R Extensions' manual.
Flavor: r-release-windows-ix86+x86_64

Version: 1.0.6
Check: compiled code
Result: NOTE
    File 'd:/Rcompile/CRANpkg/lib/3.0/ddalpha/libs/i386/ddalpha.dll':
     Found '_ZSt4cerr', possibly from 'std::cerr' (C++)
     Object: 'Knn.o'
    File 'd:/Rcompile/CRANpkg/lib/3.0/ddalpha/libs/x64/ddalpha.dll':
     Found '_ZSt4cerr', possibly from 'std::cerr' (C++)
     Object: 'Knn.o'
    
    Compiled code should not call entry points which might terminate R nor
    write to stdout/stderr instead of to the console.
    
    See 'Writing portable packages' in the 'Writing R Extensions' manual.
Flavor: r-oldrel-windows-ix86+x86_64