CRAN Package Check Results for Package ddalpha

Last updated on 2017-04-28 17:47:29.

Flavor Version Tinstall Tcheck Ttotal Status Flags
r-devel-linux-x86_64-debian-clang 1.2.1 87.78 58.42 146.19 NOTE
r-devel-linux-x86_64-debian-gcc 1.2.1 87.98 56.25 144.24 NOTE
r-devel-linux-x86_64-fedora-clang 1.2.1 284.26 NOTE --no-stop-on-test-error
r-devel-linux-x86_64-fedora-gcc 1.2.1 261.82 NOTE --no-stop-on-test-error
r-devel-windows-ix86+x86_64 1.2.1 317.00 164.00 481.00 OK
r-patched-linux-x86_64 1.2.1 67.94 56.88 124.82 NOTE
r-patched-solaris-sparc 1.2.1 1505.60 OK
r-patched-solaris-x86 1.2.1 279.70 OK
r-release-linux-x86_64 1.2.1 67.11 55.02 122.13 NOTE
r-release-windows-ix86+x86_64 1.2.1 520.00 173.00 693.00 OK
r-release-osx-x86_64 1.2.1 OK
r-oldrel-windows-ix86+x86_64 1.2.1 439.00 110.00 549.00 OK
r-oldrel-osx-x86_64 1.2.1 OK

Check Details

Version: 1.2.1
Check: compiled code
Result: NOTE
    File ‘ddalpha/libs/ddalpha.so’:
     Found no calls to: ‘R_registerRoutines’, ‘R_useDynamicSymbols’
    
    It is good practice to register native routines and to disable symbol
    search.
    
    See ‘Writing portable packages’ in the ‘Writing R Extensions’ manual.
Flavors: r-devel-linux-x86_64-debian-clang, r-devel-linux-x86_64-debian-gcc, r-patched-linux-x86_64, r-release-linux-x86_64

Version: 1.2.1
Flags: --no-stop-on-test-error
Check: compiled code
Result: NOTE
    File ‘ddalpha/libs/ddalpha.so’:
     Found no calls to: ‘R_registerRoutines’, ‘R_useDynamicSymbols’
    
    It is good practice to register native routines and to disable symbol
    search.
    
    See ‘Writing portable packages’ in the ‘Writing R Extensions’ manual.
Flavors: r-devel-linux-x86_64-fedora-clang, r-devel-linux-x86_64-fedora-gcc

Version: 1.2.1
Flags: --no-stop-on-test-error
Check: installed package size
Result: NOTE
     installed size is 5.5Mb
     sub-directories of 1Mb or more:
     libs 4.6Mb
Flavor: r-devel-linux-x86_64-fedora-gcc