CRAN Package Check Results for Package ddalpha

Last updated on 2018-02-19 21:49:27 CET.

Flavor Version Tinstall Tcheck Ttotal Status Flags
r-devel-linux-x86_64-debian-clang 1.3.1.1 284.25 93.59 377.84 OK
r-devel-linux-x86_64-debian-gcc 1.3.1.1 235.69 81.58 317.27 OK
r-devel-linux-x86_64-fedora-clang 1.3.1.1 620.04 NOTE
r-devel-linux-x86_64-fedora-gcc 1.3.1.1 527.15 NOTE
r-devel-windows-ix86+x86_64 1.3.1.1 426.00 158.00 584.00 OK
r-patched-linux-x86_64 1.3.1.1 122.63 121.07 243.70 OK
r-patched-solaris-x86 1.3.1.1 310.10 OK
r-release-linux-x86_64 1.3.1.1 125.70 120.21 245.91 OK
r-release-windows-ix86+x86_64 1.3.1.1 380.00 223.00 603.00 OK
r-release-osx-x86_64 1.3.1.1 OK
r-oldrel-windows-ix86+x86_64 1.3.1.1 430.00 171.00 601.00 OK
r-oldrel-osx-x86_64 1.3.1 OK

Check Details

Version: 1.3.1.1
Check: installed package size
Result: NOTE
     installed size is 5.4Mb
     sub-directories of 1Mb or more:
     R 1.2Mb
     libs 3.6Mb
Flavors: r-devel-linux-x86_64-fedora-clang, r-devel-linux-x86_64-fedora-gcc