CRAN Package Check Results for Package ddalpha

Last updated on 2015-04-25 12:46:13.

Flavor Version Tinstall Tcheck Ttotal Status Flags
r-devel-linux-x86_64-debian-clang 1.1.0 55.81 44.21 100.02 OK
r-devel-linux-x86_64-debian-gcc 1.1.0 57.42 43.49 100.91 NOTE
r-devel-linux-x86_64-fedora-clang 1.1.0 210.24 OK
r-devel-linux-x86_64-fedora-gcc 1.1.0 194.24 NOTE
r-devel-osx-x86_64-clang 1.1.0 144.75 OK
r-devel-windows-ix86+x86_64 1.1.0 219.00 83.00 302.00 WARN
r-patched-linux-x86_64 1.1.0 58.08 42.98 101.06 NOTE
r-patched-solaris-sparc 1.1.0 126.90 ERROR
r-patched-solaris-x86 1.1.0 243.30 OK
r-release-linux-x86_64 1.1.0 57.89 43.22 101.11 NOTE
r-release-osx-x86_64-mavericks 1.1.0 OK
r-release-osx-x86_64-snowleopard 1.1.0 ERROR
r-release-windows-ix86+x86_64 1.1.0 218.00 82.00 300.00 WARN
r-oldrel-windows-ix86+x86_64 1.1.0 169.00 89.00 258.00 WARN

Check Details

Version: 1.1.0
Check: compiled code
Result: WARN
    File 'ddalpha/libs/i386/ddalpha.dll':
     Found '_ZSt4cerr', possibly from 'std::cerr' (C++)
     Object: 'Polynomial.o'
     Found 'abort', possibly from 'abort' (C), 'runtime' (Fortran)
     Object: 'Polynomial.o'
    File 'ddalpha/libs/x64/ddalpha.dll':
     Found '_ZSt4cerr', possibly from 'std::cerr' (C++)
     Object: 'Polynomial.o'
     Found 'abort', possibly from 'abort' (C), 'runtime' (Fortran)
     Object: 'Polynomial.o'
    
    Compiled code should not call entry points which might terminate R nor
    write to stdout/stderr instead of to the console, nor the system RNG.
    
    See 'Writing portable packages' in the 'Writing R Extensions' manual.
Flavors: r-devel-windows-ix86+x86_64, r-release-windows-ix86+x86_64, r-oldrel-windows-ix86+x86_64