CRAN Package Check Results for Package ddalpha

Last updated on 2015-05-24 23:47:21.

Flavor Version Tinstall Tcheck Ttotal Status Flags
r-devel-linux-x86_64-debian-clang 1.1.1 24.27 48.10 72.37 OK
r-devel-linux-x86_64-debian-gcc 1.1.1 28.33 46.56 74.90 OK
r-devel-linux-x86_64-fedora-clang 1.1.1 147.75 OK
r-devel-linux-x86_64-fedora-gcc 1.1.1 137.59 OK
r-devel-osx-x86_64-clang 1.1.1 109.65 OK
r-devel-windows-ix86+x86_64 1.1.1 105.00 99.00 204.00 OK
r-patched-linux-x86_64 1.1.1 28.16 47.41 75.57 OK
r-patched-solaris-sparc 1.1.1 1040.60 OK
r-patched-solaris-x86 1.1.1 184.90 OK
r-release-linux-x86_64 1.1.1 28.34 47.39 75.73 OK
r-release-osx-x86_64-mavericks 1.1.1 OK
r-release-osx-x86_64-snowleopard 1.1.1 ERROR
r-release-windows-ix86+x86_64 1.1.1 112.00 102.00 214.00 OK
r-oldrel-windows-ix86+x86_64 1.1.1 102.00 128.00 230.00 WARN

Check Details

Version: 1.1.1
Check: whether package can be installed
Result: ERROR
    Installation failed.
Flavor: r-release-osx-x86_64-snowleopard

Version: 1.1.1
Check: compiled code
Result: WARN
    File 'ddalpha/libs/i386/ddalpha.dll':
     Found '_ZSt4cerr', possibly from 'std::cerr' (C++)
     Object: 'Polynomial.o'
     Found 'abort', possibly from 'abort' (C), 'runtime' (Fortran)
     Object: 'Polynomial.o'
    File 'ddalpha/libs/x64/ddalpha.dll':
     Found '_ZSt4cerr', possibly from 'std::cerr' (C++)
     Object: 'Polynomial.o'
     Found 'abort', possibly from 'abort' (C), 'runtime' (Fortran)
     Object: 'Polynomial.o'
    
    Compiled code should not call entry points which might terminate R nor
    write to stdout/stderr instead of to the console, nor the system RNG.
    
    See 'Writing portable packages' in the 'Writing R Extensions' manual.
Flavor: r-oldrel-windows-ix86+x86_64