CRAN Package Check Results for Package ddalpha

Last updated on 2014-04-16 09:47:57.

Flavor Version Tinstall Tcheck Ttotal Status Flags
r-devel-linux-x86_64-debian-clang 1.0.6 24.40 23.72 48.11 OK
r-devel-linux-x86_64-debian-gcc 1.0.6 30.15 24.19 54.34 OK
r-devel-linux-x86_64-fedora-clang 1.0.6 109.47 NOTE
r-devel-linux-x86_64-fedora-gcc 1.0.6 98.61 OK
r-devel-macosx-x86_64-clang 1.0.6 92.98 OK
r-devel-macosx-x86_64-gcc 1.0.6 ERROR
r-devel-windows-ix86+x86_64 1.0.6 84.00 46.00 130.00 OK
r-patched-linux-x86_64 1.0.6 29.97 24.56 54.54 OK
r-patched-solaris-sparc 1.0.6 477.70 OK
r-patched-solaris-x86 1.0.6 129.80 OK
r-release-linux-ix86 1.0.6 68.00 48.00 116.00 OK
r-release-linux-x86_64 1.0.6 30.00 24.07 54.07 OK
r-release-macosx-x86_64 1.0.6 OK
r-release-windows-ix86+x86_64 1.0.6 93.00 53.00 146.00 OK
r-oldrel-windows-ix86+x86_64 1.0.6 94.00 50.00 144.00 OK

Check Details

Version: 1.0.6
Check: installed package size
Result: NOTE
     installed size is 5.0Mb
     sub-directories of 1Mb or more:
     libs 4.8Mb
Flavor: r-devel-linux-x86_64-fedora-clang

Version: 1.0.6
Check: package dependencies
Result: ERROR
    Package required but not available: ‘robustbase’
    
    See the information on DESCRIPTION files in the chapter ‘Creating R
    packages’ of the ‘Writing R Extensions’ manual.
Flavor: r-devel-macosx-x86_64-gcc