CRAN Package Check Results for Package ddalpha

Last updated on 2016-07-27 17:49:56.

Flavor Version Tinstall Tcheck Ttotal Status Flags
r-devel-linux-x86_64-debian-clang 1.2.0 95.41 59.44 154.84 WARN
r-devel-linux-x86_64-debian-gcc 1.2.0 99.01 62.31 161.32 WARN
r-devel-linux-x86_64-fedora-clang 1.2.0.1 262.77 OK
r-devel-linux-x86_64-fedora-gcc 1.2.0.1 246.19 NOTE
r-devel-osx-x86_64-clang 1.2.0.1 146.70 OK
r-devel-windows-ix86+x86_64 1.2.0 312.00 140.00 452.00 OK
r-patched-linux-x86_64 1.2.0 78.85 59.94 138.78 WARN
r-patched-solaris-sparc 1.2.0.1 1367.20 OK
r-patched-solaris-x86 1.2.0.1 244.40 OK
r-release-linux-x86_64 1.2.0 78.45 62.00 140.45 WARN
r-release-osx-x86_64-mavericks 1.1.3.1 OK
r-release-windows-ix86+x86_64 1.2.0 414.00 129.00 543.00 OK
r-oldrel-windows-ix86+x86_64 1.2.0 256.00 157.00 413.00 OK

Check Details

Version: 1.2.0
Check: whether package can be installed
Result: WARN
    Found the following significant warnings:
     AlphaProcedure.cpp:202:13: warning: ISO C++11 does not allow conversion from string literal to 'char *' [-Wwritable-strings]
     AlphaProcedure.cpp:227:14: warning: ISO C++11 does not allow conversion from string literal to 'char *' [-Wwritable-strings]
     AlphaProcedure.cpp:232:12: warning: ISO C++11 does not allow conversion from string literal to 'char *' [-Wwritable-strings]
Flavor: r-devel-linux-x86_64-debian-clang

Version: 1.2.0
Check: whether package can be installed
Result: WARN
    Found the following significant warnings:
     AlphaProcedure.cpp:202:25: warning: ISO C++ forbids converting a string constant to ‘char*’ [-Wpedantic]
     AlphaProcedure.cpp:227:25: warning: ISO C++ forbids converting a string constant to ‘char*’ [-Wpedantic]
     AlphaProcedure.cpp:232:23: warning: ISO C++ forbids converting a string constant to ‘char*’ [-Wpedantic]
Flavors: r-devel-linux-x86_64-debian-gcc, r-patched-linux-x86_64, r-release-linux-x86_64

Version: 1.2.0
Check: installed package size
Result: NOTE
     installed size is 5.9Mb
     sub-directories of 1Mb or more:
     libs 5.0Mb
Flavors: r-devel-linux-x86_64-debian-gcc, r-patched-linux-x86_64, r-release-linux-x86_64

Version: 1.2.0.1
Check: installed package size
Result: NOTE
     installed size is 5.7Mb
     sub-directories of 1Mb or more:
     libs 4.8Mb
Flavor: r-devel-linux-x86_64-fedora-gcc