CRAN Package Check Results for Package ddalpha

Last updated on 2017-12-11 19:48:08 CET.

Flavor Version Tinstall Tcheck Ttotal Status Flags
r-devel-linux-x86_64-debian-clang 1.3.1 122.86 147.16 270.02 OK
r-devel-linux-x86_64-debian-gcc 1.3.1 99.41 129.10 228.51 OK
r-devel-linux-x86_64-fedora-clang 1.3.1 387.29 OK
r-devel-linux-x86_64-fedora-gcc 1.3.1 351.65 NOTE
r-devel-windows-ix86+x86_64 1.3.1 420.00 175.00 595.00 OK
r-patched-linux-x86_64 1.3.1 118.68 122.40 241.08 OK
r-patched-solaris-x86 1.3.1 310.90 OK
r-release-linux-x86_64 1.3.1 117.57 125.58 243.15 OK
r-release-windows-ix86+x86_64 1.3.1 303.00 175.00 478.00 OK
r-release-osx-x86_64 1.3.1 OK
r-oldrel-windows-ix86+x86_64 1.3.1 372.00 187.00 559.00 OK
r-oldrel-osx-x86_64 1.3.1 OK

Check Details

Version: 1.3.1
Check: installed package size
Result: NOTE
     installed size is 6.0Mb
     sub-directories of 1Mb or more:
     libs 4.9Mb
Flavor: r-devel-linux-x86_64-fedora-gcc