CRAN Package Check Results for Package ddepn

Last updated on 2014-08-22 13:46:49.

Flavor Version Tinstall Tcheck Ttotal Status Flags
r-devel-linux-x86_64-debian-clang 2.2 9.31 95.67 104.98 NOTE
r-devel-linux-x86_64-debian-gcc 2.2 9.44 95.19 104.62 NOTE
r-devel-linux-x86_64-fedora-clang 2.2 246.51 NOTE
r-devel-linux-x86_64-fedora-gcc 2.2 226.54 NOTE
r-devel-osx-x86_64-clang 2.2 191.19 NOTE
r-devel-windows-ix86+x86_64 2.2 30.00 163.00 193.00 NOTE
r-patched-linux-x86_64 2.2 8.33 83.80 92.13 NOTE
r-patched-solaris-sparc 2.2 1135.30 NOTE
r-patched-solaris-x86 2.2 252.70 NOTE
r-release-linux-ix86 2.2 9.94 102.37 112.31 NOTE
r-release-linux-x86_64 2.2 8.78 84.20 92.97 NOTE
r-release-osx-x86_64-mavericks 2.2 ERROR
r-release-osx-x86_64-snowleopard 2.2 NOTE
r-release-windows-ix86+x86_64 2.2 27.00 166.00 193.00 NOTE
r-oldrel-windows-ix86+x86_64 2.2 29.00 157.00 186.00 NOTE

Check Details

Version: 2.2
Check: dependencies in R code
Result: NOTE
    Packages in Depends field not imported from:
     ‘coda’ ‘graph’ ‘igraph’ ‘lattice’
     These packages need to be imported from (in the NAMESPACE file)
     for when this namespace is loaded but not attached.
    See the information on DESCRIPTION files in the chapter ‘Creating R
    packages’ of the ‘Writing R Extensions’ manual.
Flavors: r-devel-linux-x86_64-debian-clang, r-devel-linux-x86_64-debian-gcc, r-devel-linux-x86_64-fedora-clang, r-devel-linux-x86_64-fedora-gcc, r-devel-osx-x86_64-clang, r-devel-windows-ix86+x86_64, r-patched-linux-x86_64, r-patched-solaris-sparc, r-patched-solaris-x86, r-release-linux-ix86, r-release-linux-x86_64, r-release-osx-x86_64-snowleopard, r-release-windows-ix86+x86_64, r-oldrel-windows-ix86+x86_64

Version: 2.2
Check: R code for possible problems
Result: NOTE
    ddepn: no visible global function definition for ‘mclapply’
    gelman_diag: no visible global function definition for ‘mcmc’
    gelman_diag: no visible global function definition for ‘as.mcmc.list’
    gelman_diag: no visible global function definition for ‘gelman.diag’
    initialphi: no visible global function definition for ‘parallel’
    initialphi: no visible global function definition for ‘mccollect’
    layout.ellipsis: no visible global function definition for ‘V’
    netga: no visible global function definition for ‘mclapply’
    plot_edgeconfidences: no visible global function definition for
     ‘simpleKey’
    plot_edgeconfidences: no visible global function definition for
     ‘bwplot’
    plot_edgeconfidences : <anonymous>: no visible global function
     definition for ‘panel.grid’
    plot_edgeconfidences : <anonymous>: no visible global function
     definition for ‘panel.bwplot’
    plot_mcmctraces: no visible global function definition for ‘mcmc’
    plot_mcmctraces: no visible global function definition for ‘mcmc.list’
    plotdetailed: no visible binding for global variable ‘layout.circle’
    plotdetailed: no visible global function definition for
     ‘graph.adjacency’
    plotdetailed: no visible global function definition for
     ‘print.igraph.vs’
    plotdetailed: no visible global function definition for ‘V’
    plotdetailed: no visible global function definition for ‘tkplot’
    plotdetailed: no visible global function definition for
     ‘print.igraph.es’
    plotdetailed: no visible global function definition for ‘E’
    plotdetailed: no visible global function definition for ‘E<-’
    plotdetailed: no visible global function definition for ‘V<-’
    plotdetailed_Rgraphviz: no visible global function definition for
     ‘nodeRenderInfo<-’
    plotdetailed_Rgraphviz: no visible global function definition for
     ‘nodes’
    plotdetailed_Rgraphviz: no visible global function definition for
     ‘layoutGraph’
    plotdetailed_Rgraphviz: no visible global function definition for
     ‘renderGraph’
    plotdetailed_Rgraphviz: no visible global function definition for
     ‘graph.par’
    resume_ddepn: no visible global function definition for ‘mclapply’
    signalnetwork: no visible global function definition for ‘connComp’
Flavors: r-devel-linux-x86_64-fedora-clang, r-devel-linux-x86_64-fedora-gcc, r-devel-osx-x86_64-clang

Version: 2.2
Check: R code for possible problems
Result: NOTE
    initialphi: no visible global function definition for 'mccollect'
Flavors: r-devel-windows-ix86+x86_64, r-release-windows-ix86+x86_64, r-oldrel-windows-ix86+x86_64

Version: 2.2
Check: package dependencies
Result: ERROR
    Package required but not available: ‘genefilter’
    
    See the information on DESCRIPTION files in the chapter ‘Creating R
    packages’ of the ‘Writing R Extensions’ manual.
Flavor: r-release-osx-x86_64-mavericks