CRAN Package Check Results for Package ddepn

Last updated on 2014-04-20 03:47:26.

Flavor Version Tinstall Tcheck Ttotal Status Flags
r-devel-linux-x86_64-debian-clang 2.2 8.66 135.24 143.90 NOTE
r-devel-linux-x86_64-debian-gcc 2.2 8.89 89.15 98.04 NOTE
r-devel-linux-x86_64-fedora-clang 2.2 217.65 NOTE
r-devel-linux-x86_64-fedora-gcc 2.2 209.57 NOTE
r-devel-macosx-x86_64-clang 2.2 166.59 NOTE
r-devel-macosx-x86_64-gcc 2.2 ERROR
r-devel-windows-ix86+x86_64 2.2 25.00 155.00 180.00 NOTE
r-patched-linux-x86_64 2.2 9.00 87.84 96.83 NOTE
r-patched-solaris-sparc 2.2 1084.50 NOTE
r-patched-solaris-x86 2.2 267.70 NOTE
r-release-linux-ix86 NOTE
r-release-linux-x86_64 2.2 9.19 87.82 97.02 NOTE
r-release-macosx-x86_64 2.2 ERROR
r-release-windows-ix86+x86_64 2.2 35.00 162.00 197.00 NOTE
r-oldrel-windows-ix86+x86_64 2.2 26.00 156.00 182.00 NOTE

Check Details

Version: 2.2
Check: dependencies in R code
Result: NOTE
    Packages in Depends field not imported from:
     ‘coda’ ‘graph’ ‘igraph’ ‘lattice’
     These packages need to be imported from (in the NAMESPACE file)
     for when this namespace is loaded but not attached.
    See the information on DESCRIPTION files in the chapter ‘Creating R
    packages’ of the ‘Writing R Extensions’ manual.
Flavors: r-devel-linux-x86_64-debian-clang, r-devel-linux-x86_64-debian-gcc, r-devel-linux-x86_64-fedora-clang, r-devel-linux-x86_64-fedora-gcc, r-devel-macosx-x86_64-clang, r-devel-windows-ix86+x86_64, r-patched-linux-x86_64, r-patched-solaris-sparc, r-patched-solaris-x86, r-release-linux-ix86, r-release-linux-x86_64, r-release-windows-ix86+x86_64, r-oldrel-windows-ix86+x86_64

Version: 2.2
Check: package dependencies
Result: ERROR
    Packages required but not available: ‘igraph’ ‘graph’ ‘genefilter’
    
    Packages suggested but not available for checking: ‘Rgraphviz’ ‘BoolNet’
    
    See the information on DESCRIPTION files in the chapter ‘Creating R
    packages’ of the ‘Writing R Extensions’ manual.
Flavor: r-devel-macosx-x86_64-gcc

Version: 2.2
Check: R code for possible problems
Result: NOTE
    initialphi: no visible global function definition for 'mccollect'
Flavors: r-devel-windows-ix86+x86_64, r-release-windows-ix86+x86_64, r-oldrel-windows-ix86+x86_64

Version: 2.2
Check: package dependencies
Result: ERROR
    Packages required but not available: ‘graph’ ‘genefilter’
    
    Package suggested but not available for checking: ‘Rgraphviz’
    
    See the information on DESCRIPTION files in the chapter ‘Creating R
    packages’ of the ‘Writing R Extensions’ manual.
Flavor: r-release-macosx-x86_64