CRAN Package Check Results for Package ddepn

Last updated on 2014-07-25 01:48:43.

Flavor Version Tinstall Tcheck Ttotal Status Flags
r-devel-linux-x86_64-debian-clang 2.2 9.26 96.25 105.51 NOTE
r-devel-linux-x86_64-debian-gcc 2.2 9.68 95.99 105.66 NOTE
r-devel-linux-x86_64-fedora-clang 2.2 253.49 NOTE
r-devel-linux-x86_64-fedora-gcc 2.2 239.72 NOTE
r-devel-osx-x86_64-clang 2.2 194.90 NOTE
r-devel-windows-ix86+x86_64 2.2 27.00 173.00 200.00 NOTE
r-patched-linux-x86_64 2.2 8.30 83.78 92.08 NOTE
r-patched-solaris-sparc 2.2 1084.50 NOTE
r-patched-solaris-x86 2.2 263.50 NOTE
r-release-linux-ix86 2.2 9.90 101.77 111.67 NOTE
r-release-linux-x86_64 2.2 8.47 86.34 94.82 NOTE
r-release-osx-x86_64-mavericks 2.2 ERROR
r-release-osx-x86_64-snowleopard 2.2 NOTE
r-release-windows-ix86+x86_64 2.2 26.00 161.00 187.00 NOTE
r-oldrel-windows-ix86+x86_64 2.2 26.00 165.00 191.00 NOTE

Check Details

Version: 2.2
Check: dependencies in R code
Result: NOTE
    Packages in Depends field not imported from:
     ‘coda’ ‘graph’ ‘igraph’ ‘lattice’
     These packages need to be imported from (in the NAMESPACE file)
     for when this namespace is loaded but not attached.
    See the information on DESCRIPTION files in the chapter ‘Creating R
    packages’ of the ‘Writing R Extensions’ manual.
Flavors: r-devel-linux-x86_64-debian-clang, r-devel-linux-x86_64-debian-gcc, r-devel-linux-x86_64-fedora-clang, r-devel-linux-x86_64-fedora-gcc, r-devel-osx-x86_64-clang, r-devel-windows-ix86+x86_64, r-patched-linux-x86_64, r-patched-solaris-sparc, r-patched-solaris-x86, r-release-linux-ix86, r-release-linux-x86_64, r-release-osx-x86_64-snowleopard, r-release-windows-ix86+x86_64, r-oldrel-windows-ix86+x86_64

Version: 2.2
Check: R code for possible problems
Result: NOTE
    initialphi: no visible global function definition for 'mccollect'
Flavors: r-devel-windows-ix86+x86_64, r-release-windows-ix86+x86_64, r-oldrel-windows-ix86+x86_64

Version: 2.2
Check: package dependencies
Result: ERROR
    Package required but not available: ‘genefilter’
    
    See the information on DESCRIPTION files in the chapter ‘Creating R
    packages’ of the ‘Writing R Extensions’ manual.
Flavor: r-release-osx-x86_64-mavericks