CRAN Package Check Results for Package ddiv

Last updated on 2023-06-09 10:04:09 CEST.

Flavor Version Tinstall Tcheck Ttotal Status Flags
r-devel-linux-x86_64-debian-clang 0.1.1 3.32 61.63 64.95 OK
r-devel-linux-x86_64-debian-gcc 0.1.1 2.73 47.85 50.58 OK
r-devel-linux-x86_64-fedora-clang 0.1.1 80.71 NOTE
r-devel-linux-x86_64-fedora-gcc 0.1.1 92.52 NOTE
r-devel-windows-x86_64 0.1.1 4.00 72.00 76.00 OK
r-patched-linux-x86_64 0.1.1 3.64 57.82 61.46 OK
r-release-linux-x86_64 0.1.1 3.41 60.23 63.64 OK
r-release-macos-arm64 0.1.1 38.00 OK
r-release-macos-x86_64 0.1.1 57.00 OK
r-release-windows-x86_64 0.1.1 5.00 75.00 80.00 OK
r-oldrel-macos-arm64 0.1.1 32.00 OK
r-oldrel-macos-x86_64 0.1.1 35.00 NOTE
r-oldrel-windows-x86_64 0.1.1 6.00 77.00 83.00 OK

Check Details

Version: 0.1.1
Check: dependencies in R code
Result: NOTE
    Namespaces in Imports field not imported from:
     ‘MASS’ ‘qpdf’
     All declared Imports should be used.
Flavors: r-devel-linux-x86_64-fedora-clang, r-devel-linux-x86_64-fedora-gcc, r-oldrel-macos-x86_64