CRAN Package Check Results for Package ddst

Last updated on 2014-09-17 05:47:07.

Flavor Version Tinstall Tcheck Ttotal Status Flags
r-devel-linux-x86_64-debian-clang 1.03 0.73 19.23 19.96 NOTE
r-devel-linux-x86_64-debian-gcc 1.03 0.72 19.57 20.29 NOTE
r-devel-linux-x86_64-fedora-clang 1.03 40.98 NOTE
r-devel-linux-x86_64-fedora-gcc 1.03 39.58 NOTE
r-devel-osx-x86_64-clang 1.03 39.71 NOTE
r-devel-windows-ix86+x86_64 1.03 3.00 31.00 34.00 NOTE
r-patched-linux-x86_64 1.03 0.80 20.28 21.09 NOTE
r-patched-solaris-sparc 1.03 274.60 NOTE
r-patched-solaris-x86 1.03 53.10 NOTE
r-release-linux-ix86 1.03 1.16 31.26 32.42 NOTE
r-release-linux-x86_64 1.03 0.77 20.63 21.40 NOTE
r-release-osx-x86_64-mavericks 1.03 NOTE
r-release-windows-ix86+x86_64 1.03 4.00 35.00 39.00 NOTE
r-oldrel-windows-ix86+x86_64 1.03 3.00 36.00 39.00 NOTE

Check Details

Version: 1.03
Check: dependencies in R code
Result: NOTE
    'library' or 'require' call to ‘evd’ which was already attached by Depends.
     Please remove these calls from your code.
    Packages in Depends field not imported from:
     ‘evd’ ‘orthopolynom’
     These packages need to be imported from (in the NAMESPACE file)
     for when this namespace is loaded but not attached.
    See the information on DESCRIPTION files in the chapter ‘Creating R
    packages’ of the ‘Writing R Extensions’ manual.
Flavors: r-devel-linux-x86_64-debian-clang, r-devel-linux-x86_64-debian-gcc, r-devel-linux-x86_64-fedora-clang, r-devel-linux-x86_64-fedora-gcc, r-devel-osx-x86_64-clang, r-devel-windows-ix86+x86_64, r-patched-linux-x86_64, r-patched-solaris-sparc, r-patched-solaris-x86, r-release-linux-ix86, r-release-linux-x86_64, r-release-osx-x86_64-mavericks, r-release-windows-ix86+x86_64, r-oldrel-windows-ix86+x86_64

Version: 1.03
Check: R code for possible problems
Result: NOTE
    ddst.extr.Nk: no visible global function definition for ‘pgumbel’
    ddst.extr.test: no visible global function definition for ‘pgumbel’
Flavors: r-devel-linux-x86_64-debian-clang, r-devel-linux-x86_64-debian-gcc, r-devel-linux-x86_64-fedora-clang, r-devel-linux-x86_64-fedora-gcc, r-devel-osx-x86_64-clang, r-devel-windows-ix86+x86_64

Version: 1.03
Check: Rd line widths
Result: NOTE
    Rd file 'ddst.exp.test.Rd':
     \usage lines wider than 90 characters:
     ddst.exp.test(x, base = ddst.base.legendre, c = 100, B = 1000, compute.p = F, Dmax = 5, ...)
    
    Rd file 'ddst.extr.test.Rd':
     \usage lines wider than 90 characters:
     ddst.extr.test(x, base = ddst.base.legendre, c = 100, B = 1000, compute.p = F, Dmax = 5, ...)
    
    Rd file 'ddst.norm.test.Rd':
     \usage lines wider than 90 characters:
     ddst.norm.test(x, base = ddst.base.legendre, c = 100, B = 1000, compute.p = F, Dmax = 5, ...)
    
    Rd file 'ddst.uniform.test.Rd':
     \usage lines wider than 90 characters:
     ddst.uniform.test(x, base = ddst.base.legendre, c = 2.4, B = 1000, compute.p = F, Dmax = 10, ...)
    
    These lines will be truncated in the PDF manual.
Flavors: r-devel-linux-x86_64-debian-clang, r-devel-linux-x86_64-debian-gcc, r-devel-linux-x86_64-fedora-clang, r-devel-linux-x86_64-fedora-gcc, r-release-linux-x86_64