CRAN Package Check Results for Package ddst

Last updated on 2015-05-30 17:46:32.

Flavor Version Tinstall Tcheck Ttotal Status Flags
r-devel-linux-x86_64-debian-clang 1.03 0.68 17.26 17.93 NOTE
r-devel-linux-x86_64-debian-gcc 1.03 0.66 16.83 17.49 NOTE
r-devel-linux-x86_64-fedora-clang 1.03 37.63 NOTE
r-devel-linux-x86_64-fedora-gcc 1.03 33.01 NOTE
r-devel-osx-x86_64-clang 1.03 35.67 NOTE
r-devel-windows-ix86+x86_64 1.03 3.00 29.00 32.00 NOTE
r-patched-linux-x86_64 1.03 0.66 17.18 17.84 NOTE
r-patched-solaris-sparc 1.03 235.60 NOTE
r-patched-solaris-x86 1.03 48.10 NOTE
r-release-linux-x86_64 1.03 0.68 17.38 18.06 NOTE
r-release-osx-x86_64-mavericks 1.03 NOTE
r-release-osx-x86_64-snowleopard 1.03 NOTE
r-release-windows-ix86+x86_64 1.03 2.00 35.00 37.00 NOTE
r-oldrel-windows-ix86+x86_64 1.03 5.00 35.00 40.00 NOTE

Check Details

Version: 1.03
Check: DESCRIPTION meta-information
Result: NOTE
    Malformed Description field: should contain one or more complete sentences.
Flavors: r-devel-linux-x86_64-debian-clang, r-devel-linux-x86_64-debian-gcc, r-devel-linux-x86_64-fedora-clang, r-devel-linux-x86_64-fedora-gcc, r-devel-osx-x86_64-clang, r-devel-windows-ix86+x86_64, r-patched-linux-x86_64, r-patched-solaris-sparc, r-patched-solaris-x86, r-release-linux-x86_64, r-release-osx-x86_64-mavericks, r-release-osx-x86_64-snowleopard, r-release-windows-ix86+x86_64

Version: 1.03
Check: dependencies in R code
Result: NOTE
    'library' or 'require' call to ‘evd’ which was already attached by Depends.
     Please remove these calls from your code.
    Packages in Depends field not imported from:
     ‘evd’ ‘orthopolynom’
     These packages need to be imported from (in the NAMESPACE file)
     for when this namespace is loaded but not attached.
Flavors: r-devel-linux-x86_64-debian-clang, r-devel-linux-x86_64-debian-gcc, r-devel-linux-x86_64-fedora-clang, r-devel-linux-x86_64-fedora-gcc, r-devel-osx-x86_64-clang, r-devel-windows-ix86+x86_64, r-patched-linux-x86_64, r-patched-solaris-sparc, r-patched-solaris-x86, r-release-linux-x86_64, r-release-osx-x86_64-mavericks, r-release-osx-x86_64-snowleopard, r-release-windows-ix86+x86_64, r-oldrel-windows-ix86+x86_64

Version: 1.03
Check: R code for possible problems
Result: NOTE
    ddst.extr.Nk: no visible global function definition for ‘pgumbel’
    ddst.extr.test: no visible global function definition for ‘pgumbel’
Flavors: r-devel-linux-x86_64-debian-clang, r-devel-linux-x86_64-debian-gcc, r-devel-linux-x86_64-fedora-clang, r-devel-linux-x86_64-fedora-gcc, r-devel-osx-x86_64-clang, r-devel-windows-ix86+x86_64, r-patched-linux-x86_64, r-patched-solaris-sparc, r-patched-solaris-x86, r-release-linux-x86_64, r-release-osx-x86_64-mavericks, r-release-osx-x86_64-snowleopard, r-release-windows-ix86+x86_64, r-oldrel-windows-ix86+x86_64

Version: 1.03
Check: Rd line widths
Result: NOTE
    Rd file 'ddst.exp.test.Rd':
     \usage lines wider than 90 characters:
     ddst.exp.test(x, base = ddst.base.legendre, c = 100, B = 1000, compute.p = F, Dmax = 5, ...)
    
    Rd file 'ddst.extr.test.Rd':
     \usage lines wider than 90 characters:
     ddst.extr.test(x, base = ddst.base.legendre, c = 100, B = 1000, compute.p = F, Dmax = 5, ...)
    
    Rd file 'ddst.norm.test.Rd':
     \usage lines wider than 90 characters:
     ddst.norm.test(x, base = ddst.base.legendre, c = 100, B = 1000, compute.p = F, Dmax = 5, ...)
    
    Rd file 'ddst.uniform.test.Rd':
     \usage lines wider than 90 characters:
     ddst.uniform.test(x, base = ddst.base.legendre, c = 2.4, B = 1000, compute.p = F, Dmax = 10, ...)
    
    These lines will be truncated in the PDF manual.
Flavors: r-devel-linux-x86_64-debian-clang, r-devel-linux-x86_64-debian-gcc, r-devel-linux-x86_64-fedora-clang, r-devel-linux-x86_64-fedora-gcc, r-patched-linux-x86_64, r-release-linux-x86_64