CRAN Package Check Results for Package deSolve

Last updated on 2017-02-20 13:50:44.

Flavor Version Tinstall Tcheck Ttotal Status Flags
r-devel-linux-x86_64-debian-clang 1.14 23.26 77.40 100.67 NOTE
r-devel-linux-x86_64-debian-gcc 1.14 23.19 78.54 101.73 NOTE
r-devel-linux-x86_64-fedora-clang 1.14 180.44 NOTE --no-stop-on-test-error
r-devel-linux-x86_64-fedora-gcc 1.14 178.21 NOTE --no-stop-on-test-error
r-devel-macos-x86_64-clang 1.14 146.01 NOTE --no-stop-on-test-error
r-devel-windows-ix86+x86_64 1.14 91.00 242.00 333.00 OK
r-patched-linux-x86_64 1.14 20.82 73.28 94.09 OK
r-patched-solaris-sparc 1.14 1054.70 OK
r-patched-solaris-x86 1.14 183.40 OK
r-release-linux-x86_64 1.14 21.09 71.59 92.68 OK
r-release-osx-x86_64-mavericks 1.14 OK
r-release-windows-ix86+x86_64 1.14 77.00 162.00 239.00 OK
r-oldrel-windows-ix86+x86_64 1.14 119.00 238.00 357.00 OK

Check Details

Version: 1.14
Check: compiled code
Result: NOTE
    File ‘deSolve/libs/deSolve.so’:
     Found no calls to: ‘R_registerRoutines’, ‘R_useDynamicSymbols’
    
    It is good practice to register native routines and to disable symbol
    search.
    
    See ‘Writing portable packages’ in the ‘Writing R Extensions’ manual.
Flavors: r-devel-linux-x86_64-debian-clang, r-devel-linux-x86_64-debian-gcc

Version: 1.14
Flags: --no-stop-on-test-error
Check: compiled code
Result: NOTE
    File ‘deSolve/libs/deSolve.so’:
     Found no calls to: ‘R_registerRoutines’, ‘R_useDynamicSymbols’
    
    It is good practice to register native routines and to disable symbol
    search.
    
    See ‘Writing portable packages’ in the ‘Writing R Extensions’ manual.
Flavors: r-devel-linux-x86_64-fedora-clang, r-devel-linux-x86_64-fedora-gcc, r-devel-macos-x86_64-clang