CRAN Package Check Results for Package deSolve

Last updated on 2017-01-16 17:49:05.

Flavor Version Tinstall Tcheck Ttotal Status Flags
r-devel-linux-x86_64-debian-clang 1.14 23.85 77.44 101.29 OK
r-devel-linux-x86_64-debian-gcc 1.14 22.89 79.55 102.44 OK
r-devel-linux-x86_64-fedora-clang 1.14 181.45 OK --no-stop-on-test-error
r-devel-linux-x86_64-fedora-gcc 1.14 178.42 NOTE --no-stop-on-test-error
r-devel-macos-x86_64-clang 1.14 145.89 OK --no-stop-on-test-error
r-devel-windows-ix86+x86_64 1.14 258.00 189.00 447.00 OK
r-patched-linux-x86_64 1.14 20.80 68.97 89.78 OK
r-patched-solaris-sparc 1.14 1054.70 OK
r-patched-solaris-x86 1.14 185.60 OK
r-release-linux-x86_64 1.14 20.71 70.25 90.96 OK
r-release-osx-x86_64-mavericks 1.14 OK
r-release-windows-ix86+x86_64 1.14 77.00 162.00 239.00 OK
r-oldrel-windows-ix86+x86_64 1.14 119.00 238.00 357.00 OK

Check Details

Version: 1.14
Flags: --no-stop-on-test-error
Check: compiled code
Result: NOTE
    File ‘deSolve/libs/deSolve.so’:
     Found no calls to: ‘R_registerRoutines’, ‘R_useDynamicSymbols’
    
    It is good practice to use registered native symbols and disable symbol
    search.
    
    See ‘Writing portable packages’ in the ‘Writing R Extensions’ manual.
Flavor: r-devel-linux-x86_64-fedora-gcc