CRAN Package Check Results for Package deSolve

Last updated on 2015-07-07 17:47:30.

Flavor Version Tinstall Tcheck Ttotal Status Flags
r-devel-linux-x86_64-debian-clang 1.11 20.48 75.85 96.34 NOTE
r-devel-linux-x86_64-debian-gcc 1.12 20.92 78.62 99.54 NOTE
r-devel-linux-x86_64-fedora-clang 1.12 110.67 OK
r-devel-linux-x86_64-fedora-gcc 1.12 111.22 OK
r-devel-osx-x86_64-clang 1.12 137.62 OK
r-devel-windows-ix86+x86_64 1.12 71.00 173.00 244.00 OK
r-patched-linux-x86_64 1.12 20.74 78.30 99.05 NOTE
r-patched-solaris-sparc 1.12 1167.50 OK
r-patched-solaris-x86 1.12 193.50 OK
r-release-linux-x86_64 1.11 20.54 74.82 95.36 OK
r-release-osx-x86_64-mavericks 1.12 OK
r-release-windows-ix86+x86_64 1.12 73.00 184.00 257.00 OK
r-oldrel-windows-ix86+x86_64 1.12 62.00 146.00 208.00 OK

Check Details

Version: 1.11
Check: R code for possible problems
Result: NOTE
    DrawVerticalAxis: no visible global function definition for ‘abline’
    DrawVerticalAxis: no visible global function definition for ‘axis’
    SCOC: no visible global function definition for ‘approx’
    checkevents: no visible global function definition for ‘aggregate’
    drapecol: no visible global function definition for ‘colorRampPalette’
    drawlegend: no visible global function definition for ‘par’
    drawlegend: no visible global function definition for ‘image’
    hist.deSolve: no visible global function definition for ‘devAskNewPage’
    matplot.1D: no visible global function definition for ‘devAskNewPage’
    plot.1D: no visible global function definition for ‘devAskNewPage’
    plot.1D: no visible global function definition for ‘par’
    plot.1D: no visible global function definition for ‘plot’
    plot.deSolve: no visible global function definition for ‘devAskNewPage’
    plot.ode1D: no visible global function definition for
     ‘colorRampPalette’
    plot.ode1D: no visible global function definition for ‘devAskNewPage’
    plot.ode1D: no visible global function definition for ‘par’
    plot.ode2D: no visible global function definition for
     ‘colorRampPalette’
    plot.ode2D: no visible global function definition for ‘devAskNewPage’
    plot.ode2D: no visible global function definition for ‘par’
    plot.ode2D: no visible global function definition for ‘box’
    plot.ode2D: no visible global function definition for ‘mtext’
    setplotpar: no visible global function definition for ‘par’
    setplotpar: no visible global function definition for ‘dev.interactive’
    summary.deSolve: no visible global function definition for ‘sd’
    Undefined global functions or variables:
     abline aggregate approx axis box colorRampPalette dev.interactive
     devAskNewPage image mtext par plot sd
Flavor: r-devel-linux-x86_64-debian-clang

Version: 1.12
Check: installed package size
Result: NOTE
     installed size is 5.1Mb
     sub-directories of 1Mb or more:
     doc 2.0Mb
     libs 2.5Mb
Flavors: r-devel-linux-x86_64-debian-gcc, r-patched-linux-x86_64