CRAN Package Check Results for Package deSolve

Last updated on 2015-09-02 15:47:05.

Flavor Version Tinstall Tcheck Ttotal Status Flags
r-devel-linux-x86_64-debian-clang 1.12 20.46 78.76 99.22 NOTE
r-devel-linux-x86_64-debian-gcc 1.12 21.01 79.97 100.98 NOTE
r-devel-linux-x86_64-fedora-clang 1.12 185.59 OK
r-devel-linux-x86_64-fedora-gcc 1.12 183.42 OK
r-devel-osx-x86_64-clang 1.12 163.79 OK
r-devel-windows-ix86+x86_64 1.12 83.00 222.00 305.00 OK
r-patched-linux-x86_64 1.12 21.22 79.07 100.29 NOTE
r-patched-solaris-sparc 1.12 1264.90 OK
r-patched-solaris-x86 1.12 217.40 OK
r-release-linux-x86_64 1.12 21.32 78.64 99.95 NOTE
r-release-osx-x86_64-mavericks 1.12 OK
r-release-windows-ix86+x86_64 1.12 85.00 212.00 297.00 OK
r-oldrel-windows-ix86+x86_64 1.12 80.00 173.00 253.00 OK

Check Details

Version: 1.12
Check: installed package size
Result: NOTE
     installed size is 5.1Mb
     sub-directories of 1Mb or more:
     doc 2.0Mb
     libs 2.5Mb
Flavors: r-devel-linux-x86_64-debian-clang, r-devel-linux-x86_64-debian-gcc, r-patched-linux-x86_64, r-release-linux-x86_64