CRAN Package Check Results for Package deSolve

Last updated on 2016-09-26 17:48:11.

Flavor Version Tinstall Tcheck Ttotal Status Flags
r-devel-linux-x86_64-debian-clang 1.14 22.82 68.78 91.60 NOTE
r-devel-linux-x86_64-debian-gcc 1.14 22.92 69.13 92.05 NOTE
r-devel-linux-x86_64-fedora-clang 1.14 165.90 OK
r-devel-linux-x86_64-fedora-gcc 1.14 156.93 OK
r-devel-macos-x86_64-clang 1.14 131.51 OK
r-devel-windows-ix86+x86_64 1.14 118.00 216.00 334.00 OK
r-patched-linux-x86_64 1.14 20.76 71.80 92.56 NOTE
r-patched-solaris-sparc 1.14 973.70 OK
r-patched-solaris-x86 1.14 176.50 OK
r-release-linux-x86_64 1.14 21.18 69.49 90.68 NOTE
r-release-osx-x86_64-mavericks 1.14 OK
r-release-windows-ix86+x86_64 1.14 75.00 162.00 237.00 OK
r-oldrel-windows-ix86+x86_64 1.14 81.00 250.00 331.00 OK

Check Details

Version: 1.14
Check: installed package size
Result: NOTE
     installed size is 5.1Mb
     sub-directories of 1Mb or more:
     doc 2.0Mb
     libs 2.4Mb
Flavors: r-devel-linux-x86_64-debian-clang, r-devel-linux-x86_64-debian-gcc, r-patched-linux-x86_64, r-release-linux-x86_64