CRAN Package Check Results for Package deSolve

Last updated on 2016-08-25 23:48:11.

Flavor Version Tinstall Tcheck Ttotal Status Flags
r-devel-linux-x86_64-debian-clang 1.13 22.94 69.09 92.03 WARN
r-devel-linux-x86_64-debian-gcc 1.13 22.46 70.45 92.91 WARN
r-devel-linux-x86_64-fedora-clang 1.13 162.33 WARN
r-devel-linux-x86_64-fedora-gcc 1.13 156.55 WARN
r-devel-osx-x86_64-clang 1.13 131.86 WARN
r-devel-windows-ix86+x86_64 1.13 99.00 213.00 312.00 OK
r-patched-linux-x86_64 1.13 20.54 70.06 90.60 OK
r-patched-solaris-sparc 1.13 1041.70 OK
r-patched-solaris-x86 1.13 177.30 OK
r-release-linux-x86_64 1.13 21.65 70.89 92.54 OK
r-release-osx-x86_64-mavericks 1.13 OK
r-release-windows-ix86+x86_64 1.13 224.00 147.00 371.00 OK
r-oldrel-windows-ix86+x86_64 1.13 80.00 184.00 264.00 OK

Check Details

Version: 1.13
Check: whether package can be installed
Result: WARN
    Found the following significant warnings:
     Warning: GNU Extension: Nonstandard type declaration REAL*8 at (1)
     Warning: CHARACTER expression will be truncated in assignment (80/81) at (1) [-Wcharacter-truncation]
     Warning: CHARACTER expression will be truncated in assignment (60/61) at (1) [-Wcharacter-truncation]
     Warning: GNU Extension: Nonstandard type declaration COMPLEX*16 at (1)
Flavors: r-devel-linux-x86_64-debian-clang, r-devel-linux-x86_64-debian-gcc, r-devel-linux-x86_64-fedora-clang, r-devel-linux-x86_64-fedora-gcc, r-devel-osx-x86_64-clang