CRAN Package Check Results for Package deSolve

Last updated on 2015-08-02 11:47:17.

Flavor Version Tinstall Tcheck Ttotal Status Flags
r-devel-linux-x86_64-debian-clang 1.12 20.08 81.16 101.24 NOTE
r-devel-linux-x86_64-debian-gcc 1.12 21.02 79.88 100.89 NOTE
r-devel-linux-x86_64-fedora-clang 1.12 190.19 OK
r-devel-linux-x86_64-fedora-gcc 1.12 181.63 OK
r-devel-osx-x86_64-clang 1.12 153.89 OK
r-devel-windows-ix86+x86_64 1.12 85.00 176.00 261.00 OK
r-patched-linux-x86_64 1.12 21.27 80.79 102.06 NOTE
r-patched-solaris-sparc 1.12 1264.90 OK
r-patched-solaris-x86 1.12 217.20 OK
r-release-linux-x86_64 1.12 20.93 80.84 101.77 NOTE
r-release-osx-x86_64-mavericks 1.12 OK
r-release-windows-ix86+x86_64 1.12 99.00 155.00 254.00 OK
r-oldrel-windows-ix86+x86_64 1.12 80.00 173.00 253.00 OK

Check Details

Version: 1.12
Check: installed package size
Result: NOTE
     installed size is 5.1Mb
     sub-directories of 1Mb or more:
     doc 2.0Mb
     libs 2.5Mb
Flavors: r-devel-linux-x86_64-debian-clang, r-devel-linux-x86_64-debian-gcc, r-patched-linux-x86_64, r-release-linux-x86_64