CRAN Package Check Results for Package deSolve

Last updated on 2016-02-08 06:47:11.

Flavor Version Tinstall Tcheck Ttotal Status Flags
r-devel-linux-x86_64-debian-gcc 1.12 20.59 72.46 93.05 NOTE
r-devel-linux-x86_64-fedora-clang 1.12 161.86 OK
r-devel-linux-x86_64-fedora-gcc 1.12 161.33 OK
r-devel-osx-x86_64-clang 1.12 174.83 OK
r-devel-windows-ix86+x86_64 1.12 106.00 186.00 292.00 OK
r-patched-linux-x86_64 1.12 20.97 84.93 105.90 NOTE
r-patched-solaris-sparc 1.12 1215.70 OK
r-patched-solaris-x86 1.12 210.00 OK
r-release-linux-x86_64 1.12 20.89 82.83 103.71 NOTE
r-release-osx-x86_64-mavericks 1.12 OK
r-release-windows-ix86+x86_64 1.12 82.00 165.00 247.00 OK
r-oldrel-windows-ix86+x86_64 1.12 80.00 173.00 253.00 OK

Check Details

Version: 1.12
Check: installed package size
Result: NOTE
     installed size is 5.1Mb
     sub-directories of 1Mb or more:
     doc 2.0Mb
     libs 2.5Mb
Flavors: r-devel-linux-x86_64-debian-gcc, r-patched-linux-x86_64, r-release-linux-x86_64