CRAN Package Check Results for Package deSolve

Last updated on 2017-04-28 06:48:35.

Flavor Version Tinstall Tcheck Ttotal Status Flags
r-devel-linux-x86_64-debian-clang 1.14 23.58 79.12 102.70 NOTE
r-devel-linux-x86_64-debian-gcc 1.14 22.66 79.64 102.30 NOTE
r-devel-linux-x86_64-fedora-clang 1.14 184.01 NOTE --no-stop-on-test-error
r-devel-linux-x86_64-fedora-gcc 1.14 179.11 NOTE --no-stop-on-test-error
r-devel-windows-ix86+x86_64 1.14 137.00 197.00 334.00 OK
r-patched-linux-x86_64 1.14 21.16 77.80 98.96 NOTE
r-patched-solaris-sparc 1.14 1158.90 OK
r-patched-solaris-x86 1.14 201.20 OK
r-release-linux-x86_64 1.14 20.89 77.74 98.63 NOTE
r-release-windows-ix86+x86_64 1.14 90.00 166.00 256.00 OK
r-release-osx-x86_64 1.14 OK
r-oldrel-windows-ix86+x86_64 1.14 92.00 145.00 237.00 OK
r-oldrel-osx-x86_64 1.14 OK

Check Details

Version: 1.14
Check: compiled code
Result: NOTE
    File ‘deSolve/libs/deSolve.so’:
     Found no calls to: ‘R_registerRoutines’, ‘R_useDynamicSymbols’
    
    It is good practice to register native routines and to disable symbol
    search.
    
    See ‘Writing portable packages’ in the ‘Writing R Extensions’ manual.
Flavors: r-devel-linux-x86_64-debian-clang, r-devel-linux-x86_64-debian-gcc, r-patched-linux-x86_64, r-release-linux-x86_64

Version: 1.14
Flags: --no-stop-on-test-error
Check: compiled code
Result: NOTE
    File ‘deSolve/libs/deSolve.so’:
     Found no calls to: ‘R_registerRoutines’, ‘R_useDynamicSymbols’
    
    It is good practice to register native routines and to disable symbol
    search.
    
    See ‘Writing portable packages’ in the ‘Writing R Extensions’ manual.
Flavors: r-devel-linux-x86_64-fedora-clang, r-devel-linux-x86_64-fedora-gcc