CRAN Package Check Results for Package deSolve

Last updated on 2017-06-26 08:47:37.

Flavor Version Tinstall Tcheck Ttotal Status Flags
r-devel-linux-x86_64-debian-clang 1.14 24.04 77.33 101.37 NOTE
r-devel-linux-x86_64-debian-gcc 1.14 25.27 76.27 101.54 NOTE
r-devel-linux-x86_64-fedora-clang 1.14 184.27 NOTE
r-devel-linux-x86_64-fedora-gcc 1.14 176.65 NOTE
r-devel-windows-ix86+x86_64 1.14 138.00 240.00 378.00 OK
r-patched-linux-x86_64 1.14 20.92 79.42 100.34 NOTE
r-patched-solaris-sparc 1.14 1158.90 OK
r-patched-solaris-x86 1.14 206.80 OK
r-release-linux-x86_64 1.14 23.14 76.81 99.95 NOTE
r-release-windows-ix86+x86_64 1.14 90.00 166.00 256.00 OK
r-release-osx-x86_64 1.14 OK
r-oldrel-windows-ix86+x86_64 1.14 92.00 145.00 237.00 OK
r-oldrel-osx-x86_64 1.14 OK

Additional issues

rchk

Check Details

Version: 1.14
Check: compiled code
Result: NOTE
    File ‘deSolve/libs/deSolve.so’:
     Found no calls to: ‘R_registerRoutines’, ‘R_useDynamicSymbols’
    
    It is good practice to register native routines and to disable symbol
    search.
    
    See ‘Writing portable packages’ in the ‘Writing R Extensions’ manual.
Flavors: r-devel-linux-x86_64-debian-clang, r-devel-linux-x86_64-debian-gcc, r-devel-linux-x86_64-fedora-clang, r-devel-linux-x86_64-fedora-gcc, r-patched-linux-x86_64, r-release-linux-x86_64