CRAN Package Check Results for Package deTS

Last updated on 2022-01-17 04:48:34 CET.

Flavor Version Tinstall Tcheck Ttotal Status Flags
r-devel-linux-x86_64-debian-clang 1.0 3.62 66.76 70.38 OK
r-devel-linux-x86_64-debian-gcc 1.0 2.16 52.83 54.99 OK
r-devel-linux-x86_64-fedora-clang 1.0 86.07 NOTE
r-devel-linux-x86_64-fedora-gcc 1.0 74.75 NOTE
r-devel-windows-x86_64-new-UL 1.0 27.00 91.00 118.00 OK
r-devel-windows-x86_64-new-TK 1.0 NOTE
r-patched-linux-x86_64 1.0 3.50 64.57 68.07 OK
r-release-linux-x86_64 1.0 OK
r-release-macos-arm64 1.0 NOTE
r-release-macos-x86_64 1.0 NOTE
r-release-windows-ix86+x86_64 1.0 7.00 78.00 85.00 OK
r-oldrel-macos-x86_64 1.0 NOTE
r-oldrel-windows-ix86+x86_64 1.0 8.00 82.00 90.00 OK

Check Details

Version: 1.0
Check: dependencies in R code
Result: NOTE
    Namespace in Imports field not imported from: ‘RColorBrewer’
     All declared Imports should be used.
Flavors: r-devel-linux-x86_64-fedora-clang, r-devel-linux-x86_64-fedora-gcc, r-devel-windows-x86_64-new-TK, r-release-macos-arm64, r-release-macos-x86_64, r-oldrel-macos-x86_64