CRAN Package Check Results for Package deTestSet

Last updated on 2017-02-20 13:50:44.

Flavor Version Tinstall Tcheck Ttotal Status Flags
r-devel-linux-x86_64-debian-clang 1.1.5 20.81 50.80 71.60 NOTE
r-devel-linux-x86_64-debian-gcc 1.1.5 20.76 51.12 71.88 NOTE
r-devel-linux-x86_64-fedora-clang 1.1.5 127.69 NOTE --no-stop-on-test-error
r-devel-linux-x86_64-fedora-gcc 1.1.5 125.56 NOTE --no-stop-on-test-error
r-devel-macos-x86_64-clang 1.1.5 97.99 NOTE --no-stop-on-test-error
r-devel-windows-ix86+x86_64 1.1.5 85.00 159.00 244.00 OK
r-patched-linux-x86_64 1.1.5 20.21 46.49 66.71 OK
r-patched-solaris-sparc 1.1.5 1001.70 OK
r-patched-solaris-x86 1.1.5 211.70 OK
r-release-linux-x86_64 1.1.5 20.12 46.13 66.25 OK
r-release-osx-x86_64-mavericks 1.1.5 OK
r-release-windows-ix86+x86_64 1.1.5 88.00 186.00 274.00 OK
r-oldrel-windows-ix86+x86_64 1.1.5 92.00 192.00 284.00 OK

Check Details

Version: 1.1.5
Check: compiled code
Result: NOTE
    File ‘deTestSet/libs/deTestSet.so’:
     Found no calls to: ‘R_registerRoutines’, ‘R_useDynamicSymbols’
    
    It is good practice to register native routines and to disable symbol
    search.
    
    See ‘Writing portable packages’ in the ‘Writing R Extensions’ manual.
Flavors: r-devel-linux-x86_64-debian-clang, r-devel-linux-x86_64-debian-gcc

Version: 1.1.5
Flags: --no-stop-on-test-error
Check: compiled code
Result: NOTE
    File ‘deTestSet/libs/deTestSet.so’:
     Found no calls to: ‘R_registerRoutines’, ‘R_useDynamicSymbols’
    
    It is good practice to register native routines and to disable symbol
    search.
    
    See ‘Writing portable packages’ in the ‘Writing R Extensions’ manual.
Flavors: r-devel-linux-x86_64-fedora-clang, r-devel-linux-x86_64-fedora-gcc, r-devel-macos-x86_64-clang