CRAN Package Check Results for Package deTestSet

Last updated on 2018-06-24 09:48:57 CEST.

Flavor Version Tinstall Tcheck Ttotal Status Flags
r-devel-linux-x86_64-debian-clang 1.1.5 29.64 69.91 99.55 NOTE
r-devel-linux-x86_64-debian-gcc 1.1.5 23.54 51.58 75.12 NOTE
r-devel-linux-x86_64-fedora-clang 1.1.5 121.46 NOTE
r-devel-linux-x86_64-fedora-gcc 1.1.5 118.07 NOTE
r-devel-windows-ix86+x86_64 1.1.5 129.00 124.00 253.00 OK
r-patched-linux-x86_64 1.1.5 26.23 68.54 94.77 NOTE
r-patched-solaris-x86 1.1.5 241.50 OK
r-release-linux-x86_64 1.1.5 28.01 69.32 97.33 NOTE
r-release-windows-ix86+x86_64 1.1.5 76.00 163.00 239.00 OK
r-release-osx-x86_64 1.1.5 OK
r-oldrel-windows-ix86+x86_64 1.1.5 93.00 129.00 222.00 OK
r-oldrel-osx-x86_64 1.1.5 OK

Additional issues

rchk

Check Details

Version: 1.1.5
Check: compiled code
Result: NOTE
    File ‘deTestSet/libs/deTestSet.so’:
     Found no calls to: ‘R_registerRoutines’, ‘R_useDynamicSymbols’
    
    It is good practice to register native routines and to disable symbol
    search.
    
    See ‘Writing portable packages’ in the ‘Writing R Extensions’ manual.
Flavors: r-devel-linux-x86_64-debian-clang, r-devel-linux-x86_64-debian-gcc, r-devel-linux-x86_64-fedora-clang, r-devel-linux-x86_64-fedora-gcc, r-patched-linux-x86_64, r-release-linux-x86_64