CRAN Package Check Results for Package deTestSet

Last updated on 2017-12-13 23:14:14 CET.

Flavor Version Tinstall Tcheck Ttotal Status Flags
r-devel-linux-x86_64-debian-clang 1.1.5 23.50 25.29 48.79 FAIL
r-devel-linux-x86_64-debian-gcc 1.1.5 21.40 22.57 43.97 FAIL
r-devel-linux-x86_64-fedora-clang 1.1.5 120.21 NOTE
r-devel-linux-x86_64-fedora-gcc 1.1.5 119.76 NOTE
r-devel-windows-ix86+x86_64 1.1.5 119.00 130.00 249.00 OK
r-patched-linux-x86_64 1.1.5 23.50 74.04 97.54 NOTE
r-patched-solaris-x86 1.1.5 236.00 OK
r-release-linux-x86_64 1.1.5 23.00 74.75 97.75 NOTE
r-release-windows-ix86+x86_64 1.1.5 74.00 124.00 198.00 OK
r-release-osx-x86_64 1.1.5 OK
r-oldrel-windows-ix86+x86_64 1.1.5 72.00 111.00 183.00 OK
r-oldrel-osx-x86_64 1.1.5 OK

Additional issues

rchk

Check Details

Version: 1.1.5
Check: pragmas in C/C++ headers and code
Result: FAIL
    
Flavors: r-devel-linux-x86_64-debian-clang, r-devel-linux-x86_64-debian-gcc

Version: 1.1.5
Check: compiled code
Result: NOTE
    File ‘deTestSet/libs/deTestSet.so’:
     Found no calls to: ‘R_registerRoutines’, ‘R_useDynamicSymbols’
    
    It is good practice to register native routines and to disable symbol
    search.
    
    See ‘Writing portable packages’ in the ‘Writing R Extensions’ manual.
Flavors: r-devel-linux-x86_64-fedora-clang, r-devel-linux-x86_64-fedora-gcc, r-patched-linux-x86_64, r-release-linux-x86_64