CRAN Package Check Results for Package deTestSet

Last updated on 2014-08-27 18:48:18.

Flavor Version Tinstall Tcheck Ttotal Status Flags
r-devel-linux-x86_64-debian-clang 1.1.1 19.64 58.10 77.73 NOTE
r-devel-linux-x86_64-debian-gcc 1.1.1 20.97 57.86 78.83 NOTE
r-devel-linux-x86_64-fedora-clang 1.1.1 146.08 NOTE
r-devel-linux-x86_64-fedora-gcc 1.1.1 144.38 NOTE
r-devel-osx-x86_64-clang 1.1.1 121.86 NOTE
r-devel-windows-ix86+x86_64 1.1.1 66.00 103.00 169.00 NOTE
r-patched-linux-x86_64 1.1.1 20.62 59.16 79.77 NOTE
r-patched-solaris-sparc 1.1.1 1425.40 NOTE
r-patched-solaris-x86 1.1.1 289.20 NOTE
r-release-linux-ix86 1.1.1 30.50 85.38 115.88 NOTE
r-release-linux-x86_64 1.1.1 20.21 59.14 79.35 NOTE
r-release-osx-x86_64-mavericks 1.1.1 NOTE
r-release-osx-x86_64-snowleopard 1.1.1 ERROR
r-release-windows-ix86+x86_64 1.1.1 86.00 112.00 198.00 NOTE
r-oldrel-windows-ix86+x86_64 1.1.1 64.00 109.00 173.00 NOTE

Memtest notes: valgrind valgrind

Check Details

Version: 1.1.1
Check: dependencies in R code
Result: NOTE
    Package in Depends field not imported from: ‘ReacTran’
     These packages need to be imported from (in the NAMESPACE file)
     for when this namespace is loaded but not attached.
    See the information on DESCRIPTION files in the chapter ‘Creating R
    packages’ of the ‘Writing R Extensions’ manual.
Flavors: r-devel-linux-x86_64-debian-clang, r-devel-linux-x86_64-debian-gcc, r-devel-linux-x86_64-fedora-clang, r-devel-linux-x86_64-fedora-gcc, r-devel-osx-x86_64-clang, r-devel-windows-ix86+x86_64, r-patched-linux-x86_64, r-patched-solaris-sparc, r-patched-solaris-x86, r-release-linux-ix86, r-release-linux-x86_64, r-release-osx-x86_64-mavericks, r-release-windows-ix86+x86_64, r-oldrel-windows-ix86+x86_64

Version: 1.1.1
Check: R code for possible problems
Result: NOTE
    E5: no visible global function definition for ‘ode’
    beam: no visible global function definition for ‘ode’
    bimd: no visible global function definition for ‘diagnostics’
    dae: no visible global function definition for ‘daspk’
    dae: no visible global function definition for ‘radau’
    dopri853: no visible global function definition for ‘diagnostics’
    emep: no visible global function definition for ‘ode’
    gamd: no visible global function definition for ‘diagnostics’
    hires: no visible global function definition for ‘ode’
    mebdfi: no visible global function definition for ‘diagnostics’
    orego: no visible global function definition for ‘ode’
    pleiades: no visible binding for global variable ‘lsoda’
    pleiades: no visible global function definition for ‘ode’
    pollution: no visible global function definition for ‘ode’
    rk5: no visible global function definition for ‘diagnostics’
    rober: no visible global function definition for ‘ode’
    tube: no visible binding for global variable ‘radau’
    twobit: no visible binding for global variable ‘radau’
    vdpol: no visible global function definition for ‘ode’
Flavors: r-devel-linux-x86_64-debian-clang, r-devel-linux-x86_64-debian-gcc, r-devel-linux-x86_64-fedora-clang, r-devel-linux-x86_64-fedora-gcc, r-devel-osx-x86_64-clang, r-devel-windows-ix86+x86_64

Version: 1.1.1
Check: whether package can be installed
Result: ERROR
    Installation failed.
Flavor: r-release-osx-x86_64-snowleopard