CRAN Package Check Results for Package deTestSet

Last updated on 2017-01-20 23:50:17.

Flavor Version Tinstall Tcheck Ttotal Status Flags
r-devel-linux-x86_64-debian-clang 1.1.5 21.18 56.12 77.31 OK
r-devel-linux-x86_64-debian-gcc 1.1.3 21.19 55.60 76.79 WARN
r-devel-linux-x86_64-fedora-clang 1.1.5 131.53 OK --no-stop-on-test-error
r-devel-linux-x86_64-fedora-gcc 1.1.5 128.76 OK --no-stop-on-test-error
r-devel-macos-x86_64-clang 1.1.5 99.78 OK --no-stop-on-test-error
r-devel-windows-ix86+x86_64 1.1.5 115.00 200.00 315.00 OK
r-patched-linux-x86_64 1.1.3 20.12 50.90 71.02 OK
r-patched-solaris-sparc 1.1.5 1001.70 OK
r-patched-solaris-x86 1.1.5 225.40 OK
r-release-linux-x86_64 1.1.5 20.93 50.73 71.66 OK
r-release-osx-x86_64-mavericks 1.1.5 OK
r-release-windows-ix86+x86_64 1.1.5 88.00 186.00 274.00 OK
r-oldrel-windows-ix86+x86_64 1.1.5 92.00 192.00 284.00 OK

Check Details

Version: 1.1.3
Check: whether package can be installed
Result: WARN
    Found the following significant warnings:
     Warning: control reaches end of non-void function [-Wreturn-type]
Flavor: r-devel-linux-x86_64-debian-gcc