CRAN Package Check Results for Package deTestSet

Last updated on 2015-07-05 03:47:21.

Flavor Version Tinstall Tcheck Ttotal Status Flags
r-devel-linux-x86_64-debian-clang 1.1.2 20.49 56.98 77.48 NOTE
r-devel-linux-x86_64-debian-gcc 1.1.2 20.82 56.02 76.84 NOTE
r-devel-linux-x86_64-fedora-clang 1.1.2 133.26 NOTE
r-devel-linux-x86_64-fedora-gcc 1.1.2 135.60 NOTE
r-devel-osx-x86_64-clang 1.1.2 103.36 NOTE
r-devel-windows-ix86+x86_64 1.1.2 67.00 95.00 162.00 NOTE
r-patched-linux-x86_64 1.1.2 20.76 56.64 77.40 NOTE
r-patched-solaris-sparc 1.1.2 1397.80 NOTE
r-patched-solaris-x86 1.1.2 279.50 NOTE
r-release-linux-x86_64 1.1.2 22.78 57.03 79.82 NOTE
r-release-osx-x86_64-mavericks 1.1.2 NOTE
r-release-windows-ix86+x86_64 1.1.2 70.00 104.00 174.00 NOTE
r-oldrel-windows-ix86+x86_64 1.1.2 84.00 106.00 190.00 OK

Check Details

Version: 1.1.2
Check: DESCRIPTION meta-information
Result: NOTE
    Malformed Description field: should contain one or more complete sentences.
Flavors: r-devel-linux-x86_64-debian-clang, r-devel-linux-x86_64-debian-gcc, r-devel-linux-x86_64-fedora-clang, r-devel-linux-x86_64-fedora-gcc, r-devel-osx-x86_64-clang, r-devel-windows-ix86+x86_64, r-patched-linux-x86_64, r-patched-solaris-sparc, r-patched-solaris-x86, r-release-linux-x86_64, r-release-osx-x86_64-mavericks, r-release-windows-ix86+x86_64

Version: 1.1.2
Check: R code for possible problems
Result: NOTE
    checkevents: no visible global function definition for ‘aggregate’
    pleiades : pleiade: no visible global function definition for ‘dist’
    setplotpar: no visible global function definition for ‘par’
    setplotpar: no visible global function definition for ‘dev.interactive’
    Undefined global functions or variables:
     aggregate dev.interactive dist par
Flavors: r-devel-linux-x86_64-debian-clang, r-devel-linux-x86_64-debian-gcc, r-devel-linux-x86_64-fedora-clang, r-devel-linux-x86_64-fedora-gcc, r-devel-windows-ix86+x86_64