CRAN Package Check Results for Package deTestSet

Last updated on 2014-07-22 23:48:17.

Flavor Version Tinstall Tcheck Ttotal Status Flags
r-devel-linux-x86_64-debian-clang 1.1.1 20.04 59.70 79.74 NOTE
r-devel-linux-x86_64-debian-gcc 1.1.1 20.09 58.86 78.95 NOTE
r-devel-linux-x86_64-fedora-clang 1.1.1 148.37 NOTE
r-devel-linux-x86_64-fedora-gcc 1.1.1 146.20 NOTE
r-devel-osx-x86_64-clang 1.1.1 126.72 NOTE
r-devel-windows-ix86+x86_64 1.1.1 67.00 107.00 174.00 NOTE
r-patched-linux-x86_64 1.1.1 21.38 58.80 80.18 NOTE
r-patched-solaris-sparc 1.1.1 1412.90 NOTE
r-patched-solaris-x86 1.1.1 287.10 NOTE
r-release-linux-ix86 1.1.1 30.48 84.98 115.46 NOTE
r-release-linux-x86_64 1.1.1 20.15 58.88 79.04 NOTE
r-release-osx-x86_64-mavericks 1.1.1 NOTE
r-release-osx-x86_64-snowleopard 1.1.1 ERROR
r-release-windows-ix86+x86_64 1.1.1 86.00 112.00 198.00 NOTE
r-oldrel-windows-ix86+x86_64 1.1.1 64.00 109.00 173.00 NOTE

Memtest notes: valgrind valgrind

Check Details

Version: 1.1.1
Check: dependencies in R code
Result: NOTE
    Package in Depends field not imported from: ‘ReacTran’
     These packages need to be imported from (in the NAMESPACE file)
     for when this namespace is loaded but not attached.
    See the information on DESCRIPTION files in the chapter ‘Creating R
    packages’ of the ‘Writing R Extensions’ manual.
Flavors: r-devel-linux-x86_64-debian-clang, r-devel-linux-x86_64-debian-gcc, r-devel-linux-x86_64-fedora-clang, r-devel-linux-x86_64-fedora-gcc, r-devel-osx-x86_64-clang, r-devel-windows-ix86+x86_64, r-patched-linux-x86_64, r-patched-solaris-sparc, r-patched-solaris-x86, r-release-linux-ix86, r-release-linux-x86_64, r-release-osx-x86_64-mavericks, r-release-windows-ix86+x86_64, r-oldrel-windows-ix86+x86_64

Version: 1.1.1
Check: whether package can be installed
Result: ERROR
    Installation failed.
    See ‘/Volumes/XT3/Builds/R-dev-web/QA/Simon/packages/snowleopard-x86_64/results/3.1/deTestSet.Rcheck/00install.out’ for details.
Flavor: r-release-osx-x86_64-snowleopard