CRAN Package Check Results for Package deTestSet

Last updated on 2019-06-18 00:51:33 CEST.

Flavor Version Tinstall Tcheck Ttotal Status Flags
r-devel-linux-x86_64-debian-clang 1.1.5 26.40 70.36 96.76 OK
r-devel-linux-x86_64-debian-gcc 1.1.5 24.56 52.44 77.00 OK
r-devel-linux-x86_64-fedora-clang 1.1.5 126.81 NOTE
r-devel-linux-x86_64-fedora-gcc 1.1.5 124.89 NOTE
r-devel-windows-ix86+x86_64 1.1.5 105.00 131.00 236.00 OK
r-patched-linux-x86_64 1.1.5 26.01 69.17 95.18 OK
r-patched-solaris-x86 1.1.5 285.00 OK
r-release-linux-x86_64 1.1.5 27.37 68.62 95.99 OK
r-release-windows-ix86+x86_64 1.1.5 79.00 160.00 239.00 OK
r-release-osx-x86_64 1.1.5 OK
r-oldrel-windows-ix86+x86_64 1.1.5 77.00 114.00 191.00 OK
r-oldrel-osx-x86_64 1.1.5 OK

Additional issues

LTO rchk

Check Details

Version: 1.1.5
Check: compiled code
Result: NOTE
    File ‘deTestSet/libs/deTestSet.so’:
     Found no calls to: ‘R_registerRoutines’, ‘R_useDynamicSymbols’
    
    It is good practice to register native routines and to disable symbol
    search.
    
    See ‘Writing portable packages’ in the ‘Writing R Extensions’ manual.
Flavors: r-devel-linux-x86_64-fedora-clang, r-devel-linux-x86_64-fedora-gcc