CRAN Package Check Results for Package deTestSet

Last updated on 2016-08-31 17:47:36.

Flavor Version Tinstall Tcheck Ttotal Status Flags
r-devel-linux-x86_64-debian-clang 1.1.2 20.39 50.11 70.51 WARN
r-devel-linux-x86_64-debian-gcc 1.1.2 21.07 52.45 73.52 WARN
r-devel-linux-x86_64-fedora-clang 1.1.2 116.97 WARN
r-devel-linux-x86_64-fedora-gcc 1.1.2 114.38 WARN
r-devel-osx-x86_64-clang 1.1.2 89.65 WARN
r-devel-windows-ix86+x86_64 1.1.2 86.00 122.00 208.00 NOTE
r-patched-linux-x86_64 1.1.2 20.36 51.48 71.84 NOTE
r-patched-solaris-sparc 1.1.2 1063.00 NOTE
r-patched-solaris-x86 1.1.2 214.90 NOTE
r-release-linux-x86_64 1.1.2 19.99 51.29 71.29 NOTE
r-release-osx-x86_64-mavericks 1.1.2 NOTE
r-release-windows-ix86+x86_64 1.1.2 99.00 96.00 195.00 NOTE
r-oldrel-windows-ix86+x86_64 1.1.2 68.00 127.00 195.00 NOTE

Check Details

Version: 1.1.2
Check: whether package can be installed
Result: WARN
    Found the following significant warnings:
     Warning: GNU Extension: Nonstandard type declaration REAL*8 at (1)
     Warning: control reaches end of non-void function [-Wreturn-type]
     Warning: GNU Extension: Symbol ‘neqn’ is used before it is typed at (1)
Flavors: r-devel-linux-x86_64-debian-clang, r-devel-linux-x86_64-debian-gcc, r-devel-linux-x86_64-fedora-clang, r-devel-linux-x86_64-fedora-gcc, r-devel-osx-x86_64-clang

Version: 1.1.2
Check: DESCRIPTION meta-information
Result: NOTE
    Malformed Description field: should contain one or more complete sentences.
Flavors: r-devel-linux-x86_64-debian-clang, r-devel-linux-x86_64-debian-gcc, r-devel-linux-x86_64-fedora-clang, r-devel-linux-x86_64-fedora-gcc, r-devel-osx-x86_64-clang, r-devel-windows-ix86+x86_64, r-patched-linux-x86_64, r-patched-solaris-sparc, r-patched-solaris-x86, r-release-linux-x86_64, r-release-osx-x86_64-mavericks, r-release-windows-ix86+x86_64, r-oldrel-windows-ix86+x86_64

Version: 1.1.2
Check: R code for possible problems
Result: NOTE
    checkevents: no visible global function definition for ‘aggregate’
    pleiades : pleiade: no visible global function definition for ‘dist’
    setplotpar: no visible global function definition for ‘par’
    setplotpar: no visible global function definition for ‘dev.interactive’
    Undefined global functions or variables:
     aggregate dev.interactive dist par
    Consider adding
     importFrom("grDevices", "dev.interactive")
     importFrom("graphics", "par")
     importFrom("stats", "aggregate", "dist")
    to your NAMESPACE file.
Flavors: r-devel-linux-x86_64-debian-clang, r-devel-linux-x86_64-debian-gcc, r-devel-linux-x86_64-fedora-clang, r-devel-linux-x86_64-fedora-gcc, r-devel-osx-x86_64-clang, r-devel-windows-ix86+x86_64, r-patched-linux-x86_64, r-patched-solaris-sparc, r-patched-solaris-x86, r-release-linux-x86_64, r-release-osx-x86_64-mavericks, r-release-windows-ix86+x86_64