CRAN Package Check Results for Package deTestSet

Last updated on 2015-03-29 19:48:38.

Flavor Version Tinstall Tcheck Ttotal Status Flags
r-devel-linux-x86_64-debian-clang 1.1.2 19.52 56.86 76.38 NOTE
r-devel-linux-x86_64-debian-gcc 1.1.2 19.78 59.47 79.24 NOTE
r-devel-linux-x86_64-fedora-clang 1.1.2 137.52 NOTE
r-devel-linux-x86_64-fedora-gcc 1.1.2 132.69 NOTE
r-devel-osx-x86_64-clang 1.1.2 120.76 NOTE
r-prerel-windows-ix86+x86_64 1.1.2 87.00 98.00 185.00 NOTE
r-prerel-linux-x86_64 1.1.2 19.65 57.58 77.23 NOTE
r-prerel-solaris-sparc 1.1.2 1392.80 NOTE
r-prerel-solaris-x86 1.1.2 275.00 NOTE
r-release-linux-x86_64 1.1.2 19.78 63.80 83.58 OK
r-release-osx-x86_64-mavericks 1.1.2 OK
r-release-osx-x86_64-snowleopard 1.1.2 OK
r-release-windows-ix86+x86_64 1.1.2 84.00 106.00 190.00 OK
r-oldrel-windows-ix86+x86_64 1.1.2 57.00 108.00 165.00 OK

Check Details

Version: 1.1.2
Check: DESCRIPTION meta-information
Result: NOTE
    Malformed Description field: should contain one or more complete sentences.
Flavors: r-devel-linux-x86_64-debian-clang, r-devel-linux-x86_64-debian-gcc, r-devel-linux-x86_64-fedora-clang, r-devel-linux-x86_64-fedora-gcc, r-devel-osx-x86_64-clang, r-prerel-windows-ix86+x86_64, r-prerel-linux-x86_64, r-prerel-solaris-sparc, r-prerel-solaris-x86