CRAN Package Check Results for Package deTestSet

Last updated on 2017-06-26 22:46:22.

Flavor Version Tinstall Tcheck Ttotal Status Flags
r-devel-linux-x86_64-debian-clang 1.1.5 21.01 50.14 71.15 NOTE
r-devel-linux-x86_64-debian-gcc 1.1.5 22.10 51.27 73.37 NOTE
r-devel-linux-x86_64-fedora-clang 1.1.5 129.39 NOTE
r-devel-linux-x86_64-fedora-gcc 1.1.5 125.83 NOTE
r-devel-windows-ix86+x86_64 1.1.5 121.00 159.00 280.00 OK
r-patched-linux-x86_64 1.1.5 22.43 50.87 73.31 NOTE
r-patched-solaris-sparc 1.1.5 1050.80 OK
r-patched-solaris-x86 1.1.5 248.80 OK
r-release-linux-x86_64 1.1.5 20.85 50.18 71.03 NOTE
r-release-windows-ix86+x86_64 1.1.5 74.00 130.00 204.00 OK
r-release-osx-x86_64 1.1.5 OK
r-oldrel-windows-ix86+x86_64 1.1.5 72.00 132.00 204.00 OK
r-oldrel-osx-x86_64 1.1.5 OK

Additional issues

rchk

Check Details

Version: 1.1.5
Check: compiled code
Result: NOTE
    File ‘deTestSet/libs/deTestSet.so’:
     Found no calls to: ‘R_registerRoutines’, ‘R_useDynamicSymbols’
    
    It is good practice to register native routines and to disable symbol
    search.
    
    See ‘Writing portable packages’ in the ‘Writing R Extensions’ manual.
Flavors: r-devel-linux-x86_64-debian-clang, r-devel-linux-x86_64-debian-gcc, r-devel-linux-x86_64-fedora-clang, r-devel-linux-x86_64-fedora-gcc, r-patched-linux-x86_64, r-release-linux-x86_64