CRAN Package Check Results for Package deTestSet

Last updated on 2015-05-25 18:46:53.

Flavor Version Tinstall Tcheck Ttotal Status Flags
r-devel-linux-x86_64-debian-clang 1.1.2 19.50 59.05 78.55 NOTE
r-devel-linux-x86_64-debian-gcc 1.1.2 19.63 57.25 76.88 NOTE
r-devel-linux-x86_64-fedora-clang 1.1.2 134.41 NOTE
r-devel-linux-x86_64-fedora-gcc 1.1.2 131.05 NOTE
r-devel-osx-x86_64-clang 1.1.2 111.55 NOTE
r-devel-windows-ix86+x86_64 1.1.2 68.00 98.00 166.00 NOTE
r-patched-linux-x86_64 1.1.2 19.68 58.27 77.96 NOTE
r-patched-solaris-sparc 1.1.2 1397.80 NOTE
r-patched-solaris-x86 1.1.2 276.30 NOTE
r-release-linux-x86_64 1.1.2 19.91 61.56 81.47 NOTE
r-release-osx-x86_64-mavericks 1.1.2 NOTE
r-release-osx-x86_64-snowleopard 1.1.2 NOTE
r-release-windows-ix86+x86_64 1.1.2 63.00 121.00 184.00 NOTE
r-oldrel-windows-ix86+x86_64 1.1.2 84.00 106.00 190.00 OK

Check Details

Version: 1.1.2
Check: DESCRIPTION meta-information
Result: NOTE
    Malformed Description field: should contain one or more complete sentences.
Flavors: r-devel-linux-x86_64-debian-clang, r-devel-linux-x86_64-debian-gcc, r-devel-linux-x86_64-fedora-clang, r-devel-linux-x86_64-fedora-gcc, r-devel-osx-x86_64-clang, r-devel-windows-ix86+x86_64, r-patched-linux-x86_64, r-patched-solaris-sparc, r-patched-solaris-x86, r-release-linux-x86_64, r-release-osx-x86_64-mavericks, r-release-osx-x86_64-snowleopard, r-release-windows-ix86+x86_64