CRAN Package Check Results for Package deTestSet

Last updated on 2016-02-06 07:47:50.

Flavor Version Tinstall Tcheck Ttotal Status Flags
r-devel-linux-x86_64-debian-gcc 1.1.2 20.34 46.68 67.01 NOTE
r-devel-linux-x86_64-fedora-clang 1.1.2 109.32 NOTE
r-devel-linux-x86_64-fedora-gcc 1.1.2 109.85 NOTE
r-devel-osx-x86_64-clang 1.1.2 119.11 NOTE
r-devel-windows-ix86+x86_64 1.1.2 89.00 101.00 190.00 NOTE
r-patched-linux-x86_64 1.1.2 20.27 62.58 82.85 NOTE
r-patched-solaris-sparc 1.1.2 1389.00 NOTE
r-patched-solaris-x86 1.1.2 273.30 NOTE
r-release-linux-x86_64 1.1.2 20.34 62.40 82.73 NOTE
r-release-osx-x86_64-mavericks 1.1.2 NOTE
r-release-windows-ix86+x86_64 1.1.2 69.00 109.00 178.00 NOTE
r-oldrel-windows-ix86+x86_64 1.1.2 65.00 129.00 194.00 OK

Check Details

Version: 1.1.2
Check: DESCRIPTION meta-information
Result: NOTE
    Malformed Description field: should contain one or more complete sentences.
Flavors: r-devel-linux-x86_64-debian-gcc, r-devel-linux-x86_64-fedora-clang, r-devel-linux-x86_64-fedora-gcc, r-devel-osx-x86_64-clang, r-devel-windows-ix86+x86_64, r-patched-linux-x86_64, r-patched-solaris-sparc, r-patched-solaris-x86, r-release-linux-x86_64, r-release-osx-x86_64-mavericks, r-release-windows-ix86+x86_64

Version: 1.1.2
Check: R code for possible problems
Result: NOTE
    checkevents: no visible global function definition for ‘aggregate’
    pleiades : pleiade: no visible global function definition for ‘dist’
    setplotpar: no visible global function definition for ‘par’
    setplotpar: no visible global function definition for ‘dev.interactive’
    Undefined global functions or variables:
     aggregate dev.interactive dist par
    Consider adding
     importFrom("grDevices", "dev.interactive")
     importFrom("graphics", "par")
     importFrom("stats", "aggregate", "dist")
    to your NAMESPACE.
Flavors: r-devel-linux-x86_64-debian-gcc, r-devel-linux-x86_64-fedora-clang, r-devel-linux-x86_64-fedora-gcc, r-devel-windows-ix86+x86_64