CRAN Package Check Results for Package deTestSet

Last updated on 2016-07-23 16:46:47.

Flavor Version Tinstall Tcheck Ttotal Status Flags
r-devel-linux-x86_64-debian-clang 1.1.2 25.88 56.32 82.19 NOTE
r-devel-linux-x86_64-debian-gcc 1.1.2 23.88 56.64 80.52 NOTE
r-devel-linux-x86_64-fedora-clang 1.1.2 108.25 NOTE
r-devel-linux-x86_64-fedora-gcc 1.1.2 105.28 NOTE
r-devel-osx-x86_64-clang 1.1.2 88.99 NOTE
r-devel-windows-ix86+x86_64 1.1.2 79.00 131.00 210.00 NOTE
r-patched-linux-x86_64 1.1.2 22.62 54.99 77.61 NOTE
r-patched-solaris-sparc 1.1.2 1063.00 NOTE
r-patched-solaris-x86 1.1.2 220.70 NOTE
r-release-linux-x86_64 1.1.2 23.34 59.35 82.69 NOTE
r-release-osx-x86_64-mavericks 1.1.2 NOTE
r-release-windows-ix86+x86_64 1.1.2 99.00 96.00 195.00 NOTE
r-oldrel-windows-ix86+x86_64 1.1.2 68.00 127.00 195.00 NOTE

Check Details

Version: 1.1.2
Check: DESCRIPTION meta-information
Result: NOTE
    Malformed Description field: should contain one or more complete sentences.
Flavors: r-devel-linux-x86_64-debian-clang, r-devel-linux-x86_64-debian-gcc, r-devel-linux-x86_64-fedora-clang, r-devel-linux-x86_64-fedora-gcc, r-devel-osx-x86_64-clang, r-devel-windows-ix86+x86_64, r-patched-linux-x86_64, r-patched-solaris-sparc, r-patched-solaris-x86, r-release-linux-x86_64, r-release-osx-x86_64-mavericks, r-release-windows-ix86+x86_64, r-oldrel-windows-ix86+x86_64

Version: 1.1.2
Check: R code for possible problems
Result: NOTE
    checkevents: no visible global function definition for ‘aggregate’
    pleiades : pleiade: no visible global function definition for ‘dist’
    setplotpar: no visible global function definition for ‘par’
    setplotpar: no visible global function definition for ‘dev.interactive’
    Undefined global functions or variables:
     aggregate dev.interactive dist par
    Consider adding
     importFrom("grDevices", "dev.interactive")
     importFrom("graphics", "par")
     importFrom("stats", "aggregate", "dist")
    to your NAMESPACE file.
Flavors: r-devel-linux-x86_64-debian-clang, r-devel-linux-x86_64-debian-gcc, r-devel-linux-x86_64-fedora-clang, r-devel-linux-x86_64-fedora-gcc, r-devel-osx-x86_64-clang, r-devel-windows-ix86+x86_64, r-patched-linux-x86_64, r-patched-solaris-sparc, r-patched-solaris-x86, r-release-linux-x86_64, r-release-osx-x86_64-mavericks, r-release-windows-ix86+x86_64