CRAN Package Check Results for Package deTestSet

Last updated on 2017-04-29 19:48:36.

Flavor Version Tinstall Tcheck Ttotal Status Flags
r-devel-linux-x86_64-debian-clang 1.1.5 21.37 51.02 72.40 NOTE
r-devel-linux-x86_64-debian-gcc 1.1.5 20.72 50.83 71.55 NOTE
r-devel-linux-x86_64-fedora-clang 1.1.5 127.52 NOTE --no-stop-on-test-error
r-devel-linux-x86_64-fedora-gcc 1.1.5 126.96 NOTE --no-stop-on-test-error
r-devel-windows-ix86+x86_64 1.1.5 126.00 136.00 262.00 OK
r-patched-linux-x86_64 1.1.5 20.93 50.34 71.27 NOTE
r-patched-solaris-sparc 1.1.5 1050.80 OK
r-patched-solaris-x86 1.1.5 274.40 OK
r-release-linux-x86_64 1.1.5 20.36 50.39 70.75 NOTE
r-release-windows-ix86+x86_64 1.1.5 74.00 130.00 204.00 OK
r-release-osx-x86_64 1.1.5 OK
r-oldrel-windows-ix86+x86_64 1.1.5 72.00 132.00 204.00 OK
r-oldrel-osx-x86_64 1.1.5 OK

Check Details

Version: 1.1.5
Check: compiled code
Result: NOTE
    File ‘deTestSet/libs/deTestSet.so’:
     Found no calls to: ‘R_registerRoutines’, ‘R_useDynamicSymbols’
    
    It is good practice to register native routines and to disable symbol
    search.
    
    See ‘Writing portable packages’ in the ‘Writing R Extensions’ manual.
Flavors: r-devel-linux-x86_64-debian-clang, r-devel-linux-x86_64-debian-gcc, r-patched-linux-x86_64, r-release-linux-x86_64

Version: 1.1.5
Flags: --no-stop-on-test-error
Check: compiled code
Result: NOTE
    File ‘deTestSet/libs/deTestSet.so’:
     Found no calls to: ‘R_registerRoutines’, ‘R_useDynamicSymbols’
    
    It is good practice to register native routines and to disable symbol
    search.
    
    See ‘Writing portable packages’ in the ‘Writing R Extensions’ manual.
Flavors: r-devel-linux-x86_64-fedora-clang, r-devel-linux-x86_64-fedora-gcc