CRAN Package Check Results for Package deTestSet

Last updated on 2014-11-24 00:47:41.

Flavor Version Tinstall Tcheck Ttotal Status Flags
r-devel-linux-x86_64-debian-clang 1.1.1 19.78 63.72 83.50 NOTE
r-devel-linux-x86_64-debian-gcc 1.1.1 20.08 63.21 83.29 NOTE
r-devel-linux-x86_64-fedora-clang 1.1.1 147.63 NOTE
r-devel-linux-x86_64-fedora-gcc 1.1.1 144.25 NOTE
r-devel-osx-x86_64-clang 1.1.1 125.62 NOTE
r-devel-windows-ix86+x86_64 1.1.1 67.00 102.00 169.00 NOTE
r-patched-linux-x86_64 1.1.1 20.30 60.23 80.53 NOTE
r-patched-solaris-sparc 1.1.1 1404.40 NOTE
r-patched-solaris-x86 1.1.1 282.10 NOTE
r-release-linux-ix86 1.1.1 28.51 79.80 108.32 NOTE
r-release-linux-x86_64 1.1.1 20.22 59.88 80.10 NOTE
r-release-osx-x86_64-mavericks 1.1.1 NOTE
r-release-osx-x86_64-snowleopard 1.1.1 ERROR
r-release-windows-ix86+x86_64 1.1.1 66.00 104.00 170.00 NOTE
r-oldrel-windows-ix86+x86_64 1.1.1 59.00 119.00 178.00 NOTE

Memtest notes: valgrind valgrind

Check Details

Version: 1.1.1
Check: dependencies in R code
Result: NOTE
    Package in Depends field not imported from: ‘ReacTran’
     These packages need to be imported from (in the NAMESPACE file)
     for when this namespace is loaded but not attached.
    See the information on DESCRIPTION files in the chapter ‘Creating R
    packages’ of the ‘Writing R Extensions’ manual.
Flavors: r-devel-linux-x86_64-debian-clang, r-devel-linux-x86_64-debian-gcc, r-devel-linux-x86_64-fedora-clang, r-devel-linux-x86_64-fedora-gcc, r-devel-osx-x86_64-clang, r-devel-windows-ix86+x86_64, r-patched-linux-x86_64, r-patched-solaris-sparc, r-patched-solaris-x86, r-release-linux-ix86, r-release-linux-x86_64, r-release-osx-x86_64-mavericks, r-release-windows-ix86+x86_64, r-oldrel-windows-ix86+x86_64

Version: 1.1.1
Check: R code for possible problems
Result: NOTE
    E5: no visible global function definition for ‘ode’
    beam: no visible global function definition for ‘ode’
    bimd: no visible global function definition for ‘diagnostics’
    dae: no visible global function definition for ‘daspk’
    dae: no visible global function definition for ‘radau’
    dopri853: no visible global function definition for ‘diagnostics’
    emep: no visible global function definition for ‘ode’
    gamd: no visible global function definition for ‘diagnostics’
    hires: no visible global function definition for ‘ode’
    mebdfi: no visible global function definition for ‘diagnostics’
    orego: no visible global function definition for ‘ode’
    pleiades: no visible binding for global variable ‘lsoda’
    pleiades: no visible global function definition for ‘ode’
    pollution: no visible global function definition for ‘ode’
    rk5: no visible global function definition for ‘diagnostics’
    rober: no visible global function definition for ‘ode’
    tube: no visible binding for global variable ‘radau’
    twobit: no visible binding for global variable ‘radau’
    vdpol: no visible global function definition for ‘ode’
Flavors: r-devel-linux-x86_64-debian-clang, r-devel-linux-x86_64-debian-gcc, r-devel-linux-x86_64-fedora-clang, r-devel-linux-x86_64-fedora-gcc, r-devel-osx-x86_64-clang, r-devel-windows-ix86+x86_64, r-patched-linux-x86_64, r-patched-solaris-sparc, r-patched-solaris-x86, r-release-linux-ix86, r-release-linux-x86_64, r-release-windows-ix86+x86_64

Version: 1.1.1
Check: whether package can be installed
Result: ERROR
    Installation failed.
Flavor: r-release-osx-x86_64-snowleopard