CRAN Package Check Results for Package deTestSet

Last updated on 2017-03-26 11:53:34.

Flavor Version Tinstall Tcheck Ttotal Status Flags
r-devel-linux-x86_64-debian-clang 1.1.5 20.81 50.88 71.69 NOTE
r-devel-linux-x86_64-debian-gcc 1.1.5 20.72 50.76 71.48 NOTE
r-devel-linux-x86_64-fedora-clang 1.1.5 128.16 NOTE --no-stop-on-test-error
r-devel-linux-x86_64-fedora-gcc 1.1.5 127.46 NOTE --no-stop-on-test-error
r-devel-macos-x86_64-clang 1.1.5 97.10 NOTE --no-stop-on-test-error
r-devel-windows-ix86+x86_64 1.1.5 94.00 133.00 227.00 OK
r-patched-linux-x86_64 1.1.5 20.27 49.70 69.97 NOTE
r-patched-solaris-sparc 1.1.5 1050.80 OK
r-patched-solaris-x86 1.1.5 243.60 OK
r-release-linux-x86_64 1.1.5 20.25 45.85 66.10 OK
r-release-osx-x86_64-mavericks 1.1.5 OK
r-release-windows-ix86+x86_64 1.1.5 88.00 186.00 274.00 OK
r-oldrel-windows-ix86+x86_64 1.1.5 92.00 192.00 284.00 OK

Check Details

Version: 1.1.5
Check: compiled code
Result: NOTE
    File ‘deTestSet/libs/deTestSet.so’:
     Found no calls to: ‘R_registerRoutines’, ‘R_useDynamicSymbols’
    
    It is good practice to register native routines and to disable symbol
    search.
    
    See ‘Writing portable packages’ in the ‘Writing R Extensions’ manual.
Flavors: r-devel-linux-x86_64-debian-clang, r-devel-linux-x86_64-debian-gcc, r-patched-linux-x86_64

Version: 1.1.5
Flags: --no-stop-on-test-error
Check: compiled code
Result: NOTE
    File ‘deTestSet/libs/deTestSet.so’:
     Found no calls to: ‘R_registerRoutines’, ‘R_useDynamicSymbols’
    
    It is good practice to register native routines and to disable symbol
    search.
    
    See ‘Writing portable packages’ in the ‘Writing R Extensions’ manual.
Flavors: r-devel-linux-x86_64-fedora-clang, r-devel-linux-x86_64-fedora-gcc, r-devel-macos-x86_64-clang