CRAN Package Check Results for Package deTestSet

Last updated on 2017-10-19 01:46:11.

Flavor Version Tinstall Tcheck Ttotal Status Flags
r-devel-linux-x86_64-debian-clang 1.1.5 17.54 48.68 66.22 NOTE
r-devel-linux-x86_64-debian-gcc 1.1.5 20.16 49.22 69.38 NOTE
r-devel-linux-x86_64-fedora-clang 1.1.5 122.69 NOTE
r-devel-linux-x86_64-fedora-gcc 1.1.5 125.95 NOTE
r-devel-windows-ix86+x86_64 1.1.5 116.00 130.00 246.00 OK
r-patched-linux-x86_64 1.1.5 17.56 47.97 65.53 NOTE
r-patched-solaris-x86 1.1.5 263.20 OK
r-release-linux-x86_64 1.1.5 17.29 48.28 65.58 NOTE
r-release-windows-ix86+x86_64 1.1.5 74.00 124.00 198.00 OK
r-release-osx-x86_64 1.1.5 OK
r-oldrel-windows-ix86+x86_64 1.1.5 72.00 111.00 183.00 OK
r-oldrel-osx-x86_64 1.1.5 OK

Additional issues

rchk

Check Details

Version: 1.1.5
Check: compiled code
Result: NOTE
    File ‘deTestSet/libs/deTestSet.so’:
     Found no calls to: ‘R_registerRoutines’, ‘R_useDynamicSymbols’
    
    It is good practice to register native routines and to disable symbol
    search.
    
    See ‘Writing portable packages’ in the ‘Writing R Extensions’ manual.
Flavors: r-devel-linux-x86_64-debian-clang, r-devel-linux-x86_64-debian-gcc, r-devel-linux-x86_64-fedora-clang, r-devel-linux-x86_64-fedora-gcc, r-patched-linux-x86_64, r-release-linux-x86_64