CRAN Package Check Results for Package deTestSet

Last updated on 2014-04-21 04:48:37.

Flavor Version Tinstall Tcheck Ttotal Status Flags
r-devel-linux-x86_64-debian-clang 1.1.1 20.32 60.40 80.72 NOTE
r-devel-linux-x86_64-debian-gcc 1.1.1 20.41 60.66 81.07 NOTE
r-devel-linux-x86_64-fedora-clang 1.1.1 148.63 NOTE
r-devel-linux-x86_64-fedora-gcc 1.1.1 146.94 NOTE
r-devel-macosx-x86_64-clang 1.1.1 114.42 NOTE
r-devel-macosx-x86_64-gcc 1.1.1 NOTE
r-devel-windows-ix86+x86_64 1.1.1 65.00 104.00 169.00 NOTE
r-patched-linux-x86_64 1.1.1 20.66 60.75 81.42 NOTE
r-patched-solaris-sparc 1.1.1 1412.90 NOTE
r-patched-solaris-x86 1.1.1 284.00 NOTE
r-release-linux-ix86 NOTE
r-release-linux-x86_64 1.1.1 20.56 61.12 81.68 NOTE
r-release-macosx-x86_64 1.1.1 ERROR
r-release-windows-ix86+x86_64 1.1.1 93.00 138.00 231.00 NOTE
r-oldrel-windows-ix86+x86_64 1.1.1 64.00 109.00 173.00 NOTE

Memtest notes: valgrind valgrind

Check Details

Version: 1.1.1
Check: dependencies in R code
Result: NOTE
    Package in Depends field not imported from: ‘ReacTran’
     These packages need to be imported from (in the NAMESPACE file)
     for when this namespace is loaded but not attached.
    See the information on DESCRIPTION files in the chapter ‘Creating R
    packages’ of the ‘Writing R Extensions’ manual.
Flavors: r-devel-linux-x86_64-debian-clang, r-devel-linux-x86_64-debian-gcc, r-devel-linux-x86_64-fedora-clang, r-devel-linux-x86_64-fedora-gcc, r-devel-macosx-x86_64-clang, r-devel-macosx-x86_64-gcc, r-devel-windows-ix86+x86_64, r-patched-linux-x86_64, r-patched-solaris-sparc, r-patched-solaris-x86, r-release-linux-ix86, r-release-linux-x86_64, r-release-windows-ix86+x86_64, r-oldrel-windows-ix86+x86_64

Version: 1.1.1
Check: whether package can be installed
Result: ERROR
    Installation failed.
    See ‘/Volumes/XT3/Builds/R-dev-web/QA/Simon/packages/snowleopard-x86_64/results/3.1/deTestSet.Rcheck/00install.out’ for details.
Flavor: r-release-macosx-x86_64