CRAN Package Check Results for Package deTestSet

Last updated on 2015-04-19 11:51:04.

Flavor Version Tinstall Tcheck Ttotal Status Flags
r-devel-linux-x86_64-debian-clang 1.1.2 19.48 57.60 77.08 NOTE
r-devel-linux-x86_64-debian-gcc 1.1.2 19.75 59.73 79.48 NOTE
r-devel-linux-x86_64-fedora-clang 1.1.2 134.83 NOTE
r-devel-linux-x86_64-fedora-gcc 1.1.2 132.49 NOTE
r-devel-osx-x86_64-clang 1.1.2 112.46 NOTE
r-devel-windows-ix86+x86_64 1.1.2 70.00 140.00 210.00 NOTE
r-patched-linux-x86_64 1.1.2 19.87 57.40 77.28 NOTE
r-patched-solaris-sparc 1.1.2 1392.80 NOTE
r-patched-solaris-x86 1.1.2 285.80 NOTE
r-release-linux-x86_64 1.1.2 19.70 57.14 76.84 NOTE
r-release-osx-x86_64-mavericks 1.1.2 NOTE
r-release-osx-x86_64-snowleopard 1.1.2 NOTE
r-release-windows-ix86+x86_64 1.1.2 63.00 121.00 184.00 NOTE
r-oldrel-windows-ix86+x86_64 1.1.2 84.00 106.00 190.00 OK

Check Details

Version: 1.1.2
Check: DESCRIPTION meta-information
Result: NOTE
    Malformed Description field: should contain one or more complete sentences.
Flavors: r-devel-linux-x86_64-debian-clang, r-devel-linux-x86_64-debian-gcc, r-devel-linux-x86_64-fedora-clang, r-devel-linux-x86_64-fedora-gcc, r-devel-osx-x86_64-clang, r-devel-windows-ix86+x86_64, r-patched-linux-x86_64, r-patched-solaris-sparc, r-patched-solaris-x86, r-release-linux-x86_64, r-release-osx-x86_64-mavericks, r-release-osx-x86_64-snowleopard, r-release-windows-ix86+x86_64