CRAN Package Check Results for Package deTestSet

Last updated on 2016-12-09 23:49:27.

Flavor Version Tinstall Tcheck Ttotal Status Flags
r-devel-linux-x86_64-debian-clang 1.1.3 21.01 56.75 77.75 WARN
r-devel-linux-x86_64-debian-gcc 1.1.3 21.38 56.45 77.82 WARN
r-devel-linux-x86_64-fedora-clang 1.1.3 131.98 WARN --no-stop-on-test-error
r-devel-linux-x86_64-fedora-gcc 1.1.3 78.66 WARN --no-stop-on-test-error
r-devel-macos-x86_64-clang 1.1.3 98.08 WARN --no-stop-on-test-error
r-devel-windows-ix86+x86_64 1.1.3 67.00 103.00 170.00 OK
r-patched-linux-x86_64 1.1.3 20.00 50.90 70.90 OK
r-patched-solaris-sparc 1.1.3 323.20 ERROR
r-patched-solaris-x86 1.1.3 82.60 ERROR
r-release-linux-x86_64 1.1.3 20.00 51.46 71.45 OK
r-release-osx-x86_64-mavericks 1.1.3 OK
r-release-windows-ix86+x86_64 1.1.3 78.00 129.00 207.00 OK
r-oldrel-windows-ix86+x86_64 1.1.3 75.00 158.00 233.00 OK

Check Details

Version: 1.1.3
Check: whether package can be installed
Result: WARN
    Found the following significant warnings:
     Warning: control reaches end of non-void function [-Wreturn-type]
Flavors: r-devel-linux-x86_64-debian-clang, r-devel-linux-x86_64-debian-gcc

Version: 1.1.3
Flags: --no-stop-on-test-error
Check: whether package can be installed
Result: WARN
    Found the following significant warnings:
     Warning: control reaches end of non-void function [-Wreturn-type]
Flavors: r-devel-linux-x86_64-fedora-clang, r-devel-linux-x86_64-fedora-gcc, r-devel-macos-x86_64-clang

Version: 1.1.3
Check: whether package can be installed
Result: ERROR
    Installation failed.
Flavors: r-patched-solaris-sparc, r-patched-solaris-x86