CRAN Package Check Results for Package deTestSet

Last updated on 2015-08-27 22:48:47.

Flavor Version Tinstall Tcheck Ttotal Status Flags
r-devel-linux-x86_64-debian-clang 1.1.2 20.45 61.91 82.36 NOTE
r-devel-linux-x86_64-debian-gcc 1.1.2 21.03 57.66 78.68 NOTE
r-devel-linux-x86_64-fedora-clang 1.1.2 136.00 NOTE
r-devel-linux-x86_64-fedora-gcc 1.1.2 137.52 NOTE
r-devel-osx-x86_64-clang 1.1.2 108.95 NOTE
r-devel-windows-ix86+x86_64 1.1.2 99.00 135.00 234.00 NOTE
r-patched-linux-x86_64 1.1.2 21.00 58.66 79.66 NOTE
r-patched-solaris-sparc 1.1.2 1426.90 NOTE
r-patched-solaris-x86 1.1.2 294.20 NOTE
r-release-linux-x86_64 1.1.2 21.11 58.45 79.56 NOTE
r-release-osx-x86_64-mavericks 1.1.2 NOTE
r-release-windows-ix86+x86_64 1.1.2 69.00 136.00 205.00 NOTE
r-oldrel-windows-ix86+x86_64 1.1.2 65.00 129.00 194.00 OK

Check Details

Version: 1.1.2
Check: DESCRIPTION meta-information
Result: NOTE
    Malformed Description field: should contain one or more complete sentences.
Flavors: r-devel-linux-x86_64-debian-clang, r-devel-linux-x86_64-debian-gcc, r-devel-linux-x86_64-fedora-clang, r-devel-linux-x86_64-fedora-gcc, r-devel-osx-x86_64-clang, r-devel-windows-ix86+x86_64, r-patched-linux-x86_64, r-patched-solaris-sparc, r-patched-solaris-x86, r-release-linux-x86_64, r-release-osx-x86_64-mavericks, r-release-windows-ix86+x86_64

Version: 1.1.2
Check: R code for possible problems
Result: NOTE
    checkevents: no visible global function definition for ‘aggregate’
    pleiades : pleiade: no visible global function definition for ‘dist’
    setplotpar: no visible global function definition for ‘par’
    setplotpar: no visible global function definition for ‘dev.interactive’
    Undefined global functions or variables:
     aggregate dev.interactive dist par
    Consider adding
     importFrom("grDevices", "dev.interactive")
     importFrom("graphics", "par")
     importFrom("stats", "aggregate", "dist")
    to your NAMESPACE.
Flavors: r-devel-linux-x86_64-debian-clang, r-devel-linux-x86_64-debian-gcc, r-devel-linux-x86_64-fedora-clang, r-devel-linux-x86_64-fedora-gcc, r-devel-windows-ix86+x86_64