CRAN Package Check Results for Package deal

Last updated on 2015-05-30 21:46:29.

Flavor Version Tinstall Tcheck Ttotal Status Flags
r-devel-linux-x86_64-debian-clang 1.2-37 1.32 19.09 20.41 NOTE
r-devel-linux-x86_64-debian-gcc 1.2-37 1.38 18.70 20.08 NOTE
r-devel-linux-x86_64-fedora-clang 1.2-37 36.68 NOTE
r-devel-linux-x86_64-fedora-gcc 1.2-37 34.71 NOTE
r-devel-osx-x86_64-clang 1.2-37 38.66 NOTE
r-devel-windows-ix86+x86_64 1.2-37 9.00 30.00 39.00 OK
r-patched-linux-x86_64 1.2-37 1.44 18.87 20.30 NOTE
r-patched-solaris-sparc 1.2-37 246.70 NOTE
r-patched-solaris-x86 1.2-37 50.50 NOTE
r-release-linux-x86_64 1.2-37 1.38 19.30 20.68 NOTE
r-release-osx-x86_64-mavericks 1.2-37 OK
r-release-osx-x86_64-snowleopard 1.2-37 OK
r-release-windows-ix86+x86_64 1.2-37 6.00 39.00 45.00 OK
r-oldrel-windows-ix86+x86_64 1.2-37 11.00 36.00 47.00 OK

Check Details

Version: 1.2-37
Check: S3 generic/method consistency
Result: NOTE
    Found the following apparent S3 methods exported but not registered:
     plot.network plot.networkfamily plot.node print.network
     print.networkfamily print.node prob.network prob.node score.network
     score.node unique.networkfamily
    See section ‘Registering S3 methods’ in the ‘Writing R Extensions’
    manual.
Flavors: r-devel-linux-x86_64-debian-clang, r-devel-linux-x86_64-debian-gcc, r-devel-linux-x86_64-fedora-clang, r-devel-linux-x86_64-fedora-gcc, r-devel-osx-x86_64-clang, r-patched-linux-x86_64, r-patched-solaris-sparc, r-patched-solaris-x86, r-release-linux-x86_64