CRAN Package Check Results for Package deal

Last updated on 2015-06-30 04:46:29.

Flavor Version Tinstall Tcheck Ttotal Status Flags
r-devel-linux-x86_64-debian-clang 1.2-37 1.27 18.64 19.90 NOTE
r-devel-linux-x86_64-debian-gcc 1.2-37 1.57 18.51 20.08 NOTE
r-devel-linux-x86_64-fedora-clang 1.2-37 39.01 NOTE
r-devel-linux-x86_64-fedora-gcc 1.2-37 34.23 NOTE
r-devel-osx-x86_64-clang 1.2-37 36.94 NOTE
r-devel-windows-ix86+x86_64 1.2-37 14.00 32.00 46.00 OK
r-patched-linux-x86_64 1.2-37 1.50 19.41 20.91 NOTE
r-patched-solaris-sparc 1.2-37 246.70 NOTE
r-patched-solaris-x86 1.2-37 49.70 NOTE
r-release-linux-x86_64 1.2-37 1.39 19.17 20.56 NOTE
r-release-osx-x86_64-mavericks 1.2-37 OK
r-release-windows-ix86+x86_64 1.2-37 6.00 39.00 45.00 OK
r-oldrel-windows-ix86+x86_64 1.2-37 11.00 36.00 47.00 OK

Check Details

Version: 1.2-37
Check: S3 generic/method consistency
Result: NOTE
    Found the following apparent S3 methods exported but not registered:
     plot.network plot.networkfamily plot.node print.network
     print.networkfamily print.node prob.network prob.node score.network
     score.node unique.networkfamily
    See section ‘Registering S3 methods’ in the ‘Writing R Extensions’
    manual.
Flavors: r-devel-linux-x86_64-debian-clang, r-devel-linux-x86_64-debian-gcc, r-devel-linux-x86_64-fedora-clang, r-devel-linux-x86_64-fedora-gcc, r-devel-osx-x86_64-clang, r-patched-linux-x86_64, r-patched-solaris-sparc, r-patched-solaris-x86, r-release-linux-x86_64

Version: 1.2-37
Check: R code for possible problems
Result: NOTE
    autosearch: no visible global function definition for ‘plot’
    drawnetwork: no visible global function definition for ‘par’
    drawnetwork: no visible global function definition for ‘plot’
    drawnetwork: no visible global function definition for ‘points’
    drawnetwork: no visible global function definition for ‘text’
    drawnetwork: no visible global function definition for ‘symbols’
    drawnetwork: no visible global function definition for ‘identify’
    drawnetwork: no visible global function definition for ‘locator’
    fullsimprob: no visible global function definition for ‘rgamma’
    genpicfile: no visible global function definition for ‘pictex’
    genpicfile: no visible global function definition for ‘plot’
    genpicfile: no visible global function definition for ‘dev.off’
    heuristic: no visible global function definition for ‘plot’
    heuristic: no visible global function definition for ‘title’
    inspectprob: no visible global function definition for ‘par’
    inspectprob: no visible global function definition for ‘plot’
    inspectprob: no visible global function definition for ‘title’
    inspectprob: no visible global function definition for ‘points’
    inspectprob: no visible global function definition for ‘text’
    inspectprob: no visible global function definition for ‘symbols’
    inspectprob: no visible global function definition for ‘identify’
    perturb: no visible global function definition for ‘runif’
    plot.network: no visible global function definition for ‘plot’
    plot.network: no visible global function definition for ‘text’
    plot.network: no visible global function definition for ‘arrows’
    plot.networkfamily: no visible global function definition for ‘par’
    plot.networkfamily: no visible global function definition for ‘plot’
    plot.node: no visible global function definition for ‘points’
    plot.node: no visible global function definition for ‘text’
    post: no visible global function definition for ‘mahalanobis’
    post0: no visible global function definition for ‘mahalanobis’
    prob.node: no visible global function definition for ‘lsfit’
    prob.node: no visible global function definition for ‘coef’
    prob.node: no visible global function definition for ‘resid’
    prob.node: no visible global function definition for ‘var’
    rnetwork : mymultinomial: no visible global function definition for
     ‘runif’
    rnetwork: no visible global function definition for ‘rnorm’
    rnetwork: no visible global function definition for ‘write.table’
Flavors: r-devel-linux-x86_64-debian-clang, r-devel-linux-x86_64-debian-gcc