CRAN Package Check Results for Package deal

Last updated on 2015-01-28 22:47:35.

Flavor Version Tinstall Tcheck Ttotal Status Flags
r-devel-linux-x86_64-debian-clang 1.2-37 1.41 19.11 20.52 NOTE
r-devel-linux-x86_64-debian-gcc 1.2-37 1.42 19.29 20.71 NOTE
r-devel-linux-x86_64-fedora-clang 1.2-37 43.27 NOTE
r-devel-linux-x86_64-fedora-gcc 1.2-37 39.17 NOTE
r-devel-osx-x86_64-clang 1.2-37 40.08 NOTE
r-devel-windows-ix86+x86_64 1.2-37 9.00 31.00 40.00 OK
r-patched-linux-x86_64 1.2-37 1.58 20.18 21.77 OK
r-patched-solaris-sparc 1.2-37 255.00 OK
r-patched-solaris-x86 1.2-37 52.20 OK
r-release-linux-ix86 1.2-37 2.01 26.36 28.38 OK
r-release-linux-x86_64 1.2-37 1.50 20.89 22.39 OK
r-release-osx-x86_64-mavericks 1.2-37 OK
r-release-windows-ix86+x86_64 1.2-37 8.00 32.00 40.00 OK
r-oldrel-windows-ix86+x86_64 1.2-37 7.00 37.00 44.00 OK

Check Details

Version: 1.2-37
Check: S3 generic/method consistency
Result: NOTE
    Found the following apparent S3 methods exported but not registered:
     prob.network prob.node score.network score.node print.network
     print.networkfamily print.node unique.networkfamily plot.network
     plot.networkfamily plot.node
    See section ‘Registering S3 methods’ in the ‘Writing R Extensions’
    manual.
Flavors: r-devel-linux-x86_64-debian-clang, r-devel-linux-x86_64-debian-gcc, r-devel-linux-x86_64-fedora-clang, r-devel-linux-x86_64-fedora-gcc, r-devel-osx-x86_64-clang