CRAN Package Check Results for Package deal

Last updated on 2015-03-04 19:50:14.

Flavor Version Tinstall Tcheck Ttotal Status Flags
r-devel-linux-x86_64-debian-clang 1.2-37 1.32 19.37 20.69 NOTE
r-devel-linux-x86_64-debian-gcc 1.2-37 1.50 18.56 20.06 NOTE
r-devel-linux-x86_64-fedora-clang 1.2-37 37.78 NOTE
r-devel-linux-x86_64-fedora-gcc 1.2-37 35.17 NOTE
r-devel-osx-x86_64-clang 1.2-37 38.19 NOTE
r-devel-windows-ix86+x86_64 1.2-37 9.00 31.00 40.00 OK
r-patched-linux-x86_64 1.2-37 1.70 20.99 22.70 OK
r-patched-solaris-sparc 1.2-37 245.80 OK
r-patched-solaris-x86 1.2-37 52.80 OK
r-release-linux-ix86 1.2-37 2.06 26.54 28.60 OK
r-release-linux-x86_64 1.2-37 1.44 20.14 21.58 OK
r-release-osx-x86_64-mavericks 1.2-37 OK
r-release-windows-ix86+x86_64 1.2-37 8.00 32.00 40.00 OK
r-oldrel-windows-ix86+x86_64 1.2-37 7.00 37.00 44.00 OK

Check Details

Version: 1.2-37
Check: S3 generic/method consistency
Result: NOTE
    Found the following apparent S3 methods exported but not registered:
     plot.network plot.networkfamily plot.node print.network
     print.networkfamily print.node prob.network prob.node score.network
     score.node unique.networkfamily
    See section ‘Registering S3 methods’ in the ‘Writing R Extensions’
    manual.
Flavors: r-devel-linux-x86_64-debian-clang, r-devel-linux-x86_64-debian-gcc, r-devel-linux-x86_64-fedora-clang, r-devel-linux-x86_64-fedora-gcc, r-devel-osx-x86_64-clang