CRAN Package Check Results for Package deal

Last updated on 2015-04-28 11:48:20.

Flavor Version Tinstall Tcheck Ttotal Status Flags
r-devel-linux-x86_64-debian-clang 1.2-37 1.36 19.04 20.40 NOTE
r-devel-linux-x86_64-debian-gcc 1.2-37 1.46 19.21 20.66 NOTE
r-devel-linux-x86_64-fedora-clang 1.2-37 39.11 NOTE
r-devel-linux-x86_64-fedora-gcc 1.2-37 35.07 NOTE
r-devel-osx-x86_64-clang 1.2-37 38.23 NOTE
r-devel-windows-ix86+x86_64 1.2-37 9.00 30.00 39.00 OK
r-patched-linux-x86_64 1.2-37 1.40 18.97 20.38 NOTE
r-patched-solaris-sparc 1.2-37 248.90 OK
r-patched-solaris-x86 1.2-37 49.80 NOTE
r-release-linux-x86_64 1.2-37 1.53 18.58 20.11 NOTE
r-release-osx-x86_64-mavericks 1.2-37 OK
r-release-osx-x86_64-snowleopard 1.2-37 OK
r-release-windows-ix86+x86_64 1.2-37 6.00 39.00 45.00 OK
r-oldrel-windows-ix86+x86_64 1.2-37 11.00 36.00 47.00 OK

Check Details

Version: 1.2-37
Check: S3 generic/method consistency
Result: NOTE
    Found the following apparent S3 methods exported but not registered:
     plot.network plot.networkfamily plot.node print.network
     print.networkfamily print.node prob.network prob.node score.network
     score.node unique.networkfamily
    See section ‘Registering S3 methods’ in the ‘Writing R Extensions’
    manual.
Flavors: r-devel-linux-x86_64-debian-clang, r-devel-linux-x86_64-debian-gcc, r-devel-linux-x86_64-fedora-clang, r-devel-linux-x86_64-fedora-gcc, r-devel-osx-x86_64-clang, r-patched-linux-x86_64, r-patched-solaris-x86, r-release-linux-x86_64