CRAN Package Check Results for Package decctools

Last updated on 2015-05-27 06:46:42.

Flavor Version Tinstall Tcheck Ttotal Status Flags
r-devel-linux-x86_64-debian-clang 0.2.0 2.82 35.72 38.54 OK
r-devel-linux-x86_64-debian-gcc 0.2.0 2.86 34.28 37.14 OK
r-devel-linux-x86_64-fedora-clang 0.2.0 72.12 OK
r-devel-linux-x86_64-fedora-gcc 0.2.0 69.94 OK
r-devel-osx-x86_64-clang 0.2.0 68.23 OK
r-devel-windows-ix86+x86_64 0.2.0 9.00 52.00 61.00 OK
r-patched-linux-x86_64 0.2.0 2.57 33.94 36.51 OK
r-patched-solaris-sparc 0.2.0 469.60 OK
r-patched-solaris-x86 0.2.0 113.20 OK
r-release-linux-x86_64 0.2.0 2.60 34.56 37.15 OK
r-release-osx-x86_64-mavericks 0.2.0 OK
r-release-osx-x86_64-snowleopard 0.2.0 ERROR
r-release-windows-ix86+x86_64 0.2.0 8.00 54.00 62.00 OK
r-oldrel-windows-ix86+x86_64 0.2.0 13.00 72.00 85.00 OK

Check Details

Version: 0.2.0
Check: package dependencies
Result: ERROR
    Packages required but not available: ‘XLConnect’ ‘XML’
    
    See section ‘The DESCRIPTION file’ in the ‘Writing R Extensions’
    manual.
Flavor: r-release-osx-x86_64-snowleopard