CRAN Package Check Results for Package decctools

Last updated on 2015-07-02 11:48:09.

Flavor Version Tinstall Tcheck Ttotal Status Flags
r-devel-linux-x86_64-debian-clang 0.2.1 2.76 37.24 40.01 NOTE
r-devel-linux-x86_64-debian-gcc 0.2.1 2.58 35.55 38.13 NOTE
r-devel-linux-x86_64-fedora-clang 0.2.1 72.55 NOTE
r-devel-linux-x86_64-fedora-gcc 0.2.1 70.80 NOTE
r-devel-osx-x86_64-clang 0.2.1 72.03 OK
r-devel-windows-ix86+x86_64 0.2.1 8.00 51.00 59.00 NOTE
r-patched-linux-x86_64 0.2.1 2.66 36.32 38.97 OK
r-patched-solaris-sparc 0.2.1 472.60 OK
r-patched-solaris-x86 0.2.1 113.10 OK
r-release-linux-x86_64 0.2.1 2.58 35.28 37.86 OK
r-release-osx-x86_64-mavericks 0.2.1 OK
r-release-windows-ix86+x86_64 0.2.1 8.00 54.00 62.00 OK
r-oldrel-windows-ix86+x86_64 0.2.1 17.00 80.00 97.00 OK

Check Details

Version: 0.2.1
Check: R code for possible problems
Result: NOTE
    get_LAD_metadata: Error while checking: invalid ‘envir’ argument
    get_geo_lookup: no visible global function definition for ‘unzip’
    get_geo_lookup: no visible global function definition for ‘read.csv’
    get_geo_lookup: Error while checking: invalid ‘envir’ argument
    get_last_date: no visible global function definition for ‘tail’
    get_params_list: Error while checking: invalid ‘envir’ argument
    is_urban: Error while checking: invalid ‘envir’ argument
Flavors: r-devel-linux-x86_64-debian-clang, r-devel-linux-x86_64-debian-gcc, r-devel-linux-x86_64-fedora-gcc, r-devel-windows-ix86+x86_64

Version: 0.2.1
Check: R code for possible problems
Result: NOTE
    get_LAD_metadata: Error while checking: invalid 'envir' argument
    get_geo_lookup: no visible global function definition for ‘unzip’
    get_geo_lookup: no visible global function definition for ‘read.csv’
    get_geo_lookup: Error while checking: invalid 'envir' argument
    get_last_date: no visible global function definition for ‘tail’
    get_params_list: Error while checking: invalid 'envir' argument
    is_urban: Error while checking: invalid 'envir' argument
    Undefined global functions or variables:
     read.csv tail unzip
Flavor: r-devel-linux-x86_64-fedora-clang