CRAN Package Check Results for Package decctools

Last updated on 2015-09-01 03:48:52.

Flavor Version Tinstall Tcheck Ttotal Status Flags
r-devel-linux-x86_64-debian-clang 0.2.1 2.61 35.71 38.32 NOTE
r-devel-linux-x86_64-debian-gcc 0.2.1 2.59 34.34 36.94 NOTE
r-devel-linux-x86_64-fedora-clang 0.2.1 69.01 NOTE
r-devel-linux-x86_64-fedora-gcc 0.2.1 67.18 NOTE
r-devel-osx-x86_64-clang 0.2.1 66.20 OK
r-devel-windows-ix86+x86_64 0.2.1 13.00 61.00 74.00 NOTE
r-patched-linux-x86_64 0.2.1 2.64 36.67 39.31 OK
r-patched-solaris-sparc 0.2.1 461.90 OK
r-patched-solaris-x86 0.2.1 116.00 OK
r-release-linux-x86_64 0.2.1 2.70 36.54 39.24 OK
r-release-osx-x86_64-mavericks 0.2.1 OK
r-release-windows-ix86+x86_64 0.2.1 12.00 60.00 72.00 OK
r-oldrel-windows-ix86+x86_64 0.2.1 19.00 90.00 109.00 OK

Check Details

Version: 0.2.1
Check: R code for possible problems
Result: NOTE
    get_LAD_metadata: no visible global function definition for ‘data’
    get_LAD_metadata: no visible binding for global variable ‘LAD_metadata’
    get_LAD_metadata: no visible global function definition for ‘write.csv’
    get_geo_lookup: no visible global function definition for ‘unzip’
    get_geo_lookup: no visible global function definition for ‘read.csv’
    get_geo_lookup: no visible global function definition for ‘data’
    get_geo_lookup: no visible binding for global variable ‘scotland_igz’
    get_last_date: no visible global function definition for ‘tail’
    get_params_list: no visible global function definition for ‘data’
    is_urban: no visible global function definition for ‘data’
    Undefined global functions or variables:
     LAD_metadata data read.csv scotland_igz tail unzip write.csv
    Consider adding
     importFrom("utils", "data", "read.csv", "tail", "unzip", "write.csv")
    to your NAMESPACE.
Flavors: r-devel-linux-x86_64-debian-clang, r-devel-linux-x86_64-debian-gcc, r-devel-linux-x86_64-fedora-clang, r-devel-linux-x86_64-fedora-gcc, r-devel-windows-ix86+x86_64