CRAN Package Check Results for Package decctools

Last updated on 2016-02-14 23:47:58.

Flavor Version Tinstall Tcheck Ttotal Status Flags
r-devel-linux-x86_64-debian-gcc 0.2.1 2.58 37.41 39.98 NOTE
r-devel-linux-x86_64-fedora-clang 0.2.1 65.36 NOTE
r-devel-linux-x86_64-fedora-gcc 0.2.1 62.31 NOTE
r-devel-osx-x86_64-clang 0.2.1 75.34 NOTE
r-devel-windows-ix86+x86_64 0.2.1 12.00 59.00 71.00 NOTE
r-patched-linux-x86_64 0.2.1 3.07 41.28 44.35 OK
r-patched-solaris-sparc 0.2.1 436.50 OK
r-patched-solaris-x86 0.2.1 101.10 OK
r-release-linux-x86_64 0.2.1 3.06 40.97 44.03 OK
r-release-osx-x86_64-mavericks 0.2.1 OK
r-release-windows-ix86+x86_64 0.2.1 12.00 94.00 106.00 OK
r-oldrel-windows-ix86+x86_64 0.2.1 20.00 125.00 145.00 OK

Check Details

Version: 0.2.1
Check: R code for possible problems
Result: NOTE
    get_LAD_metadata: no visible global function definition for ‘data’
    get_LAD_metadata: no visible binding for global variable ‘LAD_metadata’
    get_LAD_metadata: no visible global function definition for ‘write.csv’
    get_geo_lookup: no visible global function definition for ‘unzip’
    get_geo_lookup: no visible global function definition for ‘read.csv’
    get_geo_lookup: no visible global function definition for ‘data’
    get_geo_lookup: no visible binding for global variable ‘scotland_igz’
    get_last_date: no visible global function definition for ‘tail’
    get_params_list: no visible global function definition for ‘data’
    is_urban: no visible global function definition for ‘data’
    Undefined global functions or variables:
     LAD_metadata data read.csv scotland_igz tail unzip write.csv
    Consider adding
     importFrom("utils", "data", "read.csv", "tail", "unzip", "write.csv")
    to your NAMESPACE file.
Flavors: r-devel-linux-x86_64-debian-gcc, r-devel-linux-x86_64-fedora-clang, r-devel-linux-x86_64-fedora-gcc, r-devel-osx-x86_64-clang, r-devel-windows-ix86+x86_64