CRAN Package Check Results for Package decctools

Last updated on 2014-04-16 15:49:25.

Flavor Version Tinstall Tcheck Ttotal Status Flags
r-devel-linux-x86_64-debian-clang 0.1.5 3.84 57.12 60.96 OK
r-devel-linux-x86_64-debian-gcc 0.1.5 3.94 56.40 60.34 OK
r-devel-linux-x86_64-fedora-clang 0.1.5 120.90 OK
r-devel-linux-x86_64-fedora-gcc 0.1.5 117.08 OK
r-devel-macosx-x86_64-clang 0.1.5 107.62 OK
r-devel-macosx-x86_64-gcc 0.1.5 ERROR
r-devel-windows-ix86+x86_64 0.1.5 11.00 74.00 85.00 OK
r-patched-linux-x86_64 0.1.5 3.84 59.10 62.94 OK
r-patched-solaris-sparc 0.1.5 623.00 OK
r-patched-solaris-x86 0.1.5 145.50 OK
r-release-linux-ix86 0.1.5 7.00 86.00 93.00 OK
r-release-linux-x86_64 0.1.5 3.84 57.14 60.98 OK
r-release-macosx-x86_64 0.1.5 OK
r-release-windows-ix86+x86_64 0.1.5 11.00 79.00 90.00 OK
r-oldrel-windows-ix86+x86_64 0.1.5 12.00 77.00 89.00 OK

Check Details

Version: 0.1.5
Check: package dependencies
Result: ERROR
    Packages required but not available: ‘XLConnect’ ‘XML’
    
    See the information on DESCRIPTION files in the chapter ‘Creating R
    packages’ of the ‘Writing R Extensions’ manual.
Flavor: r-devel-macosx-x86_64-gcc