CRAN Package Check Results for Package decctools

Last updated on 2015-04-21 12:48:38.

Flavor Version Tinstall Tcheck Ttotal Status Flags
r-devel-linux-x86_64-debian-clang 0.2.0 2.78 34.56 37.34 OK
r-devel-linux-x86_64-debian-gcc 0.2.0 2.58 33.86 36.44 OK
r-devel-linux-x86_64-fedora-clang 0.2.0 72.26 OK
r-devel-linux-x86_64-fedora-gcc 0.2.0 68.76 OK
r-devel-osx-x86_64-clang 0.2.0 65.87 OK
r-devel-windows-ix86+x86_64 0.2.0 12.00 71.00 83.00 OK
r-patched-linux-x86_64 0.2.0 2.57 34.16 36.72 OK
r-patched-solaris-sparc 0.2.0 439.60 OK
r-patched-solaris-x86 0.2.0 101.50 OK
r-release-linux-x86_64 0.2.0 2.52 35.42 37.94 OK
r-release-osx-x86_64-mavericks 0.2.0 OK
r-release-osx-x86_64-snowleopard 0.2.0 ERROR
r-release-windows-ix86+x86_64 0.2.0 6.00 46.00 52.00 OK
r-oldrel-windows-ix86+x86_64 0.2.0 11.00 68.00 79.00 OK

Check Details

Version: 0.2.0
Check: package dependencies
Result: ERROR
    Packages required but not available: ‘XLConnect’ ‘XML’
    
    See section ‘The DESCRIPTION file’ in the ‘Writing R Extensions’
    manual.
Flavor: r-release-osx-x86_64-snowleopard