CRAN Package Check Results for Package decido

Last updated on 2022-12-02 12:54:49 CET.

Flavor Version Tinstall Tcheck Ttotal Status Flags
r-devel-linux-x86_64-debian-clang 0.3.0 20.02 33.44 53.46 NOTE
r-devel-linux-x86_64-debian-gcc 0.3.0 14.61 26.77 41.38 NOTE
r-devel-linux-x86_64-fedora-clang 0.3.0 87.44 NOTE
r-devel-linux-x86_64-fedora-gcc 0.3.0 81.51 NOTE
r-devel-windows-x86_64 0.3.0 31.00 89.00 120.00 NOTE
r-patched-linux-x86_64 0.3.0 18.26 31.22 49.48 NOTE
r-release-linux-x86_64 0.3.0 18.02 32.92 50.94 NOTE
r-release-macos-arm64 0.3.0 22.00 NOTE
r-release-macos-x86_64 0.3.0 35.00 NOTE
r-release-windows-x86_64 0.3.0 28.00 97.00 125.00 NOTE
r-oldrel-macos-arm64 0.3.0 27.00 NOTE
r-oldrel-macos-x86_64 0.3.0 48.00 NOTE
r-oldrel-windows-ix86+x86_64 0.3.0 51.00 84.00 135.00 NOTE

Check Details

Version: 0.3.0
Check: LazyData
Result: NOTE
     'LazyData' is specified without a 'data' directory
Flavors: r-devel-linux-x86_64-debian-clang, r-devel-linux-x86_64-debian-gcc, r-devel-linux-x86_64-fedora-clang, r-devel-linux-x86_64-fedora-gcc, r-devel-windows-x86_64, r-patched-linux-x86_64, r-release-linux-x86_64, r-release-macos-arm64, r-release-macos-x86_64, r-release-windows-x86_64, r-oldrel-macos-arm64, r-oldrel-macos-x86_64, r-oldrel-windows-ix86+x86_64