CRAN Package Check Results for Package decode

Last updated on 2023-09-29 19:58:31 CEST.

Flavor Version Tinstall Tcheck Ttotal Status Flags
r-devel-linux-x86_64-debian-clang 1.2 2.99 27.05 30.04 OK
r-devel-linux-x86_64-debian-gcc 1.2 2.79 20.95 23.74 OK
r-devel-linux-x86_64-fedora-clang 1.2 37.16 NOTE
r-devel-linux-x86_64-fedora-gcc 1.2 52.83 OK
r-devel-windows-x86_64 1.2 4.00 44.00 48.00 OK
r-patched-linux-x86_64 1.2 2.85 25.96 28.81 OK
r-release-linux-x86_64 1.2 3.79 25.95 29.74 OK
r-release-macos-arm64 1.2 26.00 OK
r-release-macos-x86_64 1.2 37.00 OK
r-release-windows-x86_64 1.2 4.00 43.00 47.00 OK
r-oldrel-macos-arm64 1.2 20.00 OK
r-oldrel-macos-x86_64 1.2 26.00 OK
r-oldrel-windows-x86_64 1.2 5.00 43.00 48.00 OK

Check Details

Version: 1.2
Check: installed package size
Result: NOTE
     installed size is 5.0Mb
     sub-directories of 1Mb or more:
     extdata 4.9Mb
Flavor: r-devel-linux-x86_64-fedora-clang