CRAN Package Check Results for Package decode

Last updated on 2022-12-09 23:52:04 CET.

Flavor Version Tinstall Tcheck Ttotal Status Flags
r-devel-linux-x86_64-debian-clang 1.2 3.88 28.88 32.76 OK
r-devel-linux-x86_64-debian-gcc 1.2 2.50 23.38 25.88 OK
r-devel-linux-x86_64-fedora-clang 1.2 47.31 NOTE
r-devel-linux-x86_64-fedora-gcc 1.2 63.01 OK
r-devel-windows-x86_64 1.2 15.00 66.00 81.00 OK
r-patched-linux-x86_64 1.2 3.55 25.21 28.76 OK
r-release-linux-x86_64 1.2 2.43 30.83 33.26 OK
r-release-macos-arm64 1.2 16.00 OK
r-release-macos-x86_64 1.2 26.00 OK
r-release-windows-x86_64 1.2 16.00 62.00 78.00 OK
r-oldrel-macos-arm64 1.2 25.00 OK
r-oldrel-macos-x86_64 1.2 32.00 OK
r-oldrel-windows-ix86+x86_64 1.2 7.00 49.00 56.00 OK

Check Details

Version: 1.2
Check: installed package size
Result: NOTE
     installed size is 5.0Mb
     sub-directories of 1Mb or more:
     extdata 4.9Mb
Flavor: r-devel-linux-x86_64-fedora-clang