CRAN Package Check Results for Package decon

Last updated on 2017-12-11 20:46:46 CET.

Flavor Version Tinstall Tcheck Ttotal Status Flags
r-devel-linux-x86_64-debian-clang 1.2-4 2.72 46.83 49.55 NOTE
r-devel-linux-x86_64-debian-gcc 1.2-4 2.70 37.34 40.04 NOTE
r-devel-linux-x86_64-fedora-clang 1.2-4 66.42 NOTE
r-devel-linux-x86_64-fedora-gcc 1.2-4 61.14 NOTE
r-devel-windows-ix86+x86_64 1.2-4 12.00 116.00 128.00 NOTE
r-patched-linux-x86_64 1.2-4 2.96 47.80 50.76 NOTE
r-patched-solaris-x86 1.2-4 118.90 NOTE
r-release-linux-x86_64 1.2-4 2.88 48.18 51.06 NOTE
r-release-windows-ix86+x86_64 1.2-4 8.00 116.00 124.00 NOTE
r-release-osx-x86_64 1.2-4 NOTE
r-oldrel-windows-ix86+x86_64 1.2-4 8.00 113.00 121.00 NOTE
r-oldrel-osx-x86_64 1.2-4 NOTE

Check Details

Version: 1.2-4
Check: R code for possible problems
Result: NOTE
    DeconCPdf: no visible global function definition for ‘bw.nrd0’
    DeconCPdf: no visible global function definition for ‘bw.nrd’
    DeconCPdf: no visible global function definition for ‘bw.ucv’
    DeconCPdf: no visible global function definition for ‘bw.bcv’
    DeconCPdf: no visible global function definition for ‘bw.SJ’
    DeconCPdf: no visible global function definition for ‘density’
    DeconCPdf: no visible global function definition for ‘dnorm’
    bw.dboot2 : suppL2: no visible global function definition for ‘density’
    bw.dboot2 : suppL2: no visible global function definition for ‘rnorm’
    bw.dboot2 : gaussL2: no visible global function definition for
     ‘density’
    bw.dboot2 : gaussL2: no visible global function definition for ‘rnorm’
    bw.dmise: no visible global function definition for ‘var’
    plot.Decon: no visible global function definition for ‘plot.default’
    plot.Decon: no visible global function definition for ‘abline’
    Undefined global functions or variables:
     abline bw.SJ bw.bcv bw.nrd bw.nrd0 bw.ucv density dnorm plot.default
     rnorm var
    Consider adding
     importFrom("graphics", "abline", "plot.default")
     importFrom("stats", "bw.SJ", "bw.bcv", "bw.nrd", "bw.nrd0", "bw.ucv",
     "density", "dnorm", "rnorm", "var")
    to your NAMESPACE file.
Flavors: r-devel-linux-x86_64-debian-clang, r-devel-linux-x86_64-debian-gcc, r-devel-linux-x86_64-fedora-clang, r-devel-linux-x86_64-fedora-gcc, r-devel-windows-ix86+x86_64, r-patched-linux-x86_64, r-patched-solaris-x86, r-release-linux-x86_64, r-release-windows-ix86+x86_64, r-release-osx-x86_64, r-oldrel-windows-ix86+x86_64, r-oldrel-osx-x86_64

Version: 1.2-4
Check: compiled code
Result: NOTE
    File ‘decon/libs/decon.so’:
     Found no calls to: ‘R_registerRoutines’, ‘R_useDynamicSymbols’
    
    It is good practice to register native routines and to disable symbol
    search.
    
    See ‘Writing portable packages’ in the ‘Writing R Extensions’ manual.
Flavors: r-devel-linux-x86_64-debian-clang, r-devel-linux-x86_64-debian-gcc, r-devel-linux-x86_64-fedora-clang, r-devel-linux-x86_64-fedora-gcc, r-patched-linux-x86_64, r-release-linux-x86_64