CRAN Package Check Results for Package deducorrect

Last updated on 2015-05-30 15:47:40.

Flavor Version Tinstall Tcheck Ttotal Status Flags
r-devel-linux-x86_64-debian-clang 1.3-5 1.04 22.01 23.05 NOTE
r-devel-linux-x86_64-debian-gcc 1.3-5 0.93 21.76 22.69 NOTE
r-devel-linux-x86_64-fedora-clang 1.3-5 49.11 NOTE
r-devel-linux-x86_64-fedora-gcc 1.3-5 44.15 NOTE
r-devel-osx-x86_64-clang 1.3-5 37.80 NOTE
r-devel-windows-ix86+x86_64 1.3-5 4.00 28.00 32.00 NOTE
r-patched-linux-x86_64 1.3-5 1.25 21.80 23.05 NOTE
r-patched-solaris-sparc 1.3-5 253.90 NOTE
r-patched-solaris-x86 1.3-5 54.40 NOTE
r-release-linux-x86_64 1.3-5 0.95 21.78 22.73 NOTE
r-release-osx-x86_64-mavericks 1.3-5 NOTE
r-release-osx-x86_64-snowleopard 1.3-5 ERROR
r-release-windows-ix86+x86_64 1.3-5 5.00 30.00 35.00 NOTE
r-oldrel-windows-ix86+x86_64 1.3-5 5.00 31.00 36.00 OK

Check Details

Version: 1.3-5
Check: DESCRIPTION meta-information
Result: NOTE
    Malformed Title field: should not end in a period.
Flavors: r-devel-linux-x86_64-debian-clang, r-devel-linux-x86_64-debian-gcc, r-devel-linux-x86_64-fedora-clang, r-devel-linux-x86_64-fedora-gcc, r-devel-osx-x86_64-clang, r-devel-windows-ix86+x86_64, r-patched-linux-x86_64, r-patched-solaris-sparc, r-patched-solaris-x86, r-release-linux-x86_64, r-release-osx-x86_64-mavericks, r-release-windows-ix86+x86_64

Version: 1.3-5
Check: package dependencies
Result: ERROR
    Package required but not available: ‘editrules’
    
    See section ‘The DESCRIPTION file’ in the ‘Writing R Extensions’
    manual.
Flavor: r-release-osx-x86_64-snowleopard