CRAN Package Check Results for Package deducorrect

Last updated on 2014-04-24 03:47:42.

Flavor Version Tinstall Tcheck Ttotal Status Flags
r-devel-linux-x86_64-debian-clang 1.3-4 1.26 19.68 20.94 NOTE
r-devel-linux-x86_64-debian-gcc 1.3-4 1.26 18.96 20.22 NOTE
r-devel-linux-x86_64-fedora-clang 1.3-4 60.26 NOTE
r-devel-linux-x86_64-fedora-gcc 1.3-4 58.00 NOTE
r-devel-osx-x86_64-clang 1.3-4 38.91 NOTE
r-devel-osx-x86_64-gcc 1.3-4 ERROR
r-devel-windows-ix86+x86_64 1.3-4 4.00 30.00 34.00 NOTE
r-patched-linux-x86_64 1.3-4 1.28 18.94 20.22 NOTE
r-patched-solaris-sparc 1.3-4 228.40 NOTE
r-patched-solaris-x86 1.3-4 75.90 NOTE
r-release-linux-ix86 1.3-4 3.00 37.00 40.00 NOTE
r-release-linux-x86_64 1.3-4 1.27 19.20 20.48 NOTE
r-release-osx-x86_64-mavericks 1.3-4 WARN
r-release-osx-x86_64-snowleopard 1.3-4 NOTE
r-release-windows-ix86+x86_64 1.3-4 5.00 32.00 37.00 NOTE
r-oldrel-windows-ix86+x86_64 1.3-4 5.00 35.00 40.00 NOTE

Check Details

Version: 1.3-4
Check: dependencies in R code
Result: NOTE
    Unexported objects imported by ':::' calls:
     ‘editrules:::eliminate.editarray’ ‘editrules:::getArr’
     ‘editrules:::getInd’ ‘editrules:::reduce.editarray’
     ‘editrules:::reduce.editmatrix’ ‘editrules:::substValue.editarray’
     See the note in ?`:::` about the use of this operator.
    See the information on DESCRIPTION files in the chapter ‘Creating R
    packages’ of the ‘Writing R Extensions’ manual.
Flavors: r-devel-linux-x86_64-debian-clang, r-devel-linux-x86_64-debian-gcc, r-devel-linux-x86_64-fedora-clang, r-devel-linux-x86_64-fedora-gcc, r-devel-osx-x86_64-clang, r-devel-windows-ix86+x86_64, r-patched-linux-x86_64, r-patched-solaris-sparc, r-patched-solaris-x86, r-release-linux-ix86, r-release-linux-x86_64, r-release-osx-x86_64-mavericks, r-release-osx-x86_64-snowleopard, r-release-windows-ix86+x86_64, r-oldrel-windows-ix86+x86_64

Version: 1.3-4
Check: top-level files
Result: NOTE
    Non-standard file/directory found at top level:
     ‘REFERENCES.bib’
Flavors: r-devel-linux-x86_64-fedora-clang, r-devel-linux-x86_64-fedora-gcc

Version: 1.3-4
Check: package dependencies
Result: ERROR
    Package required but not available: ‘editrules’
    
    See the information on DESCRIPTION files in the chapter ‘Creating R
    packages’ of the ‘Writing R Extensions’ manual.
Flavor: r-devel-osx-x86_64-gcc

Version: 1.3-4
Check: PDF version of manual
Result: WARNING
    LaTeX errors when creating PDF version.
    This typically indicates Rd problems.
    LaTeX errors found:
    ! LaTeX Error: File `upquote.sty' not found.
    
    Type X to quit or <RETURN> to proceed,
    or enter new name. (Default extension: sty)
    
    2e7c87cf/Rd2.tex:8: ==> Fatal error occurred, no output PDF file produced!
Flavor: r-release-osx-x86_64-mavericks