CRAN Package Check Results for Package deducorrect

Last updated on 2014-09-22 03:48:14.

Flavor Version Tinstall Tcheck Ttotal Status Flags
r-devel-linux-x86_64-debian-clang 1.3-4 1.14 25.99 27.12 NOTE
r-devel-linux-x86_64-debian-gcc 1.3-4 1.13 26.42 27.56 NOTE
r-devel-linux-x86_64-fedora-clang 1.3-4 58.80 NOTE
r-devel-linux-x86_64-fedora-gcc 1.3-4 55.93 NOTE
r-devel-osx-x86_64-clang 1.3-4 42.38 NOTE
r-devel-windows-ix86+x86_64 1.3-4 4.00 32.00 36.00 NOTE
r-patched-linux-x86_64 1.3-4 1.18 26.39 27.57 NOTE
r-patched-solaris-sparc 1.3-4 237.20 NOTE
r-patched-solaris-x86 1.3-4 54.60 NOTE
r-release-linux-ix86 1.3-4 1.70 27.07 28.77 NOTE
r-release-linux-x86_64 1.3-4 1.30 27.38 28.69 NOTE
r-release-osx-x86_64-mavericks 1.3-4 NOTE
r-release-osx-x86_64-snowleopard 1.3-4 NOTE
r-release-windows-ix86+x86_64 1.3-4 4.00 31.00 35.00 NOTE
r-oldrel-windows-ix86+x86_64 1.3-4 5.00 34.00 39.00 NOTE

Check Details

Version: 1.3-4
Check: top-level files
Result: NOTE
    Non-standard file/directory found at top level:
     ‘REFERENCES.bib’
Flavors: r-devel-linux-x86_64-debian-clang, r-devel-linux-x86_64-debian-gcc, r-devel-linux-x86_64-fedora-clang, r-devel-linux-x86_64-fedora-gcc, r-patched-linux-x86_64, r-release-linux-x86_64

Version: 1.3-4
Check: dependencies in R code
Result: NOTE
    Unexported objects imported by ':::' calls:
     ‘editrules:::eliminate.editarray’ ‘editrules:::getArr’
     ‘editrules:::getInd’ ‘editrules:::reduce.editarray’
     ‘editrules:::reduce.editmatrix’ ‘editrules:::substValue.editarray’
     See the note in ?`:::` about the use of this operator.
    See the information on DESCRIPTION files in the chapter ‘Creating R
    packages’ of the ‘Writing R Extensions’ manual.
Flavors: r-devel-linux-x86_64-debian-clang, r-devel-linux-x86_64-debian-gcc, r-devel-linux-x86_64-fedora-clang, r-devel-linux-x86_64-fedora-gcc, r-devel-osx-x86_64-clang, r-devel-windows-ix86+x86_64, r-patched-linux-x86_64, r-patched-solaris-sparc, r-patched-solaris-x86, r-release-linux-ix86, r-release-linux-x86_64, r-release-osx-x86_64-mavericks, r-release-osx-x86_64-snowleopard, r-release-windows-ix86+x86_64, r-oldrel-windows-ix86+x86_64