CRAN Package Check Results for Package deducorrect

Last updated on 2015-07-04 06:47:26.

Flavor Version Tinstall Tcheck Ttotal Status Flags
r-devel-linux-x86_64-debian-clang 1.3-5 0.94 21.86 22.81 NOTE
r-devel-linux-x86_64-debian-gcc 1.3-5 0.93 22.76 23.69 NOTE
r-devel-linux-x86_64-fedora-clang 1.3-5 44.43 NOTE
r-devel-linux-x86_64-fedora-gcc 1.3-5 45.10 NOTE
r-devel-osx-x86_64-clang 1.3-5 32.13 NOTE
r-devel-windows-ix86+x86_64 1.3-5 8.00 29.00 37.00 NOTE
r-patched-linux-x86_64 1.3-5 0.99 21.79 22.78 NOTE
r-patched-solaris-sparc 1.3-5 253.90 NOTE
r-patched-solaris-x86 1.3-5 58.40 NOTE
r-release-linux-x86_64 1.3-5 0.94 21.94 22.88 NOTE
r-release-osx-x86_64-mavericks 1.3-5 NOTE
r-release-windows-ix86+x86_64 1.3-5 7.00 46.00 53.00 NOTE
r-oldrel-windows-ix86+x86_64 1.3-5 6.00 40.00 46.00 OK

Check Details

Version: 1.3-5
Check: DESCRIPTION meta-information
Result: NOTE
    Malformed Title field: should not end in a period.
Flavors: r-devel-linux-x86_64-debian-clang, r-devel-linux-x86_64-debian-gcc, r-devel-linux-x86_64-fedora-clang, r-devel-linux-x86_64-fedora-gcc, r-devel-osx-x86_64-clang, r-devel-windows-ix86+x86_64, r-patched-linux-x86_64, r-patched-solaris-sparc, r-patched-solaris-x86, r-release-linux-x86_64, r-release-osx-x86_64-mavericks, r-release-windows-ix86+x86_64

Version: 1.3-5
Check: R code for possible problems
Result: NOTE
    correctRounding.editmatrix: no visible global function definition for
     ‘complete.cases’
    correctSigns.editmatrix: no visible global function definition for
     ‘complete.cases’
    correctTypos.editmatrix: no visible global function definition for
     ‘complete.cases’
    deduImpute.editset: no visible binding for global variable ‘new’
    getSignCorrection: no visible global function definition for ‘combn’
    hellerTompkins: no visible global function definition for ‘combn’
    newdeducorrect: no visible global function definition for ‘addmargins’
    Undefined global functions or variables:
     addmargins combn complete.cases new
Flavors: r-devel-linux-x86_64-debian-clang, r-devel-linux-x86_64-debian-gcc, r-devel-linux-x86_64-fedora-clang, r-devel-linux-x86_64-fedora-gcc, r-devel-windows-ix86+x86_64