CRAN Package Check Results for Package deducorrect

Last updated on 2015-04-24 23:46:38.

Flavor Version Tinstall Tcheck Ttotal Status Flags
r-devel-linux-x86_64-debian-clang 1.3-5 0.96 22.08 23.04 NOTE
r-devel-linux-x86_64-debian-gcc 1.3-5 0.98 22.10 23.08 NOTE
r-devel-linux-x86_64-fedora-clang 1.3-5 46.54 NOTE
r-devel-linux-x86_64-fedora-gcc 1.3-5 45.14 NOTE
r-devel-osx-x86_64-clang 1.3-5 37.40 NOTE
r-devel-windows-ix86+x86_64 1.3-5 5.00 28.00 33.00 NOTE
r-patched-linux-x86_64 1.3-5 1.16 22.01 23.17 NOTE
r-patched-solaris-sparc 1.3-5 237.10 NOTE
r-patched-solaris-x86 1.3-5 51.20 NOTE
r-release-linux-x86_64 1.3-5 0.98 22.08 23.05 NOTE
r-release-osx-x86_64-mavericks 1.3-5 NOTE
r-release-osx-x86_64-snowleopard 1.3-5 ERROR
r-release-windows-ix86+x86_64 1.3-5 5.00 30.00 35.00 NOTE
r-oldrel-windows-ix86+x86_64 1.3-5 3.00 40.00 43.00 OK

Check Details

Version: 1.3-5
Check: DESCRIPTION meta-information
Result: NOTE
    Malformed Title field: should not end in a period.
Flavors: r-devel-linux-x86_64-debian-gcc, r-devel-windows-ix86+x86_64, r-patched-linux-x86_64, r-release-windows-ix86+x86_64