CRAN Package Check Results for Package deducorrect

Last updated on 2015-03-31 11:49:40.

Flavor Version Tinstall Tcheck Ttotal Status Flags
r-devel-linux-x86_64-debian-clang 1.3-5 1.03 22.20 23.23 NOTE
r-devel-linux-x86_64-debian-gcc 1.3-5 0.98 22.24 23.22 NOTE
r-devel-linux-x86_64-fedora-clang 1.3-5 47.20 NOTE
r-devel-linux-x86_64-fedora-gcc 1.3-5 43.91 NOTE
r-devel-osx-x86_64-clang 1.3-5 41.25 NOTE
r-prerel-windows-ix86+x86_64 1.3-5 4.00 29.00 33.00 NOTE
r-prerel-linux-x86_64 1.3-5 0.96 22.40 23.35 NOTE
r-prerel-solaris-sparc 1.3-5 237.10 NOTE
r-prerel-solaris-x86 1.3-5 54.10 NOTE
r-release-linux-x86_64 1.3-5 1.37 23.97 25.34 OK
r-release-osx-x86_64-mavericks 1.3-5 OK
r-release-osx-x86_64-snowleopard 1.3-5 OK
r-release-windows-ix86+x86_64 1.3-5 5.00 36.00 41.00 OK
r-oldrel-windows-ix86+x86_64 1.3-5 7.00 34.00 41.00 OK

Check Details

Version: 1.3-5
Check: DESCRIPTION meta-information
Result: NOTE
    Malformed Title field: should not end in a period.
Flavors: r-devel-linux-x86_64-debian-clang, r-devel-linux-x86_64-debian-gcc, r-devel-linux-x86_64-fedora-clang, r-devel-linux-x86_64-fedora-gcc, r-devel-osx-x86_64-clang, r-prerel-windows-ix86+x86_64, r-prerel-linux-x86_64, r-prerel-solaris-sparc, r-prerel-solaris-x86