CRAN Package Check Results for Package deepMOU

Last updated on 2021-04-12 19:49:15 CEST.

Flavor Version Tinstall Tcheck Ttotal Status Flags
r-devel-linux-x86_64-debian-clang 0.1.1 6.72 64.45 71.17 OK
r-devel-linux-x86_64-debian-gcc 0.1.1 5.25 46.38 51.63 OK
r-devel-linux-x86_64-fedora-clang 0.1.1 90.81 NOTE
r-devel-linux-x86_64-fedora-gcc 0.1.1 77.95 NOTE
r-devel-windows-ix86+x86_64 0.1.1 16.00 84.00 100.00 OK
r-devel-windows-x86_64-gcc10-UCRT 0.1.1 NOTE
r-patched-linux-x86_64 0.1.1 5.99 58.27 64.26 OK
r-patched-solaris-x86 0.1.1 122.20 NOTE
r-release-linux-x86_64 0.1.1 5.54 58.90 64.44 OK
r-release-macos-x86_64 0.1.1 NOTE
r-release-windows-ix86+x86_64 0.1.1 20.00 82.00 102.00 OK
r-oldrel-macos-x86_64 0.1.1 NOTE
r-oldrel-windows-ix86+x86_64 0.1.1 10.00 63.00 73.00 OK

Check Details

Version: 0.1.1
Check: dependencies in R code
Result: NOTE
    Namespace in Imports field not imported from: ‘dplyr’
     All declared Imports should be used.
Flavors: r-devel-linux-x86_64-fedora-clang, r-devel-linux-x86_64-fedora-gcc, r-devel-windows-x86_64-gcc10-UCRT, r-patched-solaris-x86, r-release-macos-x86_64, r-oldrel-macos-x86_64