CRAN Package Check Results for Package deformula

Last updated on 2019-04-23 16:50:33 CEST.

Flavor Version Tinstall Tcheck Ttotal Status Flags
r-devel-linux-x86_64-debian-clang 0.1.1 3.48 16.10 19.58 OK
r-devel-linux-x86_64-debian-gcc 0.1.1 2.60 12.91 15.51 OK
r-devel-linux-x86_64-fedora-clang 0.1.1 25.21 NOTE
r-devel-linux-x86_64-fedora-gcc 0.1.1 22.53 NOTE
r-devel-windows-ix86+x86_64 0.1.1 14.00 39.00 53.00 OK
r-patched-linux-x86_64 0.1.1 3.43 16.06 19.49 OK
r-patched-solaris-x86 0.1.1 38.30 OK
r-release-linux-x86_64 0.1.1 2.64 14.96 17.60 OK
r-release-windows-ix86+x86_64 0.1.1 9.00 39.00 48.00 OK
r-release-osx-x86_64 0.1.1 OK
r-oldrel-windows-ix86+x86_64 0.1.1 10.00 36.00 46.00 OK
r-oldrel-osx-x86_64 0.1.1 OK

Additional issues

rchk

Check Details

Version: 0.1.1
Check: compiled code
Result: NOTE
    File ‘deformula/libs/deformula.so’:
     Found no call to: ‘R_useDynamicSymbols’
    
    It is good practice to register native routines and to disable symbol
    search.
    
    See ‘Writing portable packages’ in the ‘Writing R Extensions’ manual.
Flavors: r-devel-linux-x86_64-fedora-clang, r-devel-linux-x86_64-fedora-gcc