CRAN Package Check Results for Package deformula

Last updated on 2019-07-19 03:46:47 CEST.

Flavor Version Tinstall Tcheck Ttotal Status Flags
r-devel-linux-x86_64-debian-clang 0.1.1 3.65 15.98 19.63 OK
r-devel-linux-x86_64-debian-gcc 0.1.1 2.47 13.96 16.43 OK
r-devel-linux-x86_64-fedora-clang 0.1.1 25.41 NOTE
r-devel-linux-x86_64-fedora-gcc 0.1.1 22.98 NOTE
r-devel-windows-ix86+x86_64 0.1.1 12.00 39.00 51.00 OK
r-patched-linux-x86_64 0.1.1 3.29 15.87 19.16 OK
r-patched-solaris-x86 0.1.1 42.00 OK
r-release-linux-x86_64 0.1.1 2.97 15.83 18.80 OK
r-release-windows-ix86+x86_64 0.1.1 11.00 59.00 70.00 OK
r-release-osx-x86_64 0.1.1 OK
r-oldrel-windows-ix86+x86_64 0.1.1 9.00 39.00 48.00 OK
r-oldrel-osx-x86_64 0.1.1 OK

Additional issues

rchk

Check Details

Version: 0.1.1
Check: compiled code
Result: NOTE
    File ‘deformula/libs/deformula.so’:
     Found no call to: ‘R_useDynamicSymbols’
    
    It is good practice to register native routines and to disable symbol
    search.
    
    See ‘Writing portable packages’ in the ‘Writing R Extensions’ manual.
Flavors: r-devel-linux-x86_64-fedora-clang, r-devel-linux-x86_64-fedora-gcc