CRAN Package Check Results for Package degreenet

Last updated on 2014-04-24 17:49:42.

Flavor Version Tinstall Tcheck Ttotal Status Flags
r-devel-linux-x86_64-debian-clang 1.2 1.40 52.93 54.33 OK
r-devel-linux-x86_64-debian-gcc 1.2 1.54 53.21 54.74 OK
r-devel-linux-x86_64-fedora-clang 1.2 104.19 NOTE
r-devel-linux-x86_64-fedora-gcc 1.2 101.05 NOTE
r-devel-osx-x86_64-clang 1.2 73.98 OK
r-devel-osx-x86_64-gcc 1.2 OK
r-devel-windows-ix86+x86_64 1.2 7.00 106.00 113.00 OK
r-patched-linux-x86_64 1.2 1.47 53.50 54.96 OK
r-patched-solaris-sparc 1.2 606.80 OK
r-patched-solaris-x86 1.2 115.60 OK
r-release-linux-ix86 1.2 3.00 87.00 90.00 OK
r-release-linux-x86_64 1.2 1.52 53.29 54.81 OK
r-release-osx-x86_64-mavericks 1.2 WARN
r-release-windows-ix86+x86_64 1.2 8.00 107.00 115.00 OK
r-oldrel-windows-ix86+x86_64 1.2 8.00 114.00 122.00 OK

Check Details

Version: 1.2
Check: Rd line widths
Result: NOTE
    Rd file 'llyule.Rd':
     \usage lines wider than 90 characters:
     llyule(v, x, cutoff=1,cutabove=1000,xr=1:10000,hellinger=FALSE, weights = rep(1, length(x)))
    
    These lines will be truncated in the PDF manual.
Flavors: r-devel-linux-x86_64-fedora-clang, r-devel-linux-x86_64-fedora-gcc

Version: 1.2
Check: PDF version of manual
Result: WARNING
    LaTeX errors when creating PDF version.
    This typically indicates Rd problems.
    LaTeX errors found:
    ! LaTeX Error: File `upquote.sty' not found.
    
    Type X to quit or <RETURN> to proceed,
    or enter new name. (Default extension: sty)
    
    5d037a23/Rd2.tex:8: ==> Fatal error occurred, no output PDF file produced!
Flavor: r-release-osx-x86_64-mavericks