CRAN Package Check Results for Package degreenet

Last updated on 2014-10-25 05:48:35.

Flavor Version Tinstall Tcheck Ttotal Status Flags
r-devel-linux-x86_64-debian-clang 1.2 1.42 52.11 53.53 NOTE
r-devel-linux-x86_64-debian-gcc 1.2 1.47 51.04 52.52 NOTE
r-devel-linux-x86_64-fedora-clang 1.2 97.92 NOTE
r-devel-linux-x86_64-fedora-gcc 1.2 98.83 NOTE
r-devel-osx-x86_64-clang 1.2 86.08 NOTE
r-devel-windows-ix86+x86_64 1.2 7.00 103.00 110.00 NOTE
r-patched-linux-x86_64 1.2 1.49 55.42 56.91 NOTE
r-patched-solaris-sparc 1.2 613.00 NOTE
r-patched-solaris-x86 1.2 120.50 NOTE
r-release-linux-ix86 1.2 2.09 71.04 73.13 OK
r-release-linux-x86_64 1.2 1.51 52.87 54.38 NOTE
r-release-osx-x86_64-mavericks 1.2 OK
r-release-windows-ix86+x86_64 1.2 6.00 106.00 112.00 OK
r-oldrel-windows-ix86+x86_64 1.2 7.00 104.00 111.00 OK

Check Details

Version: 1.2
Check: R code for possible problems
Result: NOTE
    reedmolloy: no visible global function definition for
     ‘network.initialize’
    reedmolloy: no visible global function definition for ‘add.edges’
    ryule: no visible global function definition for ‘network’
Flavors: r-devel-linux-x86_64-debian-clang, r-devel-linux-x86_64-debian-gcc, r-devel-linux-x86_64-fedora-clang, r-devel-linux-x86_64-fedora-gcc, r-devel-osx-x86_64-clang, r-devel-windows-ix86+x86_64, r-patched-linux-x86_64, r-patched-solaris-sparc, r-patched-solaris-x86

Version: 1.2
Check: Rd line widths
Result: NOTE
    Rd file 'llyule.Rd':
     \usage lines wider than 90 characters:
     llyule(v, x, cutoff=1,cutabove=1000,xr=1:10000,hellinger=FALSE, weights = rep(1, length(x)))
    
    These lines will be truncated in the PDF manual.
Flavors: r-devel-linux-x86_64-debian-clang, r-devel-linux-x86_64-debian-gcc, r-devel-linux-x86_64-fedora-clang, r-devel-linux-x86_64-fedora-gcc, r-patched-linux-x86_64, r-release-linux-x86_64