CRAN Package Check Results for Package degreenet

Last updated on 2014-11-27 19:49:44.

Flavor Version Tinstall Tcheck Ttotal Status Flags
r-devel-linux-x86_64-debian-clang 1.2 1.36 51.42 52.79 NOTE
r-devel-linux-x86_64-debian-gcc 1.2 1.41 49.81 51.22 NOTE
r-devel-linux-x86_64-fedora-clang 1.2 102.94 NOTE
r-devel-linux-x86_64-fedora-gcc 1.2 103.13 NOTE
r-devel-osx-x86_64-clang 1.2 81.83 NOTE
r-devel-windows-ix86+x86_64 1.2 7.00 104.00 111.00 NOTE
r-patched-linux-x86_64 1.2 1.47 52.40 53.87 NOTE
r-patched-solaris-sparc 1.2 613.00 NOTE
r-patched-solaris-x86 1.2 119.90 NOTE
r-release-linux-ix86 1.2 2.04 68.02 70.06 NOTE
r-release-linux-x86_64 1.2 1.52 52.80 54.32 NOTE
r-release-osx-x86_64-mavericks 1.2 OK
r-release-windows-ix86+x86_64 1.2 7.00 114.00 121.00 NOTE
r-oldrel-windows-ix86+x86_64 1.2 7.00 111.00 118.00 OK

Check Details

Version: 1.2
Check: R code for possible problems
Result: NOTE
    reedmolloy: no visible global function definition for
     ‘network.initialize’
    reedmolloy: no visible global function definition for ‘add.edges’
    ryule: no visible global function definition for ‘network’
Flavors: r-devel-linux-x86_64-debian-clang, r-devel-linux-x86_64-debian-gcc, r-devel-linux-x86_64-fedora-clang, r-devel-linux-x86_64-fedora-gcc, r-devel-osx-x86_64-clang, r-devel-windows-ix86+x86_64, r-patched-linux-x86_64, r-patched-solaris-sparc, r-patched-solaris-x86, r-release-linux-ix86, r-release-linux-x86_64, r-release-windows-ix86+x86_64

Version: 1.2
Check: Rd line widths
Result: NOTE
    Rd file 'llyule.Rd':
     \usage lines wider than 90 characters:
     llyule(v, x, cutoff=1,cutabove=1000,xr=1:10000,hellinger=FALSE, weights = rep(1, length(x)))
    
    These lines will be truncated in the PDF manual.
Flavors: r-devel-linux-x86_64-debian-clang, r-devel-linux-x86_64-debian-gcc, r-devel-linux-x86_64-fedora-clang, r-devel-linux-x86_64-fedora-gcc, r-patched-linux-x86_64, r-release-linux-x86_64