CRAN Package Check Results for Package degreenet

Last updated on 2015-03-02 13:47:01.

Flavor Version Tinstall Tcheck Ttotal Status Flags
r-devel-linux-x86_64-debian-clang 1.2 1.36 50.30 51.66 NOTE
r-devel-linux-x86_64-debian-gcc 1.2 1.39 49.67 51.06 NOTE
r-devel-linux-x86_64-fedora-clang 1.2 100.55 NOTE
r-devel-linux-x86_64-fedora-gcc 1.2 91.77 NOTE
r-devel-osx-x86_64-clang 1.2 81.36 NOTE
r-devel-windows-ix86+x86_64 1.2 14.00 132.00 146.00 NOTE
r-patched-linux-x86_64 1.2 1.50 52.90 54.40 NOTE
r-patched-solaris-sparc 1.2 675.10 NOTE
r-patched-solaris-x86 1.2 118.10 NOTE
r-release-linux-ix86 1.2 2.06 70.00 72.06 NOTE
r-release-linux-x86_64 1.2 1.43 53.90 55.33 NOTE
r-release-osx-x86_64-mavericks 1.2 NOTE
r-release-windows-ix86+x86_64 1.2 18.00 127.00 145.00 NOTE
r-oldrel-windows-ix86+x86_64 1.2 8.00 154.00 162.00 OK

Check Details

Version: 1.2
Check: dependencies in R code
Result: NOTE
    'library' or 'require' call to ‘network’ in package code.
     Please use :: or requireNamespace() instead.
     See section 'Suggested packages' in the 'Writing R Extensions' manual.
Flavors: r-devel-linux-x86_64-debian-clang, r-devel-linux-x86_64-debian-gcc, r-devel-linux-x86_64-fedora-clang, r-devel-linux-x86_64-fedora-gcc, r-devel-osx-x86_64-clang, r-devel-windows-ix86+x86_64, r-patched-linux-x86_64, r-patched-solaris-sparc, r-patched-solaris-x86

Version: 1.2
Check: R code for possible problems
Result: NOTE
    reedmolloy: no visible global function definition for
     ‘network.initialize’
    reedmolloy: no visible global function definition for ‘add.edges’
    ryule: no visible global function definition for ‘network’
Flavors: r-devel-linux-x86_64-debian-clang, r-devel-linux-x86_64-debian-gcc, r-devel-linux-x86_64-fedora-clang, r-devel-linux-x86_64-fedora-gcc, r-devel-osx-x86_64-clang, r-devel-windows-ix86+x86_64, r-patched-linux-x86_64, r-patched-solaris-sparc, r-patched-solaris-x86, r-release-linux-ix86, r-release-linux-x86_64, r-release-osx-x86_64-mavericks, r-release-windows-ix86+x86_64

Version: 1.2
Check: Rd line widths
Result: NOTE
    Rd file 'llyule.Rd':
     \usage lines wider than 90 characters:
     llyule(v, x, cutoff=1,cutabove=1000,xr=1:10000,hellinger=FALSE, weights = rep(1, length(x)))
    
    These lines will be truncated in the PDF manual.
Flavors: r-devel-linux-x86_64-debian-clang, r-devel-linux-x86_64-debian-gcc, r-devel-linux-x86_64-fedora-clang, r-devel-linux-x86_64-fedora-gcc, r-patched-linux-x86_64, r-release-linux-ix86, r-release-linux-x86_64