CRAN Package Check Results for Package degreenet

Last updated on 2015-05-25 11:48:19.

Flavor Version Tinstall Tcheck Ttotal Status Flags
r-devel-linux-x86_64-debian-clang 1.3-1 1.47 42.94 44.40 OK
r-devel-linux-x86_64-debian-gcc 1.3-1 1.56 43.45 45.01 OK
r-devel-linux-x86_64-fedora-clang 1.3-1 82.20 OK
r-devel-linux-x86_64-fedora-gcc 1.3-1 77.36 OK
r-devel-osx-x86_64-clang 1.3-1 72.45 OK
r-devel-windows-ix86+x86_64 1.3-1 9.00 74.00 83.00 OK
r-patched-linux-x86_64 1.3-1 1.48 41.66 43.14 OK
r-patched-solaris-sparc 1.3-1 529.50 OK
r-patched-solaris-x86 1.3-1 95.80 OK
r-release-linux-x86_64 1.3-1 1.54 42.60 44.14 OK
r-release-osx-x86_64-mavericks 1.3-1 OK
r-release-osx-x86_64-snowleopard 1.3-1 ERROR
r-release-windows-ix86+x86_64 1.3-1 9.00 76.00 85.00 OK
r-oldrel-windows-ix86+x86_64 1.3-1 8.00 77.00 85.00 OK

Check Details

Version: 1.3-1
Check: package dependencies
Result: ERROR
    Package required but not available: ‘igraph’
    
    See section ‘The DESCRIPTION file’ in the ‘Writing R Extensions’
    manual.
Flavor: r-release-osx-x86_64-snowleopard