CRAN Package Check Results for Package degreenet

Last updated on 2015-08-29 13:48:05.

Flavor Version Tinstall Tcheck Ttotal Status Flags
r-devel-linux-x86_64-debian-clang 1.3-1 1.38 43.17 44.55 NOTE
r-devel-linux-x86_64-debian-gcc 1.3-1 1.37 40.86 42.23 NOTE
r-devel-linux-x86_64-fedora-clang 1.3-1 80.67 NOTE
r-devel-linux-x86_64-fedora-gcc 1.3-1 76.81 NOTE
r-devel-osx-x86_64-clang 1.3-1 68.50 OK
r-devel-windows-ix86+x86_64 1.3-1 14.00 88.00 102.00 NOTE
r-patched-linux-x86_64 1.3-1 1.48 42.75 44.24 OK
r-patched-solaris-sparc 1.3-1 526.40 OK
r-patched-solaris-x86 1.3-1 100.70 OK
r-release-linux-x86_64 1.3-1 1.49 42.46 43.95 OK
r-release-osx-x86_64-mavericks 1.3-1 OK
r-release-windows-ix86+x86_64 1.3-1 12.00 115.00 127.00 OK
r-oldrel-windows-ix86+x86_64 1.3-1 15.00 105.00 120.00 OK

Check Details

Version: 1.3-1
Check: R code for possible problems
Result: NOTE
    acmpmle: no visible global function definition for ‘optim’
    adpmle: no visible global function definition for ‘optim’
    adpmlef: no visible global function definition for ‘optimize’
    adqemle: no visible global function definition for ‘optim’
    ageomle: no visible global function definition for ‘optim’
    ageomle: no visible global function definition for ‘dgeom’
    aghdimle: no visible global function definition for ‘optim’
    agpmle: no visible global function definition for ‘optim’
    agpmle: no visible global function definition for ‘pgeom’
    agpmle: no visible global function definition for ‘dgeom’
    agwmle: no visible global function definition for ‘optim’
    agy0mle: no visible global function definition for ‘optim’
    agymle: no visible global function definition for ‘optim’
    amle: no visible global function definition for ‘optim’
    anb0mle: no visible global function definition for ‘optim’
    anbmle: no visible global function definition for ‘optim’
    anbmle: no visible global function definition for ‘dnbinom’
    anbwmle: no visible global function definition for ‘optim’
    anby0mle: no visible global function definition for ‘optim’
    anbymle: no visible global function definition for ‘optim’
    apemle: no visible global function definition for ‘optim’
    aplnmle: no visible global function definition for ‘optim’
    apoimle: no visible global function definition for ‘optim’
    apoimle: no visible global function definition for ‘dpois’
    asgeomle: no visible global function definition for ‘optim’
    asgeomle: no visible global function definition for ‘dgeom’
    asgeomle: no visible global function definition for ‘pgeom’
    awarmle: no visible global function definition for ‘optim’
    ayulemle: no visible global function definition for ‘optim’
    ayulemlef: no visible global function definition for ‘optimize’
    bootstrapdp: no visible global function definition for ‘quantile’
    bootstrapdpconc: no visible global function definition for ‘quantile’
    bootstrapgdp: no visible global function definition for ‘quantile’
    bootstrapgdpconc: no visible global function definition for ‘quantile’
    bootstrapgnbconc: no visible global function definition for ‘quantile’
    bootstrapgnbyconc: no visible global function definition for ‘quantile’
    bootstrapgplnconc: no visible global function definition for ‘quantile’
    bootstrapgwar: no visible global function definition for ‘quantile’
    bootstrapgwarconc: no visible global function definition for ‘quantile’
    bootstrapgyule: no visible global function definition for ‘quantile’
    bootstrapgyuleconc: no visible global function definition for
     ‘quantile’
    bootstrapnb: no visible global function definition for ‘quantile’
    bootstrapnbconc: no visible global function definition for ‘quantile’
    bootstrapnbyconc: no visible global function definition for ‘quantile’
    bootstrappe: no visible global function definition for ‘quantile’
    bootstrappeconc: no visible global function definition for ‘quantile’
    bootstrappln: no visible global function definition for ‘quantile’
    bootstrapplnconc: no visible global function definition for ‘quantile’
    bootstraprdp: no visible global function definition for ‘quantile’
    bootstraprgw: no visible global function definition for ‘quantile’
    bootstraprpln: no visible global function definition for ‘quantile’
    bootstraprwar: no visible global function definition for ‘quantile’
    bootstrapryule: no visible global function definition for ‘quantile’
    bootstrapwar: no visible global function definition for ‘quantile’
    bootstrapwarconc: no visible global function definition for ‘quantile’
    bootstrapyule: no visible global function definition for ‘quantile’
    bootstrapyuleconc: no visible global function definition for ‘quantile’
    bootstrapzipf: no visible global function definition for ‘quantile’
    bsdp: no visible global function definition for ‘quantile’
    bsnb: no visible global function definition for ‘quantile’
    bspln: no visible global function definition for ‘quantile’
    bswar: no visible global function definition for ‘quantile’
    bsyule: no visible global function definition for ‘quantile’
    cmp.mutonatural: no visible global function definition for ‘optim’
    dgeodp: no visible global function definition for ‘pgeom’
    dgeodp: no visible global function definition for ‘dgeom’
    dgwar: no visible global function definition for ‘pgeom’
    dgwar: no visible global function definition for ‘dgeom’
    dgyule: no visible global function definition for ‘pgeom’
    dgyule: no visible global function definition for ‘dgeom’
    dgyuleb: no visible global function definition for ‘pgeom’
    dgyuleb: no visible global function definition for ‘dgeom’
    dnb: no visible global function definition for ‘dnbinom’
    dnbwar: no visible global function definition for ‘pnbinom’
    dnbwar: no visible global function definition for ‘dnbinom’
    dnbyule: no visible global function definition for ‘pnbinom’
    dnbyule: no visible global function definition for ‘dnbinom’
    dnbyuleb: no visible global function definition for ‘pnbinom’
    dnbyuleb: no visible global function definition for ‘dnbinom’
    gcmpmle: no visible global function definition for ‘optim’
    gdpmle: no visible global function definition for ‘optim’
    ggeodpmle: no visible global function definition for ‘optim’
    ggeodpmle: no visible global function definition for ‘pgeom’
    ggeodpmle: no visible global function definition for ‘dgeom’
    ggeomle: no visible global function definition for ‘optim’
    ggeomle: no visible global function definition for ‘dgeom’
    ggymle: no visible global function definition for ‘optim’
    gllcmp: no visible binding for global variable ‘pdf’
    gllcmp.narrow: no visible binding for global variable ‘pdf’
    gnbmle: no visible global function definition for ‘optim’
    gnbmle: no visible global function definition for ‘dnbinom’
    gnbymle: no visible global function definition for ‘optim’
    gplnmle: no visible global function definition for ‘optim’
    gpoimle: no visible global function definition for ‘optim’
    gwarmle: no visible global function definition for ‘optim’
    gyulemle: no visible global function definition for ‘optim’
    llgeo: no visible global function definition for ‘dgeom’
    llggeo: no visible global function definition for ‘dgeom’
    llggeo: no visible global function definition for ‘pgeom’
    llgnb: no visible global function definition for ‘pnbinom’
    llgnb: no visible global function definition for ‘dnbinom’
    llgp.good: no visible global function definition for ‘pgeom’
    llgp.good: no visible global function definition for ‘dgeom’
    llgpoi: no visible global function definition for ‘dpois’
    llnb: no visible global function definition for ‘pnbinom’
    llnb0: no visible global function definition for ‘dnbinom’
    llnb0: no visible global function definition for ‘pnbinom’
    llnbzero: no visible global function definition for ‘dnbinom’
    llnbzero: no visible global function definition for ‘pnbinom’
    llpoi: no visible global function definition for ‘dpois’
    llrnb: no visible global function definition for ‘pnbinom’
    llrnb: no visible global function definition for ‘dnbinom’
    llsgeo: no visible global function definition for ‘dgeom’
    llsgeo: no visible global function definition for ‘pgeom’
    mands: no visible global function definition for ‘dgeom’
    mands: no visible global function definition for ‘dnbinom’
    mands: no visible global function definition for ‘dpois’
    mands: no visible global function definition for ‘ppois’
    mands: no visible global function definition for ‘pnbinom’
    plotcdf: no visible global function definition for ‘dnbinom’
    plotcdf: no visible global function definition for ‘pnbinom’
    plotcdf: no visible global function definition for ‘dpois’
    plotcdf: no visible global function definition for ‘ppois’
    plotcdf: no visible global function definition for ‘qgamma’
    plotcdf: no visible global function definition for ‘dgamma’
    plotcdf: no visible global function definition for ‘pgamma’
    plotcdf: no visible global function definition for ‘lines’
    plotcdf: no visible global function definition for ‘points’
    plotcdf: no visible global function definition for ‘plot’
    rdpmle: no visible global function definition for ‘optim’
    reedmolloy: no visible global function definition for ‘runif’
    reporting: no visible global function definition for ‘rpois’
    reporting: no visible global function definition for ‘runif’
    reporting: no visible global function definition for ‘rbinom’
    rgwfmle: no visible global function definition for ‘optim’
    rgwmle: no visible global function definition for ‘optim’
    rgwpmle: no visible global function definition for ‘optim’
    rgymle: no visible global function definition for ‘optim’
    rnbmle: no visible global function definition for ‘optim’
    rnbmle: no visible global function definition for ‘dnbinom’
    rnbwmle: no visible global function definition for ‘optim’
    rplnmle: no visible global function definition for ‘optim’
    rwarmle: no visible global function definition for ‘optim’
    ryulemle: no visible global function definition for ‘optim’
    ryulemlef: no visible global function definition for ‘optimize’
    simnb: no visible global function definition for ‘dnbinom’
    Undefined global functions or variables:
     dgamma dgeom dnbinom dpois lines optim optimize pdf pgamma pgeom plot
     pnbinom points ppois qgamma quantile rbinom rpois runif
    Consider adding
     importFrom("grDevices", "pdf")
     importFrom("graphics", "lines", "plot", "points")
     importFrom("stats", "dgamma", "dgeom", "dnbinom", "dpois", "optim",
     "optimize", "pgamma", "pgeom", "pnbinom", "ppois", "qgamma",
     "quantile", "rbinom", "rpois", "runif")
    to your NAMESPACE.
Flavors: r-devel-linux-x86_64-debian-clang, r-devel-linux-x86_64-debian-gcc, r-devel-linux-x86_64-fedora-clang, r-devel-linux-x86_64-fedora-gcc, r-devel-windows-ix86+x86_64