CRAN Package Check Results for Package degreenet

Last updated on 2014-07-28 19:51:27.

Flavor Version Tinstall Tcheck Ttotal Status Flags
r-devel-linux-x86_64-debian-clang 1.2 1.41 52.68 54.09 OK
r-devel-linux-x86_64-debian-gcc 1.2 1.44 52.57 54.00 OK
r-devel-linux-x86_64-fedora-clang 1.2 106.86 NOTE
r-devel-linux-x86_64-fedora-gcc 1.2 100.26 NOTE
r-devel-osx-x86_64-clang 1.2 81.63 OK
r-devel-windows-ix86+x86_64 1.2 8.00 105.00 113.00 OK
r-patched-linux-x86_64 1.2 1.40 51.07 52.48 OK
r-patched-solaris-sparc 1.2 606.80 OK
r-patched-solaris-x86 1.2 115.70 OK
r-release-linux-ix86 1.2 2.04 68.64 70.68 OK
r-release-linux-x86_64 1.2 1.48 52.27 53.75 OK
r-release-osx-x86_64-mavericks 1.2 OK
r-release-windows-ix86+x86_64 1.2 7.00 109.00 116.00 OK
r-oldrel-windows-ix86+x86_64 1.2 9.00 114.00 123.00 OK

Check Details

Version: 1.2
Check: Rd line widths
Result: NOTE
    Rd file 'llyule.Rd':
     \usage lines wider than 90 characters:
     llyule(v, x, cutoff=1,cutabove=1000,xr=1:10000,hellinger=FALSE, weights = rep(1, length(x)))
    
    These lines will be truncated in the PDF manual.
Flavors: r-devel-linux-x86_64-fedora-clang, r-devel-linux-x86_64-fedora-gcc