CRAN Package Check Results for Package degreenet

Last updated on 2015-04-28 06:46:31.

Flavor Version Tinstall Tcheck Ttotal Status Flags
r-devel-linux-x86_64-debian-clang 1.3-1 1.44 42.80 44.25 OK
r-devel-linux-x86_64-debian-gcc 1.3-1 1.48 41.70 43.18 OK
r-devel-linux-x86_64-fedora-clang 1.3-1 82.68 OK
r-devel-linux-x86_64-fedora-gcc 1.3-1 77.91 OK
r-devel-osx-x86_64-clang 1.3-1 75.15 OK
r-devel-windows-ix86+x86_64 1.3-1 9.00 80.00 89.00 OK
r-patched-linux-x86_64 1.3-1 1.42 42.08 43.50 OK
r-patched-solaris-sparc 1.3-1 480.20 OK
r-patched-solaris-x86 1.3-1 97.60 OK
r-release-linux-x86_64 1.3-1 1.36 43.02 44.38 OK
r-release-osx-x86_64-mavericks 1.3-1 OK
r-release-osx-x86_64-snowleopard 1.3-1 ERROR
r-release-windows-ix86+x86_64 1.3-1 12.00 100.00 112.00 OK
r-oldrel-windows-ix86+x86_64 1.3-1 6.00 92.00 98.00 OK

Check Details

Version: 1.3-1
Check: package dependencies
Result: ERROR
    Package required but not available: ‘igraph’
    
    See section ‘The DESCRIPTION file’ in the ‘Writing R Extensions’
    manual.
Flavor: r-release-osx-x86_64-snowleopard