CRAN Package Check Results for Package degreenet

Last updated on 2014-09-21 19:47:50.

Flavor Version Tinstall Tcheck Ttotal Status Flags
r-devel-linux-x86_64-debian-clang 1.2 1.30 52.83 54.13 NOTE
r-devel-linux-x86_64-debian-gcc 1.2 1.46 49.78 51.24 NOTE
r-devel-linux-x86_64-fedora-clang 1.2 95.89 NOTE
r-devel-linux-x86_64-fedora-gcc 1.2 94.39 NOTE
r-devel-osx-x86_64-clang 1.2 78.06 NOTE
r-devel-windows-ix86+x86_64 1.2 7.00 114.00 121.00 NOTE
r-patched-linux-x86_64 1.2 1.51 51.89 53.40 NOTE
r-patched-solaris-sparc 1.2 633.30 OK
r-patched-solaris-x86 1.2 115.70 OK
r-release-linux-ix86 1.2 2.06 70.63 72.69 OK
r-release-linux-x86_64 1.2 1.48 52.43 53.91 NOTE
r-release-osx-x86_64-mavericks 1.2 OK
r-release-windows-ix86+x86_64 1.2 7.00 115.00 122.00 OK
r-oldrel-windows-ix86+x86_64 1.2 7.00 117.00 124.00 OK

Check Details

Version: 1.2
Check: R code for possible problems
Result: NOTE
    reedmolloy: no visible global function definition for
     ‘network.initialize’
    reedmolloy: no visible global function definition for ‘add.edges’
    ryule: no visible global function definition for ‘network’
Flavors: r-devel-linux-x86_64-debian-clang, r-devel-linux-x86_64-debian-gcc, r-devel-linux-x86_64-fedora-clang, r-devel-linux-x86_64-fedora-gcc, r-devel-osx-x86_64-clang, r-devel-windows-ix86+x86_64

Version: 1.2
Check: Rd line widths
Result: NOTE
    Rd file 'llyule.Rd':
     \usage lines wider than 90 characters:
     llyule(v, x, cutoff=1,cutabove=1000,xr=1:10000,hellinger=FALSE, weights = rep(1, length(x)))
    
    These lines will be truncated in the PDF manual.
Flavors: r-devel-linux-x86_64-debian-clang, r-devel-linux-x86_64-debian-gcc, r-devel-linux-x86_64-fedora-clang, r-devel-linux-x86_64-fedora-gcc, r-patched-linux-x86_64, r-release-linux-x86_64