CRAN Package Check Results for Package degreenet

Last updated on 2015-01-25 09:51:25.

Flavor Version Tinstall Tcheck Ttotal Status Flags
r-devel-linux-x86_64-debian-clang 1.2 1.38 51.60 52.98 NOTE
r-devel-linux-x86_64-debian-gcc 1.2 1.49 50.94 52.43 NOTE
r-devel-linux-x86_64-fedora-clang 1.2 103.52 NOTE
r-devel-linux-x86_64-fedora-gcc 1.2 98.24 NOTE
r-devel-osx-x86_64-clang 1.2 83.61 NOTE
r-devel-windows-ix86+x86_64 1.2 10.00 101.00 111.00 NOTE
r-patched-linux-x86_64 1.2 1.52 53.01 54.53 NOTE
r-patched-solaris-sparc 1.2 634.80 NOTE
r-patched-solaris-x86 1.2 118.90 NOTE
r-release-linux-ix86 1.2 2.30 68.04 70.33 NOTE
r-release-linux-x86_64 1.2 1.47 53.44 54.90 NOTE
r-release-osx-x86_64-mavericks 1.2 NOTE
r-release-windows-ix86+x86_64 1.2 8.00 112.00 120.00 NOTE
r-oldrel-windows-ix86+x86_64 1.2 7.00 118.00 125.00 OK

Check Details

Version: 1.2
Check: dependencies in R code
Result: NOTE
    'library' or 'require' call to ‘network’ in package code.
     Please use :: or requireNamespace() instead.
     See section 'Suggested packages' in the 'Writing R Extensions' manual.
Flavors: r-devel-linux-x86_64-debian-clang, r-devel-linux-x86_64-debian-gcc, r-devel-linux-x86_64-fedora-clang, r-devel-linux-x86_64-fedora-gcc, r-devel-osx-x86_64-clang, r-devel-windows-ix86+x86_64

Version: 1.2
Check: R code for possible problems
Result: NOTE
    reedmolloy: no visible global function definition for
     ‘network.initialize’
    reedmolloy: no visible global function definition for ‘add.edges’
    ryule: no visible global function definition for ‘network’
Flavors: r-devel-linux-x86_64-debian-clang, r-devel-linux-x86_64-debian-gcc, r-devel-linux-x86_64-fedora-clang, r-devel-linux-x86_64-fedora-gcc, r-devel-osx-x86_64-clang, r-devel-windows-ix86+x86_64, r-patched-linux-x86_64, r-patched-solaris-sparc, r-patched-solaris-x86, r-release-linux-ix86, r-release-linux-x86_64, r-release-osx-x86_64-mavericks, r-release-windows-ix86+x86_64

Version: 1.2
Check: Rd line widths
Result: NOTE
    Rd file 'llyule.Rd':
     \usage lines wider than 90 characters:
     llyule(v, x, cutoff=1,cutabove=1000,xr=1:10000,hellinger=FALSE, weights = rep(1, length(x)))
    
    These lines will be truncated in the PDF manual.
Flavors: r-devel-linux-x86_64-debian-clang, r-devel-linux-x86_64-debian-gcc, r-devel-linux-x86_64-fedora-clang, r-devel-linux-x86_64-fedora-gcc, r-patched-linux-x86_64, r-release-linux-x86_64