Last updated on 2023-02-06 07:50:27 CET.
Flavor | Version | Tinstall | Tcheck | Ttotal | Status | Flags |
---|---|---|---|---|---|---|
r-devel-linux-x86_64-debian-clang | 1.1.1 | 145.54 | 49.27 | 194.81 | OK | |
r-devel-linux-x86_64-debian-gcc | 1.1.1 | 112.68 | 39.40 | 152.08 | OK | |
r-devel-linux-x86_64-fedora-clang | 1.1.1 | 268.29 | OK | |||
r-devel-linux-x86_64-fedora-gcc | 1.1.1 | 265.36 | OK | |||
r-devel-windows-x86_64 | 1.1.1 | 157.00 | 7.00 | 164.00 | ERROR | |
r-patched-linux-x86_64 | 1.1.1 | 110.68 | 50.35 | 161.03 | OK | |
r-release-linux-x86_64 | 1.1.1 | 123.42 | 50.67 | 174.09 | OK | |
r-release-macos-arm64 | 1.1.1 | 70.00 | NOTE | |||
r-release-macos-x86_64 | 1.1.1 | 84.00 | NOTE | |||
r-release-windows-x86_64 | 1.1.1 | 113.00 | 107.00 | 220.00 | OK | |
r-oldrel-macos-arm64 | 1.1.1 | 67.00 | NOTE | |||
r-oldrel-macos-x86_64 | 1.1.1 | 89.00 | NOTE | |||
r-oldrel-windows-ix86+x86_64 | 1.1.1 | 348.00 | 128.00 | 476.00 | WARN |
Version: 1.1.1
Check: whether package can be installed
Result: ERROR
Installation failed.
Flavor: r-devel-windows-x86_64
Version: 1.1.1
Check: installed package size
Result: NOTE
installed size is 12.4Mb
sub-directories of 1Mb or more:
libs 12.3Mb
Flavors: r-release-macos-arm64, r-release-macos-x86_64, r-oldrel-macos-arm64, r-oldrel-macos-x86_64
Version: 1.1.1
Check: whether package can be installed
Result: WARN
Found the following significant warnings:
d:/RCompile/CRANpkg/lib/4.1/BH/include/boost/container/detail/copy_move_algo.hpp:226:19: warning: 'void* memmove(void*, const void*, size_t)' writing to an object of type 'value_type' {aka 'struct std::pair<CGAL::internal::CC_iterator<CGAL::Compact_container<CGAL::Constrained_triangulation_face_base_2<CGAL::Epick, CGAL::Triangulation_face_base_with_info_2<FaceInfo2, CGAL::Epick, CGAL::Triangulation_face_base_2<CGAL::Epick, CGAL::Triangulation_ds_face_base_2<CGAL::Triangulation_data_structure_2<CGAL::Triangulation_vertex_base_with_info_2<int, CGAL::Epick>, CGAL::Constrained_triangulation_face_base_2<CGAL::Epick, CGAL::Triangulation_face_base_with_info_2<FaceInfo2, CGAL::Epick> > > > > > >, CGAL::Default, CGAL::Default, CGAL::Default>, false>, int>'} with no trivial copy-assignment; use copy-assignment or copy-initialization instead [-Wclass-memaccess]
d:/RCompile/CRANpkg/lib/4.1/BH/include/boost/container/detail/copy_move_algo.hpp:226:19: warning: 'void* memmove(void*, const void*, size_t)' writing to an object of type 'value_type' {aka 'struct std::pair<CGAL::internal::CC_iterator<CGAL::Compact_container<CGAL::Triangulation_ds_cell_base_3<CGAL::Triangulation_data_structure_3<CGAL::Triangulation_vertex_base_with_info_3<int, CGAL::Epick> > >, CGAL::Default, CGAL::Default, CGAL::Default>, false>, int>'} with no trivial copy-assignment; use copy-assignment or copy-initialization instead [-Wclass-memaccess]
Flavor: r-oldrel-windows-ix86+x86_64