CRAN Package Check Results for Package deldir

Last updated on 2014-08-21 15:47:40.

Flavor Version Tinstall Tcheck Ttotal Status Flags
r-devel-linux-x86_64-debian-clang 0.1-6 2.16 11.74 13.91 OK
r-devel-linux-x86_64-debian-gcc 0.1-6 2.40 10.92 13.32 OK
r-devel-linux-x86_64-fedora-clang 0.1-6 27.62 NOTE
r-devel-linux-x86_64-fedora-gcc 0.1-6 24.20 NOTE
r-devel-osx-x86_64-clang 0.1-6 30.08 NOTE
r-devel-windows-ix86+x86_64 0.1-6 26.00 20.00 46.00 OK
r-patched-linux-x86_64 0.1-6 2.54 11.35 13.89 OK
r-patched-solaris-sparc 0.1-6 139.60 OK
r-patched-solaris-x86 0.1-6 37.60 OK
r-release-linux-ix86 0.1-6 3.67 17.76 21.44 OK
r-release-linux-x86_64 0.1-6 2.26 11.43 13.68 OK
r-release-osx-x86_64-mavericks 0.1-6 OK
r-release-osx-x86_64-snowleopard 0.1-6 OK
r-release-windows-ix86+x86_64 0.1-6 22.00 25.00 47.00 OK
r-oldrel-windows-ix86+x86_64 0.1-6 22.00 26.00 48.00 OK

Check Details

Version: 0.1-6
Check: R code for possible problems
Result: NOTE
    plot.tile.list: no visible global function definition for ‘polyclip’
Flavors: r-devel-linux-x86_64-fedora-clang, r-devel-linux-x86_64-fedora-gcc, r-devel-osx-x86_64-clang