CRAN Package Check Results for Package deldir

Last updated on 2015-02-28 19:51:03.

Flavor Version Tinstall Tcheck Ttotal Status Flags
r-devel-linux-x86_64-debian-clang 0.1-7 2.18 11.36 13.54 NOTE
r-devel-linux-x86_64-debian-gcc 0.1-7 2.14 11.05 13.18 NOTE
r-devel-linux-x86_64-fedora-clang 0.1-7 26.44 NOTE
r-devel-linux-x86_64-fedora-gcc 0.1-7 23.75 NOTE
r-devel-osx-x86_64-clang 0.1-7 27.67 NOTE
r-devel-windows-ix86+x86_64 0.1-7 39.00 21.00 60.00 NOTE
r-patched-linux-x86_64 0.1-7 2.21 12.06 14.27 NOTE
r-patched-solaris-sparc 0.1-7 204.70 NOTE
r-patched-solaris-x86 0.1-7 42.60 NOTE
r-release-linux-ix86 0.1-7 3.47 18.78 22.25 OK
r-release-linux-x86_64 0.1-7 2.38 11.96 14.34 OK
r-release-osx-x86_64-mavericks 0.1-7 OK
r-release-osx-x86_64-snowleopard 0.1-7 OK
r-release-windows-ix86+x86_64 0.1-7 23.00 30.00 53.00 OK
r-oldrel-windows-ix86+x86_64 0.1-7 23.00 32.00 55.00 OK

Check Details

Version: 0.1-7
Check: DESCRIPTION meta-information
Result: NOTE
    Malformed Title field: should not end in a period.
Flavors: r-devel-linux-x86_64-debian-clang, r-devel-linux-x86_64-debian-gcc, r-devel-linux-x86_64-fedora-clang, r-devel-linux-x86_64-fedora-gcc, r-devel-osx-x86_64-clang, r-devel-windows-ix86+x86_64

Version: 0.1-7
Check: dependencies in R code
Result: NOTE
    'library' or 'require' call to ‘polyclip’ in package code.
     Please use :: or requireNamespace() instead.
     See section 'Suggested packages' in the 'Writing R Extensions' manual.
Flavors: r-devel-linux-x86_64-debian-clang, r-devel-linux-x86_64-debian-gcc, r-devel-linux-x86_64-fedora-clang, r-devel-linux-x86_64-fedora-gcc, r-devel-osx-x86_64-clang, r-devel-windows-ix86+x86_64, r-patched-linux-x86_64, r-patched-solaris-sparc, r-patched-solaris-x86

Version: 0.1-7
Check: S3 generic/method consistency
Result: NOTE
    Found the following apparent S3 methods exported but not registered:
     plot.deldir plot.tile.list plot.triang.list
    See section ‘Registering S3 methods’ in the ‘Writing R Extensions’
    manual.
Flavors: r-devel-linux-x86_64-debian-clang, r-devel-linux-x86_64-debian-gcc, r-devel-linux-x86_64-fedora-clang, r-devel-linux-x86_64-fedora-gcc, r-devel-osx-x86_64-clang