CRAN Package Check Results for Package deldir

Last updated on 2014-11-25 23:46:43.

Flavor Version Tinstall Tcheck Ttotal Status Flags
r-devel-linux-x86_64-debian-clang 0.1-6 2.28 12.00 14.28 NOTE
r-devel-linux-x86_64-debian-gcc 0.1-6 2.25 11.53 13.78 NOTE
r-devel-linux-x86_64-fedora-clang 0.1-6 27.88 NOTE
r-devel-linux-x86_64-fedora-gcc 0.1-6 25.24 NOTE
r-devel-osx-x86_64-clang 0.1-6 29.72 NOTE
r-devel-windows-ix86+x86_64 0.1-6 27.00 22.00 49.00 NOTE
r-patched-linux-x86_64 0.1-6 2.24 11.64 13.88 NOTE
r-patched-solaris-sparc 0.1-6 148.60 NOTE
r-patched-solaris-x86 0.1-6 39.80 NOTE
r-release-linux-ix86 0.1-6 3.52 17.52 21.04 NOTE
r-release-linux-x86_64 0.1-6 2.22 11.92 14.14 NOTE
r-release-osx-x86_64-mavericks 0.1-6 OK
r-release-osx-x86_64-snowleopard 0.1-6 OK
r-release-windows-ix86+x86_64 0.1-6 26.00 24.00 50.00 NOTE
r-oldrel-windows-ix86+x86_64 0.1-6 22.00 26.00 48.00 OK

Check Details

Version: 0.1-6
Check: R code for possible problems
Result: NOTE
    plot.tile.list: no visible global function definition for ‘polyclip’
Flavors: r-devel-linux-x86_64-debian-clang, r-devel-linux-x86_64-debian-gcc, r-devel-linux-x86_64-fedora-clang, r-devel-linux-x86_64-fedora-gcc, r-devel-osx-x86_64-clang, r-devel-windows-ix86+x86_64, r-patched-linux-x86_64, r-patched-solaris-sparc, r-patched-solaris-x86, r-release-linux-ix86, r-release-linux-x86_64, r-release-windows-ix86+x86_64