CRAN Package Check Results for Package deldir

Last updated on 2015-08-28 12:47:49.

Flavor Version Tinstall Tcheck Ttotal Status Flags
r-devel-linux-x86_64-debian-clang 0.1-9 2.18 12.14 14.32 NOTE
r-devel-linux-x86_64-debian-gcc 0.1-9 2.22 10.84 13.06 NOTE
r-devel-linux-x86_64-fedora-clang 0.1-9 24.43 NOTE
r-devel-linux-x86_64-fedora-gcc 0.1-9 23.91 NOTE
r-devel-osx-x86_64-clang 0.1-9 24.70 OK
r-devel-windows-ix86+x86_64 0.1-9 40.00 35.00 75.00 NOTE
r-patched-linux-x86_64 0.1-9 2.18 11.20 13.39 OK
r-patched-solaris-sparc 0.1-9 162.70 OK
r-patched-solaris-x86 0.1-9 46.00 OK
r-release-linux-x86_64 0.1-9 2.27 11.70 13.97 OK
r-release-osx-x86_64-mavericks 0.1-9 OK
r-release-windows-ix86+x86_64 0.1-9 29.00 31.00 60.00 OK
r-oldrel-windows-ix86+x86_64 0.1-9 35.00 25.00 60.00 OK

Check Details

Version: 0.1-9
Check: R code for possible problems
Result: NOTE
    deldir: no visible global function definition for ‘plot’
    getCol: no visible global function definition for ‘col2rgb’
    getCol : <anonymous>: no visible binding for global variable ‘rgb’
    plot.deldir: no visible global function definition for ‘par’
    plot.deldir: no visible global function definition for ‘plot’
    plot.deldir: no visible global function definition for ‘axis’
    plot.deldir: no visible global function definition for ‘segments’
    plot.deldir: no visible global function definition for ‘points’
    plot.deldir: no visible global function definition for ‘text’
    plot.deldir: no visible binding for global variable ‘rect’
    plot.tile.list: no visible global function definition for ‘plot’
    plot.tile.list: no visible global function definition for ‘col2rgb’
    plot.tile.list : <anonymous>: no visible binding for global variable
     ‘rgb’
    plot.tile.list: no visible binding for global variable ‘rgb’
    plot.tile.list: no visible global function definition for ‘polygon’
    plot.tile.list: no visible global function definition for ‘segments’
    plot.tile.list: no visible global function definition for ‘points’
    plot.triang.list: no visible global function definition for ‘plot’
    plot.triang.list: no visible global function definition for ‘polygon’
    plot.triang.list: no visible binding for global variable ‘rect’
    Undefined global functions or variables:
     axis col2rgb par plot points polygon rect rgb segments text
    Consider adding
     importFrom("grDevices", "col2rgb", "rgb")
     importFrom("graphics", "axis", "par", "plot", "points", "polygon",
     "rect", "segments", "text")
    to your NAMESPACE.
Flavors: r-devel-linux-x86_64-debian-clang, r-devel-linux-x86_64-debian-gcc, r-devel-linux-x86_64-fedora-clang, r-devel-linux-x86_64-fedora-gcc, r-devel-windows-ix86+x86_64