CRAN Package Check Results for Package deldir

Last updated on 2014-09-20 23:47:58.

Flavor Version Tinstall Tcheck Ttotal Status Flags
r-devel-linux-x86_64-debian-clang 0.1-6 2.33 11.48 13.82 NOTE
r-devel-linux-x86_64-debian-gcc 0.1-6 2.18 11.46 13.64 NOTE
r-devel-linux-x86_64-fedora-clang 0.1-6 25.59 NOTE
r-devel-linux-x86_64-fedora-gcc 0.1-6 24.37 NOTE
r-devel-osx-x86_64-clang 0.1-6 30.69 NOTE
r-devel-windows-ix86+x86_64 0.1-6 26.00 21.00 47.00 NOTE
r-patched-linux-x86_64 0.1-6 2.74 11.78 14.52 OK
r-patched-solaris-sparc 0.1-6 139.60 OK
r-patched-solaris-x86 0.1-6 38.90 OK
r-release-linux-ix86 0.1-6 3.71 17.89 21.60 OK
r-release-linux-x86_64 0.1-6 2.32 11.91 14.24 OK
r-release-osx-x86_64-mavericks 0.1-6 OK
r-release-osx-x86_64-snowleopard 0.1-6 OK
r-release-windows-ix86+x86_64 0.1-6 22.00 25.00 47.00 OK
r-oldrel-windows-ix86+x86_64 0.1-6 22.00 26.00 48.00 OK

Check Details

Version: 0.1-6
Check: R code for possible problems
Result: NOTE
    plot.tile.list: no visible global function definition for ‘polyclip’
Flavors: r-devel-linux-x86_64-debian-clang, r-devel-linux-x86_64-debian-gcc, r-devel-linux-x86_64-fedora-clang, r-devel-linux-x86_64-fedora-gcc, r-devel-osx-x86_64-clang, r-devel-windows-ix86+x86_64