CRAN Package Check Results for Package deldir

Last updated on 2015-01-26 01:48:41.

Flavor Version Tinstall Tcheck Ttotal Status Flags
r-devel-linux-x86_64-debian-clang 0.1-7 2.30 11.32 13.61 NOTE
r-devel-linux-x86_64-debian-gcc 0.1-7 2.21 11.73 13.94 NOTE
r-devel-linux-x86_64-fedora-clang 0.1-7 28.94 NOTE
r-devel-linux-x86_64-fedora-gcc 0.1-7 26.82 NOTE
r-devel-osx-x86_64-clang 0.1-7 29.02 NOTE
r-devel-windows-ix86+x86_64 0.1-7 31.00 23.00 54.00 NOTE
r-patched-linux-x86_64 0.1-7 2.26 12.03 14.29 OK
r-patched-solaris-sparc 0.1-7 183.30 OK
r-patched-solaris-x86 0.1-7 40.90 OK
r-release-linux-ix86 0.1-7 3.54 17.39 20.93 OK
r-release-linux-x86_64 0.1-7 2.33 11.68 14.02 OK
r-release-osx-x86_64-mavericks 0.1-7 OK
r-release-osx-x86_64-snowleopard 0.1-7 OK
r-release-windows-ix86+x86_64 0.1-7 23.00 30.00 53.00 OK
r-oldrel-windows-ix86+x86_64 0.1-7 23.00 32.00 55.00 OK

Check Details

Version: 0.1-7
Check: dependencies in R code
Result: NOTE
    'library' or 'require' call to ‘polyclip’ in package code.
     Please use :: or requireNamespace() instead.
     See section 'Suggested packages' in the 'Writing R Extensions' manual.
Flavors: r-devel-linux-x86_64-debian-clang, r-devel-linux-x86_64-debian-gcc, r-devel-linux-x86_64-fedora-clang, r-devel-linux-x86_64-fedora-gcc, r-devel-osx-x86_64-clang, r-devel-windows-ix86+x86_64

Version: 0.1-7
Check: S3 generic/method consistency
Result: NOTE
    Found the following apparent S3 methods exported but not registered:
     plot.deldir plot.tile.list plot.triang.list
    See section ‘Registering S3 methods’ in the ‘Writing R Extensions’
    manual.
Flavors: r-devel-linux-x86_64-fedora-clang, r-devel-linux-x86_64-fedora-gcc, r-devel-osx-x86_64-clang