CRAN Package Check Results for Package deldir

Last updated on 2016-02-08 19:48:20.

Flavor Version Tinstall Tcheck Ttotal Status Flags
r-devel-linux-x86_64-debian-gcc 0.1-9 2.35 11.24 13.59 NOTE
r-devel-linux-x86_64-fedora-clang 0.1-9 22.21 NOTE
r-devel-linux-x86_64-fedora-gcc 0.1-9 22.01 NOTE
r-devel-osx-x86_64-clang 0.1-9 27.88 NOTE
r-devel-windows-ix86+x86_64 0.1-9 40.00 34.00 74.00 NOTE
r-patched-linux-x86_64 0.1-9 2.54 11.37 13.91 OK
r-patched-solaris-sparc 0.1-9 143.70 OK
r-patched-solaris-x86 0.1-9 34.20 OK
r-release-linux-x86_64 0.1-9 2.47 11.45 13.92 OK
r-release-osx-x86_64-mavericks 0.1-9 OK
r-release-windows-ix86+x86_64 0.1-9 28.00 26.00 54.00 OK
r-oldrel-windows-ix86+x86_64 0.1-9 35.00 25.00 60.00 OK

Check Details

Version: 0.1-9
Check: R code for possible problems
Result: NOTE
    deldir: no visible global function definition for ‘plot’
    getCol: no visible global function definition for ‘col2rgb’
    getCol : <anonymous>: no visible binding for global variable ‘rgb’
    plot.deldir: no visible global function definition for ‘par’
    plot.deldir: no visible global function definition for ‘plot’
    plot.deldir: no visible global function definition for ‘axis’
    plot.deldir: no visible global function definition for ‘segments’
    plot.deldir: no visible global function definition for ‘points’
    plot.deldir: no visible global function definition for ‘text’
    plot.deldir: no visible binding for global variable ‘rect’
    plot.tile.list: no visible global function definition for ‘plot’
    plot.tile.list: no visible global function definition for ‘col2rgb’
    plot.tile.list : <anonymous>: no visible binding for global variable
     ‘rgb’
    plot.tile.list: no visible binding for global variable ‘rgb’
    plot.tile.list: no visible global function definition for ‘polygon’
    plot.tile.list: no visible global function definition for ‘segments’
    plot.tile.list: no visible global function definition for ‘points’
    plot.triang.list: no visible global function definition for ‘plot’
    plot.triang.list: no visible global function definition for ‘polygon’
    plot.triang.list: no visible binding for global variable ‘rect’
    Undefined global functions or variables:
     axis col2rgb par plot points polygon rect rgb segments text
    Consider adding
     importFrom("grDevices", "col2rgb", "rgb")
     importFrom("graphics", "axis", "par", "plot", "points", "polygon",
     "rect", "segments", "text")
    to your NAMESPACE file.
Flavors: r-devel-linux-x86_64-debian-gcc, r-devel-linux-x86_64-fedora-clang, r-devel-linux-x86_64-fedora-gcc, r-devel-osx-x86_64-clang, r-devel-windows-ix86+x86_64