CRAN Package Check Results for Package deldir

Last updated on 2014-04-24 17:49:42.

Flavor Version Tinstall Tcheck Ttotal Status Flags
r-devel-linux-x86_64-debian-clang 0.1-5 2.41 12.12 14.53 OK
r-devel-linux-x86_64-debian-gcc 0.1-5 2.31 12.02 14.33 OK
r-devel-linux-x86_64-fedora-clang 0.1-5 26.54 OK
r-devel-linux-x86_64-fedora-gcc 0.1-5 24.72 OK
r-devel-osx-x86_64-clang 0.1-5 26.83 OK
r-devel-osx-x86_64-gcc 0.1-5 OK
r-devel-windows-ix86+x86_64 0.1-5 27.00 20.00 47.00 OK
r-patched-linux-x86_64 0.1-5 2.38 11.98 14.36 OK
r-patched-solaris-sparc 0.1-5 153.10 OK
r-patched-solaris-x86 0.1-5 38.30 OK
r-release-linux-ix86 0.1-5 5.00 26.00 31.00 OK
r-release-linux-x86_64 0.1-5 2.28 12.18 14.46 OK
r-release-osx-x86_64-mavericks 0.1-5 WARN
r-release-osx-x86_64-snowleopard 0.1-5 OK
r-release-windows-ix86+x86_64 0.1-5 43.00 29.00 72.00 OK
r-oldrel-windows-ix86+x86_64 0.1-5 27.00 24.00 51.00 OK

Check Details

Version: 0.1-5
Check: PDF version of manual
Result: WARNING
    LaTeX errors when creating PDF version.
    This typically indicates Rd problems.
    LaTeX errors found:
    ! LaTeX Error: File `upquote.sty' not found.
    
    Type X to quit or <RETURN> to proceed,
    or enter new name. (Default extension: sty)
    
    e2778ae/Rd2.tex:8: ==> Fatal error occurred, no output PDF file produced!
Flavor: r-release-osx-x86_64-mavericks