CRAN Package Check Results for Package deldir

Last updated on 2018-02-19 21:49:27 CET.

Flavor Version Tinstall Tcheck Ttotal Status Flags
r-devel-linux-x86_64-debian-clang 0.1-14 4.42 22.49 26.91 NOTE
r-devel-linux-x86_64-debian-gcc 0.1-14 3.43 19.76 23.19 NOTE
r-devel-linux-x86_64-fedora-clang 0.1-14 36.00 NOTE
r-devel-linux-x86_64-fedora-gcc 0.1-14 35.51 NOTE
r-devel-windows-ix86+x86_64 0.1-14 35.00 47.00 82.00 OK
r-patched-linux-x86_64 0.1-14 4.84 24.79 29.63 NOTE
r-patched-solaris-x86 0.1-14 48.10 NOTE
r-release-linux-x86_64 0.1-14 3.96 24.56 28.52 NOTE
r-release-windows-ix86+x86_64 0.1-14 32.00 42.00 74.00 OK
r-release-osx-x86_64 0.1-14 OK
r-oldrel-windows-ix86+x86_64 0.1-14 31.00 36.00 67.00 OK
r-oldrel-osx-x86_64 0.1-14 OK

Check Details

Version: 0.1-14
Check: S3 generic/method consistency
Result: NOTE
    Found the following apparent S3 methods exported but not registered:
     [.triang.list
    See section ‘Registering S3 methods’ in the ‘Writing R Extensions’
    manual.
Flavors: r-devel-linux-x86_64-debian-clang, r-devel-linux-x86_64-debian-gcc, r-devel-linux-x86_64-fedora-clang, r-devel-linux-x86_64-fedora-gcc, r-patched-linux-x86_64, r-patched-solaris-x86, r-release-linux-x86_64