CRAN Package Check Results for Package deldir

Last updated on 2017-12-12 06:47:07 CET.

Flavor Version Tinstall Tcheck Ttotal Status Flags
r-devel-linux-x86_64-debian-clang 0.1-14 3.61 21.55 25.16 NOTE
r-devel-linux-x86_64-debian-gcc 0.1-14 3.72 19.18 22.90 NOTE
r-devel-linux-x86_64-fedora-clang 0.1-14 32.87 NOTE
r-devel-linux-x86_64-fedora-gcc 0.1-14 31.67 NOTE
r-devel-windows-ix86+x86_64 0.1-14 50.00 44.00 94.00 OK
r-patched-linux-x86_64 0.1-14 3.78 23.73 27.51 NOTE
r-patched-solaris-x86 0.1-14 44.50 NOTE
r-release-linux-x86_64 0.1-14 3.85 23.38 27.23 NOTE
r-release-windows-ix86+x86_64 0.1-14 32.00 42.00 74.00 OK
r-release-osx-x86_64 0.1-14 OK
r-oldrel-windows-ix86+x86_64 0.1-14 31.00 36.00 67.00 OK
r-oldrel-osx-x86_64 0.1-14 OK

Check Details

Version: 0.1-14
Check: S3 generic/method consistency
Result: NOTE
    Found the following apparent S3 methods exported but not registered:
     [.triang.list
    See section ‘Registering S3 methods’ in the ‘Writing R Extensions’
    manual.
Flavors: r-devel-linux-x86_64-debian-clang, r-devel-linux-x86_64-debian-gcc, r-devel-linux-x86_64-fedora-clang, r-devel-linux-x86_64-fedora-gcc, r-patched-linux-x86_64, r-patched-solaris-x86, r-release-linux-x86_64