CRAN Package Check Results for Package deldir

Last updated on 2017-02-24 23:52:21.

Flavor Version Tinstall Tcheck Ttotal Status Flags
r-devel-linux-x86_64-debian-clang 0.1-12 2.66 15.21 17.87 NOTE
r-devel-linux-x86_64-debian-gcc 0.1-12 4.89 14.61 19.50 NOTE
r-devel-linux-x86_64-fedora-clang 0.1-12 29.78 NOTE --no-stop-on-test-error
r-devel-linux-x86_64-fedora-gcc 0.1-12 26.95 NOTE --no-stop-on-test-error
r-devel-macos-x86_64-clang 0.1-12 26.53 NOTE --no-stop-on-test-error
r-devel-windows-ix86+x86_64 0.1-12 22.00 49.00 71.00 OK
r-patched-linux-x86_64 0.1-12 2.39 12.96 15.35 OK
r-patched-solaris-sparc 0.1-12 163.50 OK
r-patched-solaris-x86 0.1-12 33.60 OK
r-release-linux-x86_64 0.1-12 2.39 12.78 15.17 OK
r-release-osx-x86_64-mavericks 0.1-12 OK
r-release-windows-ix86+x86_64 0.1-12 13.00 35.00 48.00 OK
r-oldrel-windows-ix86+x86_64 0.1-12 24.00 33.00 57.00 OK

Check Details

Version: 0.1-12
Check: compiled code
Result: NOTE
    File ‘deldir/libs/deldir.so’:
     Found no calls to: ‘R_registerRoutines’, ‘R_useDynamicSymbols’
    
    It is good practice to register native routines and to disable symbol
    search.
    
    See ‘Writing portable packages’ in the ‘Writing R Extensions’ manual.
Flavors: r-devel-linux-x86_64-debian-clang, r-devel-linux-x86_64-debian-gcc

Version: 0.1-12
Flags: --no-stop-on-test-error
Check: compiled code
Result: NOTE
    File ‘deldir/libs/deldir.so’:
     Found no calls to: ‘R_registerRoutines’, ‘R_useDynamicSymbols’
    
    It is good practice to register native routines and to disable symbol
    search.
    
    See ‘Writing portable packages’ in the ‘Writing R Extensions’ manual.
Flavors: r-devel-linux-x86_64-fedora-clang, r-devel-linux-x86_64-fedora-gcc, r-devel-macos-x86_64-clang