CRAN Package Check Results for Package delt

Last updated on 2015-08-30 05:47:46.

Flavor Version Tinstall Tcheck Ttotal Status Flags
r-devel-linux-x86_64-debian-clang 0.8.2 1.81 32.85 34.66 NOTE
r-devel-linux-x86_64-debian-gcc 0.8.2 2.04 33.18 35.23 NOTE
r-devel-linux-x86_64-fedora-clang 0.8.2 66.43 NOTE
r-devel-linux-x86_64-fedora-gcc 0.8.2 62.32 NOTE
r-devel-osx-x86_64-clang 0.8.2 60.75 OK
r-devel-windows-ix86+x86_64 0.8.2 11.00 80.00 91.00 NOTE
r-patched-linux-x86_64 0.8.2 2.25 34.10 36.34 OK
r-patched-solaris-sparc 0.8.2 431.00 OK
r-patched-solaris-x86 0.8.2 85.40 OK
r-release-linux-x86_64 0.8.2 2.18 35.31 37.49 OK
r-release-osx-x86_64-mavericks 0.8.2 OK
r-release-windows-ix86+x86_64 0.8.2 15.00 84.00 99.00 OK
r-oldrel-windows-ix86+x86_64 0.8.2 11.00 71.00 82.00 OK

Check Details

Version: 0.8.2
Check: R code for possible problems
Result: NOTE
    bootbagg: no visible global function definition for ‘runif’
    bootworpl: no visible global function definition for ‘runif’
    des12: no visible global function definition for ‘rnorm’
    des12: no visible global function definition for ‘runif’
    eval.stage.gauss: no visible global function definition for ‘var’
    plotparti: no visible global function definition for ‘plot’
    plotparti: no visible global function definition for ‘lines’
    plotpartilev: no visible global function definition for ‘plot’
    plotpartilev: no visible global function definition for ‘polygon’
    plotpartilev: no visible global function definition for ‘points’
    simesi: no visible global function definition for ‘runif’
    simesi3d: no visible global function definition for ‘runif’
    simfssk: no visible global function definition for ‘rnorm’
    simfssk: no visible global function definition for ‘runif’
    simmix.delt: no visible global function definition for ‘rnorm’
    simmix.delt: no visible global function definition for ‘runif’
    simpp: no visible global function definition for ‘rnorm’
    simpp: no visible global function definition for ‘runif’
    simutree: no visible global function definition for ‘runif’
    stage.gaussR: no visible global function definition for ‘var’
    unidis: no visible global function definition for ‘runif’
    Undefined global functions or variables:
     lines plot points polygon rnorm runif var
    Consider adding
     importFrom("graphics", "lines", "plot", "points", "polygon")
     importFrom("stats", "rnorm", "runif", "var")
    to your NAMESPACE.
Flavors: r-devel-linux-x86_64-debian-clang, r-devel-linux-x86_64-debian-gcc, r-devel-linux-x86_64-fedora-clang, r-devel-linux-x86_64-fedora-gcc, r-devel-windows-ix86+x86_64