CRAN Package Check Results for Package delt

Last updated on 2016-06-27 14:47:31.

Flavor Version Tinstall Tcheck Ttotal Status Flags
r-devel-linux-x86_64-debian-gcc 0.8.2 2.30 34.68 36.99 NOTE
r-devel-linux-x86_64-fedora-clang 0.8.2 64.51 NOTE
r-devel-linux-x86_64-fedora-gcc 0.8.2 58.71 NOTE
r-devel-osx-x86_64-clang 0.8.2 58.25 NOTE
r-devel-windows-ix86+x86_64 0.8.2 9.00 78.00 87.00 NOTE
r-patched-linux-x86_64 0.8.2 2.33 35.87 38.20 NOTE
r-patched-solaris-sparc 0.8.2 415.50 NOTE
r-patched-solaris-x86 0.8.2 77.40 NOTE
r-release-linux-x86_64 0.8.2 2.20 34.38 36.58 NOTE
r-release-osx-x86_64-mavericks 0.8.2 NOTE
r-release-windows-ix86+x86_64 0.8.2 8.00 94.00 102.00 NOTE
r-oldrel-windows-ix86+x86_64 0.8.2 10.00 69.00 79.00 OK

Check Details

Version: 0.8.2
Check: R code for possible problems
Result: NOTE
    bootbagg: no visible global function definition for ‘runif’
    bootworpl: no visible global function definition for ‘runif’
    des12: no visible global function definition for ‘rnorm’
    des12: no visible global function definition for ‘runif’
    eval.stage.gauss: no visible global function definition for ‘var’
    plotparti: no visible global function definition for ‘plot’
    plotparti: no visible global function definition for ‘lines’
    plotpartilev: no visible global function definition for ‘plot’
    plotpartilev: no visible global function definition for ‘polygon’
    plotpartilev: no visible global function definition for ‘points’
    simesi: no visible global function definition for ‘runif’
    simesi3d: no visible global function definition for ‘runif’
    simfssk: no visible global function definition for ‘rnorm’
    simfssk: no visible global function definition for ‘runif’
    simmix.delt: no visible global function definition for ‘rnorm’
    simmix.delt: no visible global function definition for ‘runif’
    simpp: no visible global function definition for ‘rnorm’
    simpp: no visible global function definition for ‘runif’
    simutree: no visible global function definition for ‘runif’
    stage.gaussR: no visible global function definition for ‘var’
    unidis: no visible global function definition for ‘runif’
    Undefined global functions or variables:
     lines plot points polygon rnorm runif var
    Consider adding
     importFrom("graphics", "lines", "plot", "points", "polygon")
     importFrom("stats", "rnorm", "runif", "var")
    to your NAMESPACE file.
Flavors: r-devel-linux-x86_64-debian-gcc, r-devel-linux-x86_64-fedora-clang, r-devel-linux-x86_64-fedora-gcc, r-devel-osx-x86_64-clang, r-devel-windows-ix86+x86_64, r-patched-linux-x86_64, r-patched-solaris-sparc, r-patched-solaris-x86, r-release-linux-x86_64, r-release-osx-x86_64-mavericks, r-release-windows-ix86+x86_64