CRAN Package Check Results for Package delt

Last updated on 2015-07-31 23:47:39.

Flavor Version Tinstall Tcheck Ttotal Status Flags
r-devel-linux-x86_64-debian-clang 0.8.2 1.79 33.52 35.31 NOTE
r-devel-linux-x86_64-debian-gcc 0.8.2 2.76 34.68 37.43 NOTE
r-devel-linux-x86_64-fedora-clang 0.8.2 68.38 NOTE
r-devel-linux-x86_64-fedora-gcc 0.8.2 63.03 NOTE
r-devel-osx-x86_64-clang 0.8.2 60.90 OK
r-devel-windows-ix86+x86_64 0.8.2 10.00 58.00 68.00 NOTE
r-patched-linux-x86_64 0.8.2 2.22 33.81 36.03 OK
r-patched-solaris-sparc 0.8.2 431.00 OK
r-patched-solaris-x86 0.8.2 82.80 OK
r-release-linux-x86_64 0.8.2 2.05 33.63 35.68 OK
r-release-osx-x86_64-mavericks 0.8.2 OK
r-release-windows-ix86+x86_64 0.8.2 10.00 60.00 70.00 OK
r-oldrel-windows-ix86+x86_64 0.8.2 11.00 71.00 82.00 OK

Check Details

Version: 0.8.2
Check: R code for possible problems
Result: NOTE
    bootbagg: no visible global function definition for ‘runif’
    bootworpl: no visible global function definition for ‘runif’
    des12: no visible global function definition for ‘rnorm’
    des12: no visible global function definition for ‘runif’
    eval.stage.gauss: no visible global function definition for ‘var’
    plotparti: no visible global function definition for ‘plot’
    plotparti: no visible global function definition for ‘lines’
    plotpartilev: no visible global function definition for ‘plot’
    plotpartilev: no visible global function definition for ‘polygon’
    plotpartilev: no visible global function definition for ‘points’
    simesi: no visible global function definition for ‘runif’
    simesi3d: no visible global function definition for ‘runif’
    simfssk: no visible global function definition for ‘rnorm’
    simfssk: no visible global function definition for ‘runif’
    simmix.delt: no visible global function definition for ‘rnorm’
    simmix.delt: no visible global function definition for ‘runif’
    simpp: no visible global function definition for ‘rnorm’
    simpp: no visible global function definition for ‘runif’
    simutree: no visible global function definition for ‘runif’
    stage.gaussR: no visible global function definition for ‘var’
    unidis: no visible global function definition for ‘runif’
    Undefined global functions or variables:
     lines plot points polygon rnorm runif var
    Consider adding
     importFrom("graphics", "lines", "plot", "points", "polygon")
     importFrom("stats", "rnorm", "runif", "var")
    to your NAMESPACE.
Flavors: r-devel-linux-x86_64-debian-clang, r-devel-linux-x86_64-debian-gcc, r-devel-linux-x86_64-fedora-clang, r-devel-linux-x86_64-fedora-gcc, r-devel-windows-ix86+x86_64