CRAN Package Check Results for Package deming

Last updated on 2024-02-28 08:54:25 CET.

Flavor Version Tinstall Tcheck Ttotal Status Flags
r-devel-linux-x86_64-debian-clang 1.4 3.21 36.86 40.07 NOTE
r-devel-linux-x86_64-debian-gcc 1.4 2.25 28.58 30.83 NOTE
r-devel-linux-x86_64-fedora-clang 1.4 50.32 NOTE
r-devel-linux-x86_64-fedora-gcc 1.4 62.80 NOTE
r-devel-windows-x86_64 1.4 4.00 58.00 62.00 OK
r-patched-linux-x86_64 1.4 3.08 36.06 39.14 OK
r-release-linux-x86_64 1.4 2.56 36.18 38.74 OK
r-release-macos-arm64 1.4 26.00 OK
r-release-macos-x86_64 1.4 37.00 OK
r-release-windows-x86_64 1.4 5.00 58.00 63.00 OK
r-oldrel-macos-arm64 1.4 22.00 OK
r-oldrel-windows-x86_64 1.4 5.00 63.00 68.00 OK

Check Details

Version: 1.4
Check: Rd files
Result: NOTE checkRd: (-1) deming.Rd:71: Lost braces 71 | on whether the code{cv} option is TRUE or FALSE, respectively. | ^ Flavors: r-devel-linux-x86_64-debian-clang, r-devel-linux-x86_64-debian-gcc, r-devel-linux-x86_64-fedora-clang, r-devel-linux-x86_64-fedora-gcc