CRAN Package Check Results for Package dendextend

Last updated on 2021-01-20 01:48:46 CET.

Flavor Version Tinstall Tcheck Ttotal Status Flags
r-devel-linux-x86_64-debian-clang 1.14.0 12.99 240.01 253.00 OK
r-devel-linux-x86_64-debian-gcc 1.14.0 10.30 193.53 203.83 OK
r-devel-linux-x86_64-fedora-clang 1.14.0 327.00 NOTE
r-devel-linux-x86_64-fedora-gcc 1.14.0 319.42 OK
r-devel-windows-ix86+x86_64 1.14.0 19.00 258.00 277.00 NOTE
r-patched-linux-x86_64 1.14.0 12.78 276.74 289.52 OK
r-patched-solaris-x86 1.14.0 446.10 NOTE
r-release-linux-x86_64 1.14.0 12.11 277.69 289.80 OK
r-release-macos-x86_64 1.14.0 NOTE
r-release-windows-ix86+x86_64 1.14.0 22.00 249.00 271.00 NOTE
r-oldrel-macos-x86_64 1.14.0 NOTE
r-oldrel-windows-ix86+x86_64 1.14.0 18.00 231.00 249.00 NOTE

Check Details

Version: 1.14.0
Check: installed package size
Result: NOTE
     installed size is 5.4Mb
     sub-directories of 1Mb or more:
     doc 4.2Mb
Flavors: r-devel-linux-x86_64-fedora-clang, r-devel-windows-ix86+x86_64, r-patched-solaris-x86, r-release-macos-x86_64, r-release-windows-ix86+x86_64, r-oldrel-macos-x86_64, r-oldrel-windows-ix86+x86_64

Version: 1.14.0
Check: Rd cross-references
Result: NOTE
    Undeclared packages ‘WGCNA’, ‘moduleColor’, ‘distory’, ‘phangorn’, ‘zoo’ in Rd xrefs
Flavor: r-devel-linux-x86_64-fedora-clang

Version: 1.14.0
Check: Rd cross-references
Result: NOTE
    Package unavailable to check Rd xrefs: ‘WGCNA’
Flavor: r-oldrel-macos-x86_64