CRAN Package Check Results for Package dendextend

Last updated on 2020-08-06 23:48:28 CEST.

Flavor Version Tinstall Tcheck Ttotal Status Flags
r-devel-linux-x86_64-debian-clang 1.13.4 13.13 245.59 258.72 NOTE
r-devel-linux-x86_64-debian-gcc 1.13.4 11.32 231.99 243.31 NOTE
r-devel-linux-x86_64-fedora-clang 1.13.4 359.71 NOTE
r-devel-linux-x86_64-fedora-gcc 1.13.4 409.54 NOTE
r-devel-windows-ix86+x86_64 1.13.4 38.00 280.00 318.00 NOTE
r-patched-linux-x86_64 1.13.4 13.77 289.07 302.84 NOTE
r-patched-solaris-x86 1.13.4 457.40 NOTE
r-release-linux-x86_64 1.13.4 11.10 285.99 297.09 NOTE
r-release-macos-x86_64 1.13.4 NOTE
r-release-windows-ix86+x86_64 1.13.4 22.00 361.00 383.00 NOTE
r-oldrel-macos-x86_64 1.13.4 NOTE
r-oldrel-windows-ix86+x86_64 1.13.4 19.00 258.00 277.00 NOTE

Check Details

Version: 1.13.4
Check: package dependencies
Result: NOTE
    Package suggested but not available for checking: 'd3heatmap'
Flavors: r-devel-linux-x86_64-debian-clang, r-devel-linux-x86_64-debian-gcc, r-devel-linux-x86_64-fedora-clang, r-devel-linux-x86_64-fedora-gcc, r-patched-linux-x86_64, r-patched-solaris-x86, r-release-linux-x86_64, r-release-macos-x86_64

Version: 1.13.4
Check: installed package size
Result: NOTE
     installed size is 6.9Mb
     sub-directories of 1Mb or more:
     doc 5.7Mb
Flavors: r-devel-linux-x86_64-fedora-clang, r-devel-windows-ix86+x86_64, r-patched-solaris-x86, r-release-macos-x86_64, r-release-windows-ix86+x86_64, r-oldrel-macos-x86_64, r-oldrel-windows-ix86+x86_64

Version: 1.13.4
Check: Rd cross-references
Result: NOTE
    Undeclared packages ‘WGCNA’, ‘moduleColor’, ‘distory’, ‘phangorn’, ‘zoo’ in Rd xrefs
Flavor: r-devel-linux-x86_64-fedora-clang

Version: 1.13.4
Check: Rd cross-references
Result: NOTE
    Package unavailable to check Rd xrefs: ‘WGCNA’
Flavor: r-oldrel-macos-x86_64