CRAN Package Check Results for Package dendextend

Last updated on 2022-09-30 08:54:06 CEST.

Flavor Version Tinstall Tcheck Ttotal Status Flags
r-devel-linux-x86_64-debian-clang 1.16.0 15.19 260.44 275.63 OK
r-devel-linux-x86_64-debian-gcc 1.16.0 11.83 207.44 219.27 OK
r-devel-linux-x86_64-fedora-clang 1.16.0 376.60 NOTE
r-devel-linux-x86_64-fedora-gcc 1.16.0 358.91 OK
r-devel-windows-x86_64 1.16.0 154.00 414.00 568.00 NOTE
r-patched-linux-x86_64 1.16.0 15.09 264.93 280.02 OK
r-release-linux-x86_64 1.16.0 14.49 266.34 280.83 OK
r-release-macos-arm64 1.16.0 157.00 NOTE
r-release-macos-x86_64 1.16.0 193.00 NOTE
r-release-windows-x86_64 1.16.0 130.00 396.00 526.00 NOTE
r-oldrel-macos-arm64 1.16.0 157.00 NOTE
r-oldrel-macos-x86_64 1.16.0 205.00 NOTE
r-oldrel-windows-ix86+x86_64 1.16.0 29.00 313.00 342.00 NOTE

Check Details

Version: 1.16.0
Check: installed package size
Result: NOTE
     installed size is 5.4Mb
     sub-directories of 1Mb or more:
     doc 4.2Mb
Flavors: r-devel-linux-x86_64-fedora-clang, r-devel-windows-x86_64, r-release-macos-arm64, r-release-macos-x86_64, r-release-windows-x86_64, r-oldrel-macos-arm64, r-oldrel-macos-x86_64, r-oldrel-windows-ix86+x86_64