CRAN Package Check Results for Package dendroextras

Last updated on 2016-08-29 21:49:02.

Flavor Version Tinstall Tcheck Ttotal Status Flags
r-devel-linux-x86_64-debian-clang 0.2.1 0.71 9.77 10.49 NOTE
r-devel-linux-x86_64-debian-gcc 0.2.1 0.55 9.43 9.98 NOTE
r-devel-linux-x86_64-fedora-clang 0.2.1 17.03 NOTE
r-devel-linux-x86_64-fedora-gcc 0.2.1 15.71 NOTE
r-devel-osx-x86_64-clang 0.2.1 15.93 NOTE
r-devel-windows-ix86+x86_64 0.2.1 6.00 28.00 34.00 NOTE
r-patched-linux-x86_64 0.2.1 0.58 9.64 10.21 NOTE
r-patched-solaris-sparc 0.2.1 110.20 NOTE
r-patched-solaris-x86 0.2.1 25.00 NOTE
r-release-linux-x86_64 0.2.1 0.56 10.07 10.63 NOTE
r-release-osx-x86_64-mavericks 0.2.1 NOTE
r-release-windows-ix86+x86_64 0.2.1 2.00 37.00 39.00 NOTE
r-oldrel-windows-ix86+x86_64 0.2.1 5.00 30.00 35.00 OK

Check Details

Version: 0.2.1
Check: R code for possible problems
Result: NOTE
    color_clusters: no visible binding for global variable ‘rainbow’
    color_clusters: no visible global function definition for
     ‘as.dendrogram’
    color_clusters : descendTree: no visible global function definition for
     ‘dendrapply’
    colour_clusters: no visible binding for global variable ‘rainbow’
    colour_clusters: no visible global function definition for
     ‘as.dendrogram’
    colour_clusters : descendTree: no visible global function definition
     for ‘dendrapply’
    labels<-.dendrogram : replaceLabel: no visible global function
     definition for ‘is.leaf’
    labels<-.dendrogram: no visible global function definition for
     ‘dendrapply’
    leaf_colors : leaf_col: no visible global function definition for
     ‘is.leaf’
    leaf_colors: no visible global function definition for ‘dendrapply’
    leaf_colours : leaf_col: no visible global function definition for
     ‘is.leaf’
    leaf_colours: no visible global function definition for ‘dendrapply’
    set_leaf_colors : leaf_col: no visible global function definition for
     ‘is.leaf’
    set_leaf_colors: no visible global function definition for ‘dendrapply’
    set_leaf_colours : leaf_col: no visible global function definition for
     ‘is.leaf’
    set_leaf_colours: no visible global function definition for
     ‘dendrapply’
    slice.dendrogram: no visible global function definition for ‘as.hclust’
    slice.hclust: no visible global function definition for ‘cutree’
    Undefined global functions or variables:
     as.dendrogram as.hclust cutree dendrapply is.leaf rainbow
    Consider adding
     importFrom("grDevices", "rainbow")
     importFrom("stats", "as.dendrogram", "as.hclust", "cutree",
     "dendrapply", "is.leaf")
    to your NAMESPACE file.
Flavors: r-devel-linux-x86_64-debian-clang, r-devel-linux-x86_64-debian-gcc, r-devel-linux-x86_64-fedora-clang, r-devel-linux-x86_64-fedora-gcc, r-devel-osx-x86_64-clang, r-devel-windows-ix86+x86_64, r-patched-linux-x86_64, r-patched-solaris-sparc, r-patched-solaris-x86, r-release-linux-x86_64, r-release-osx-x86_64-mavericks, r-release-windows-ix86+x86_64