CRAN Package Check Results for Package dendroextras

Last updated on 2017-04-23 23:50:56.

Flavor Version Tinstall Tcheck Ttotal Status Flags
r-devel-linux-x86_64-debian-clang 0.2.1 0.63 12.11 12.74 NOTE
r-devel-linux-x86_64-debian-gcc 0.2.1 0.56 12.48 13.04 NOTE
r-devel-linux-x86_64-fedora-clang 0.2.1 20.22 NOTE --no-stop-on-test-error
r-devel-linux-x86_64-fedora-gcc 0.2.1 19.35 NOTE --no-stop-on-test-error
r-devel-windows-ix86+x86_64 0.2.1 4.00 27.00 31.00 NOTE
r-patched-linux-x86_64 0.2.1 0.59 12.39 12.98 NOTE
r-patched-solaris-sparc 0.2.1 127.30 NOTE
r-patched-solaris-x86 0.2.1 28.70 NOTE
r-release-linux-x86_64 0.2.1 0.56 12.16 12.71 NOTE
r-release-windows-ix86+x86_64 0.2.1 3.00 28.00 31.00 NOTE
r-release-osx-x86_64 0.2.1 NOTE
r-oldrel-windows-ix86+x86_64 0.2.1 3.00 25.00 28.00 NOTE
r-oldrel-osx-x86_64 0.2.1 NOTE

Check Details

Version: 0.2.1
Check: R code for possible problems
Result: NOTE
    color_clusters: no visible binding for global variable ‘rainbow’
    color_clusters: no visible global function definition for
     ‘as.dendrogram’
    color_clusters : descendTree: no visible global function definition for
     ‘dendrapply’
    colour_clusters: no visible binding for global variable ‘rainbow’
    colour_clusters: no visible global function definition for
     ‘as.dendrogram’
    colour_clusters : descendTree: no visible global function definition
     for ‘dendrapply’
    labels<-.dendrogram : replaceLabel: no visible global function
     definition for ‘is.leaf’
    labels<-.dendrogram: no visible global function definition for
     ‘dendrapply’
    leaf_colors : leaf_col: no visible global function definition for
     ‘is.leaf’
    leaf_colors: no visible global function definition for ‘dendrapply’
    leaf_colours : leaf_col: no visible global function definition for
     ‘is.leaf’
    leaf_colours: no visible global function definition for ‘dendrapply’
    set_leaf_colors : leaf_col: no visible global function definition for
     ‘is.leaf’
    set_leaf_colors: no visible global function definition for ‘dendrapply’
    set_leaf_colours : leaf_col: no visible global function definition for
     ‘is.leaf’
    set_leaf_colours: no visible global function definition for
     ‘dendrapply’
    slice.dendrogram: no visible global function definition for ‘as.hclust’
    slice.hclust: no visible global function definition for ‘cutree’
    Undefined global functions or variables:
     as.dendrogram as.hclust cutree dendrapply is.leaf rainbow
    Consider adding
     importFrom("grDevices", "rainbow")
     importFrom("stats", "as.dendrogram", "as.hclust", "cutree",
     "dendrapply", "is.leaf")
    to your NAMESPACE file.
Flavors: r-devel-linux-x86_64-debian-clang, r-devel-linux-x86_64-debian-gcc, r-devel-windows-ix86+x86_64, r-patched-linux-x86_64, r-patched-solaris-sparc, r-patched-solaris-x86, r-release-linux-x86_64, r-release-windows-ix86+x86_64, r-release-osx-x86_64, r-oldrel-windows-ix86+x86_64, r-oldrel-osx-x86_64

Version: 0.2.1
Flags: --no-stop-on-test-error
Check: R code for possible problems
Result: NOTE
    color_clusters: no visible binding for global variable ‘rainbow’
    color_clusters: no visible global function definition for
     ‘as.dendrogram’
    color_clusters : descendTree: no visible global function definition for
     ‘dendrapply’
    colour_clusters: no visible binding for global variable ‘rainbow’
    colour_clusters: no visible global function definition for
     ‘as.dendrogram’
    colour_clusters : descendTree: no visible global function definition
     for ‘dendrapply’
    labels<-.dendrogram : replaceLabel: no visible global function
     definition for ‘is.leaf’
    labels<-.dendrogram: no visible global function definition for
     ‘dendrapply’
    leaf_colors : leaf_col: no visible global function definition for
     ‘is.leaf’
    leaf_colors: no visible global function definition for ‘dendrapply’
    leaf_colours : leaf_col: no visible global function definition for
     ‘is.leaf’
    leaf_colours: no visible global function definition for ‘dendrapply’
    set_leaf_colors : leaf_col: no visible global function definition for
     ‘is.leaf’
    set_leaf_colors: no visible global function definition for ‘dendrapply’
    set_leaf_colours : leaf_col: no visible global function definition for
     ‘is.leaf’
    set_leaf_colours: no visible global function definition for
     ‘dendrapply’
    slice.dendrogram: no visible global function definition for ‘as.hclust’
    slice.hclust: no visible global function definition for ‘cutree’
    Undefined global functions or variables:
     as.dendrogram as.hclust cutree dendrapply is.leaf rainbow
    Consider adding
     importFrom("grDevices", "rainbow")
     importFrom("stats", "as.dendrogram", "as.hclust", "cutree",
     "dendrapply", "is.leaf")
    to your NAMESPACE file.
Flavors: r-devel-linux-x86_64-fedora-clang, r-devel-linux-x86_64-fedora-gcc