CRAN Package Check Results for Package dendroextras

Last updated on 2016-09-26 03:54:52.

Flavor Version Tinstall Tcheck Ttotal Status Flags
r-devel-linux-x86_64-debian-clang 0.2.1 2.53 9.77 12.29 NOTE
r-devel-linux-x86_64-debian-gcc 0.2.1 0.56 9.78 10.34 NOTE
r-devel-linux-x86_64-fedora-clang 0.2.1 16.87 NOTE
r-devel-linux-x86_64-fedora-gcc 0.2.1 16.37 NOTE
r-devel-macos-x86_64-clang 0.2.1 15.85 NOTE
r-devel-windows-ix86+x86_64 0.2.1 4.00 35.00 39.00 NOTE
r-patched-linux-x86_64 0.2.1 0.53 9.74 10.27 NOTE
r-patched-solaris-sparc 0.2.1 110.20 NOTE
r-patched-solaris-x86 0.2.1 24.50 NOTE
r-release-linux-x86_64 0.2.1 0.54 9.75 10.29 NOTE
r-release-osx-x86_64-mavericks 0.2.1 NOTE
r-release-windows-ix86+x86_64 0.2.1 7.00 35.00 42.00 NOTE
r-oldrel-windows-ix86+x86_64 0.2.1 4.00 37.00 41.00 OK

Check Details

Version: 0.2.1
Check: R code for possible problems
Result: NOTE
    color_clusters: no visible binding for global variable ‘rainbow’
    color_clusters: no visible global function definition for
     ‘as.dendrogram’
    color_clusters : descendTree: no visible global function definition for
     ‘dendrapply’
    colour_clusters: no visible binding for global variable ‘rainbow’
    colour_clusters: no visible global function definition for
     ‘as.dendrogram’
    colour_clusters : descendTree: no visible global function definition
     for ‘dendrapply’
    labels<-.dendrogram : replaceLabel: no visible global function
     definition for ‘is.leaf’
    labels<-.dendrogram: no visible global function definition for
     ‘dendrapply’
    leaf_colors : leaf_col: no visible global function definition for
     ‘is.leaf’
    leaf_colors: no visible global function definition for ‘dendrapply’
    leaf_colours : leaf_col: no visible global function definition for
     ‘is.leaf’
    leaf_colours: no visible global function definition for ‘dendrapply’
    set_leaf_colors : leaf_col: no visible global function definition for
     ‘is.leaf’
    set_leaf_colors: no visible global function definition for ‘dendrapply’
    set_leaf_colours : leaf_col: no visible global function definition for
     ‘is.leaf’
    set_leaf_colours: no visible global function definition for
     ‘dendrapply’
    slice.dendrogram: no visible global function definition for ‘as.hclust’
    slice.hclust: no visible global function definition for ‘cutree’
    Undefined global functions or variables:
     as.dendrogram as.hclust cutree dendrapply is.leaf rainbow
    Consider adding
     importFrom("grDevices", "rainbow")
     importFrom("stats", "as.dendrogram", "as.hclust", "cutree",
     "dendrapply", "is.leaf")
    to your NAMESPACE file.
Flavors: r-devel-linux-x86_64-debian-clang, r-devel-linux-x86_64-debian-gcc, r-devel-linux-x86_64-fedora-clang, r-devel-linux-x86_64-fedora-gcc, r-devel-macos-x86_64-clang, r-devel-windows-ix86+x86_64, r-patched-linux-x86_64, r-patched-solaris-sparc, r-patched-solaris-x86, r-release-linux-x86_64, r-release-osx-x86_64-mavericks, r-release-windows-ix86+x86_64