CRAN Package Check Results for Package dendroextras

Last updated on 2015-06-30 22:47:13.

Flavor Version Tinstall Tcheck Ttotal Status Flags
r-devel-linux-x86_64-debian-clang 0.2.1 0.55 10.45 11.00 NOTE
r-devel-linux-x86_64-debian-gcc 0.2.1 0.51 9.29 9.80 NOTE
r-devel-linux-x86_64-fedora-clang 0.2.1 19.76 NOTE
r-devel-linux-x86_64-fedora-gcc 0.2.1 19.39 NOTE
r-devel-osx-x86_64-clang 0.2.1 20.61 OK
r-devel-windows-ix86+x86_64 0.2.1 3.00 18.00 21.00 NOTE
r-patched-linux-x86_64 0.2.1 0.57 10.16 10.74 OK
r-patched-solaris-sparc 0.2.1 133.90 OK
r-patched-solaris-x86 0.2.1 30.20 OK
r-release-linux-x86_64 0.2.1 0.55 9.92 10.47 OK
r-release-osx-x86_64-mavericks 0.2.1 OK
r-release-windows-ix86+x86_64 0.2.1 4.00 17.00 21.00 OK
r-oldrel-windows-ix86+x86_64 0.2.1 5.00 24.00 29.00 OK

Check Details

Version: 0.2.1
Check: R code for possible problems
Result: NOTE
    color_clusters: no visible binding for global variable ‘rainbow’
    color_clusters: no visible global function definition for
     ‘as.dendrogram’
    color_clusters : descendTree: no visible global function definition for
     ‘dendrapply’
    colour_clusters: no visible binding for global variable ‘rainbow’
    colour_clusters: no visible global function definition for
     ‘as.dendrogram’
    colour_clusters : descendTree: no visible global function definition
     for ‘dendrapply’
    labels<-.dendrogram : replaceLabel: no visible global function
     definition for ‘is.leaf’
    labels<-.dendrogram: no visible global function definition for
     ‘dendrapply’
    leaf_colors : leaf_col: no visible global function definition for
     ‘is.leaf’
    leaf_colors: no visible global function definition for ‘dendrapply’
    leaf_colours : leaf_col: no visible global function definition for
     ‘is.leaf’
    leaf_colours: no visible global function definition for ‘dendrapply’
    set_leaf_colors : leaf_col: no visible global function definition for
     ‘is.leaf’
    set_leaf_colors: no visible global function definition for ‘dendrapply’
    set_leaf_colours : leaf_col: no visible global function definition for
     ‘is.leaf’
    set_leaf_colours: no visible global function definition for
     ‘dendrapply’
    slice.dendrogram: no visible global function definition for ‘as.hclust’
    slice.hclust: no visible global function definition for ‘cutree’
Flavors: r-devel-linux-x86_64-debian-clang, r-devel-linux-x86_64-debian-gcc, r-devel-linux-x86_64-fedora-clang, r-devel-linux-x86_64-fedora-gcc, r-devel-windows-ix86+x86_64