CRAN Package Check Results for Package dendsort

Last updated on 2021-01-23 21:49:39 CET.

Flavor Version Tinstall Tcheck Ttotal Status Flags
r-devel-linux-x86_64-debian-clang 0.3.3 2.42 38.38 40.80 NOTE
r-devel-linux-x86_64-debian-gcc 0.3.3 1.74 29.53 31.27 NOTE
r-devel-linux-x86_64-fedora-clang 0.3.3 58.22 NOTE
r-devel-linux-x86_64-fedora-gcc 0.3.3 47.74 NOTE
r-devel-windows-ix86+x86_64 0.3.3 5.00 54.00 59.00 OK
r-patched-linux-x86_64 0.3.3 2.27 37.07 39.34 NOTE
r-patched-solaris-x86 0.3.3 67.80 NOTE
r-release-linux-x86_64 0.3.3 2.24 36.93 39.17 NOTE
r-release-macos-x86_64 0.3.3 NOTE
r-release-windows-ix86+x86_64 0.3.3 4.00 53.00 57.00 OK
r-oldrel-macos-x86_64 0.3.3 OK
r-oldrel-windows-ix86+x86_64 0.3.3 3.00 54.00 57.00 OK

Check Details

Version: 0.3.3
Check: package dependencies
Result: NOTE
    Package suggested but not available for checking: 'gapmap'
Flavors: r-devel-linux-x86_64-debian-clang, r-devel-linux-x86_64-debian-gcc, r-devel-linux-x86_64-fedora-clang, r-devel-linux-x86_64-fedora-gcc, r-patched-linux-x86_64, r-patched-solaris-x86, r-release-linux-x86_64, r-release-macos-x86_64