CRAN Package Check Results for Package denguedatahub

Last updated on 2024-03-05 02:53:13 CET.

Flavor Version Tinstall Tcheck Ttotal Status Flags
r-devel-linux-x86_64-debian-clang 1.0.4 10.67 40.36 51.03 OK
r-devel-linux-x86_64-debian-gcc 1.0.4 8.43 32.34 40.77 OK
r-devel-linux-x86_64-fedora-clang 1.0.4 64.85 NOTE
r-devel-linux-x86_64-fedora-gcc 1.0.4 64.46 NOTE
r-devel-windows-x86_64 1.0.4 17.00 60.00 77.00 OK
r-patched-linux-x86_64 1.0.4 9.53 40.36 49.89 OK
r-release-linux-x86_64 1.0.4 9.72 39.96 49.68 OK
r-release-macos-arm64 1.0.4 31.00 OK
r-release-macos-x86_64 1.0.4 63.00 OK
r-release-windows-x86_64 1.0.4 21.00 63.00 84.00 OK
r-oldrel-macos-arm64 1.0.4 32.00 OK
r-oldrel-windows-x86_64 1.0.4 22.00 71.00 93.00 OK

Check Details

Version: 1.0.4
Check: data for non-ASCII characters
Result: NOTE Note: found 3 marked UTF-8 strings Flavors: r-devel-linux-x86_64-fedora-clang, r-devel-linux-x86_64-fedora-gcc