CRAN Package Check Results for Package denstrip

Last updated on 2015-05-28 15:47:25.

Flavor Version Tinstall Tcheck Ttotal Status Flags
r-devel-linux-x86_64-debian-clang 1.5.3 0.66 23.80 24.46 NOTE
r-devel-linux-x86_64-debian-gcc 1.5.3 0.62 23.11 23.73 NOTE
r-devel-linux-x86_64-fedora-clang 1.5.3 46.43 NOTE
r-devel-linux-x86_64-fedora-gcc 1.5.3 45.88 NOTE
r-devel-osx-x86_64-clang 1.5.3 42.96 NOTE
r-devel-windows-ix86+x86_64 1.5.3 3.00 42.00 45.00 NOTE
r-patched-linux-x86_64 1.5.3 0.62 23.40 24.02 NOTE
r-patched-solaris-sparc 1.5.3 308.10 NOTE
r-patched-solaris-x86 1.5.3 63.10 NOTE
r-release-linux-x86_64 1.5.3 0.65 23.33 23.98 NOTE
r-release-osx-x86_64-mavericks 1.5.3 NOTE
r-release-osx-x86_64-snowleopard 1.5.3 NOTE
r-release-windows-ix86+x86_64 1.5.3 3.00 40.00 43.00 NOTE
r-oldrel-windows-ix86+x86_64 1.5.3 2.00 42.00 44.00 NOTE

Check Details

Version: 1.5.3
Check: S3 generic/method consistency
Result: NOTE
    Found the following apparent S3 methods exported but not registered:
     densregion.default densregion.normal
    See section ‘Registering S3 methods’ in the ‘Writing R Extensions’
    manual.
Flavors: r-devel-linux-x86_64-debian-clang, r-devel-linux-x86_64-debian-gcc, r-devel-linux-x86_64-fedora-clang, r-devel-linux-x86_64-fedora-gcc, r-devel-osx-x86_64-clang, r-patched-linux-x86_64, r-patched-solaris-sparc, r-patched-solaris-x86, r-release-linux-x86_64

Version: 1.5.3
Check: R code for possible problems
Result: NOTE
    bpstrip: no visible binding for global variable ‘panel.polygon’
    bpstrip: no visible binding for global variable ‘panel.segments’
    bpstrip: no visible global function definition for
     ‘current.panel.limits’
    bpstrip: no visible global function definition for ‘trellis.par.get’
    cistrip: no visible binding for global variable ‘panel.points’
    cistrip: no visible binding for global variable ‘panel.segments’
    denstrip: no visible binding for global variable ‘panel.rect’
    denstrip: no visible binding for global variable ‘panel.segments’
    denstrip: no visible global function definition for
     ‘current.panel.limits’
    denstrip: no visible global function definition for ‘trellis.par.get’
    denstrip.legend: no visible binding for global variable ‘panel.polygon’
    denstrip.legend: no visible binding for global variable
     ‘panel.segments’
    denstrip.legend: no visible binding for global variable ‘panel.text’
    denstrip.legend: no visible global function definition for
     ‘current.panel.limits’
    denstrip.legend: no visible global function definition for
     ‘trellis.last.object’
    denstrip.legend: no visible global function definition for
     ‘trellis.par.get’
    sectioned.density: no visible binding for global variable ‘panel.rect’
    sectioned.density: no visible global function definition for
     ‘current.panel.limits’
    sectioned.density: no visible global function definition for
     ‘trellis.par.get’
    vwstrip: no visible binding for global variable ‘panel.polygon’
    vwstrip: no visible binding for global variable ‘panel.segments’
    vwstrip: no visible global function definition for
     ‘current.panel.limits’
    vwstrip: no visible global function definition for ‘trellis.par.get’
Flavors: r-devel-linux-x86_64-debian-clang, r-devel-linux-x86_64-debian-gcc, r-devel-linux-x86_64-fedora-clang, r-devel-linux-x86_64-fedora-gcc, r-devel-osx-x86_64-clang, r-devel-windows-ix86+x86_64, r-patched-linux-x86_64, r-patched-solaris-sparc, r-patched-solaris-x86, r-release-linux-x86_64, r-release-osx-x86_64-mavericks, r-release-osx-x86_64-snowleopard, r-release-windows-ix86+x86_64, r-oldrel-windows-ix86+x86_64

Version: 1.5.3
Check: package dependencies
Result: NOTE
    Package suggested but not available for checking: ‘Hmisc’
Flavor: r-release-osx-x86_64-snowleopard

Version: 1.5.3
Check: Rd cross-references
Result: NOTE
    Package unavailable to check Rd xrefs: ‘Hmisc’
Flavor: r-release-osx-x86_64-snowleopard