CRAN Package Check Results for Package denstrip

Last updated on 2014-04-24 17:49:42.

Flavor Version Tinstall Tcheck Ttotal Status Flags
r-devel-linux-x86_64-debian-clang 1.5.3 0.68 24.87 25.55 OK
r-devel-linux-x86_64-debian-gcc 1.5.3 0.66 24.82 25.48 OK
r-devel-linux-x86_64-fedora-clang 1.5.3 49.16 OK
r-devel-linux-x86_64-fedora-gcc 1.5.3 48.37 OK
r-devel-osx-x86_64-clang 1.5.3 41.13 OK
r-devel-osx-x86_64-gcc 1.5.3 NOTE
r-devel-windows-ix86+x86_64 1.5.3 3.00 40.00 43.00 OK
r-patched-linux-x86_64 1.5.3 0.69 25.10 25.79 OK
r-patched-solaris-sparc 1.5.3 292.30 OK
r-patched-solaris-x86 1.5.3 66.10 OK
r-release-linux-ix86 1.5.3 1.00 47.00 48.00 OK
r-release-linux-x86_64 1.5.3 0.75 25.02 25.77 OK
r-release-osx-x86_64-mavericks 1.5.3 WARN
r-release-osx-x86_64-snowleopard 1.5.3 OK
r-release-windows-ix86+x86_64 1.5.3 2.00 37.00 39.00 OK
r-oldrel-windows-ix86+x86_64 1.5.3 3.00 44.00 47.00 OK

Check Details

Version: 1.5.3
Check: package dependencies
Result: NOTE
    Packages suggested but not available for checking: ‘vioplot’ ‘Hmisc’
Flavor: r-devel-osx-x86_64-gcc

Version: 1.5.3
Check: Rd cross-references
Result: NOTE
    Packages unavailable to check Rd xrefs: ‘Hmisc’, ‘vioplot’
Flavor: r-devel-osx-x86_64-gcc

Version: 1.5.3
Check: PDF version of manual
Result: WARNING
    LaTeX errors when creating PDF version.
    This typically indicates Rd problems.
    LaTeX errors found:
    ! LaTeX Error: File `upquote.sty' not found.
    
    Type X to quit or <RETURN> to proceed,
    or enter new name. (Default extension: sty)
    
    79c2c38/Rd2.tex:8: ==> Fatal error occurred, no output PDF file produced!
Flavor: r-release-osx-x86_64-mavericks