CRAN Package Check Results for Package denstrip

Last updated on 2014-10-31 06:47:16.

Flavor Version Tinstall Tcheck Ttotal Status Flags
r-devel-linux-x86_64-debian-clang 1.5.3 0.70 24.48 25.18 NOTE
r-devel-linux-x86_64-debian-gcc 1.5.3 0.69 24.80 25.49 NOTE
r-devel-linux-x86_64-fedora-clang 1.5.3 48.70 NOTE
r-devel-linux-x86_64-fedora-gcc 1.5.3 47.74 NOTE
r-devel-osx-x86_64-clang 1.5.3 44.73 NOTE
r-devel-windows-ix86+x86_64 1.5.3 2.00 39.00 41.00 NOTE
r-patched-linux-x86_64 1.5.3 0.67 28.04 28.72 NOTE
r-patched-solaris-sparc 1.5.3 291.30 NOTE
r-patched-solaris-x86 1.5.3 67.30 NOTE
r-release-linux-ix86 1.5.3 0.95 37.66 38.61 OK
r-release-linux-x86_64 1.5.3 0.65 25.51 26.16 OK
r-release-osx-x86_64-mavericks 1.5.3 OK
r-release-osx-x86_64-snowleopard 1.5.3 OK
r-release-windows-ix86+x86_64 1.5.3 2.00 40.00 42.00 OK
r-oldrel-windows-ix86+x86_64 1.5.3 3.00 43.00 46.00 OK

Check Details

Version: 1.5.3
Check: R code for possible problems
Result: NOTE
    bpstrip: no visible binding for global variable ‘panel.polygon’
    bpstrip: no visible binding for global variable ‘panel.segments’
    bpstrip: no visible global function definition for
     ‘current.panel.limits’
    bpstrip: no visible global function definition for ‘trellis.par.get’
    cistrip: no visible binding for global variable ‘panel.points’
    cistrip: no visible binding for global variable ‘panel.segments’
    denstrip: no visible binding for global variable ‘panel.rect’
    denstrip: no visible binding for global variable ‘panel.segments’
    denstrip: no visible global function definition for
     ‘current.panel.limits’
    denstrip: no visible global function definition for ‘trellis.par.get’
    denstrip.legend: no visible binding for global variable ‘panel.polygon’
    denstrip.legend: no visible binding for global variable
     ‘panel.segments’
    denstrip.legend: no visible binding for global variable ‘panel.text’
    denstrip.legend: no visible global function definition for
     ‘current.panel.limits’
    denstrip.legend: no visible global function definition for
     ‘trellis.last.object’
    denstrip.legend: no visible global function definition for
     ‘trellis.par.get’
    sectioned.density: no visible binding for global variable ‘panel.rect’
    sectioned.density: no visible global function definition for
     ‘current.panel.limits’
    sectioned.density: no visible global function definition for
     ‘trellis.par.get’
    vwstrip: no visible binding for global variable ‘panel.polygon’
    vwstrip: no visible binding for global variable ‘panel.segments’
    vwstrip: no visible global function definition for
     ‘current.panel.limits’
    vwstrip: no visible global function definition for ‘trellis.par.get’
Flavors: r-devel-linux-x86_64-debian-clang, r-devel-linux-x86_64-debian-gcc, r-devel-linux-x86_64-fedora-clang, r-devel-linux-x86_64-fedora-gcc, r-devel-osx-x86_64-clang, r-devel-windows-ix86+x86_64, r-patched-linux-x86_64, r-patched-solaris-sparc, r-patched-solaris-x86