CRAN Package Check Results for Package denstrip

Last updated on 2014-08-20 21:47:24.

Flavor Version Tinstall Tcheck Ttotal Status Flags
r-devel-linux-x86_64-debian-clang 1.5.3 0.64 25.04 25.68 OK
r-devel-linux-x86_64-debian-gcc 1.5.3 0.62 23.98 24.60 OK
r-devel-linux-x86_64-fedora-clang 1.5.3 49.67 NOTE
r-devel-linux-x86_64-fedora-gcc 1.5.3 45.97 NOTE
r-devel-osx-x86_64-clang 1.5.3 43.30 NOTE
r-devel-windows-ix86+x86_64 1.5.3 3.00 38.00 41.00 OK
r-patched-linux-x86_64 1.5.3 0.64 25.16 25.80 OK
r-patched-solaris-sparc 1.5.3 302.70 OK
r-patched-solaris-x86 1.5.3 64.90 OK
r-release-linux-ix86 1.5.3 0.97 37.28 38.24 OK
r-release-linux-x86_64 1.5.3 0.65 24.52 25.17 OK
r-release-osx-x86_64-mavericks 1.5.3 OK
r-release-osx-x86_64-snowleopard 1.5.3 OK
r-release-windows-ix86+x86_64 1.5.3 3.00 43.00 46.00 OK
r-oldrel-windows-ix86+x86_64 1.5.3 3.00 48.00 51.00 OK

Check Details

Version: 1.5.3
Check: R code for possible problems
Result: NOTE
    bpstrip: no visible binding for global variable ‘panel.polygon’
    bpstrip: no visible binding for global variable ‘panel.segments’
    bpstrip: no visible global function definition for
     ‘current.panel.limits’
    bpstrip: no visible global function definition for ‘trellis.par.get’
    cistrip: no visible binding for global variable ‘panel.points’
    cistrip: no visible binding for global variable ‘panel.segments’
    denstrip: no visible binding for global variable ‘panel.rect’
    denstrip: no visible binding for global variable ‘panel.segments’
    denstrip: no visible global function definition for
     ‘current.panel.limits’
    denstrip: no visible global function definition for ‘trellis.par.get’
    denstrip.legend: no visible binding for global variable ‘panel.polygon’
    denstrip.legend: no visible binding for global variable
     ‘panel.segments’
    denstrip.legend: no visible binding for global variable ‘panel.text’
    denstrip.legend: no visible global function definition for
     ‘current.panel.limits’
    denstrip.legend: no visible global function definition for
     ‘trellis.last.object’
    denstrip.legend: no visible global function definition for
     ‘trellis.par.get’
    sectioned.density: no visible binding for global variable ‘panel.rect’
    sectioned.density: no visible global function definition for
     ‘current.panel.limits’
    sectioned.density: no visible global function definition for
     ‘trellis.par.get’
    vwstrip: no visible binding for global variable ‘panel.polygon’
    vwstrip: no visible binding for global variable ‘panel.segments’
    vwstrip: no visible global function definition for
     ‘current.panel.limits’
    vwstrip: no visible global function definition for ‘trellis.par.get’
Flavors: r-devel-linux-x86_64-fedora-clang, r-devel-linux-x86_64-fedora-gcc, r-devel-osx-x86_64-clang