CRAN Package Check Results for Package denstrip

Last updated on 2015-01-25 23:52:08.

Flavor Version Tinstall Tcheck Ttotal Status Flags
r-devel-linux-x86_64-debian-clang 1.5.3 0.66 23.40 24.06 NOTE
r-devel-linux-x86_64-debian-gcc 1.5.3 0.73 24.14 24.87 NOTE
r-devel-linux-x86_64-fedora-clang 1.5.3 51.15 NOTE
r-devel-linux-x86_64-fedora-gcc 1.5.3 49.95 NOTE
r-devel-osx-x86_64-clang 1.5.3 44.40 NOTE
r-devel-windows-ix86+x86_64 1.5.3 3.00 54.00 57.00 NOTE
r-patched-linux-x86_64 1.5.3 0.67 24.99 25.66 NOTE
r-patched-solaris-sparc 1.5.3 313.80 NOTE
r-patched-solaris-x86 1.5.3 67.20 NOTE
r-release-linux-ix86 1.5.3 0.96 35.36 36.32 NOTE
r-release-linux-x86_64 1.5.3 0.68 24.64 25.31 NOTE
r-release-osx-x86_64-mavericks 1.5.3 NOTE
r-release-osx-x86_64-snowleopard 1.5.3 OK
r-release-windows-ix86+x86_64 1.5.3 3.00 44.00 47.00 NOTE
r-oldrel-windows-ix86+x86_64 1.5.3 3.00 43.00 46.00 OK

Check Details

Version: 1.5.3
Check: R code for possible problems
Result: NOTE
    bpstrip: no visible binding for global variable ‘panel.polygon’
    bpstrip: no visible binding for global variable ‘panel.segments’
    bpstrip: no visible global function definition for
     ‘current.panel.limits’
    bpstrip: no visible global function definition for ‘trellis.par.get’
    cistrip: no visible binding for global variable ‘panel.points’
    cistrip: no visible binding for global variable ‘panel.segments’
    denstrip: no visible binding for global variable ‘panel.rect’
    denstrip: no visible binding for global variable ‘panel.segments’
    denstrip: no visible global function definition for
     ‘current.panel.limits’
    denstrip: no visible global function definition for ‘trellis.par.get’
    denstrip.legend: no visible binding for global variable ‘panel.polygon’
    denstrip.legend: no visible binding for global variable
     ‘panel.segments’
    denstrip.legend: no visible binding for global variable ‘panel.text’
    denstrip.legend: no visible global function definition for
     ‘current.panel.limits’
    denstrip.legend: no visible global function definition for
     ‘trellis.last.object’
    denstrip.legend: no visible global function definition for
     ‘trellis.par.get’
    sectioned.density: no visible binding for global variable ‘panel.rect’
    sectioned.density: no visible global function definition for
     ‘current.panel.limits’
    sectioned.density: no visible global function definition for
     ‘trellis.par.get’
    vwstrip: no visible binding for global variable ‘panel.polygon’
    vwstrip: no visible binding for global variable ‘panel.segments’
    vwstrip: no visible global function definition for
     ‘current.panel.limits’
    vwstrip: no visible global function definition for ‘trellis.par.get’
Flavors: r-devel-linux-x86_64-debian-clang, r-devel-linux-x86_64-debian-gcc, r-devel-linux-x86_64-fedora-clang, r-devel-linux-x86_64-fedora-gcc, r-devel-osx-x86_64-clang, r-devel-windows-ix86+x86_64, r-patched-linux-x86_64, r-patched-solaris-sparc, r-patched-solaris-x86, r-release-linux-ix86, r-release-linux-x86_64, r-release-osx-x86_64-mavericks, r-release-windows-ix86+x86_64

Version: 1.5.3
Check: S3 generic/method consistency
Result: NOTE
    Found the following apparent S3 methods exported but not registered:
     densregion.default densregion.normal
    See section ‘Registering S3 methods’ in the ‘Writing R Extensions’
    manual.
Flavors: r-devel-linux-x86_64-fedora-clang, r-devel-linux-x86_64-fedora-gcc, r-devel-osx-x86_64-clang