CRAN Package Check Results for Package denstrip

Last updated on 2015-07-04 19:47:33.

Flavor Version Tinstall Tcheck Ttotal Status Flags
r-devel-linux-x86_64-debian-clang 1.5.3 0.61 22.69 23.30 NOTE
r-devel-linux-x86_64-debian-gcc 1.5.3 0.59 23.03 23.62 NOTE
r-devel-linux-x86_64-fedora-clang 1.5.3 45.62 NOTE
r-devel-linux-x86_64-fedora-gcc 1.5.3 45.58 NOTE
r-devel-osx-x86_64-clang 1.5.3 38.23 NOTE
r-devel-windows-ix86+x86_64 1.5.3 5.00 41.00 46.00 NOTE
r-patched-linux-x86_64 1.5.3 0.61 24.49 25.10 NOTE
r-patched-solaris-sparc 1.5.3 308.10 NOTE
r-patched-solaris-x86 1.5.3 64.10 NOTE
r-release-linux-x86_64 1.5.3 0.62 23.17 23.79 NOTE
r-release-osx-x86_64-mavericks 1.5.3 NOTE
r-release-windows-ix86+x86_64 1.5.3 4.00 38.00 42.00 NOTE
r-oldrel-windows-ix86+x86_64 1.5.3 4.00 43.00 47.00 NOTE

Check Details

Version: 1.5.3
Check: S3 generic/method consistency
Result: NOTE
    Found the following apparent S3 methods exported but not registered:
     densregion.default densregion.normal
    See section ‘Registering S3 methods’ in the ‘Writing R Extensions’
    manual.
Flavors: r-devel-linux-x86_64-debian-clang, r-devel-linux-x86_64-debian-gcc, r-devel-linux-x86_64-fedora-clang, r-devel-linux-x86_64-fedora-gcc, r-devel-osx-x86_64-clang, r-patched-linux-x86_64, r-patched-solaris-sparc, r-patched-solaris-x86, r-release-linux-x86_64

Version: 1.5.3
Check: R code for possible problems
Result: NOTE
    bpstrip: no visible global function definition for ‘ecdf’
    bpstrip: no visible binding for global variable ‘panel.polygon’
    bpstrip: no visible binding for global variable ‘panel.segments’
    bpstrip: no visible global function definition for
     ‘current.panel.limits’
    bpstrip: no visible global function definition for ‘trellis.par.get’
    bpstrip: no visible binding for global variable ‘polygon’
    bpstrip: no visible binding for global variable ‘segments’
    bpstrip: no visible global function definition for ‘par’
    cistrip: no visible global function definition for ‘par’
    cistrip: no visible binding for global variable ‘panel.points’
    cistrip: no visible binding for global variable ‘panel.segments’
    cistrip: no visible binding for global variable ‘points’
    cistrip: no visible binding for global variable ‘segments’
    densregion.default: no visible global function definition for ‘par’
    densregion.default: no visible global function definition for
     ‘quantile’
    densregion.default: no visible global function definition for ‘col2rgb’
    densregion.default: no visible global function definition for ‘rgb’
    densregion.default: no visible global function definition for
     ‘.filled.contour’
    densregion.normal: no visible global function definition for ‘qnorm’
    densregion.normal: no visible global function definition for ‘ppoints’
    densregion.normal: no visible global function definition for ‘dnorm’
    densregion.survfit: no visible global function definition for ‘qnorm’
    densregion.survfit: no visible global function definition for ‘ppoints’
    densregion.survfit: no visible global function definition for ‘dnorm’
    denstrip: no visible global function definition for ‘density’
    denstrip: no visible binding for global variable ‘panel.rect’
    denstrip: no visible binding for global variable ‘panel.segments’
    denstrip: no visible global function definition for
     ‘current.panel.limits’
    denstrip: no visible global function definition for ‘trellis.par.get’
    denstrip: no visible binding for global variable ‘rect’
    denstrip: no visible binding for global variable ‘segments’
    denstrip: no visible global function definition for ‘par’
    denstrip: no visible global function definition for ‘col2rgb’
    denstrip: no visible global function definition for ‘rgb’
    denstrip.legend: no visible binding for global variable ‘panel.polygon’
    denstrip.legend: no visible binding for global variable
     ‘panel.segments’
    denstrip.legend: no visible binding for global variable ‘panel.text’
    denstrip.legend: no visible global function definition for
     ‘current.panel.limits’
    denstrip.legend: no visible global function definition for
     ‘trellis.last.object’
    denstrip.legend: no visible global function definition for
     ‘trellis.par.get’
    denstrip.legend: no visible binding for global variable ‘polygon’
    denstrip.legend: no visible binding for global variable ‘segments’
    denstrip.legend: no visible binding for global variable ‘text’
    denstrip.legend: no visible global function definition for ‘par’
    denstrip.normal: no visible global function definition for ‘qlnorm’
    denstrip.normal: no visible global function definition for ‘ppoints’
    denstrip.normal: no visible global function definition for ‘qnorm’
    denstrip.normal: no visible global function definition for ‘dlnorm’
    denstrip.normal: no visible global function definition for ‘dnorm’
    sectioned.density: no visible binding for global variable ‘panel.rect’
    sectioned.density: no visible global function definition for
     ‘current.panel.limits’
    sectioned.density: no visible global function definition for
     ‘trellis.par.get’
    sectioned.density: no visible binding for global variable ‘rect’
    sectioned.density: no visible global function definition for ‘par’
    sectioned.density: no visible global function definition for
     ‘nclass.Sturges’
    sectioned.density: no visible global function definition for ‘density’
    sectioned.density: no visible global function definition for ‘col2rgb’
    sectioned.density: no visible global function definition for ‘rgb’
    vwstrip: no visible global function definition for ‘density’
    vwstrip: no visible binding for global variable ‘panel.polygon’
    vwstrip: no visible binding for global variable ‘panel.segments’
    vwstrip: no visible global function definition for
     ‘current.panel.limits’
    vwstrip: no visible global function definition for ‘trellis.par.get’
    vwstrip: no visible binding for global variable ‘polygon’
    vwstrip: no visible binding for global variable ‘segments’
    vwstrip: no visible global function definition for ‘par’
    vwstrip.normal: no visible global function definition for ‘qlnorm’
    vwstrip.normal: no visible global function definition for ‘ppoints’
    vwstrip.normal: no visible global function definition for ‘qnorm’
    vwstrip.normal: no visible global function definition for ‘dlnorm’
    vwstrip.normal: no visible global function definition for ‘dnorm’
    Undefined global functions or variables:
     .filled.contour col2rgb current.panel.limits density dlnorm dnorm
     ecdf nclass.Sturges panel.points panel.polygon panel.rect
     panel.segments panel.text par points polygon ppoints qlnorm qnorm
     quantile rect rgb segments text trellis.last.object trellis.par.get
Flavors: r-devel-linux-x86_64-debian-clang, r-devel-linux-x86_64-debian-gcc, r-devel-linux-x86_64-fedora-clang, r-devel-linux-x86_64-fedora-gcc, r-devel-windows-ix86+x86_64

Version: 1.5.3
Check: R code for possible problems
Result: NOTE
    bpstrip: no visible binding for global variable ‘panel.polygon’
    bpstrip: no visible binding for global variable ‘panel.segments’
    bpstrip: no visible global function definition for
     ‘current.panel.limits’
    bpstrip: no visible global function definition for ‘trellis.par.get’
    cistrip: no visible binding for global variable ‘panel.points’
    cistrip: no visible binding for global variable ‘panel.segments’
    denstrip: no visible binding for global variable ‘panel.rect’
    denstrip: no visible binding for global variable ‘panel.segments’
    denstrip: no visible global function definition for
     ‘current.panel.limits’
    denstrip: no visible global function definition for ‘trellis.par.get’
    denstrip.legend: no visible binding for global variable ‘panel.polygon’
    denstrip.legend: no visible binding for global variable
     ‘panel.segments’
    denstrip.legend: no visible binding for global variable ‘panel.text’
    denstrip.legend: no visible global function definition for
     ‘current.panel.limits’
    denstrip.legend: no visible global function definition for
     ‘trellis.last.object’
    denstrip.legend: no visible global function definition for
     ‘trellis.par.get’
    sectioned.density: no visible binding for global variable ‘panel.rect’
    sectioned.density: no visible global function definition for
     ‘current.panel.limits’
    sectioned.density: no visible global function definition for
     ‘trellis.par.get’
    vwstrip: no visible binding for global variable ‘panel.polygon’
    vwstrip: no visible binding for global variable ‘panel.segments’
    vwstrip: no visible global function definition for
     ‘current.panel.limits’
    vwstrip: no visible global function definition for ‘trellis.par.get’
    Undefined global functions or variables:
     current.panel.limits panel.points panel.polygon panel.rect
     panel.segments panel.text trellis.last.object trellis.par.get
Flavor: r-devel-osx-x86_64-clang

Version: 1.5.3
Check: R code for possible problems
Result: NOTE
    bpstrip: no visible binding for global variable ‘panel.polygon’
    bpstrip: no visible binding for global variable ‘panel.segments’
    bpstrip: no visible global function definition for
     ‘current.panel.limits’
    bpstrip: no visible global function definition for ‘trellis.par.get’
    cistrip: no visible binding for global variable ‘panel.points’
    cistrip: no visible binding for global variable ‘panel.segments’
    denstrip: no visible binding for global variable ‘panel.rect’
    denstrip: no visible binding for global variable ‘panel.segments’
    denstrip: no visible global function definition for
     ‘current.panel.limits’
    denstrip: no visible global function definition for ‘trellis.par.get’
    denstrip.legend: no visible binding for global variable ‘panel.polygon’
    denstrip.legend: no visible binding for global variable
     ‘panel.segments’
    denstrip.legend: no visible binding for global variable ‘panel.text’
    denstrip.legend: no visible global function definition for
     ‘current.panel.limits’
    denstrip.legend: no visible global function definition for
     ‘trellis.last.object’
    denstrip.legend: no visible global function definition for
     ‘trellis.par.get’
    sectioned.density: no visible binding for global variable ‘panel.rect’
    sectioned.density: no visible global function definition for
     ‘current.panel.limits’
    sectioned.density: no visible global function definition for
     ‘trellis.par.get’
    vwstrip: no visible binding for global variable ‘panel.polygon’
    vwstrip: no visible binding for global variable ‘panel.segments’
    vwstrip: no visible global function definition for
     ‘current.panel.limits’
    vwstrip: no visible global function definition for ‘trellis.par.get’
Flavors: r-patched-linux-x86_64, r-patched-solaris-sparc, r-patched-solaris-x86, r-release-linux-x86_64, r-release-osx-x86_64-mavericks, r-release-windows-ix86+x86_64, r-oldrel-windows-ix86+x86_64