CRAN Package Check Results for Package depend.truncation

Last updated on 2015-08-04 16:48:23.

Flavor Version Tinstall Tcheck Ttotal Status Flags
r-devel-linux-x86_64-debian-clang 2.4 0.58 25.20 25.79 NOTE
r-devel-linux-x86_64-debian-gcc 2.4 0.78 24.85 25.63 NOTE
r-devel-linux-x86_64-fedora-clang 2.4 54.49 NOTE
r-devel-linux-x86_64-fedora-gcc 2.4 48.04 NOTE
r-devel-osx-x86_64-clang 2.4 43.27 OK
r-devel-windows-ix86+x86_64 2.4 3.00 48.00 51.00 NOTE
r-patched-linux-x86_64 2.4 0.62 26.34 26.97 OK
r-patched-solaris-sparc 2.4 360.80 OK
r-patched-solaris-x86 2.4 69.60 OK
r-release-linux-x86_64 2.4 0.82 26.88 27.70 OK
r-release-osx-x86_64-mavericks 2.4 OK
r-release-windows-ix86+x86_64 2.4 6.00 44.00 50.00 OK
r-oldrel-windows-ix86+x86_64 2.4 5.00 47.00 52.00 OK

Check Details

Version: 2.4
Check: R code for possible problems
Result: NOTE
    CHAIEB.Clayton: no visible global function definition for ‘plot’
    CHAIEB.Frank: no visible global function definition for ‘integrate’
    CHAIEB.Frank: no visible global function definition for ‘plot’
    EMURA.Clayton: no visible global function definition for ‘plot’
    EMURA.Frank: no visible global function definition for ‘integrate’
    EMURA.Frank: no visible global function definition for ‘plot’
    NPMLE.Frank: no visible global function definition for ‘median’
    NPMLE.Frank: no visible global function definition for ‘nlm’
    NPMLE.Frank: no visible global function definition for ‘plot’
    NPMLE.Indep: no visible global function definition for ‘median’
    NPMLE.Indep: no visible global function definition for ‘nlm’
    NPMLE.Indep: no visible global function definition for ‘plot’
    NPMLE.Normal: no visible global function definition for ‘median’
    NPMLE.Normal : l.norm: no visible global function definition for
     ‘qnorm’
    NPMLE.Normal : l.norm: no visible global function definition for
     ‘dnorm’
    NPMLE.Normal: no visible global function definition for ‘nlm’
    NPMLE.Normal: no visible global function definition for ‘plot’
    NPMLE.Plackett: no visible global function definition for ‘median’
    NPMLE.Plackett: no visible global function definition for ‘nlm’
    NPMLE.Plackett: no visible global function definition for ‘plot’
    PMLE.Normal: no visible global function definition for ‘var’
    PMLE.Normal: no visible global function definition for ‘cov’
    PMLE.Normal : l.func: no visible global function definition for ‘pnorm’
    PMLE.Normal: no visible global function definition for ‘nlm’
    PMLE.Normal: no visible global function definition for ‘qchisq’
    PMLE.Normal : prop.func: no visible global function definition for
     ‘pnorm’
    PMLE.Normal: no visible global function definition for ‘pchisq’
    dependAFT.reg: no visible global function definition for ‘uniroot’
    dependAFT.reg: no visible global function definition for ‘optim’
    dependAFT.reg: no visible global function definition for ‘plot’
    dependAFT.reg: no visible global function definition for ‘abline’
    dependAFT.reg: no visible global function definition for ‘points’
    dependAFT.reg: no visible global function definition for ‘par’
    dependAFT.reg: no visible global function definition for ‘sd’
    dependAFT.reg: no visible global function definition for ‘IQR’
    dependAFT.reg: no visible global function definition for ‘rnorm’
    dependAFT.reg: no visible global function definition for ‘pchisq’
    Undefined global functions or variables:
     IQR abline cov dnorm integrate median nlm optim par pchisq plot pnorm
     points qchisq qnorm rnorm sd uniroot var
    Consider adding
     importFrom("graphics", "abline", "par", "plot", "points")
     importFrom("stats", "IQR", "cov", "dnorm", "integrate", "median",
     "nlm", "optim", "pchisq", "pnorm", "qchisq", "qnorm",
     "rnorm", "sd", "uniroot", "var")
    to your NAMESPACE.
Flavors: r-devel-linux-x86_64-debian-clang, r-devel-linux-x86_64-debian-gcc, r-devel-linux-x86_64-fedora-clang, r-devel-linux-x86_64-fedora-gcc, r-devel-windows-ix86+x86_64