CRAN Package Check Results for Package depend.truncation

Last updated on 2014-04-16 15:49:25.

Flavor Version Tinstall Tcheck Ttotal Status Flags
r-devel-linux-x86_64-debian-clang 2.1 0.64 15.62 16.26 ERROR
r-devel-linux-x86_64-debian-gcc 2.1 0.68 15.66 16.34 ERROR
r-devel-linux-x86_64-fedora-clang 2.1 41.87 OK
r-devel-linux-x86_64-fedora-gcc 2.1 39.50 OK
r-devel-macosx-x86_64-clang 2.1 39.15 OK
r-devel-macosx-x86_64-gcc 2.1 OK
r-devel-windows-ix86+x86_64 2.1 2.00 29.00 31.00 ERROR
r-patched-linux-x86_64 2.1 0.63 16.05 16.68 ERROR
r-patched-solaris-sparc 2.1 236.30 OK
r-patched-solaris-x86 2.1 51.80 OK
r-release-linux-ix86 2.1 1.00 28.00 29.00 ERROR
r-release-linux-x86_64 2.1 0.63 15.72 16.34 ERROR
r-release-macosx-x86_64 2.1 OK
r-release-windows-ix86+x86_64 2.1 6.00 31.00 37.00 ERROR
r-oldrel-windows-ix86+x86_64 2.1 2.00 24.00 26.00 ERROR

Check Details

Version: 2.1
Check: examples
Result: ERROR
    Running examples in ‘depend.truncation-Ex.R’ failed
    The error most likely occurred in:
    
    > ### Name: NPMLE.Normal
    > ### Title: Semiparametric Inference for copula models with dependent
    > ### truncation data
    > ### Aliases: NPMLE.Normal
    > ### Keywords: Copula Semiparametric method
    >
    > ### ** Examples
    >
    > x.trunc=c(0.53, 0.43, 1.63, 0.98, 0.62)
    > y.trunc=c(1.20, 4.93, 2.09, 2.57, 1.52)
    > NPMLE.Normal(x.trunc, y.trunc, x.fix =1, y.fix = 2, plotX = TRUE)
    Error in chol.default(sigma) :
     the leading minor of order 2 is not positive definite
    Calls: NPMLE.Normal ... <Anonymous> -> f -> dmvnorm -> chol -> chol.default
    Execution halted
Flavors: r-devel-linux-x86_64-debian-clang, r-devel-linux-x86_64-debian-gcc, r-devel-windows-ix86+x86_64, r-patched-linux-x86_64, r-release-linux-ix86, r-release-linux-x86_64, r-release-windows-ix86+x86_64, r-oldrel-windows-ix86+x86_64