CRAN Package Check Results for Package depmix

Last updated on 2017-01-24 06:53:26.

Flavor Version Tinstall Tcheck Ttotal Status Flags
r-devel-linux-x86_64-debian-clang 0.9.14 3.17 24.18 27.36 NOTE
r-devel-linux-x86_64-debian-gcc 0.9.14 3.08 23.24 26.33 NOTE
r-devel-linux-x86_64-fedora-clang 0.9.14 44.75 NOTE --no-stop-on-test-error
r-devel-linux-x86_64-fedora-gcc 0.9.14 43.29 NOTE --no-stop-on-test-error
r-devel-macos-x86_64-clang 0.9.14 37.99 NOTE --no-stop-on-test-error
r-devel-windows-ix86+x86_64 0.9.14 13.00 64.00 77.00 NOTE
r-patched-linux-x86_64 0.9.14 2.67 20.00 22.67 NOTE
r-patched-solaris-sparc 0.9.14 249.00 NOTE
r-patched-solaris-x86 0.9.14 50.80 NOTE
r-release-linux-x86_64 0.9.14 2.92 20.40 23.32 NOTE
r-release-osx-x86_64-mavericks 0.9.14 NOTE
r-release-windows-ix86+x86_64 0.9.14 34.00 48.00 82.00 NOTE
r-oldrel-windows-ix86+x86_64 0.9.14 33.00 62.00 95.00 NOTE

Check Details

Version: 0.9.14
Check: package dependencies
Result: NOTE
    Package suggested but not available for checking: ‘Rdonlp2’
Flavors: r-devel-linux-x86_64-debian-clang, r-devel-linux-x86_64-debian-gcc, r-devel-windows-ix86+x86_64, r-patched-linux-x86_64, r-patched-solaris-sparc, r-patched-solaris-x86, r-release-linux-x86_64, r-release-osx-x86_64-mavericks, r-release-windows-ix86+x86_64, r-oldrel-windows-ix86+x86_64

Version: 0.9.14
Flags: --no-stop-on-test-error
Check: package dependencies
Result: NOTE
    Package suggested but not available for checking: ‘Rdonlp2’
Flavors: r-devel-linux-x86_64-fedora-clang, r-devel-linux-x86_64-fedora-gcc, r-devel-macos-x86_64-clang