CRAN Package Check Results for Package depmix

Last updated on 2016-09-25 21:49:57.

Flavor Version Tinstall Tcheck Ttotal Status Flags
r-devel-linux-x86_64-debian-clang 0.9.14 3.19 19.63 22.82 NOTE
r-devel-linux-x86_64-debian-gcc 0.9.14 3.06 18.85 21.92 NOTE
r-devel-linux-x86_64-fedora-clang 0.9.14 38.78 NOTE
r-devel-linux-x86_64-fedora-gcc 0.9.14 37.86 NOTE
r-devel-macos-x86_64-clang 0.9.14 33.53 NOTE
r-devel-windows-ix86+x86_64 0.9.14 20.00 61.00 81.00 NOTE
r-patched-linux-x86_64 0.9.14 2.70 18.73 21.43 NOTE
r-patched-solaris-sparc 0.9.14 243.80 NOTE
r-patched-solaris-x86 0.9.14 50.80 NOTE
r-release-linux-x86_64 0.9.14 2.86 19.43 22.30 NOTE
r-release-osx-x86_64-mavericks 0.9.14 NOTE
r-release-windows-ix86+x86_64 0.9.14 34.00 63.00 97.00 NOTE
r-oldrel-windows-ix86+x86_64 0.9.14 22.00 61.00 83.00 NOTE

Check Details

Version: 0.9.14
Check: package dependencies
Result: NOTE
    Package suggested but not available for checking: ‘Rdonlp2’
Flavors: r-devel-linux-x86_64-debian-clang, r-devel-linux-x86_64-debian-gcc, r-devel-linux-x86_64-fedora-clang, r-devel-linux-x86_64-fedora-gcc, r-devel-macos-x86_64-clang, r-devel-windows-ix86+x86_64, r-patched-linux-x86_64, r-patched-solaris-sparc, r-patched-solaris-x86, r-release-linux-x86_64, r-release-osx-x86_64-mavericks, r-release-windows-ix86+x86_64, r-oldrel-windows-ix86+x86_64