CRAN Package Check Results for Package depmix

Last updated on 2015-04-01 16:51:59.

Flavor Version Tinstall Tcheck Ttotal Status Flags
r-devel-linux-x86_64-debian-clang 0.9.13 2.32 18.82 21.14 NOTE
r-devel-linux-x86_64-debian-gcc 0.9.13 2.70 18.95 21.64 NOTE
r-devel-linux-x86_64-fedora-clang 0.9.13 42.35 NOTE
r-devel-linux-x86_64-fedora-gcc 0.9.13 41.03 NOTE
r-devel-osx-x86_64-clang 0.9.13 45.48 NOTE
r-prerel-windows-ix86+x86_64 0.9.13 20.00 41.00 61.00 NOTE
r-prerel-linux-x86_64 0.9.13 2.63 18.48 21.11 NOTE
r-prerel-solaris-sparc 0.9.13 263.20 NOTE
r-prerel-solaris-x86 0.9.13 55.60 NOTE
r-release-linux-x86_64 0.9.13 2.80 20.16 22.96 NOTE
r-release-osx-x86_64-mavericks 0.9.13 NOTE
r-release-osx-x86_64-snowleopard 0.9.13 NOTE
r-release-windows-ix86+x86_64 0.9.13 16.00 44.00 60.00 NOTE
r-oldrel-windows-ix86+x86_64 0.9.12 17.00 42.00 59.00 NOTE

Check Details

Version: 0.9.13
Check: package dependencies
Result: NOTE
    Package suggested but not available for checking: ‘Rdonlp2’
Flavors: r-devel-linux-x86_64-debian-clang, r-devel-linux-x86_64-debian-gcc, r-devel-linux-x86_64-fedora-clang, r-devel-linux-x86_64-fedora-gcc, r-devel-osx-x86_64-clang, r-prerel-windows-ix86+x86_64, r-prerel-linux-x86_64, r-prerel-solaris-sparc, r-prerel-solaris-x86, r-release-linux-x86_64, r-release-osx-x86_64-mavericks, r-release-osx-x86_64-snowleopard, r-release-windows-ix86+x86_64

Version: 0.9.13
Check: DESCRIPTION meta-information
Result: NOTE
    Malformed Description field: should contain one or more complete sentences.
Flavors: r-devel-linux-x86_64-debian-clang, r-devel-linux-x86_64-debian-gcc, r-devel-linux-x86_64-fedora-clang, r-devel-linux-x86_64-fedora-gcc, r-devel-osx-x86_64-clang, r-prerel-windows-ix86+x86_64, r-prerel-linux-x86_64, r-prerel-solaris-sparc, r-prerel-solaris-x86

Version: 0.9.13
Check: dependencies in R code
Result: NOTE
    'library' or 'require' call to ‘Rdonlp2’ in package code.
     Please use :: or requireNamespace() instead.
     See section 'Suggested packages' in the 'Writing R Extensions' manual.
Flavors: r-devel-linux-x86_64-debian-clang, r-devel-linux-x86_64-debian-gcc, r-devel-linux-x86_64-fedora-clang, r-devel-linux-x86_64-fedora-gcc, r-devel-osx-x86_64-clang, r-prerel-windows-ix86+x86_64, r-prerel-linux-x86_64, r-prerel-solaris-sparc, r-prerel-solaris-x86, r-release-linux-x86_64, r-release-windows-ix86+x86_64

Version: 0.9.12
Check: package dependencies
Result: NOTE
    Package suggested but not available for checking: 'Rdonlp2'
Flavor: r-oldrel-windows-ix86+x86_64