CRAN Package Check Results for Package depmix

Last updated on 2014-04-19 18:47:39.

Flavor Version Tinstall Tcheck Ttotal Status Flags
r-devel-linux-x86_64-debian-clang 0.9.12 2.21 20.17 22.38 NOTE
r-devel-linux-x86_64-debian-gcc 0.9.12 2.70 20.73 23.43 NOTE
r-devel-linux-x86_64-fedora-clang 0.9.12 45.42 NOTE
r-devel-linux-x86_64-fedora-gcc 0.9.12 44.36 NOTE
r-devel-macosx-x86_64-clang 0.9.12 39.31 NOTE
r-devel-macosx-x86_64-gcc 0.9.12 NOTE
r-devel-windows-ix86+x86_64 0.9.12 15.00 53.00 68.00 NOTE
r-patched-linux-x86_64 0.9.12 2.67 20.04 22.71 NOTE
r-patched-solaris-sparc 0.9.12 252.30 NOTE
r-patched-solaris-x86 0.9.12 63.70 NOTE
r-release-linux-ix86 NOTE
r-release-linux-x86_64 0.9.12 2.70 20.52 23.22 NOTE
r-release-macosx-x86_64 0.9.12 NOTE
r-release-windows-ix86+x86_64 0.9.12 20.00 40.00 60.00 NOTE
r-oldrel-windows-ix86+x86_64 0.9.12 15.00 40.00 55.00 NOTE

Check Details

Version: 0.9.12
Check: package dependencies
Result: NOTE
    Package suggested but not available for checking: ‘Rdonlp2’
Flavors: r-devel-linux-x86_64-debian-clang, r-devel-linux-x86_64-debian-gcc, r-devel-linux-x86_64-fedora-clang, r-devel-linux-x86_64-fedora-gcc, r-devel-macosx-x86_64-clang, r-devel-macosx-x86_64-gcc, r-devel-windows-ix86+x86_64, r-patched-linux-x86_64, r-patched-solaris-sparc, r-patched-solaris-x86, r-release-linux-ix86, r-release-linux-x86_64, r-release-macosx-x86_64, r-release-windows-ix86+x86_64, r-oldrel-windows-ix86+x86_64