CRAN Package Check Results for Package depmix

Last updated on 2016-02-13 09:46:54.

Flavor Version Tinstall Tcheck Ttotal Status Flags
r-devel-linux-x86_64-debian-gcc 0.9.13 0.55 1.73 2.28 ERROR
r-devel-linux-x86_64-fedora-clang 0.9.13 2.91 ERROR
r-devel-linux-x86_64-fedora-gcc 0.9.13 2.75 ERROR
r-devel-osx-x86_64-clang 0.9.13 3.53 ERROR
r-devel-windows-ix86+x86_64 0.9.13 5.00 4.00 9.00 ERROR
r-patched-linux-x86_64 0.9.13 2.81 18.82 21.63 NOTE
r-patched-solaris-sparc 0.9.13 239.60 NOTE
r-patched-solaris-x86 0.9.13 52.20 NOTE
r-release-linux-x86_64 0.9.13 2.70 18.46 21.16 NOTE
r-release-osx-x86_64-mavericks 0.9.13 NOTE
r-release-windows-ix86+x86_64 0.9.13 21.00 41.00 62.00 NOTE
r-oldrel-windows-ix86+x86_64 0.9.13 21.00 66.00 87.00 NOTE

Check Details

Version: 0.9.13
Check: package dependencies
Result: NOTE
    Package suggested but not available for checking: ‘Rdonlp2’
Flavors: r-devel-linux-x86_64-debian-gcc, r-devel-linux-x86_64-fedora-clang, r-devel-linux-x86_64-fedora-gcc, r-devel-osx-x86_64-clang, r-devel-windows-ix86+x86_64, r-patched-linux-x86_64, r-patched-solaris-sparc, r-patched-solaris-x86, r-release-linux-x86_64, r-release-osx-x86_64-mavericks, r-release-windows-ix86+x86_64, r-oldrel-windows-ix86+x86_64

Version: 0.9.13
Check: whether package can be installed
Result: ERROR
    Installation failed.
Flavors: r-devel-linux-x86_64-debian-gcc, r-devel-linux-x86_64-fedora-clang, r-devel-linux-x86_64-fedora-gcc, r-devel-osx-x86_64-clang, r-devel-windows-ix86+x86_64

Version: 0.9.13
Check: DESCRIPTION meta-information
Result: NOTE
    Malformed Description field: should contain one or more complete sentences.
Flavors: r-patched-linux-x86_64, r-patched-solaris-sparc, r-patched-solaris-x86, r-release-linux-x86_64, r-release-osx-x86_64-mavericks, r-release-windows-ix86+x86_64

Version: 0.9.13
Check: dependencies in R code
Result: NOTE
    'library' or 'require' call to ‘Rdonlp2’ in package code.
     Please use :: or requireNamespace() instead.
     See section 'Suggested packages' in the 'Writing R Extensions' manual.
Flavors: r-patched-linux-x86_64, r-patched-solaris-sparc, r-patched-solaris-x86, r-release-linux-x86_64, r-release-osx-x86_64-mavericks, r-release-windows-ix86+x86_64, r-oldrel-windows-ix86+x86_64