CRAN Package Check Results for Package depmix

Last updated on 2014-12-21 11:46:32.

Flavor Version Tinstall Tcheck Ttotal Status Flags
r-devel-linux-x86_64-debian-clang 0.9.12 2.31 20.43 22.74 NOTE
r-devel-linux-x86_64-debian-gcc 0.9.12 2.65 19.49 22.14 NOTE
r-devel-linux-x86_64-fedora-clang 0.9.12 46.23 NOTE
r-devel-linux-x86_64-fedora-gcc 0.9.12 41.26 NOTE
r-devel-osx-x86_64-clang 0.9.12 44.07 NOTE
r-devel-windows-ix86+x86_64 0.9.12 16.00 43.00 59.00 NOTE
r-patched-linux-x86_64 0.9.12 2.78 20.77 23.55 NOTE
r-patched-solaris-sparc 0.9.12 272.20 NOTE
r-patched-solaris-x86 0.9.12 63.10 NOTE
r-release-linux-ix86 0.9.12 3.90 26.94 30.84 NOTE
r-release-linux-x86_64 0.9.12 2.69 20.26 22.95 NOTE
r-release-osx-x86_64-mavericks 0.9.12 NOTE
r-release-osx-x86_64-snowleopard 0.9.12 NOTE
r-release-windows-ix86+x86_64 0.9.12 15.00 43.00 58.00 NOTE
r-oldrel-windows-ix86+x86_64 0.9.12 15.00 43.00 58.00 NOTE

Check Details

Version: 0.9.12
Check: package dependencies
Result: NOTE
    Package suggested but not available for checking: ‘Rdonlp2’
Flavors: r-devel-linux-x86_64-debian-clang, r-devel-linux-x86_64-debian-gcc, r-devel-linux-x86_64-fedora-clang, r-devel-linux-x86_64-fedora-gcc, r-devel-osx-x86_64-clang, r-devel-windows-ix86+x86_64, r-patched-linux-x86_64, r-patched-solaris-sparc, r-patched-solaris-x86, r-release-linux-ix86, r-release-linux-x86_64, r-release-osx-x86_64-mavericks, r-release-osx-x86_64-snowleopard, r-release-windows-ix86+x86_64, r-oldrel-windows-ix86+x86_64