CRAN Package Check Results for Package depmix

Last updated on 2017-02-23 23:49:23.

Flavor Version Tinstall Tcheck Ttotal Status Flags
r-devel-linux-x86_64-debian-clang 0.9.14 3.30 23.72 27.02 NOTE
r-devel-linux-x86_64-debian-gcc 0.9.14 3.12 23.55 26.68 NOTE
r-devel-linux-x86_64-fedora-clang 0.9.14 48.42 NOTE --no-stop-on-test-error
r-devel-linux-x86_64-fedora-gcc 0.9.14 43.38 NOTE --no-stop-on-test-error
r-devel-macos-x86_64-clang 0.9.14 38.60 NOTE --no-stop-on-test-error
r-devel-windows-ix86+x86_64 0.9.14 27.00 77.00 104.00 NOTE
r-patched-linux-x86_64 0.9.14 2.95 19.06 22.01 NOTE
r-patched-solaris-sparc 0.9.14 249.00 NOTE
r-patched-solaris-x86 0.9.14 50.00 NOTE
r-release-linux-x86_64 0.9.14 2.74 19.15 21.88 NOTE
r-release-osx-x86_64-mavericks 0.9.14 NOTE
r-release-windows-ix86+x86_64 0.9.14 25.00 62.00 87.00 NOTE
r-oldrel-windows-ix86+x86_64 0.9.14 38.00 96.00 134.00 NOTE

Check Details

Version: 0.9.14
Check: package dependencies
Result: NOTE
    Package suggested but not available for checking: ‘Rdonlp2’
Flavors: r-devel-linux-x86_64-debian-clang, r-devel-linux-x86_64-debian-gcc, r-devel-windows-ix86+x86_64, r-patched-linux-x86_64, r-patched-solaris-sparc, r-patched-solaris-x86, r-release-linux-x86_64, r-release-osx-x86_64-mavericks, r-release-windows-ix86+x86_64, r-oldrel-windows-ix86+x86_64

Version: 0.9.14
Check: compiled code
Result: NOTE
    File ‘depmix/libs/depmix.so’:
     Found no calls to: ‘R_registerRoutines’, ‘R_useDynamicSymbols’
    
    It is good practice to register native routines and to disable symbol
    search.
    
    See ‘Writing portable packages’ in the ‘Writing R Extensions’ manual.
Flavors: r-devel-linux-x86_64-debian-clang, r-devel-linux-x86_64-debian-gcc

Version: 0.9.14
Flags: --no-stop-on-test-error
Check: package dependencies
Result: NOTE
    Package suggested but not available for checking: ‘Rdonlp2’
Flavors: r-devel-linux-x86_64-fedora-clang, r-devel-linux-x86_64-fedora-gcc, r-devel-macos-x86_64-clang

Version: 0.9.14
Flags: --no-stop-on-test-error
Check: compiled code
Result: NOTE
    File ‘depmix/libs/depmix.so’:
     Found no calls to: ‘R_registerRoutines’, ‘R_useDynamicSymbols’
    
    It is good practice to register native routines and to disable symbol
    search.
    
    See ‘Writing portable packages’ in the ‘Writing R Extensions’ manual.
Flavors: r-devel-linux-x86_64-fedora-clang, r-devel-linux-x86_64-fedora-gcc, r-devel-macos-x86_64-clang