CRAN Package Check Results for Package depmix

Last updated on 2018-04-21 08:49:10 CEST.

Flavor Version Tinstall Tcheck Ttotal Status Flags
r-devel-linux-x86_64-debian-clang 0.9.14 7.52 32.22 39.74 NOTE
r-devel-linux-x86_64-debian-gcc 0.9.14 6.29 25.34 31.63 NOTE
r-devel-linux-x86_64-fedora-clang 0.9.14 50.33 NOTE
r-devel-linux-x86_64-fedora-gcc 0.9.14 50.22 NOTE
r-devel-windows-ix86+x86_64 0.9.14 26.00 73.00 99.00 NOTE
r-devel-osx-x86_64 0.9.14 NOTE
r-patched-linux-x86_64 0.9.14 7.64 32.29 39.93 NOTE
r-patched-solaris-x86 0.9.14 68.30 NOTE
r-release-linux-x86_64 0.9.14 4.84 35.65 40.49 NOTE
r-release-windows-ix86+x86_64 0.9.14 22.00 52.00 74.00 NOTE
r-release-osx-x86_64 0.9.14 NOTE
r-oldrel-windows-ix86+x86_64 0.9.14 28.00 50.00 78.00 NOTE

Check Details

Version: 0.9.14
Check: package dependencies
Result: NOTE
    Package suggested but not available for checking: ‘Rdonlp2’
Flavors: r-devel-linux-x86_64-debian-clang, r-devel-linux-x86_64-debian-gcc, r-devel-linux-x86_64-fedora-clang, r-devel-linux-x86_64-fedora-gcc, r-devel-windows-ix86+x86_64, r-devel-osx-x86_64, r-patched-linux-x86_64, r-patched-solaris-x86, r-release-linux-x86_64, r-release-windows-ix86+x86_64, r-release-osx-x86_64, r-oldrel-windows-ix86+x86_64

Version: 0.9.14
Check: compiled code
Result: NOTE
    File ‘depmix/libs/depmix.so’:
     Found no calls to: ‘R_registerRoutines’, ‘R_useDynamicSymbols’
    
    It is good practice to register native routines and to disable symbol
    search.
    
    See ‘Writing portable packages’ in the ‘Writing R Extensions’ manual.
Flavors: r-devel-linux-x86_64-debian-clang, r-devel-linux-x86_64-debian-gcc, r-devel-linux-x86_64-fedora-clang, r-devel-linux-x86_64-fedora-gcc, r-patched-linux-x86_64, r-release-linux-x86_64