CRAN Package Check Results for Package depmix

Last updated on 2014-09-30 19:47:30.

Flavor Version Tinstall Tcheck Ttotal Status Flags
r-devel-linux-x86_64-debian-clang 0.9.12 2.31 19.79 22.10 NOTE
r-devel-linux-x86_64-debian-gcc 0.9.12 2.69 19.46 22.15 NOTE
r-devel-linux-x86_64-fedora-clang 0.9.12 44.84 NOTE
r-devel-linux-x86_64-fedora-gcc 0.9.12 43.27 NOTE
r-devel-osx-x86_64-clang 0.9.12 42.09 NOTE
r-devel-windows-ix86+x86_64 0.9.12 15.00 41.00 56.00 NOTE
r-patched-linux-x86_64 0.9.12 2.70 21.28 23.98 NOTE
r-patched-solaris-sparc 0.9.12 272.20 NOTE
r-patched-solaris-x86 0.9.12 65.20 NOTE
r-release-linux-ix86 0.9.12 4.05 27.52 31.57 NOTE
r-release-linux-x86_64 0.9.12 2.70 20.44 23.14 NOTE
r-release-osx-x86_64-mavericks 0.9.12 NOTE
r-release-osx-x86_64-snowleopard 0.9.12 NOTE
r-release-windows-ix86+x86_64 0.9.12 16.00 40.00 56.00 NOTE
r-oldrel-windows-ix86+x86_64 0.9.12 16.00 40.00 56.00 NOTE

Check Details

Version: 0.9.12
Check: package dependencies
Result: NOTE
    Package suggested but not available for checking: ‘Rdonlp2’
Flavors: r-devel-linux-x86_64-debian-clang, r-devel-linux-x86_64-debian-gcc, r-devel-linux-x86_64-fedora-clang, r-devel-linux-x86_64-fedora-gcc, r-devel-osx-x86_64-clang, r-devel-windows-ix86+x86_64, r-patched-linux-x86_64, r-patched-solaris-sparc, r-patched-solaris-x86, r-release-linux-ix86, r-release-linux-x86_64, r-release-osx-x86_64-mavericks, r-release-osx-x86_64-snowleopard, r-release-windows-ix86+x86_64, r-oldrel-windows-ix86+x86_64