CRAN Package Check Results for Package depmix

Last updated on 2016-05-05 20:47:49.

Flavor Version Tinstall Tcheck Ttotal Status Flags
r-devel-linux-x86_64-debian-gcc 0.9.14 2.88 19.11 21.98 NOTE
r-devel-linux-x86_64-fedora-clang 0.9.14 38.27 NOTE
r-devel-linux-x86_64-fedora-gcc 0.9.14 34.93 NOTE
r-devel-osx-x86_64-clang 0.9.14 44.07 NOTE
r-devel-windows-ix86+x86_64 0.9.14 16.00 47.00 63.00 NOTE
r-patched-linux-x86_64 0.9.14 2.73 18.54 21.27 NOTE
r-patched-solaris-sparc 0.9.14 243.90 NOTE
r-patched-solaris-x86 0.9.14 51.90 NOTE
r-release-linux-x86_64 0.9.14 3.02 18.78 21.80 NOTE
r-release-osx-x86_64-mavericks 0.9.14 NOTE
r-release-windows-ix86+x86_64 0.9.14 16.00 47.00 63.00 NOTE
r-oldrel-windows-ix86+x86_64 0.9.14 22.00 65.00 87.00 NOTE

Check Details

Version: 0.9.14
Check: package dependencies
Result: NOTE
    Package suggested but not available for checking: ‘Rdonlp2’
Flavors: r-devel-linux-x86_64-debian-gcc, r-devel-linux-x86_64-fedora-clang, r-devel-linux-x86_64-fedora-gcc, r-devel-osx-x86_64-clang, r-devel-windows-ix86+x86_64, r-patched-linux-x86_64, r-patched-solaris-sparc, r-patched-solaris-x86, r-release-linux-x86_64, r-release-osx-x86_64-mavericks, r-release-windows-ix86+x86_64, r-oldrel-windows-ix86+x86_64