CRAN Package Check Results for Package depmix

Last updated on 2017-03-29 18:47:01.

Flavor Version Tinstall Tcheck Ttotal Status Flags
r-devel-linux-x86_64-debian-clang 0.9.14 3.40 22.44 25.84 NOTE
r-devel-linux-x86_64-debian-gcc 0.9.14 3.36 22.44 25.80 NOTE
r-devel-linux-x86_64-fedora-clang 0.9.14 45.76 NOTE --no-stop-on-test-error
r-devel-linux-x86_64-fedora-gcc 0.9.14 43.28 NOTE --no-stop-on-test-error
r-devel-macos-x86_64-clang 0.9.14 38.35 NOTE --no-stop-on-test-error
r-devel-windows-ix86+x86_64 0.9.14 16.00 50.00 66.00 NOTE
r-patched-linux-x86_64 0.9.14 3.03 22.44 25.47 NOTE
r-patched-solaris-sparc 0.9.14 290.70 NOTE
r-patched-solaris-x86 0.9.14 60.90 NOTE
r-release-linux-x86_64 0.9.14 2.70 18.73 21.43 NOTE
r-release-osx-x86_64-mavericks 0.9.14 NOTE
r-release-windows-ix86+x86_64 0.9.14 29.00 60.00 89.00 NOTE
r-oldrel-windows-ix86+x86_64 0.9.14 40.00 98.00 138.00 NOTE

Check Details

Version: 0.9.14
Check: package dependencies
Result: NOTE
    Package suggested but not available for checking: ‘Rdonlp2’
Flavors: r-devel-linux-x86_64-debian-clang, r-devel-linux-x86_64-debian-gcc, r-devel-windows-ix86+x86_64, r-patched-linux-x86_64, r-patched-solaris-sparc, r-patched-solaris-x86, r-release-linux-x86_64, r-release-osx-x86_64-mavericks, r-release-windows-ix86+x86_64, r-oldrel-windows-ix86+x86_64

Version: 0.9.14
Check: compiled code
Result: NOTE
    File ‘depmix/libs/depmix.so’:
     Found no calls to: ‘R_registerRoutines’, ‘R_useDynamicSymbols’
    
    It is good practice to register native routines and to disable symbol
    search.
    
    See ‘Writing portable packages’ in the ‘Writing R Extensions’ manual.
Flavors: r-devel-linux-x86_64-debian-clang, r-devel-linux-x86_64-debian-gcc, r-patched-linux-x86_64

Version: 0.9.14
Flags: --no-stop-on-test-error
Check: package dependencies
Result: NOTE
    Package suggested but not available for checking: ‘Rdonlp2’
Flavors: r-devel-linux-x86_64-fedora-clang, r-devel-linux-x86_64-fedora-gcc, r-devel-macos-x86_64-clang

Version: 0.9.14
Flags: --no-stop-on-test-error
Check: compiled code
Result: NOTE
    File ‘depmix/libs/depmix.so’:
     Found no calls to: ‘R_registerRoutines’, ‘R_useDynamicSymbols’
    
    It is good practice to register native routines and to disable symbol
    search.
    
    See ‘Writing portable packages’ in the ‘Writing R Extensions’ manual.
Flavors: r-devel-linux-x86_64-fedora-clang, r-devel-linux-x86_64-fedora-gcc, r-devel-macos-x86_64-clang