CRAN Package Check Results for Package depmix

Last updated on 2014-10-25 15:48:23.

Flavor Version Tinstall Tcheck Ttotal Status Flags
r-devel-linux-x86_64-debian-clang 0.9.12 2.39 21.46 23.85 NOTE
r-devel-linux-x86_64-debian-gcc 0.9.12 2.69 21.14 23.83 NOTE
r-devel-linux-x86_64-fedora-clang 0.9.12 46.13 NOTE
r-devel-linux-x86_64-fedora-gcc 0.9.12 46.24 NOTE
r-devel-osx-x86_64-clang 0.9.12 46.38 NOTE
r-devel-windows-ix86+x86_64 0.9.12 15.00 39.00 54.00 NOTE
r-patched-linux-x86_64 0.9.12 2.91 20.54 23.45 NOTE
r-patched-solaris-sparc 0.9.12 272.20 NOTE
r-patched-solaris-x86 0.9.12 64.40 NOTE
r-release-linux-ix86 0.9.12 4.16 27.66 31.82 NOTE
r-release-linux-x86_64 0.9.12 2.68 21.52 24.20 NOTE
r-release-osx-x86_64-mavericks 0.9.12 NOTE
r-release-osx-x86_64-snowleopard 0.9.12 NOTE
r-release-windows-ix86+x86_64 0.9.12 15.00 44.00 59.00 NOTE
r-oldrel-windows-ix86+x86_64 0.9.12 16.00 43.00 59.00 NOTE

Check Details

Version: 0.9.12
Check: package dependencies
Result: NOTE
    Package suggested but not available for checking: ‘Rdonlp2’
Flavors: r-devel-linux-x86_64-debian-clang, r-devel-linux-x86_64-debian-gcc, r-devel-linux-x86_64-fedora-clang, r-devel-linux-x86_64-fedora-gcc, r-devel-osx-x86_64-clang, r-devel-windows-ix86+x86_64, r-patched-linux-x86_64, r-patched-solaris-sparc, r-patched-solaris-x86, r-release-linux-ix86, r-release-linux-x86_64, r-release-osx-x86_64-mavericks, r-release-osx-x86_64-snowleopard, r-release-windows-ix86+x86_64, r-oldrel-windows-ix86+x86_64