CRAN Package Check Results for Package depmix

Last updated on 2016-08-26 12:49:00.

Flavor Version Tinstall Tcheck Ttotal Status Flags
r-devel-linux-x86_64-debian-clang 0.9.14 3.17 22.05 25.22 NOTE
r-devel-linux-x86_64-debian-gcc 0.9.14 4.08 27.42 31.50 NOTE
r-devel-linux-x86_64-fedora-clang 0.9.14 38.60 NOTE
r-devel-linux-x86_64-fedora-gcc 0.9.14 36.40 NOTE
r-devel-osx-x86_64-clang 0.9.14 34.01 NOTE
r-devel-windows-ix86+x86_64 0.9.14 22.00 45.00 67.00 NOTE
r-patched-linux-x86_64 0.9.14 2.93 18.59 21.52 NOTE
r-patched-solaris-sparc 0.9.14 243.80 NOTE
r-patched-solaris-x86 0.9.14 50.80 NOTE
r-release-linux-x86_64 0.9.14 2.76 19.66 22.42 NOTE
r-release-osx-x86_64-mavericks 0.9.14 NOTE
r-release-windows-ix86+x86_64 0.9.14 14.00 46.00 60.00 NOTE
r-oldrel-windows-ix86+x86_64 0.9.14 16.00 59.00 75.00 NOTE

Check Details

Version: 0.9.14
Check: package dependencies
Result: NOTE
    Package suggested but not available for checking: ‘Rdonlp2’
Flavors: r-devel-linux-x86_64-debian-clang, r-devel-linux-x86_64-debian-gcc, r-devel-linux-x86_64-fedora-clang, r-devel-linux-x86_64-fedora-gcc, r-devel-osx-x86_64-clang, r-devel-windows-ix86+x86_64, r-patched-linux-x86_64, r-patched-solaris-sparc, r-patched-solaris-x86, r-release-linux-x86_64, r-release-osx-x86_64-mavericks, r-release-windows-ix86+x86_64, r-oldrel-windows-ix86+x86_64