CRAN Package Check Results for Package depmix

Last updated on 2015-07-07 17:47:30.

Flavor Version Tinstall Tcheck Ttotal Status Flags
r-devel-linux-x86_64-debian-clang 0.9.13 2.18 18.51 20.69 NOTE
r-devel-linux-x86_64-debian-gcc 0.9.13 2.69 18.12 20.80 NOTE
r-devel-linux-x86_64-fedora-clang 0.9.13 39.17 NOTE
r-devel-linux-x86_64-fedora-gcc 0.9.13 39.51 NOTE
r-devel-osx-x86_64-clang 0.9.13 35.82 NOTE
r-devel-windows-ix86+x86_64 0.9.13 29.00 43.00 72.00 NOTE
r-patched-linux-x86_64 0.9.13 2.68 18.49 21.16 NOTE
r-patched-solaris-sparc 0.9.13 277.20 NOTE
r-patched-solaris-x86 0.9.13 57.10 NOTE
r-release-linux-x86_64 0.9.13 2.65 18.55 21.20 NOTE
r-release-osx-x86_64-mavericks 0.9.13 NOTE
r-release-windows-ix86+x86_64 0.9.13 26.00 43.00 69.00 NOTE
r-oldrel-windows-ix86+x86_64 0.9.13 17.00 46.00 63.00 NOTE

Check Details

Version: 0.9.13
Check: package dependencies
Result: NOTE
    Package suggested but not available for checking: ‘Rdonlp2’
Flavors: r-devel-linux-x86_64-debian-clang, r-devel-linux-x86_64-debian-gcc, r-devel-linux-x86_64-fedora-clang, r-devel-linux-x86_64-fedora-gcc, r-devel-osx-x86_64-clang, r-devel-windows-ix86+x86_64, r-patched-linux-x86_64, r-patched-solaris-sparc, r-patched-solaris-x86, r-release-linux-x86_64, r-release-osx-x86_64-mavericks, r-release-windows-ix86+x86_64, r-oldrel-windows-ix86+x86_64

Version: 0.9.13
Check: DESCRIPTION meta-information
Result: NOTE
    Malformed Description field: should contain one or more complete sentences.
Flavors: r-devel-linux-x86_64-debian-clang, r-devel-linux-x86_64-debian-gcc, r-devel-linux-x86_64-fedora-clang, r-devel-linux-x86_64-fedora-gcc, r-devel-osx-x86_64-clang, r-devel-windows-ix86+x86_64, r-patched-linux-x86_64, r-patched-solaris-sparc, r-patched-solaris-x86, r-release-linux-x86_64, r-release-osx-x86_64-mavericks, r-release-windows-ix86+x86_64

Version: 0.9.13
Check: dependencies in R code
Result: NOTE
    'library' or 'require' call to ‘Rdonlp2’ in package code.
     Please use :: or requireNamespace() instead.
     See section 'Suggested packages' in the 'Writing R Extensions' manual.
Flavors: r-devel-linux-x86_64-debian-clang, r-devel-linux-x86_64-debian-gcc, r-devel-linux-x86_64-fedora-clang, r-devel-linux-x86_64-fedora-gcc, r-devel-osx-x86_64-clang, r-devel-windows-ix86+x86_64, r-patched-linux-x86_64, r-patched-solaris-sparc, r-patched-solaris-x86, r-release-linux-x86_64, r-release-osx-x86_64-mavericks, r-release-windows-ix86+x86_64, r-oldrel-windows-ix86+x86_64

Version: 0.9.13
Check: R code for possible problems
Result: NOTE
    bootstrap: no visible binding for global variable ‘sd’
    cl2stob: no visible global function definition for ‘sd’
    cl2stob: no visible global function definition for ‘na.omit’
    dmm: no visible global function definition for ‘runif’
    dmm: no visible global function definition for ‘rnorm’
    fitdmm: no visible global function definition for ‘optim’
    fitdmm: no visible global function definition for ‘nlm’
    fresp: no visible global function definition for ‘rmultinom’
    fresp: no visible global function definition for ‘rnorm’
    generate: no visible global function definition for ‘rmultinom’
    kmstart: no visible global function definition for ‘kmeans’
    kmstart: no visible global function definition for ‘na.omit’
    lca: no visible global function definition for ‘runif’
    plot.md: no visible global function definition for ‘plot.ts’
    plot.md: no visible global function definition for ‘layout.show’
    plot.md: no visible global function definition for ‘ts’
    ppar: no visible global function definition for ‘runif’
    ppar: no visible global function definition for ‘rnorm’
    Undefined global functions or variables:
     kmeans layout.show na.omit nlm optim plot.ts rmultinom rnorm runif sd
     ts
Flavors: r-devel-linux-x86_64-debian-clang, r-devel-linux-x86_64-debian-gcc, r-devel-linux-x86_64-fedora-clang, r-devel-linux-x86_64-fedora-gcc, r-devel-windows-ix86+x86_64