CRAN Package Check Results for Package depmix

Last updated on 2016-07-27 03:49:42.

Flavor Version Tinstall Tcheck Ttotal Status Flags
r-devel-linux-x86_64-debian-clang 0.9.14 3.98 23.30 27.28 NOTE
r-devel-linux-x86_64-debian-gcc 0.9.14 3.76 22.88 26.64 NOTE
r-devel-linux-x86_64-fedora-clang 0.9.14 37.07 NOTE
r-devel-linux-x86_64-fedora-gcc 0.9.14 35.34 NOTE
r-devel-osx-x86_64-clang 0.9.14 33.90 NOTE
r-devel-windows-ix86+x86_64 0.9.14 22.00 58.00 80.00 NOTE
r-patched-linux-x86_64 0.9.14 3.47 23.61 27.08 NOTE
r-patched-solaris-sparc 0.9.14 243.80 NOTE
r-patched-solaris-x86 0.9.14 50.70 NOTE
r-release-linux-x86_64 0.9.14 3.78 22.69 26.47 NOTE
r-release-osx-x86_64-mavericks 0.9.14 NOTE
r-release-windows-ix86+x86_64 0.9.14 17.00 56.00 73.00 NOTE
r-oldrel-windows-ix86+x86_64 0.9.14 20.00 60.00 80.00 NOTE

Check Details

Version: 0.9.14
Check: package dependencies
Result: NOTE
    Package suggested but not available for checking: ‘Rdonlp2’
Flavors: r-devel-linux-x86_64-debian-clang, r-devel-linux-x86_64-debian-gcc, r-devel-linux-x86_64-fedora-clang, r-devel-linux-x86_64-fedora-gcc, r-devel-osx-x86_64-clang, r-devel-windows-ix86+x86_64, r-patched-linux-x86_64, r-patched-solaris-sparc, r-patched-solaris-x86, r-release-linux-x86_64, r-release-osx-x86_64-mavericks, r-release-windows-ix86+x86_64, r-oldrel-windows-ix86+x86_64