CRAN Package Check Results for Package depmix

Last updated on 2015-01-29 07:48:43.

Flavor Version Tinstall Tcheck Ttotal Status Flags
r-devel-linux-x86_64-debian-clang 0.9.13 2.23 18.89 21.12 NOTE
r-devel-linux-x86_64-debian-gcc 0.9.13 2.65 18.42 21.07 NOTE
r-devel-linux-x86_64-fedora-clang 0.9.13 44.83 NOTE
r-devel-linux-x86_64-fedora-gcc 0.9.13 42.86 NOTE
r-devel-osx-x86_64-clang 0.9.13 42.28 NOTE
r-devel-windows-ix86+x86_64 0.9.13 22.00 39.00 61.00 NOTE
r-patched-linux-x86_64 0.9.13 2.80 20.23 23.02 NOTE
r-patched-solaris-sparc 0.9.13 276.40 NOTE
r-patched-solaris-x86 0.9.13 62.10 NOTE
r-release-linux-ix86 0.9.13 3.98 26.75 30.73 NOTE
r-release-linux-x86_64 0.9.13 2.77 20.16 22.93 NOTE
r-release-osx-x86_64-mavericks 0.9.13 NOTE
r-release-osx-x86_64-snowleopard 0.9.13 NOTE
r-release-windows-ix86+x86_64 0.9.13 16.00 43.00 59.00 NOTE
r-oldrel-windows-ix86+x86_64 0.9.12 17.00 42.00 59.00 NOTE

Check Details

Version: 0.9.13
Check: package dependencies
Result: NOTE
    Package suggested but not available for checking: ‘Rdonlp2’
Flavors: r-devel-linux-x86_64-debian-clang, r-devel-linux-x86_64-debian-gcc, r-devel-linux-x86_64-fedora-clang, r-devel-linux-x86_64-fedora-gcc, r-devel-osx-x86_64-clang, r-devel-windows-ix86+x86_64, r-patched-linux-x86_64, r-patched-solaris-sparc, r-patched-solaris-x86, r-release-linux-ix86, r-release-linux-x86_64, r-release-osx-x86_64-mavericks, r-release-osx-x86_64-snowleopard, r-release-windows-ix86+x86_64

Version: 0.9.13
Check: dependencies in R code
Result: NOTE
    'library' or 'require' call to ‘Rdonlp2’ in package code.
     Please use :: or requireNamespace() instead.
     See section 'Suggested packages' in the 'Writing R Extensions' manual.
Flavors: r-devel-linux-x86_64-debian-clang, r-devel-linux-x86_64-debian-gcc, r-devel-linux-x86_64-fedora-clang, r-devel-linux-x86_64-fedora-gcc, r-devel-osx-x86_64-clang, r-devel-windows-ix86+x86_64

Version: 0.9.12
Check: package dependencies
Result: NOTE
    Package suggested but not available for checking: 'Rdonlp2'
Flavor: r-oldrel-windows-ix86+x86_64