CRAN Package Check Results for Package depmix

Last updated on 2015-02-27 16:47:45.

Flavor Version Tinstall Tcheck Ttotal Status Flags
r-devel-linux-x86_64-debian-clang 0.9.13 2.26 18.95 21.21 NOTE
r-devel-linux-x86_64-debian-gcc 0.9.13 2.67 18.56 21.23 NOTE
r-devel-linux-x86_64-fedora-clang 0.9.13 41.49 NOTE
r-devel-linux-x86_64-fedora-gcc 0.9.13 39.36 NOTE
r-devel-osx-x86_64-clang 0.9.13 40.14 NOTE
r-devel-windows-ix86+x86_64 0.9.13 20.00 40.00 60.00 NOTE
r-patched-linux-x86_64 0.9.13 2.72 20.22 22.94 NOTE
r-patched-solaris-sparc 0.9.13 307.10 NOTE
r-release-linux-ix86 0.9.13 3.91 28.94 32.85 NOTE
r-release-linux-x86_64 0.9.13 2.84 20.18 23.02 NOTE
r-release-osx-x86_64-mavericks 0.9.13 NOTE
r-release-osx-x86_64-snowleopard 0.9.13 NOTE
r-release-windows-ix86+x86_64 0.9.13 16.00 42.00 58.00 NOTE
r-oldrel-windows-ix86+x86_64 0.9.12 17.00 42.00 59.00 NOTE

Check Details

Version: 0.9.13
Check: package dependencies
Result: NOTE
    Package suggested but not available for checking: ‘Rdonlp2’
Flavors: r-devel-linux-x86_64-debian-clang, r-devel-linux-x86_64-debian-gcc, r-devel-linux-x86_64-fedora-clang, r-devel-linux-x86_64-fedora-gcc, r-devel-osx-x86_64-clang, r-devel-windows-ix86+x86_64, r-patched-linux-x86_64, r-patched-solaris-sparc, r-release-linux-ix86, r-release-linux-x86_64, r-release-osx-x86_64-mavericks, r-release-osx-x86_64-snowleopard, r-release-windows-ix86+x86_64

Version: 0.9.13
Check: DESCRIPTION meta-information
Result: NOTE
    Malformed Description field: should contain one or more complete sentences.
Flavors: r-devel-linux-x86_64-debian-clang, r-devel-linux-x86_64-debian-gcc, r-devel-linux-x86_64-fedora-clang, r-devel-linux-x86_64-fedora-gcc, r-devel-osx-x86_64-clang, r-devel-windows-ix86+x86_64

Version: 0.9.13
Check: dependencies in R code
Result: NOTE
    'library' or 'require' call to ‘Rdonlp2’ in package code.
     Please use :: or requireNamespace() instead.
     See section 'Suggested packages' in the 'Writing R Extensions' manual.
Flavors: r-devel-linux-x86_64-debian-clang, r-devel-linux-x86_64-debian-gcc, r-devel-linux-x86_64-fedora-clang, r-devel-linux-x86_64-fedora-gcc, r-devel-osx-x86_64-clang, r-devel-windows-ix86+x86_64, r-patched-linux-x86_64, r-patched-solaris-sparc

Version: 0.9.12
Check: package dependencies
Result: NOTE
    Package suggested but not available for checking: 'Rdonlp2'
Flavor: r-oldrel-windows-ix86+x86_64