CRAN Package Check Results for Package depmix

Last updated on 2017-06-25 22:47:48.

Flavor Version Tinstall Tcheck Ttotal Status Flags
r-devel-linux-x86_64-debian-clang 0.9.14 3.43 23.29 26.72 NOTE
r-devel-linux-x86_64-debian-gcc 0.9.14 3.06 22.88 25.95 NOTE
r-devel-linux-x86_64-fedora-clang 0.9.14 46.41 NOTE
r-devel-linux-x86_64-fedora-gcc 0.9.14 44.24 NOTE
r-devel-windows-ix86+x86_64 0.9.14 20.00 69.00 89.00 NOTE
r-patched-linux-x86_64 0.9.14 2.86 23.01 25.87 NOTE
r-patched-solaris-sparc 0.9.14 290.70 NOTE
r-patched-solaris-x86 0.9.14 60.20 NOTE
r-release-linux-x86_64 0.9.14 3.21 23.54 26.75 NOTE
r-release-windows-ix86+x86_64 0.9.14 29.00 80.00 109.00 NOTE
r-release-osx-x86_64 0.9.14 NOTE
r-oldrel-windows-ix86+x86_64 0.9.14 16.00 60.00 76.00 NOTE
r-oldrel-osx-x86_64 0.9.14 NOTE

Check Details

Version: 0.9.14
Check: package dependencies
Result: NOTE
    Package suggested but not available for checking: ‘Rdonlp2’
Flavors: r-devel-linux-x86_64-debian-clang, r-devel-linux-x86_64-debian-gcc, r-devel-linux-x86_64-fedora-clang, r-devel-linux-x86_64-fedora-gcc, r-devel-windows-ix86+x86_64, r-patched-linux-x86_64, r-patched-solaris-sparc, r-patched-solaris-x86, r-release-linux-x86_64, r-release-windows-ix86+x86_64, r-release-osx-x86_64, r-oldrel-windows-ix86+x86_64, r-oldrel-osx-x86_64

Version: 0.9.14
Check: compiled code
Result: NOTE
    File ‘depmix/libs/depmix.so’:
     Found no calls to: ‘R_registerRoutines’, ‘R_useDynamicSymbols’
    
    It is good practice to register native routines and to disable symbol
    search.
    
    See ‘Writing portable packages’ in the ‘Writing R Extensions’ manual.
Flavors: r-devel-linux-x86_64-debian-clang, r-devel-linux-x86_64-debian-gcc, r-devel-linux-x86_64-fedora-clang, r-devel-linux-x86_64-fedora-gcc, r-patched-linux-x86_64, r-release-linux-x86_64