CRAN Package Check Results for Package depmix

Last updated on 2015-05-27 11:49:19.

Flavor Version Tinstall Tcheck Ttotal Status Flags
r-devel-linux-x86_64-debian-clang 0.9.13 2.26 19.54 21.79 NOTE
r-devel-linux-x86_64-debian-gcc 0.9.13 2.96 19.07 22.03 NOTE
r-devel-linux-x86_64-fedora-clang 0.9.13 41.17 NOTE
r-devel-linux-x86_64-fedora-gcc 0.9.13 39.02 NOTE
r-devel-osx-x86_64-clang 0.9.13 40.78 NOTE
r-devel-windows-ix86+x86_64 0.9.13 17.00 39.00 56.00 NOTE
r-patched-linux-x86_64 0.9.13 2.60 18.57 21.17 NOTE
r-patched-solaris-sparc 0.9.13 277.20 NOTE
r-patched-solaris-x86 0.9.13 56.00 NOTE
r-release-linux-x86_64 0.9.13 2.64 18.84 21.48 NOTE
r-release-osx-x86_64-mavericks 0.9.13 NOTE
r-release-osx-x86_64-snowleopard 0.9.13 NOTE
r-release-windows-ix86+x86_64 0.9.13 17.00 39.00 56.00 NOTE
r-oldrel-windows-ix86+x86_64 0.9.13 16.00 44.00 60.00 NOTE

Check Details

Version: 0.9.13
Check: package dependencies
Result: NOTE
    Package suggested but not available for checking: ‘Rdonlp2’
Flavors: r-devel-linux-x86_64-debian-clang, r-devel-linux-x86_64-debian-gcc, r-devel-linux-x86_64-fedora-clang, r-devel-linux-x86_64-fedora-gcc, r-devel-osx-x86_64-clang, r-devel-windows-ix86+x86_64, r-patched-linux-x86_64, r-patched-solaris-sparc, r-patched-solaris-x86, r-release-linux-x86_64, r-release-osx-x86_64-mavericks, r-release-osx-x86_64-snowleopard, r-release-windows-ix86+x86_64, r-oldrel-windows-ix86+x86_64

Version: 0.9.13
Check: DESCRIPTION meta-information
Result: NOTE
    Malformed Description field: should contain one or more complete sentences.
Flavors: r-devel-linux-x86_64-debian-clang, r-devel-linux-x86_64-debian-gcc, r-devel-linux-x86_64-fedora-clang, r-devel-linux-x86_64-fedora-gcc, r-devel-osx-x86_64-clang, r-devel-windows-ix86+x86_64, r-patched-linux-x86_64, r-patched-solaris-sparc, r-patched-solaris-x86, r-release-linux-x86_64, r-release-osx-x86_64-mavericks, r-release-osx-x86_64-snowleopard, r-release-windows-ix86+x86_64

Version: 0.9.13
Check: dependencies in R code
Result: NOTE
    'library' or 'require' call to ‘Rdonlp2’ in package code.
     Please use :: or requireNamespace() instead.
     See section 'Suggested packages' in the 'Writing R Extensions' manual.
Flavors: r-devel-linux-x86_64-debian-clang, r-devel-linux-x86_64-debian-gcc, r-devel-linux-x86_64-fedora-clang, r-devel-linux-x86_64-fedora-gcc, r-devel-osx-x86_64-clang, r-devel-windows-ix86+x86_64, r-patched-linux-x86_64, r-patched-solaris-sparc, r-patched-solaris-x86, r-release-linux-x86_64, r-release-osx-x86_64-mavericks, r-release-osx-x86_64-snowleopard, r-release-windows-ix86+x86_64, r-oldrel-windows-ix86+x86_64