CRAN Package Check Results for Package depmix

Last updated on 2017-05-24 22:47:04.

Flavor Version Tinstall Tcheck Ttotal Status Flags
r-devel-linux-x86_64-debian-clang 0.9.14 3.52 23.34 26.86 NOTE
r-devel-linux-x86_64-debian-gcc 0.9.14 3.10 25.13 28.23 NOTE
r-devel-linux-x86_64-fedora-clang 0.9.14 46.24 NOTE --no-stop-on-test-error
r-devel-linux-x86_64-fedora-gcc 0.9.14 43.53 NOTE --no-stop-on-test-error
r-devel-windows-ix86+x86_64 0.9.14 17.00 74.00 91.00 NOTE
r-patched-linux-x86_64 0.9.14 2.82 22.97 25.79 NOTE
r-patched-solaris-sparc 0.9.14 290.70 NOTE
r-patched-solaris-x86 0.9.14 60.50 NOTE
r-release-linux-x86_64 0.9.14 2.92 22.42 25.34 NOTE
r-release-windows-ix86+x86_64 0.9.14 17.00 73.00 90.00 NOTE
r-release-osx-x86_64 0.9.14 NOTE
r-oldrel-windows-ix86+x86_64 0.9.14 20.00 60.00 80.00 NOTE
r-oldrel-osx-x86_64 0.9.14 NOTE

Check Details

Version: 0.9.14
Check: package dependencies
Result: NOTE
    Package suggested but not available for checking: ‘Rdonlp2’
Flavors: r-devel-linux-x86_64-debian-clang, r-devel-linux-x86_64-debian-gcc, r-devel-windows-ix86+x86_64, r-patched-linux-x86_64, r-patched-solaris-sparc, r-patched-solaris-x86, r-release-linux-x86_64, r-release-windows-ix86+x86_64, r-release-osx-x86_64, r-oldrel-windows-ix86+x86_64, r-oldrel-osx-x86_64

Version: 0.9.14
Check: compiled code
Result: NOTE
    File ‘depmix/libs/depmix.so’:
     Found no calls to: ‘R_registerRoutines’, ‘R_useDynamicSymbols’
    
    It is good practice to register native routines and to disable symbol
    search.
    
    See ‘Writing portable packages’ in the ‘Writing R Extensions’ manual.
Flavors: r-devel-linux-x86_64-debian-clang, r-devel-linux-x86_64-debian-gcc, r-patched-linux-x86_64, r-release-linux-x86_64

Version: 0.9.14
Flags: --no-stop-on-test-error
Check: package dependencies
Result: NOTE
    Package suggested but not available for checking: ‘Rdonlp2’
Flavors: r-devel-linux-x86_64-fedora-clang, r-devel-linux-x86_64-fedora-gcc

Version: 0.9.14
Flags: --no-stop-on-test-error
Check: compiled code
Result: NOTE
    File ‘depmix/libs/depmix.so’:
     Found no calls to: ‘R_registerRoutines’, ‘R_useDynamicSymbols’
    
    It is good practice to register native routines and to disable symbol
    search.
    
    See ‘Writing portable packages’ in the ‘Writing R Extensions’ manual.
Flavors: r-devel-linux-x86_64-fedora-clang, r-devel-linux-x86_64-fedora-gcc