CRAN Package Check Results for Package depmix

Last updated on 2014-07-24 17:48:59.

Flavor Version Tinstall Tcheck Ttotal Status Flags
r-devel-linux-x86_64-debian-clang 0.9.12 2.38 19.66 22.04 NOTE
r-devel-linux-x86_64-debian-gcc 0.9.12 2.61 19.04 21.65 NOTE
r-devel-linux-x86_64-fedora-clang 0.9.12 46.22 NOTE
r-devel-linux-x86_64-fedora-gcc 0.9.12 44.47 NOTE
r-devel-osx-x86_64-clang 0.9.12 42.64 NOTE
r-devel-windows-ix86+x86_64 0.9.12 15.00 40.00 55.00 NOTE
r-patched-linux-x86_64 0.9.12 2.61 18.97 21.58 NOTE
r-patched-solaris-sparc 0.9.12 252.30 NOTE
r-patched-solaris-x86 0.9.12 64.60 NOTE
r-release-linux-ix86 0.9.12 4.05 27.36 31.41 NOTE
r-release-linux-x86_64 0.9.12 2.75 19.56 22.31 NOTE
r-release-osx-x86_64-mavericks 0.9.12 NOTE
r-release-osx-x86_64-snowleopard 0.9.12 NOTE
r-release-windows-ix86+x86_64 0.9.12 15.00 41.00 56.00 NOTE
r-oldrel-windows-ix86+x86_64 0.9.12 16.00 44.00 60.00 NOTE

Check Details

Version: 0.9.12
Check: package dependencies
Result: NOTE
    Package suggested but not available for checking: ‘Rdonlp2’
Flavors: r-devel-linux-x86_64-debian-clang, r-devel-linux-x86_64-debian-gcc, r-devel-linux-x86_64-fedora-clang, r-devel-linux-x86_64-fedora-gcc, r-devel-osx-x86_64-clang, r-devel-windows-ix86+x86_64, r-patched-linux-x86_64, r-patched-solaris-sparc, r-patched-solaris-x86, r-release-linux-ix86, r-release-linux-x86_64, r-release-osx-x86_64-mavericks, r-release-osx-x86_64-snowleopard, r-release-windows-ix86+x86_64, r-oldrel-windows-ix86+x86_64