CRAN Package Check Results for Package depmix

Last updated on 2017-08-18 02:48:55.

Flavor Version Tinstall Tcheck Ttotal Status Flags
r-devel-linux-x86_64-debian-clang 0.9.14 3.41 24.32 27.73 NOTE
r-devel-linux-x86_64-debian-gcc 0.9.14 3.20 23.84 27.04 NOTE
r-devel-linux-x86_64-fedora-clang 0.9.14 46.40 NOTE
r-devel-linux-x86_64-fedora-gcc 0.9.14 44.28 NOTE
r-devel-windows-ix86+x86_64 0.9.14 21.00 57.00 78.00 NOTE
r-patched-linux-x86_64 0.9.14 3.07 23.83 26.90 NOTE
r-patched-solaris-x86 0.9.14 66.70 NOTE
r-release-linux-x86_64 0.9.14 3.05 23.64 26.70 NOTE
r-release-windows-ix86+x86_64 0.9.14 16.00 56.00 72.00 NOTE
r-release-osx-x86_64 0.9.14 NOTE
r-oldrel-windows-ix86+x86_64 0.9.14 16.00 58.00 74.00 NOTE
r-oldrel-osx-x86_64 0.9.14 NOTE

Check Details

Version: 0.9.14
Check: package dependencies
Result: NOTE
    Package suggested but not available for checking: ‘Rdonlp2’
Flavors: r-devel-linux-x86_64-debian-clang, r-devel-linux-x86_64-debian-gcc, r-devel-linux-x86_64-fedora-clang, r-devel-linux-x86_64-fedora-gcc, r-devel-windows-ix86+x86_64, r-patched-linux-x86_64, r-patched-solaris-x86, r-release-linux-x86_64, r-release-windows-ix86+x86_64, r-release-osx-x86_64, r-oldrel-windows-ix86+x86_64, r-oldrel-osx-x86_64

Version: 0.9.14
Check: compiled code
Result: NOTE
    File ‘depmix/libs/depmix.so’:
     Found no calls to: ‘R_registerRoutines’, ‘R_useDynamicSymbols’
    
    It is good practice to register native routines and to disable symbol
    search.
    
    See ‘Writing portable packages’ in the ‘Writing R Extensions’ manual.
Flavors: r-devel-linux-x86_64-debian-clang, r-devel-linux-x86_64-debian-gcc, r-devel-linux-x86_64-fedora-clang, r-devel-linux-x86_64-fedora-gcc, r-patched-linux-x86_64, r-release-linux-x86_64