CRAN Package Check Results for Package depmix

Last updated on 2018-06-21 21:49:47 CEST.

Flavor Version Tinstall Tcheck Ttotal Status Flags
r-devel-linux-x86_64-debian-clang 0.9.14 8.82 31.57 40.39 NOTE
r-devel-linux-x86_64-debian-gcc 0.9.14 6.12 26.44 32.56 NOTE
r-devel-linux-x86_64-fedora-clang 0.9.14 50.64 NOTE
r-devel-linux-x86_64-fedora-gcc 0.9.14 46.85 NOTE
r-devel-windows-ix86+x86_64 0.9.14 28.00 72.00 100.00 NOTE
r-patched-linux-x86_64 0.9.14 7.74 32.50 40.24 NOTE
r-patched-solaris-x86 0.9.14 68.50 NOTE
r-release-linux-x86_64 0.9.14 7.20 32.34 39.54 NOTE
r-release-windows-ix86+x86_64 0.9.14 20.00 78.00 98.00 NOTE
r-release-osx-x86_64 0.9.14 NOTE
r-oldrel-windows-ix86+x86_64 0.9.14 27.00 56.00 83.00 NOTE
r-oldrel-osx-x86_64 0.9.14 NOTE

Check Details

Version: 0.9.14
Check: package dependencies
Result: NOTE
    Package suggested but not available for checking: ‘Rdonlp2’
Flavors: r-devel-linux-x86_64-debian-clang, r-devel-linux-x86_64-debian-gcc, r-devel-linux-x86_64-fedora-clang, r-devel-linux-x86_64-fedora-gcc, r-devel-windows-ix86+x86_64, r-patched-linux-x86_64, r-patched-solaris-x86, r-release-linux-x86_64, r-release-windows-ix86+x86_64, r-release-osx-x86_64, r-oldrel-windows-ix86+x86_64, r-oldrel-osx-x86_64

Version: 0.9.14
Check: compiled code
Result: NOTE
    File ‘depmix/libs/depmix.so’:
     Found no calls to: ‘R_registerRoutines’, ‘R_useDynamicSymbols’
    
    It is good practice to register native routines and to disable symbol
    search.
    
    See ‘Writing portable packages’ in the ‘Writing R Extensions’ manual.
Flavors: r-devel-linux-x86_64-debian-clang, r-devel-linux-x86_64-debian-gcc, r-devel-linux-x86_64-fedora-clang, r-devel-linux-x86_64-fedora-gcc, r-patched-linux-x86_64, r-release-linux-x86_64