CRAN Package Check Results for Package depmix

Last updated on 2017-10-17 01:47:52.

Flavor Version Tinstall Tcheck Ttotal Status Flags
r-devel-linux-x86_64-debian-clang 0.9.14 3.32 23.75 27.07 NOTE
r-devel-linux-x86_64-debian-gcc 0.9.14 3.27 25.04 28.32 NOTE
r-devel-linux-x86_64-fedora-clang 0.9.14 48.63 NOTE
r-devel-linux-x86_64-fedora-gcc 0.9.14 47.29 NOTE
r-devel-windows-ix86+x86_64 0.9.14 21.00 53.00 74.00 NOTE
r-patched-linux-x86_64 0.9.14 3.12 23.36 26.48 NOTE
r-patched-solaris-x86 0.9.14 64.80 NOTE
r-release-linux-x86_64 0.9.14 3.13 23.43 26.56 NOTE
r-release-windows-ix86+x86_64 0.9.14 20.00 54.00 74.00 NOTE
r-release-osx-x86_64 0.9.14 NOTE
r-oldrel-windows-ix86+x86_64 0.9.14 26.00 59.00 85.00 NOTE
r-oldrel-osx-x86_64 0.9.14 NOTE

Check Details

Version: 0.9.14
Check: package dependencies
Result: NOTE
    Package suggested but not available for checking: ‘Rdonlp2’
Flavors: r-devel-linux-x86_64-debian-clang, r-devel-linux-x86_64-debian-gcc, r-devel-linux-x86_64-fedora-clang, r-devel-linux-x86_64-fedora-gcc, r-devel-windows-ix86+x86_64, r-patched-linux-x86_64, r-patched-solaris-x86, r-release-linux-x86_64, r-release-windows-ix86+x86_64, r-release-osx-x86_64, r-oldrel-windows-ix86+x86_64, r-oldrel-osx-x86_64

Version: 0.9.14
Check: compiled code
Result: NOTE
    File ‘depmix/libs/depmix.so’:
     Found no calls to: ‘R_registerRoutines’, ‘R_useDynamicSymbols’
    
    It is good practice to register native routines and to disable symbol
    search.
    
    See ‘Writing portable packages’ in the ‘Writing R Extensions’ manual.
Flavors: r-devel-linux-x86_64-debian-clang, r-devel-linux-x86_64-debian-gcc, r-devel-linux-x86_64-fedora-clang, r-devel-linux-x86_64-fedora-gcc, r-patched-linux-x86_64, r-release-linux-x86_64