CRAN Package Check Results for Package depmix

Last updated on 2016-12-04 23:47:49.

Flavor Version Tinstall Tcheck Ttotal Status Flags
r-devel-linux-x86_64-debian-clang 0.9.14 3.30 24.14 27.43 NOTE
r-devel-linux-x86_64-debian-gcc 0.9.14 3.08 22.53 25.61 NOTE
r-devel-linux-x86_64-fedora-clang 0.9.14 47.65 NOTE --no-stop-on-test-error
r-devel-linux-x86_64-fedora-gcc 0.9.14 45.26 NOTE --no-stop-on-test-error
r-devel-macos-x86_64-clang 0.9.14 38.98 NOTE
r-devel-windows-ix86+x86_64 0.9.14 19.00 72.00 91.00 NOTE
r-patched-linux-x86_64 0.9.14 2.96 19.11 22.06 NOTE
r-patched-solaris-sparc 0.9.14 243.80 NOTE
r-patched-solaris-x86 0.9.14 50.40 NOTE
r-release-linux-x86_64 0.9.14 2.84 19.21 22.04 NOTE
r-release-osx-x86_64-mavericks 0.9.14 NOTE
r-release-windows-ix86+x86_64 0.9.14 24.00 49.00 73.00 NOTE
r-oldrel-windows-ix86+x86_64 0.9.14 16.00 52.00 68.00 NOTE

Check Details

Version: 0.9.14
Check: package dependencies
Result: NOTE
    Package suggested but not available for checking: ‘Rdonlp2’
Flavors: r-devel-linux-x86_64-debian-clang, r-devel-linux-x86_64-debian-gcc, r-devel-macos-x86_64-clang, r-devel-windows-ix86+x86_64, r-patched-linux-x86_64, r-patched-solaris-sparc, r-patched-solaris-x86, r-release-linux-x86_64, r-release-osx-x86_64-mavericks, r-release-windows-ix86+x86_64, r-oldrel-windows-ix86+x86_64

Version: 0.9.14
Flags: --no-stop-on-test-error
Check: package dependencies
Result: NOTE
    Package suggested but not available for checking: ‘Rdonlp2’
Flavors: r-devel-linux-x86_64-fedora-clang, r-devel-linux-x86_64-fedora-gcc