CRAN Package Check Results for Package depmixS4

Last updated on 2017-02-24 19:48:03.

Flavor Version Tinstall Tcheck Ttotal Status Flags
r-devel-linux-x86_64-debian-clang 1.3-3 2.10 55.24 57.34 NOTE
r-devel-linux-x86_64-debian-gcc 1.3-3 2.05 57.20 59.24 NOTE
r-devel-linux-x86_64-fedora-clang 1.3-3 117.90 NOTE --no-stop-on-test-error
r-devel-linux-x86_64-fedora-gcc 1.3-3 108.53 NOTE --no-stop-on-test-error
r-devel-macos-x86_64-clang 1.3-3 85.21 NOTE --no-stop-on-test-error
r-devel-windows-ix86+x86_64 1.3-3 24.00 128.00 152.00 NOTE
r-patched-linux-x86_64 1.3-3 1.83 50.18 52.01 NOTE
r-patched-solaris-sparc 1.3-3 657.50 NOTE
r-patched-solaris-x86 1.3-3 119.60 NOTE
r-release-linux-x86_64 1.3-3 2.00 52.65 54.65 NOTE
r-release-osx-x86_64-mavericks 1.3-3 NOTE
r-release-windows-ix86+x86_64 1.3-3 27.00 150.00 177.00 NOTE
r-oldrel-windows-ix86+x86_64 1.3-3 22.00 268.00 290.00 NOTE

Check Details

Version: 1.3-3
Check: package dependencies
Result: NOTE
    Package suggested but not available for checking: ‘Rdonlp2’
Flavors: r-devel-linux-x86_64-debian-clang, r-devel-linux-x86_64-debian-gcc, r-devel-windows-ix86+x86_64, r-patched-linux-x86_64, r-patched-solaris-sparc, r-patched-solaris-x86, r-release-linux-x86_64, r-release-osx-x86_64-mavericks, r-release-windows-ix86+x86_64, r-oldrel-windows-ix86+x86_64

Version: 1.3-3
Check: compiled code
Result: NOTE
    File ‘depmixS4/libs/depmixS4.so’:
     Found no calls to: ‘R_registerRoutines’, ‘R_useDynamicSymbols’
    
    It is good practice to register native routines and to disable symbol
    search.
    
    See ‘Writing portable packages’ in the ‘Writing R Extensions’ manual.
Flavors: r-devel-linux-x86_64-debian-clang, r-devel-linux-x86_64-debian-gcc

Version: 1.3-3
Flags: --no-stop-on-test-error
Check: package dependencies
Result: NOTE
    Package suggested but not available for checking: ‘Rdonlp2’
Flavors: r-devel-linux-x86_64-fedora-clang, r-devel-linux-x86_64-fedora-gcc, r-devel-macos-x86_64-clang

Version: 1.3-3
Flags: --no-stop-on-test-error
Check: compiled code
Result: NOTE
    File ‘depmixS4/libs/depmixS4.so’:
     Found no calls to: ‘R_registerRoutines’, ‘R_useDynamicSymbols’
    
    It is good practice to register native routines and to disable symbol
    search.
    
    See ‘Writing portable packages’ in the ‘Writing R Extensions’ manual.
Flavors: r-devel-linux-x86_64-fedora-clang, r-devel-linux-x86_64-fedora-gcc, r-devel-macos-x86_64-clang