CRAN Package Check Results for Package depmixS4

Last updated on 2018-05-28 04:49:14 CEST.

Flavor Version Tinstall Tcheck Ttotal Status Flags
r-devel-linux-x86_64-debian-clang 1.3-3 7.33 78.57 85.90 NOTE
r-devel-linux-x86_64-debian-gcc 1.3-3 6.13 63.92 70.05 NOTE
r-devel-linux-x86_64-fedora-clang 1.3-3 114.15 NOTE
r-devel-linux-x86_64-fedora-gcc 1.3-3 108.47 NOTE
r-devel-windows-ix86+x86_64 1.3-3 13.00 130.00 143.00 NOTE
r-patched-linux-x86_64 1.3-3 6.23 82.97 89.20 NOTE
r-patched-solaris-x86 1.3-3 142.20 NOTE
r-release-linux-x86_64 1.3-3 6.95 82.71 89.66 NOTE
r-release-windows-ix86+x86_64 1.3-3 19.00 121.00 140.00 NOTE
r-release-osx-x86_64 1.3-3 NOTE
r-oldrel-windows-ix86+x86_64 1.3-3 11.00 127.00 138.00 NOTE
r-oldrel-osx-x86_64 1.3-3 NOTE

Check Details

Version: 1.3-3
Check: package dependencies
Result: NOTE
    Package suggested but not available for checking: ‘Rdonlp2’
Flavors: r-devel-linux-x86_64-debian-clang, r-devel-linux-x86_64-debian-gcc, r-devel-linux-x86_64-fedora-clang, r-devel-linux-x86_64-fedora-gcc, r-devel-windows-ix86+x86_64, r-patched-linux-x86_64, r-patched-solaris-x86, r-release-linux-x86_64, r-release-windows-ix86+x86_64, r-release-osx-x86_64, r-oldrel-windows-ix86+x86_64, r-oldrel-osx-x86_64

Version: 1.3-3
Check: compiled code
Result: NOTE
    File ‘depmixS4/libs/depmixS4.so’:
     Found no calls to: ‘R_registerRoutines’, ‘R_useDynamicSymbols’
    
    It is good practice to register native routines and to disable symbol
    search.
    
    See ‘Writing portable packages’ in the ‘Writing R Extensions’ manual.
Flavors: r-devel-linux-x86_64-debian-clang, r-devel-linux-x86_64-debian-gcc, r-devel-linux-x86_64-fedora-clang, r-devel-linux-x86_64-fedora-gcc, r-patched-linux-x86_64, r-release-linux-x86_64