CRAN Package Check Results for Package depmixS4

Last updated on 2017-03-27 03:49:35.

Flavor Version Tinstall Tcheck Ttotal Status Flags
r-devel-linux-x86_64-debian-clang 1.3-3 2.28 56.16 58.45 NOTE
r-devel-linux-x86_64-debian-gcc 1.3-3 2.24 53.60 55.83 NOTE
r-devel-linux-x86_64-fedora-clang 1.3-3 114.26 NOTE --no-stop-on-test-error
r-devel-linux-x86_64-fedora-gcc 1.3-3 109.95 NOTE --no-stop-on-test-error
r-devel-macos-x86_64-clang 1.3-3 83.23 NOTE --no-stop-on-test-error
r-devel-windows-ix86+x86_64 1.3-3 14.00 167.00 181.00 NOTE
r-patched-linux-x86_64 1.3-3 2.04 53.28 55.32 NOTE
r-patched-solaris-sparc 1.3-3 687.40 NOTE
r-patched-solaris-x86 1.3-3 128.40 NOTE
r-release-linux-x86_64 1.3-3 2.01 50.32 52.32 NOTE
r-release-osx-x86_64-mavericks 1.3-3 NOTE
r-release-windows-ix86+x86_64 1.3-3 10.00 119.00 129.00 NOTE
r-oldrel-windows-ix86+x86_64 1.3-3 8.00 141.00 149.00 NOTE

Check Details

Version: 1.3-3
Check: package dependencies
Result: NOTE
    Package suggested but not available for checking: ‘Rdonlp2’
Flavors: r-devel-linux-x86_64-debian-clang, r-devel-linux-x86_64-debian-gcc, r-devel-windows-ix86+x86_64, r-patched-linux-x86_64, r-patched-solaris-sparc, r-patched-solaris-x86, r-release-linux-x86_64, r-release-osx-x86_64-mavericks, r-release-windows-ix86+x86_64, r-oldrel-windows-ix86+x86_64

Version: 1.3-3
Check: compiled code
Result: NOTE
    File ‘depmixS4/libs/depmixS4.so’:
     Found no calls to: ‘R_registerRoutines’, ‘R_useDynamicSymbols’
    
    It is good practice to register native routines and to disable symbol
    search.
    
    See ‘Writing portable packages’ in the ‘Writing R Extensions’ manual.
Flavors: r-devel-linux-x86_64-debian-clang, r-devel-linux-x86_64-debian-gcc, r-patched-linux-x86_64

Version: 1.3-3
Flags: --no-stop-on-test-error
Check: package dependencies
Result: NOTE
    Package suggested but not available for checking: ‘Rdonlp2’
Flavors: r-devel-linux-x86_64-fedora-clang, r-devel-linux-x86_64-fedora-gcc, r-devel-macos-x86_64-clang

Version: 1.3-3
Flags: --no-stop-on-test-error
Check: compiled code
Result: NOTE
    File ‘depmixS4/libs/depmixS4.so’:
     Found no calls to: ‘R_registerRoutines’, ‘R_useDynamicSymbols’
    
    It is good practice to register native routines and to disable symbol
    search.
    
    See ‘Writing portable packages’ in the ‘Writing R Extensions’ manual.
Flavors: r-devel-linux-x86_64-fedora-clang, r-devel-linux-x86_64-fedora-gcc, r-devel-macos-x86_64-clang