CRAN Package Check Results for Package depmixS4

Last updated on 2016-05-30 06:46:43.

Flavor Version Tinstall Tcheck Ttotal Status Flags
r-devel-linux-x86_64-debian-gcc 1.3-3 1.90 52.34 54.24 NOTE
r-devel-linux-x86_64-fedora-clang 1.3-3 104.91 NOTE
r-devel-linux-x86_64-fedora-gcc 1.3-3 94.58 NOTE
r-devel-osx-x86_64-clang 1.3-3 107.34 NOTE
r-devel-windows-ix86+x86_64 1.3-3 7.00 109.00 116.00 NOTE
r-patched-linux-x86_64 1.3-3 1.83 50.38 52.22 NOTE
r-patched-solaris-sparc 1.3-3 645.40 NOTE
r-patched-solaris-x86 1.3-3 123.70 NOTE
r-release-linux-x86_64 1.3-3 1.80 49.62 51.42 NOTE
r-release-osx-x86_64-mavericks 1.3-3 NOTE
r-release-windows-ix86+x86_64 1.3-3 13.00 110.00 123.00 NOTE
r-oldrel-windows-ix86+x86_64 1.3-3 9.00 209.00 218.00 NOTE

Check Details

Version: 1.3-3
Check: package dependencies
Result: NOTE
    Package suggested but not available for checking: ‘Rdonlp2’
Flavors: r-devel-linux-x86_64-debian-gcc, r-devel-linux-x86_64-fedora-clang, r-devel-linux-x86_64-fedora-gcc, r-devel-osx-x86_64-clang, r-devel-windows-ix86+x86_64, r-patched-linux-x86_64, r-patched-solaris-sparc, r-patched-solaris-x86, r-release-linux-x86_64, r-release-osx-x86_64-mavericks, r-release-windows-ix86+x86_64, r-oldrel-windows-ix86+x86_64