CRAN Package Check Results for Package depmixS4

Last updated on 2016-09-29 02:49:39.

Flavor Version Tinstall Tcheck Ttotal Status Flags
r-devel-linux-x86_64-debian-clang 1.3-3 2.04 57.52 59.56 NOTE
r-devel-linux-x86_64-debian-gcc 1.3-3 1.85 53.24 55.08 NOTE
r-devel-linux-x86_64-fedora-clang 1.3-3 106.79 NOTE
r-devel-linux-x86_64-fedora-gcc 1.3-3 101.07 NOTE
r-devel-macos-x86_64-clang 1.3-3 76.35 NOTE
r-devel-windows-ix86+x86_64 1.3-3 12.00 159.00 171.00 NOTE
r-patched-linux-x86_64 1.3-3 1.72 53.06 54.78 NOTE
r-patched-solaris-sparc 1.3-3 646.20 NOTE
r-patched-solaris-x86 1.3-3 119.40 NOTE
r-release-linux-x86_64 1.3-3 1.77 54.12 55.89 NOTE
r-release-osx-x86_64-mavericks 1.3-3 NOTE
r-release-windows-ix86+x86_64 1.3-3 14.00 111.00 125.00 NOTE
r-oldrel-windows-ix86+x86_64 1.3-3 15.00 190.00 205.00 NOTE

Check Details

Version: 1.3-3
Check: package dependencies
Result: NOTE
    Package suggested but not available for checking: ‘Rdonlp2’
Flavors: r-devel-linux-x86_64-debian-clang, r-devel-linux-x86_64-debian-gcc, r-devel-linux-x86_64-fedora-clang, r-devel-linux-x86_64-fedora-gcc, r-devel-macos-x86_64-clang, r-devel-windows-ix86+x86_64, r-patched-linux-x86_64, r-patched-solaris-sparc, r-patched-solaris-x86, r-release-linux-x86_64, r-release-osx-x86_64-mavericks, r-release-windows-ix86+x86_64, r-oldrel-windows-ix86+x86_64