CRAN Package Check Results for Package depmixS4

Last updated on 2017-01-21 16:48:29.

Flavor Version Tinstall Tcheck Ttotal Status Flags
r-devel-linux-x86_64-debian-clang 1.3-3 2.18 59.13 61.32 NOTE
r-devel-linux-x86_64-debian-gcc 1.3-3 2.13 57.38 59.51 NOTE
r-devel-linux-x86_64-fedora-clang 1.3-3 113.96 NOTE --no-stop-on-test-error
r-devel-linux-x86_64-fedora-gcc 1.3-3 110.15 NOTE --no-stop-on-test-error
r-devel-macos-x86_64-clang 1.3-3 83.88 NOTE --no-stop-on-test-error
r-devel-windows-ix86+x86_64 1.3-3 14.00 162.00 176.00 NOTE
r-patched-linux-x86_64 1.3-3 1.95 54.20 56.15 NOTE
r-patched-solaris-sparc 1.3-3 657.50 NOTE
r-patched-solaris-x86 1.3-3 119.70 NOTE
r-release-linux-x86_64 1.3-3 2.04 54.23 56.27 NOTE
r-release-osx-x86_64-mavericks 1.3-3 NOTE
r-release-windows-ix86+x86_64 1.3-3 22.00 152.00 174.00 NOTE
r-oldrel-windows-ix86+x86_64 1.3-3 11.00 266.00 277.00 NOTE

Check Details

Version: 1.3-3
Check: package dependencies
Result: NOTE
    Package suggested but not available for checking: ‘Rdonlp2’
Flavors: r-devel-linux-x86_64-debian-clang, r-devel-linux-x86_64-debian-gcc, r-devel-windows-ix86+x86_64, r-patched-linux-x86_64, r-patched-solaris-sparc, r-patched-solaris-x86, r-release-linux-x86_64, r-release-osx-x86_64-mavericks, r-release-windows-ix86+x86_64, r-oldrel-windows-ix86+x86_64

Version: 1.3-3
Flags: --no-stop-on-test-error
Check: package dependencies
Result: NOTE
    Package suggested but not available for checking: ‘Rdonlp2’
Flavors: r-devel-linux-x86_64-fedora-clang, r-devel-linux-x86_64-fedora-gcc, r-devel-macos-x86_64-clang