CRAN Package Check Results for Package depmixS4

Last updated on 2017-08-17 02:47:44.

Flavor Version Tinstall Tcheck Ttotal Status Flags
r-devel-linux-x86_64-debian-clang 1.3-3 2.19 56.94 59.13 NOTE
r-devel-linux-x86_64-debian-gcc 1.3-3 2.17 55.18 57.35 NOTE
r-devel-linux-x86_64-fedora-clang 1.3-3 114.80 NOTE
r-devel-linux-x86_64-fedora-gcc 1.3-3 110.45 NOTE
r-devel-windows-ix86+x86_64 1.3-3 12.00 131.00 143.00 NOTE
r-patched-linux-x86_64 1.3-3 2.19 55.54 57.73 NOTE
r-patched-solaris-x86 1.3-3 130.00 NOTE
r-release-linux-x86_64 1.3-3 2.10 55.94 58.04 NOTE
r-release-windows-ix86+x86_64 1.3-3 8.00 129.00 137.00 NOTE
r-release-osx-x86_64 1.3-3 NOTE
r-oldrel-windows-ix86+x86_64 1.3-3 12.00 114.00 126.00 NOTE
r-oldrel-osx-x86_64 1.3-3 NOTE

Check Details

Version: 1.3-3
Check: package dependencies
Result: NOTE
    Package suggested but not available for checking: ‘Rdonlp2’
Flavors: r-devel-linux-x86_64-debian-clang, r-devel-linux-x86_64-debian-gcc, r-devel-linux-x86_64-fedora-clang, r-devel-linux-x86_64-fedora-gcc, r-devel-windows-ix86+x86_64, r-patched-linux-x86_64, r-patched-solaris-x86, r-release-linux-x86_64, r-release-windows-ix86+x86_64, r-release-osx-x86_64, r-oldrel-windows-ix86+x86_64, r-oldrel-osx-x86_64

Version: 1.3-3
Check: compiled code
Result: NOTE
    File ‘depmixS4/libs/depmixS4.so’:
     Found no calls to: ‘R_registerRoutines’, ‘R_useDynamicSymbols’
    
    It is good practice to register native routines and to disable symbol
    search.
    
    See ‘Writing portable packages’ in the ‘Writing R Extensions’ manual.
Flavors: r-devel-linux-x86_64-debian-clang, r-devel-linux-x86_64-debian-gcc, r-devel-linux-x86_64-fedora-clang, r-devel-linux-x86_64-fedora-gcc, r-patched-linux-x86_64, r-release-linux-x86_64