CRAN Package Check Results for Package depmixS4

Last updated on 2016-06-28 14:48:20.

Flavor Version Tinstall Tcheck Ttotal Status Flags
r-devel-linux-x86_64-debian-gcc 1.3-3 1.90 49.34 51.24 NOTE
r-devel-linux-x86_64-fedora-clang 1.3-3 100.09 NOTE
r-devel-linux-x86_64-fedora-gcc 1.3-3 95.69 NOTE
r-devel-osx-x86_64-clang 1.3-3 78.51 NOTE
r-devel-windows-ix86+x86_64 1.3-3 13.00 106.00 119.00 NOTE
r-patched-linux-x86_64 1.3-3 2.06 50.45 52.51 NOTE
r-patched-solaris-sparc 1.3-3 646.20 NOTE
r-patched-solaris-x86 1.3-3 121.40 NOTE
r-release-linux-x86_64 1.3-3 2.00 49.68 51.68 NOTE
r-release-osx-x86_64-mavericks 1.3-3 NOTE
r-release-windows-ix86+x86_64 1.3-3 11.00 151.00 162.00 NOTE
r-oldrel-windows-ix86+x86_64 1.3-3 10.00 133.00 143.00 NOTE

Check Details

Version: 1.3-3
Check: package dependencies
Result: NOTE
    Package suggested but not available for checking: ‘Rdonlp2’
Flavors: r-devel-linux-x86_64-debian-gcc, r-devel-linux-x86_64-fedora-clang, r-devel-linux-x86_64-fedora-gcc, r-devel-osx-x86_64-clang, r-devel-windows-ix86+x86_64, r-patched-linux-x86_64, r-patched-solaris-sparc, r-patched-solaris-x86, r-release-linux-x86_64, r-release-osx-x86_64-mavericks, r-release-windows-ix86+x86_64, r-oldrel-windows-ix86+x86_64