CRAN Package Check Results for Package depmixS4

Last updated on 2016-12-09 13:46:51.

Flavor Version Tinstall Tcheck Ttotal Status Flags
r-devel-linux-x86_64-debian-clang 1.3-3 2.08 60.52 62.60 NOTE
r-devel-linux-x86_64-debian-gcc 1.3-3 2.20 57.91 60.11 NOTE
r-devel-linux-x86_64-fedora-clang 1.3-3 121.45 NOTE --no-stop-on-test-error
r-devel-linux-x86_64-fedora-gcc 1.3-3 114.47 NOTE --no-stop-on-test-error
r-devel-macos-x86_64-clang 1.3-3 86.22 NOTE --no-stop-on-test-error
r-devel-windows-ix86+x86_64 1.3-3 8.00 162.00 170.00 NOTE
r-patched-linux-x86_64 1.3-3 1.91 53.38 55.29 NOTE
r-patched-solaris-sparc 1.3-3 646.20 NOTE
r-patched-solaris-x86 1.3-3 117.20 NOTE
r-release-linux-x86_64 1.3-3 1.84 53.94 55.78 NOTE
r-release-osx-x86_64-mavericks 1.3-3 NOTE
r-release-windows-ix86+x86_64 1.3-3 8.00 127.00 135.00 NOTE
r-oldrel-windows-ix86+x86_64 1.3-3 10.00 146.00 156.00 NOTE

Check Details

Version: 1.3-3
Check: package dependencies
Result: NOTE
    Package suggested but not available for checking: ‘Rdonlp2’
Flavors: r-devel-linux-x86_64-debian-clang, r-devel-linux-x86_64-debian-gcc, r-devel-windows-ix86+x86_64, r-patched-linux-x86_64, r-patched-solaris-sparc, r-patched-solaris-x86, r-release-linux-x86_64, r-release-osx-x86_64-mavericks, r-release-windows-ix86+x86_64, r-oldrel-windows-ix86+x86_64

Version: 1.3-3
Flags: --no-stop-on-test-error
Check: package dependencies
Result: NOTE
    Package suggested but not available for checking: ‘Rdonlp2’
Flavors: r-devel-linux-x86_64-fedora-clang, r-devel-linux-x86_64-fedora-gcc, r-devel-macos-x86_64-clang