CRAN Package Check Results for Package depmixS4

Last updated on 2016-08-29 21:49:02.

Flavor Version Tinstall Tcheck Ttotal Status Flags
r-devel-linux-x86_64-debian-clang 1.3-3 2.04 54.94 56.99 NOTE
r-devel-linux-x86_64-debian-gcc 1.3-3 1.98 52.05 54.03 NOTE
r-devel-linux-x86_64-fedora-clang 1.3-3 106.65 NOTE
r-devel-linux-x86_64-fedora-gcc 1.3-3 100.75 NOTE
r-devel-osx-x86_64-clang 1.3-3 78.59 NOTE
r-devel-windows-ix86+x86_64 1.3-3 22.00 117.00 139.00 NOTE
r-patched-linux-x86_64 1.3-3 1.70 52.68 54.37 NOTE
r-patched-solaris-sparc 1.3-3 646.20 NOTE
r-patched-solaris-x86 1.3-3 120.60 NOTE
r-release-linux-x86_64 1.3-3 1.77 52.71 54.48 NOTE
r-release-osx-x86_64-mavericks 1.3-3 NOTE
r-release-windows-ix86+x86_64 1.3-3 7.00 115.00 122.00 NOTE
r-oldrel-windows-ix86+x86_64 1.3-3 12.00 194.00 206.00 NOTE

Check Details

Version: 1.3-3
Check: package dependencies
Result: NOTE
    Package suggested but not available for checking: ‘Rdonlp2’
Flavors: r-devel-linux-x86_64-debian-clang, r-devel-linux-x86_64-debian-gcc, r-devel-linux-x86_64-fedora-clang, r-devel-linux-x86_64-fedora-gcc, r-devel-osx-x86_64-clang, r-devel-windows-ix86+x86_64, r-patched-linux-x86_64, r-patched-solaris-sparc, r-patched-solaris-x86, r-release-linux-x86_64, r-release-osx-x86_64-mavericks, r-release-windows-ix86+x86_64, r-oldrel-windows-ix86+x86_64