CRAN Package Check Results for Package depmixS4

Last updated on 2016-04-29 19:49:43.

Flavor Version Tinstall Tcheck Ttotal Status Flags
r-devel-linux-x86_64-debian-gcc 1.3-3 1.90 50.32 52.22 NOTE
r-devel-linux-x86_64-fedora-clang 1.3-3 98.61 NOTE
r-devel-linux-x86_64-fedora-gcc 1.3-3 93.91 NOTE
r-devel-osx-x86_64-clang 1.3-3 106.96 NOTE
r-devel-windows-ix86+x86_64 1.3-3 8.00 129.00 137.00 NOTE
r-patched-linux-x86_64 1.3-3 1.76 51.32 53.08 NOTE
r-patched-solaris-sparc 1.3-3 636.20 NOTE
r-patched-solaris-x86 1.3-3 123.40 NOTE
r-release-linux-x86_64 1.3-3 1.97 71.64 73.61 NOTE
r-release-osx-x86_64-mavericks 1.3-3 NOTE
r-release-windows-ix86+x86_64 1.3-3 9.00 153.00 162.00 NOTE
r-oldrel-windows-ix86+x86_64 1.3-3 16.00 150.00 166.00 NOTE

Check Details

Version: 1.3-3
Check: package dependencies
Result: NOTE
    Package suggested but not available for checking: ‘Rdonlp2’
Flavors: r-devel-linux-x86_64-debian-gcc, r-devel-linux-x86_64-fedora-clang, r-devel-linux-x86_64-fedora-gcc, r-devel-osx-x86_64-clang, r-devel-windows-ix86+x86_64, r-patched-linux-x86_64, r-patched-solaris-sparc, r-patched-solaris-x86, r-release-linux-x86_64, r-release-osx-x86_64-mavericks, r-release-windows-ix86+x86_64, r-oldrel-windows-ix86+x86_64