CRAN Package Check Results for Package depmixS4

Last updated on 2015-04-18 19:51:18.

Flavor Version Tinstall Tcheck Ttotal Status Flags
r-devel-linux-x86_64-debian-clang 1.3-2 1.88 75.40 77.28 NOTE
r-devel-linux-x86_64-debian-gcc 1.3-2 1.84 65.44 67.28 NOTE
r-devel-linux-x86_64-fedora-clang 1.3-2 141.99 NOTE
r-devel-linux-x86_64-fedora-gcc 1.3-2 135.39 NOTE
r-devel-osx-x86_64-clang 1.3-2 118.57 NOTE
r-patched-linux-x86_64 1.3-2 1.89 64.82 66.70 NOTE
r-patched-solaris-sparc 1.3-2 871.70 NOTE
r-patched-solaris-x86 1.3-2 170.50 NOTE
r-release-linux-x86_64 1.3-2 1.82 65.00 66.83 NOTE
r-release-osx-x86_64-mavericks 1.3-2 NOTE
r-release-osx-x86_64-snowleopard 1.3-2 NOTE
r-release-windows-ix86+x86_64 1.3-2 7.00 155.00 162.00 NOTE
r-oldrel-windows-ix86+x86_64 1.3-2 8.00 196.00 204.00 OK

Check Details

Version: 1.3-2
Check: DESCRIPTION meta-information
Result: NOTE
    Malformed Description field: should contain one or more complete sentences.
Flavors: r-devel-linux-x86_64-debian-clang, r-devel-linux-x86_64-debian-gcc, r-devel-linux-x86_64-fedora-clang, r-devel-linux-x86_64-fedora-gcc, r-devel-osx-x86_64-clang, r-patched-linux-x86_64, r-patched-solaris-sparc, r-patched-solaris-x86, r-release-linux-x86_64, r-release-osx-x86_64-mavericks, r-release-osx-x86_64-snowleopard, r-release-windows-ix86+x86_64