CRAN Package Check Results for Package depmixS4

Last updated on 2016-07-24 22:46:49.

Flavor Version Tinstall Tcheck Ttotal Status Flags
r-devel-linux-x86_64-debian-clang 1.3-3 2.27 63.49 65.75 NOTE
r-devel-linux-x86_64-debian-gcc 1.3-3 2.66 58.64 61.31 NOTE
r-devel-linux-x86_64-fedora-clang 1.3-3 100.59 NOTE
r-devel-linux-x86_64-fedora-gcc 1.3-3 95.45 NOTE
r-devel-osx-x86_64-clang 1.3-3 78.84 NOTE
r-devel-windows-ix86+x86_64 1.3-3 8.00 118.00 126.00 NOTE
r-patched-linux-x86_64 1.3-3 2.36 57.46 59.82 NOTE
r-patched-solaris-sparc 1.3-3 646.20 NOTE
r-patched-solaris-x86 1.3-3 117.30 NOTE
r-release-linux-x86_64 1.3-3 2.24 59.86 62.10 NOTE
r-release-osx-x86_64-mavericks 1.3-3 NOTE
r-release-windows-ix86+x86_64 1.3-3 8.00 160.00 168.00 NOTE
r-oldrel-windows-ix86+x86_64 1.3-3 14.00 151.00 165.00 NOTE

Check Details

Version: 1.3-3
Check: package dependencies
Result: NOTE
    Package suggested but not available for checking: ‘Rdonlp2’
Flavors: r-devel-linux-x86_64-debian-clang, r-devel-linux-x86_64-debian-gcc, r-devel-linux-x86_64-fedora-clang, r-devel-linux-x86_64-fedora-gcc, r-devel-osx-x86_64-clang, r-devel-windows-ix86+x86_64, r-patched-linux-x86_64, r-patched-solaris-sparc, r-patched-solaris-x86, r-release-linux-x86_64, r-release-osx-x86_64-mavericks, r-release-windows-ix86+x86_64, r-oldrel-windows-ix86+x86_64