CRAN Package Check Results for Package depmixS4

Last updated on 2017-05-22 18:51:37.

Flavor Version Tinstall Tcheck Ttotal Status Flags
r-devel-linux-x86_64-debian-clang 1.3-3 2.36 56.44 58.80 NOTE
r-devel-linux-x86_64-debian-gcc 1.3-3 2.11 56.88 58.99 NOTE
r-devel-linux-x86_64-fedora-clang 1.3-3 112.95 NOTE --no-stop-on-test-error
r-devel-linux-x86_64-fedora-gcc 1.3-3 109.85 NOTE --no-stop-on-test-error
r-devel-windows-ix86+x86_64 1.3-3 13.00 165.00 178.00 NOTE
r-patched-linux-x86_64 1.3-3 1.98 54.58 56.56 NOTE
r-patched-solaris-sparc 1.3-3 687.40 NOTE
r-patched-solaris-x86 1.3-3 129.70 NOTE
r-release-linux-x86_64 1.3-3 2.24 54.65 56.89 NOTE
r-release-windows-ix86+x86_64 1.3-3 9.00 173.00 182.00 NOTE
r-release-osx-x86_64 1.3-3 NOTE
r-oldrel-windows-ix86+x86_64 1.3-3 10.00 153.00 163.00 NOTE
r-oldrel-osx-x86_64 1.3-3 NOTE

Check Details

Version: 1.3-3
Check: package dependencies
Result: NOTE
    Package suggested but not available for checking: ‘Rdonlp2’
Flavors: r-devel-linux-x86_64-debian-clang, r-devel-linux-x86_64-debian-gcc, r-devel-windows-ix86+x86_64, r-patched-linux-x86_64, r-patched-solaris-sparc, r-patched-solaris-x86, r-release-linux-x86_64, r-release-windows-ix86+x86_64, r-release-osx-x86_64, r-oldrel-windows-ix86+x86_64, r-oldrel-osx-x86_64

Version: 1.3-3
Check: compiled code
Result: NOTE
    File ‘depmixS4/libs/depmixS4.so’:
     Found no calls to: ‘R_registerRoutines’, ‘R_useDynamicSymbols’
    
    It is good practice to register native routines and to disable symbol
    search.
    
    See ‘Writing portable packages’ in the ‘Writing R Extensions’ manual.
Flavors: r-devel-linux-x86_64-debian-clang, r-devel-linux-x86_64-debian-gcc, r-patched-linux-x86_64, r-release-linux-x86_64

Version: 1.3-3
Flags: --no-stop-on-test-error
Check: package dependencies
Result: NOTE
    Package suggested but not available for checking: ‘Rdonlp2’
Flavors: r-devel-linux-x86_64-fedora-clang, r-devel-linux-x86_64-fedora-gcc

Version: 1.3-3
Flags: --no-stop-on-test-error
Check: compiled code
Result: NOTE
    File ‘depmixS4/libs/depmixS4.so’:
     Found no calls to: ‘R_registerRoutines’, ‘R_useDynamicSymbols’
    
    It is good practice to register native routines and to disable symbol
    search.
    
    See ‘Writing portable packages’ in the ‘Writing R Extensions’ manual.
Flavors: r-devel-linux-x86_64-fedora-clang, r-devel-linux-x86_64-fedora-gcc