CRAN Package Check Results for Package depmixS4

Last updated on 2015-03-29 17:51:31.

Flavor Version Tinstall Tcheck Ttotal Status Flags
r-devel-linux-x86_64-debian-clang 1.3-2 1.84 65.65 67.50 NOTE
r-devel-linux-x86_64-debian-gcc 1.3-2 1.90 64.04 65.95 NOTE
r-devel-linux-x86_64-fedora-clang 1.3-2 146.67 NOTE
r-devel-linux-x86_64-fedora-gcc 1.3-2 136.47 NOTE
r-devel-osx-x86_64-clang 1.3-2 131.48 NOTE
r-prerel-windows-ix86+x86_64 1.3-2 9.00 113.00 122.00 NOTE
r-prerel-linux-x86_64 1.3-2 1.82 66.22 68.03 NOTE
r-prerel-solaris-sparc 1.3-2 871.70 NOTE
r-prerel-solaris-x86 1.3-2 167.90 NOTE
r-release-linux-x86_64 1.3-2 2.30 73.00 75.30 OK
r-release-osx-x86_64-mavericks 1.3-2 OK
r-release-osx-x86_64-snowleopard 1.3-2 OK
r-release-windows-ix86+x86_64 1.3-2 10.00 133.00 143.00 OK
r-oldrel-windows-ix86+x86_64 1.3-2 11.00 217.00 228.00 OK

Check Details

Version: 1.3-2
Check: DESCRIPTION meta-information
Result: NOTE
    Malformed Description field: should contain one or more complete sentences.
Flavors: r-devel-linux-x86_64-debian-clang, r-devel-linux-x86_64-debian-gcc, r-devel-linux-x86_64-fedora-clang, r-devel-linux-x86_64-fedora-gcc, r-devel-osx-x86_64-clang, r-prerel-windows-ix86+x86_64, r-prerel-linux-x86_64, r-prerel-solaris-sparc, r-prerel-solaris-x86