CRAN Package Check Results for Package depmixS4

Last updated on 2015-02-27 13:47:00.

Flavor Version Tinstall Tcheck Ttotal Status Flags
r-devel-linux-x86_64-debian-clang 1.3-2 1.98 67.12 69.11 NOTE
r-devel-linux-x86_64-debian-gcc 1.3-2 1.80 63.90 65.70 NOTE
r-devel-linux-x86_64-fedora-clang 1.3-2 140.29 NOTE
r-devel-linux-x86_64-fedora-gcc 1.3-2 133.43 NOTE
r-devel-osx-x86_64-clang 1.3-2 117.65 NOTE
r-devel-windows-ix86+x86_64 1.3-2 12.00 129.00 141.00 NOTE
r-patched-linux-x86_64 1.3-2 2.34 73.37 75.71 OK
r-patched-solaris-sparc 1.3-2 954.00 OK
r-patched-solaris-x86 1.3-2 181.00 OK
r-release-linux-ix86 1.3-2 2.76 92.08 94.84 OK
r-release-linux-x86_64 1.3-2 2.24 75.79 78.03 OK
r-release-osx-x86_64-mavericks 1.3-2 OK
r-release-osx-x86_64-snowleopard 1.3-2 OK
r-release-windows-ix86+x86_64 1.3-2 10.00 132.00 142.00 OK
r-oldrel-windows-ix86+x86_64 1.3-2 10.00 149.00 159.00 OK

Check Details

Version: 1.3-2
Check: DESCRIPTION meta-information
Result: NOTE
    Malformed Description field: should contain one or more complete sentences.
Flavors: r-devel-linux-x86_64-debian-clang, r-devel-linux-x86_64-debian-gcc, r-devel-linux-x86_64-fedora-clang, r-devel-linux-x86_64-fedora-gcc, r-devel-osx-x86_64-clang, r-devel-windows-ix86+x86_64