CRAN Package Check Results for Package depmixS4

Last updated on 2017-10-17 19:47:49.

Flavor Version Tinstall Tcheck Ttotal Status Flags
r-devel-linux-x86_64-debian-clang 1.3-3 2.16 58.87 61.03 NOTE
r-devel-linux-x86_64-debian-gcc 1.3-3 2.31 58.02 60.33 NOTE
r-devel-linux-x86_64-fedora-clang 1.3-3 115.52 NOTE
r-devel-linux-x86_64-fedora-gcc 1.3-3 115.97 NOTE
r-devel-windows-ix86+x86_64 1.3-3 11.00 128.00 139.00 NOTE
r-patched-linux-x86_64 1.3-3 2.12 57.04 59.16 NOTE
r-patched-solaris-x86 1.3-3 130.50 NOTE
r-release-linux-x86_64 1.3-3 2.15 54.41 56.56 NOTE
r-release-windows-ix86+x86_64 1.3-3 11.00 134.00 145.00 NOTE
r-release-osx-x86_64 1.3-3 NOTE
r-oldrel-windows-ix86+x86_64 1.3-3 13.00 154.00 167.00 NOTE
r-oldrel-osx-x86_64 1.3-3 NOTE

Check Details

Version: 1.3-3
Check: package dependencies
Result: NOTE
    Package suggested but not available for checking: ‘Rdonlp2’
Flavors: r-devel-linux-x86_64-debian-clang, r-devel-linux-x86_64-debian-gcc, r-devel-linux-x86_64-fedora-clang, r-devel-linux-x86_64-fedora-gcc, r-devel-windows-ix86+x86_64, r-patched-linux-x86_64, r-patched-solaris-x86, r-release-linux-x86_64, r-release-windows-ix86+x86_64, r-release-osx-x86_64, r-oldrel-windows-ix86+x86_64, r-oldrel-osx-x86_64

Version: 1.3-3
Check: compiled code
Result: NOTE
    File ‘depmixS4/libs/depmixS4.so’:
     Found no calls to: ‘R_registerRoutines’, ‘R_useDynamicSymbols’
    
    It is good practice to register native routines and to disable symbol
    search.
    
    See ‘Writing portable packages’ in the ‘Writing R Extensions’ manual.
Flavors: r-devel-linux-x86_64-debian-clang, r-devel-linux-x86_64-debian-gcc, r-devel-linux-x86_64-fedora-clang, r-devel-linux-x86_64-fedora-gcc, r-patched-linux-x86_64, r-release-linux-x86_64