CRAN Package Check Results for Package depmixS4

Last updated on 2015-05-26 11:48:27.

Flavor Version Tinstall Tcheck Ttotal Status Flags
r-devel-linux-x86_64-debian-clang 1.3-2 1.85 65.92 67.77 NOTE
r-devel-linux-x86_64-debian-gcc 1.3-2 1.92 65.15 67.07 NOTE
r-devel-linux-x86_64-fedora-clang 1.3-2 140.59 NOTE
r-devel-linux-x86_64-fedora-gcc 1.3-2 134.28 NOTE
r-devel-osx-x86_64-clang 1.3-2 117.27 NOTE
r-devel-windows-ix86+x86_64 1.3-2 12.00 130.00 142.00 NOTE
r-patched-linux-x86_64 1.3-2 2.12 65.48 67.60 NOTE
r-patched-solaris-sparc 1.3-2 877.10 NOTE
r-patched-solaris-x86 1.3-2 170.50 NOTE
r-release-linux-x86_64 1.3-2 1.85 66.97 68.82 NOTE
r-release-osx-x86_64-mavericks 1.3-2 NOTE
r-release-osx-x86_64-snowleopard 1.3-2 NOTE
r-release-windows-ix86+x86_64 1.3-2 9.00 127.00 136.00 NOTE
r-oldrel-windows-ix86+x86_64 1.3-2 9.00 126.00 135.00 OK

Check Details

Version: 1.3-2
Check: DESCRIPTION meta-information
Result: NOTE
    Malformed Description field: should contain one or more complete sentences.
Flavors: r-devel-linux-x86_64-debian-clang, r-devel-linux-x86_64-debian-gcc, r-devel-linux-x86_64-fedora-clang, r-devel-linux-x86_64-fedora-gcc, r-devel-osx-x86_64-clang, r-devel-windows-ix86+x86_64, r-patched-linux-x86_64, r-patched-solaris-sparc, r-patched-solaris-x86, r-release-linux-x86_64, r-release-osx-x86_64-mavericks, r-release-osx-x86_64-snowleopard, r-release-windows-ix86+x86_64