CRAN Package Check Results for Package depmixS4

Last updated on 2016-02-07 10:47:44.

Flavor Version Tinstall Tcheck Ttotal Status Flags
r-devel-linux-x86_64-debian-gcc 1.3-2 0.49 1.44 1.92 ERROR
r-devel-linux-x86_64-fedora-clang 1.3-2 2.41 ERROR
r-devel-linux-x86_64-fedora-gcc 1.3-2 2.40 ERROR
r-devel-osx-x86_64-clang 1.3-2 3.34 ERROR
r-devel-windows-ix86+x86_64 1.3-2 1.00 5.00 6.00 ERROR
r-patched-linux-x86_64 1.3-2 2.12 66.45 68.57 NOTE
r-patched-solaris-sparc 1.3-2 870.10 NOTE
r-patched-solaris-x86 1.3-2 163.00 NOTE
r-release-linux-x86_64 1.3-2 2.10 66.97 69.07 NOTE
r-release-osx-x86_64-mavericks 1.3-2 NOTE
r-release-windows-ix86+x86_64 1.3-2 10.00 193.00 203.00 NOTE
r-oldrel-windows-ix86+x86_64 1.3-2 17.00 167.00 184.00 NOTE

Check Details

Version: 1.3-2
Check: whether package can be installed
Result: ERROR
    Installation failed.
Flavors: r-devel-linux-x86_64-debian-gcc, r-devel-linux-x86_64-fedora-clang, r-devel-linux-x86_64-fedora-gcc, r-devel-osx-x86_64-clang, r-devel-windows-ix86+x86_64

Version: 1.3-2
Check: DESCRIPTION meta-information
Result: NOTE
    Malformed Description field: should contain one or more complete sentences.
Flavors: r-patched-linux-x86_64, r-patched-solaris-sparc, r-patched-solaris-x86, r-release-linux-x86_64, r-release-osx-x86_64-mavericks, r-release-windows-ix86+x86_64

Version: 1.3-2
Check: R code for possible problems
Result: NOTE
    GLMresponse,formula : .local: warning in matrix(1, nr = 1, nc =
     ncol(y)): partial argument match of ‘nr’ to ‘nrow’
    GLMresponse,formula : .local: warning in matrix(1, nr = 1, nc =
     ncol(y)): partial argument match of ‘nc’ to ‘ncol’
    dens,MULTINOMresponse : .local: warning in matrix(nr = nr): partial
     argument match of ‘nr’ to ‘nrow’
    dens,MULTINOMresponse : .local: warning in dmultinom(object@y[i, ], pr
     = pr[i, ]): partial argument match of ‘pr’ to ‘prob’
    getConstraints,mix : .local: warning in matrix(0, nr = 0, nc =
     npar(object)): partial argument match of ‘nr’ to ‘nrow’
    getConstraints,mix : .local: warning in matrix(0, nr = 0, nc =
     npar(object)): partial argument match of ‘nc’ to ‘ncol’
    logDens,MULTINOMresponse : .local: warning in matrix(nr = nr): partial
     argument match of ‘nr’ to ‘nrow’
    logDens,MULTINOMresponse : .local: warning in dmultinom(object@y[i, ],
     pr = pr[i, ]): partial argument match of ‘pr’ to ‘prob’
    summary,depmix : .local: warning in matrix(pars[(ns + 1):(ns^2 + ns)],
     ns, ns, byr = T): partial argument match of ‘byr’ to ‘byrow’
    summary,depmix : .local: warning in matrix(, nr = ns, nc = np[j]):
     partial argument match of ‘nr’ to ‘nrow’
    summary,depmix : .local: warning in matrix(, nr = ns, nc = np[j]):
     partial argument match of ‘nc’ to ‘ncol’
    summary,depmix : .local: warning in matrix(, nr = ns, nc = 0): partial
     argument match of ‘nr’ to ‘nrow’
    summary,depmix : .local: warning in matrix(, nr = ns, nc = 0): partial
     argument match of ‘nc’ to ‘ncol’
    summary,mix : .local: warning in matrix(, nr = ns, nc = np[j]): partial
     argument match of ‘nr’ to ‘nrow’
    summary,mix : .local: warning in matrix(, nr = ns, nc = np[j]): partial
     argument match of ‘nc’ to ‘ncol’
    summary,mix : .local: warning in matrix(, nr = ns, nc = 0): partial
     argument match of ‘nr’ to ‘nrow’
    summary,mix : .local: warning in matrix(, nr = ns, nc = 0): partial
     argument match of ‘nc’ to ‘ncol’
    fit,mix : .local: no visible global function definition for
     ‘donlp2Control’
    fit,mix : .local: no visible global function definition for ‘donlp2’
Flavors: r-patched-linux-x86_64, r-patched-solaris-sparc, r-patched-solaris-x86, r-release-linux-x86_64, r-release-windows-ix86+x86_64, r-oldrel-windows-ix86+x86_64