CRAN Package Check Results for Package depth

Last updated on 2014-09-01 11:48:52.

Flavor Version Tinstall Tcheck Ttotal Status Flags
r-devel-linux-x86_64-debian-clang 2.0-0 4.55 33.69 38.24 NOTE
r-devel-linux-x86_64-debian-gcc 2.0-0 4.61 32.83 37.44 NOTE
r-devel-linux-x86_64-fedora-clang 2.0-0 71.71 NOTE
r-devel-linux-x86_64-fedora-gcc 2.0-0 68.60 NOTE
r-devel-osx-x86_64-clang 2.0-0 60.36 NOTE
r-devel-windows-ix86+x86_64 2.0-0 12.00 73.00 85.00 NOTE
r-patched-linux-x86_64 2.0-0 4.66 33.57 38.23 NOTE
r-patched-solaris-sparc 2.0-0 477.00 NOTE
r-patched-solaris-x86 2.0-0 96.90 NOTE
r-release-linux-ix86 2.0-0 6.74 48.00 54.74 NOTE
r-release-linux-x86_64 2.0-0 4.61 34.43 39.04 NOTE
r-release-osx-x86_64-mavericks 2.0-0 NOTE
r-release-windows-ix86+x86_64 2.0-0 10.00 79.00 89.00 NOTE
r-oldrel-windows-ix86+x86_64 2.0-0 16.00 84.00 100.00 NOTE

Memtest notes: valgrind

Check Details

Version: 2.0-0
Check: dependencies in R code
Result: NOTE
    'library' or 'require' call to ‘rgl’ which was already attached by Depends.
     Please remove these calls from your code.
    Package in Depends field not imported from: ‘abind’
     These packages need to be imported from (in the NAMESPACE file)
     for when this namespace is loaded but not attached.
    See the information on DESCRIPTION files in the chapter ‘Creating R
    packages’ of the ‘Writing R Extensions’ manual.
Flavors: r-devel-linux-x86_64-debian-clang, r-devel-linux-x86_64-debian-gcc, r-devel-linux-x86_64-fedora-clang, r-devel-linux-x86_64-fedora-gcc, r-devel-osx-x86_64-clang, r-devel-windows-ix86+x86_64, r-patched-linux-x86_64, r-patched-solaris-sparc, r-patched-solaris-x86, r-release-linux-ix86, r-release-linux-x86_64, r-release-osx-x86_64-mavericks, r-release-windows-ix86+x86_64, r-oldrel-windows-ix86+x86_64

Version: 2.0-0
Check: R code for possible problems
Result: NOTE
    sphericaldevide: no visible global function definition for ‘abind’
Flavors: r-devel-linux-x86_64-debian-clang, r-devel-linux-x86_64-debian-gcc, r-devel-linux-x86_64-fedora-clang, r-devel-linux-x86_64-fedora-gcc, r-devel-osx-x86_64-clang, r-devel-windows-ix86+x86_64