CRAN Package Check Results for Package depth

Last updated on 2015-08-29 13:48:05.

Flavor Version Tinstall Tcheck Ttotal Status Flags
r-devel-linux-x86_64-debian-clang 2.0-0 4.62 31.50 36.11 NOTE
r-devel-linux-x86_64-debian-gcc 2.0-0 4.64 30.76 35.40 NOTE
r-devel-linux-x86_64-fedora-clang 2.0-0 64.71 NOTE
r-devel-linux-x86_64-fedora-gcc 2.0-0 63.07 NOTE
r-devel-osx-x86_64-clang 2.0-0 53.00 NOTE
r-devel-windows-ix86+x86_64 2.0-0 16.00 79.00 95.00 NOTE
r-patched-linux-x86_64 2.0-0 4.66 32.94 37.60 NOTE
r-patched-solaris-sparc 2.0-0 450.30 NOTE
r-patched-solaris-x86 2.0-0 91.50 NOTE
r-release-linux-x86_64 2.0-0 4.65 32.39 37.04 NOTE
r-release-osx-x86_64-mavericks 2.0-0 NOTE
r-release-windows-ix86+x86_64 2.0-0 16.00 80.00 96.00 NOTE
r-oldrel-windows-ix86+x86_64 2.0-0 17.00 91.00 108.00 NOTE

Memtest notes: valgrind

Check Details

Version: 2.0-0
Check: dependencies in R code
Result: NOTE
    'library' or 'require' call to ‘rgl’ which was already attached by Depends.
     Please remove these calls from your code.
    Package in Depends field not imported from: ‘abind’
     These packages need to be imported from (in the NAMESPACE file)
     for when this namespace is loaded but not attached.
Flavors: r-devel-linux-x86_64-debian-clang, r-devel-linux-x86_64-debian-gcc, r-devel-linux-x86_64-fedora-clang, r-devel-linux-x86_64-fedora-gcc, r-devel-osx-x86_64-clang, r-devel-windows-ix86+x86_64, r-patched-linux-x86_64, r-patched-solaris-sparc, r-patched-solaris-x86, r-release-linux-x86_64, r-release-osx-x86_64-mavericks, r-release-windows-ix86+x86_64, r-oldrel-windows-ix86+x86_64

Version: 2.0-0
Check: R code for possible problems
Result: NOTE
    STD: no visible global function definition for ‘is’
    contourc: no visible global function definition for ‘plot’
    contourc: no visible global function definition for ‘lines’
    contourc: no visible global function definition for ‘text’
    isodepth: no visible global function definition for ‘plot’
    isodepth: no visible global function definition for ‘lines’
    isodepth: no visible global function definition for ‘points’
    med: no visible global function definition for ‘median’
    med: no visible binding for global variable ‘median’
    medianecirc: no visible global function definition for ‘plot.new’
    medianecirc: no visible global function definition for ‘plot’
    pointshemi: no visible global function definition for ‘combn’
    schema.polyspher: no visible global function definition for ‘combn’
    sphericaldevide: no visible global function definition for ‘abind’
    traceregion: no visible global function definition for ‘is’
    tukdepths2: no visible global function definition for ‘combn’
    Undefined global functions or variables:
     abind combn is lines median plot plot.new points text
    Consider adding
     importFrom("graphics", "lines", "plot", "plot.new", "points", "text")
     importFrom("methods", "is")
     importFrom("stats", "median")
     importFrom("utils", "combn")
    to your NAMESPACE (and ensure that your DESCRIPTION Imports field
    contains 'methods').
Flavors: r-devel-linux-x86_64-debian-clang, r-devel-linux-x86_64-debian-gcc, r-devel-linux-x86_64-fedora-clang, r-devel-linux-x86_64-fedora-gcc, r-devel-windows-ix86+x86_64

Version: 2.0-0
Check: R code for possible problems
Result: NOTE
    sphericaldevide: no visible global function definition for ‘abind’
    Undefined global functions or variables:
     abind
Flavor: r-devel-osx-x86_64-clang

Version: 2.0-0
Check: R code for possible problems
Result: NOTE
    sphericaldevide: no visible global function definition for ‘abind’
Flavors: r-patched-linux-x86_64, r-patched-solaris-sparc, r-patched-solaris-x86, r-release-linux-x86_64, r-release-osx-x86_64-mavericks, r-release-windows-ix86+x86_64, r-oldrel-windows-ix86+x86_64