CRAN Package Check Results for Package depth

Last updated on 2014-07-24 05:48:24.

Flavor Version Tinstall Tcheck Ttotal Status Flags
r-devel-linux-x86_64-debian-clang 2.0-0 4.96 34.44 39.40 NOTE
r-devel-linux-x86_64-debian-gcc 2.0-0 4.58 33.95 38.52 NOTE
r-devel-linux-x86_64-fedora-clang 2.0-0 73.54 NOTE
r-devel-linux-x86_64-fedora-gcc 2.0-0 71.56 NOTE
r-devel-osx-x86_64-clang 2.0-0 62.96 NOTE
r-devel-windows-ix86+x86_64 2.0-0 11.00 79.00 90.00 NOTE
r-patched-linux-x86_64 2.0-0 4.66 33.61 38.27 NOTE
r-patched-solaris-sparc 2.0-0 467.30 NOTE
r-patched-solaris-x86 2.0-0 99.90 NOTE
r-release-linux-ix86 2.0-0 6.72 48.47 55.19 NOTE
r-release-linux-x86_64 2.0-0 4.77 34.66 39.43 NOTE
r-release-osx-x86_64-mavericks 2.0-0 NOTE
r-release-windows-ix86+x86_64 2.0-0 13.00 80.00 93.00 NOTE
r-oldrel-windows-ix86+x86_64 2.0-0 14.00 83.00 97.00 NOTE

Check Details

Version: 2.0-0
Check: dependencies in R code
Result: NOTE
    'library' or 'require' call to ‘rgl’ which was already attached by Depends.
     Please remove these calls from your code.
    Package in Depends field not imported from: ‘abind’
     These packages need to be imported from (in the NAMESPACE file)
     for when this namespace is loaded but not attached.
    See the information on DESCRIPTION files in the chapter ‘Creating R
    packages’ of the ‘Writing R Extensions’ manual.
Flavors: r-devel-linux-x86_64-debian-clang, r-devel-linux-x86_64-debian-gcc, r-devel-linux-x86_64-fedora-clang, r-devel-linux-x86_64-fedora-gcc, r-devel-osx-x86_64-clang, r-devel-windows-ix86+x86_64, r-patched-linux-x86_64, r-patched-solaris-sparc, r-patched-solaris-x86, r-release-linux-ix86, r-release-linux-x86_64, r-release-osx-x86_64-mavericks, r-release-windows-ix86+x86_64, r-oldrel-windows-ix86+x86_64