CRAN Package Check Results for Package depth

Last updated on 2017-05-25 23:52:40.

Flavor Version Tinstall Tcheck Ttotal Status Flags
r-devel-linux-x86_64-debian-clang 2.1-1 5.35 33.60 38.95 NOTE
r-devel-linux-x86_64-debian-gcc 2.1-1 5.23 34.42 39.65 NOTE
r-devel-linux-x86_64-fedora-clang 2.1-1 67.00 NOTE --no-stop-on-test-error
r-devel-linux-x86_64-fedora-gcc 2.1-1 64.54 NOTE --no-stop-on-test-error
r-devel-windows-ix86+x86_64 2.1-1 20.00 91.00 111.00 OK
r-patched-linux-x86_64 2.1-1 5.09 32.82 37.91 NOTE
r-patched-solaris-sparc 2.1-1 407.70 OK
r-patched-solaris-x86 2.1-1 91.20 OK
r-release-linux-x86_64 2.1-1 5.06 33.74 38.79 NOTE
r-release-windows-ix86+x86_64 2.1-1 21.00 127.00 148.00 OK
r-release-osx-x86_64 2.1-1 OK
r-oldrel-windows-ix86+x86_64 2.1-1 21.00 75.00 96.00 OK
r-oldrel-osx-x86_64 2.1-1 OK

Check Details

Version: 2.1-1
Check: compiled code
Result: NOTE
    File ‘depth/libs/depth.so’:
     Found no calls to: ‘R_registerRoutines’, ‘R_useDynamicSymbols’
    
    It is good practice to register native routines and to disable symbol
    search.
    
    See ‘Writing portable packages’ in the ‘Writing R Extensions’ manual.
Flavors: r-devel-linux-x86_64-debian-clang, r-devel-linux-x86_64-debian-gcc, r-patched-linux-x86_64, r-release-linux-x86_64

Version: 2.1-1
Flags: --no-stop-on-test-error
Check: compiled code
Result: NOTE
    File ‘depth/libs/depth.so’:
     Found no calls to: ‘R_registerRoutines’, ‘R_useDynamicSymbols’
    
    It is good practice to register native routines and to disable symbol
    search.
    
    See ‘Writing portable packages’ in the ‘Writing R Extensions’ manual.
Flavors: r-devel-linux-x86_64-fedora-clang, r-devel-linux-x86_64-fedora-gcc