CRAN Package Check Results for Package depth

Last updated on 2017-01-17 08:47:49.

Flavor Version Tinstall Tcheck Ttotal Status Flags
r-devel-linux-x86_64-debian-clang 2.1-1 5.18 33.90 39.07 OK
r-devel-linux-x86_64-debian-gcc 2.1-1 5.26 33.42 38.67 OK
r-devel-linux-x86_64-fedora-clang 2.1-1 65.92 OK --no-stop-on-test-error
r-devel-linux-x86_64-fedora-gcc 2.1-1 64.29 OK --no-stop-on-test-error
r-devel-macos-x86_64-clang 2.1-1 52.27 OK --no-stop-on-test-error
r-devel-windows-ix86+x86_64 2.1-1 32.00 81.00 113.00 OK
r-patched-linux-x86_64 2.1-1 5.78 30.00 35.78 OK
r-patched-solaris-sparc 2.1-1 356.40 OK
r-patched-solaris-x86 2.1-1 74.10 OK
r-release-linux-x86_64 2.1-1 5.17 31.04 36.21 OK
r-release-osx-x86_64-mavericks 2.1-1 OK
r-release-windows-ix86+x86_64 2.1-1 20.00 96.00 116.00 OK
r-oldrel-windows-ix86+x86_64 2.1-1 15.00 114.00 129.00 ERROR

Check Details

Version: 2.1-1
Check: whether package can be installed
Result: ERROR
    Installation failed.
Flavor: r-oldrel-windows-ix86+x86_64