CRAN Package Check Results for Package depth

Last updated on 2015-03-31 23:49:29.

Flavor Version Tinstall Tcheck Ttotal Status Flags
r-devel-linux-x86_64-debian-clang 2.0-0 4.61 33.00 37.61 NOTE
r-devel-linux-x86_64-debian-gcc 2.0-0 4.58 32.67 37.25 NOTE
r-devel-linux-x86_64-fedora-clang 2.0-0 71.02 NOTE
r-devel-linux-x86_64-fedora-gcc 2.0-0 67.63 NOTE
r-devel-osx-x86_64-clang 2.0-0 64.36 NOTE
r-prerel-windows-ix86+x86_64 2.0-0 13.00 74.00 87.00 NOTE
r-prerel-linux-x86_64 2.0-0 4.73 31.78 36.51 NOTE
r-prerel-solaris-sparc 2.0-0 448.00 NOTE
r-prerel-solaris-x86 2.0-0 87.70 NOTE
r-release-linux-x86_64 2.0-0 4.60 35.29 39.90 NOTE
r-release-osx-x86_64-mavericks 2.0-0 NOTE
r-release-windows-ix86+x86_64 2.0-0 14.00 75.00 89.00 NOTE
r-oldrel-windows-ix86+x86_64 2.0-0 14.00 94.00 108.00 NOTE

Memtest notes: valgrind

Check Details

Version: 2.0-0
Check: dependencies in R code
Result: NOTE
    'library' or 'require' call to ‘rgl’ which was already attached by Depends.
     Please remove these calls from your code.
    Package in Depends field not imported from: ‘abind’
     These packages need to be imported from (in the NAMESPACE file)
     for when this namespace is loaded but not attached.
Flavors: r-devel-linux-x86_64-debian-clang, r-devel-linux-x86_64-debian-gcc, r-devel-linux-x86_64-fedora-clang, r-devel-linux-x86_64-fedora-gcc, r-devel-osx-x86_64-clang, r-prerel-windows-ix86+x86_64, r-prerel-linux-x86_64, r-prerel-solaris-sparc, r-prerel-solaris-x86, r-release-linux-x86_64, r-release-windows-ix86+x86_64

Version: 2.0-0
Check: R code for possible problems
Result: NOTE
    sphericaldevide: no visible global function definition for ‘abind’
Flavors: r-devel-linux-x86_64-debian-clang, r-devel-linux-x86_64-debian-gcc, r-devel-linux-x86_64-fedora-clang, r-devel-linux-x86_64-fedora-gcc, r-devel-osx-x86_64-clang, r-prerel-windows-ix86+x86_64, r-prerel-linux-x86_64, r-prerel-solaris-sparc, r-prerel-solaris-x86, r-release-linux-x86_64, r-release-osx-x86_64-mavericks, r-release-windows-ix86+x86_64

Version: 2.0-0
Check: dependencies in R code
Result: NOTE
    'library' or 'require' call to ‘rgl’ which was already attached by Depends.
     Please remove these calls from your code.
    Package in Depends field not imported from: ‘abind’
     These packages need to be imported from (in the NAMESPACE file)
     for when this namespace is loaded but not attached.
    See the information on DESCRIPTION files in the chapter ‘Creating R
    packages’ of the ‘Writing R Extensions’ manual.
Flavors: r-release-osx-x86_64-mavericks, r-oldrel-windows-ix86+x86_64