CRAN Package Check Results for Package depth

Last updated on 2015-05-30 06:46:39.

Flavor Version Tinstall Tcheck Ttotal Status Flags
r-devel-linux-x86_64-debian-clang 2.0-0 4.63 32.98 37.62 NOTE
r-devel-linux-x86_64-debian-gcc 2.0-0 4.60 32.13 36.74 NOTE
r-devel-linux-x86_64-fedora-clang 2.0-0 71.11 NOTE
r-devel-linux-x86_64-fedora-gcc 2.0-0 65.79 NOTE
r-devel-osx-x86_64-clang 2.0-0 60.12 NOTE
r-devel-windows-ix86+x86_64 2.0-0 15.00 70.00 85.00 NOTE
r-patched-linux-x86_64 2.0-0 4.57 33.32 37.89 NOTE
r-patched-solaris-sparc 2.0-0 464.70 NOTE
r-patched-solaris-x86 2.0-0 86.20 NOTE
r-release-linux-x86_64 2.0-0 4.61 33.60 38.21 NOTE
r-release-osx-x86_64-mavericks 2.0-0 NOTE
r-release-osx-x86_64-snowleopard 2.0-0 ERROR
r-release-windows-ix86+x86_64 2.0-0 12.00 73.00 85.00 NOTE
r-oldrel-windows-ix86+x86_64 2.0-0 13.00 76.00 89.00 NOTE

Memtest notes: valgrind

Check Details

Version: 2.0-0
Check: dependencies in R code
Result: NOTE
    'library' or 'require' call to ‘rgl’ which was already attached by Depends.
     Please remove these calls from your code.
    Package in Depends field not imported from: ‘abind’
     These packages need to be imported from (in the NAMESPACE file)
     for when this namespace is loaded but not attached.
Flavors: r-devel-linux-x86_64-debian-clang, r-devel-linux-x86_64-debian-gcc, r-devel-linux-x86_64-fedora-clang, r-devel-linux-x86_64-fedora-gcc, r-devel-osx-x86_64-clang, r-devel-windows-ix86+x86_64, r-patched-linux-x86_64, r-patched-solaris-sparc, r-patched-solaris-x86, r-release-linux-x86_64, r-release-osx-x86_64-mavericks, r-release-osx-x86_64-snowleopard, r-release-windows-ix86+x86_64, r-oldrel-windows-ix86+x86_64

Version: 2.0-0
Check: R code for possible problems
Result: NOTE
    sphericaldevide: no visible global function definition for ‘abind’
Flavors: r-devel-linux-x86_64-debian-clang, r-devel-linux-x86_64-debian-gcc, r-devel-linux-x86_64-fedora-clang, r-devel-linux-x86_64-fedora-gcc, r-devel-osx-x86_64-clang, r-devel-windows-ix86+x86_64, r-patched-linux-x86_64, r-patched-solaris-sparc, r-patched-solaris-x86, r-release-linux-x86_64, r-release-osx-x86_64-mavericks, r-release-osx-x86_64-snowleopard, r-release-windows-ix86+x86_64, r-oldrel-windows-ix86+x86_64

Version: 2.0-0
Check: examples
Result: ERROR
    Running examples in ‘depth-Ex.R’ failed
    The error most likely occurred in:
    
    > ### Name: depth-package
    > ### Title: Depth functions tools for multivariate analysis
    > ### Aliases: depth-package
    > ### Keywords: package multivariate nonparametric robust
    >
    > ### ** Examples
    >
    > set.seed(159); library(MASS)
    > mu1 <- c(0,0); mu2 <- c(6,0); sigma <- matrix(c(1,0,0,1), nc = 2)
    > mixbivnorm <- rbind(mvrnorm(80, mu1, sigma), mvrnorm(20, mu2, sigma))
    > depth(c(0,0),mixbivnorm)
    [1] 0.33
    > med(mixbivnorm)
    $median
    [1] 0.5136701 -0.1909707
    
    $depth
    [1] 0.42
    
    > trmean(mixbivnorm, 0.2)
    [1] 0.4555061 -0.2495018
    > library(rgl)
    > perspdepth(mixbivnorm, col = "magenta")
    Fri Mar 20 21:21:46 hagal.research.att.com R[88067] <Error>: unknown error code: invalid pixel format
    Fri Mar 20 21:21:46 hagal.research.att.com R[88067] <Error>: kCGErrorFailure: Set a breakpoint @ CGErrorBreakpoint() to catch errors as they are logged.
    X Error of failed request: GLXBadContext
     Major opcode of failed request: 0 ()
     Serial number of failed request: 27
     Current serial number in output stream: 27
Flavor: r-release-osx-x86_64-snowleopard