CRAN Package Check Results for Package depth

Last updated on 2018-04-24 03:48:09 CEST.

Flavor Version Tinstall Tcheck Ttotal Status Flags
r-devel-linux-x86_64-debian-clang 2.1-1 10.02 45.49 55.51 NOTE
r-devel-linux-x86_64-debian-gcc 2.1-1 7.32 37.49 44.81 NOTE
r-devel-linux-x86_64-fedora-clang 2.1-1 69.20 NOTE
r-devel-linux-x86_64-fedora-gcc 2.1-1 70.41 NOTE
r-devel-windows-ix86+x86_64 2.1-1 33.00 86.00 119.00 OK
r-devel-osx-x86_64 2.1-1 OK
r-patched-linux-x86_64 2.1-1 9.93 47.62 57.55 NOTE
r-patched-solaris-x86 2.1-1 101.10 OK
r-release-linux-x86_64 2.1-1 8.03 47.57 55.60 NOTE
r-release-windows-ix86+x86_64 2.1-1 19.00 82.00 101.00 OK
r-release-osx-x86_64 2.1-1 OK
r-oldrel-windows-ix86+x86_64 2.1-1 17.00 104.00 121.00 OK

Check Details

Version: 2.1-1
Check: compiled code
Result: NOTE
    File ‘depth/libs/depth.so’:
     Found no calls to: ‘R_registerRoutines’, ‘R_useDynamicSymbols’
    
    It is good practice to register native routines and to disable symbol
    search.
    
    See ‘Writing portable packages’ in the ‘Writing R Extensions’ manual.
Flavors: r-devel-linux-x86_64-debian-clang, r-devel-linux-x86_64-debian-gcc, r-devel-linux-x86_64-fedora-clang, r-devel-linux-x86_64-fedora-gcc, r-patched-linux-x86_64, r-release-linux-x86_64