CRAN Package Check Results for Package depth

Last updated on 2014-11-21 19:47:58.

Flavor Version Tinstall Tcheck Ttotal Status Flags
r-devel-linux-x86_64-debian-clang 2.0-0 4.68 34.53 39.21 NOTE
r-devel-linux-x86_64-debian-gcc 2.0-0 4.69 33.64 38.33 NOTE
r-devel-linux-x86_64-fedora-clang 2.0-0 72.91 NOTE
r-devel-linux-x86_64-fedora-gcc 2.0-0 70.01 NOTE
r-devel-osx-x86_64-clang 2.0-0 62.05 NOTE
r-devel-windows-ix86+x86_64 2.0-0 12.00 74.00 86.00 NOTE
r-patched-linux-x86_64 2.0-0 4.61 34.73 39.34 NOTE
r-patched-solaris-sparc 2.0-0 466.90 NOTE
r-patched-solaris-x86 2.0-0 96.50 NOTE
r-release-linux-ix86 2.0-0 6.28 46.66 52.93 NOTE
r-release-linux-x86_64 2.0-0 4.62 33.95 38.57 NOTE
r-release-osx-x86_64-mavericks 2.0-0 NOTE
r-release-windows-ix86+x86_64 2.0-0 15.00 84.00 99.00 NOTE
r-oldrel-windows-ix86+x86_64 2.0-0 12.00 78.00 90.00 NOTE

Memtest notes: valgrind

Check Details

Version: 2.0-0
Check: dependencies in R code
Result: NOTE
    'library' or 'require' call to ‘rgl’ which was already attached by Depends.
     Please remove these calls from your code.
    Package in Depends field not imported from: ‘abind’
     These packages need to be imported from (in the NAMESPACE file)
     for when this namespace is loaded but not attached.
    See the information on DESCRIPTION files in the chapter ‘Creating R
    packages’ of the ‘Writing R Extensions’ manual.
Flavors: r-devel-linux-x86_64-debian-clang, r-devel-linux-x86_64-debian-gcc, r-devel-linux-x86_64-fedora-clang, r-devel-linux-x86_64-fedora-gcc, r-devel-osx-x86_64-clang, r-devel-windows-ix86+x86_64, r-patched-linux-x86_64, r-patched-solaris-sparc, r-patched-solaris-x86, r-release-linux-ix86, r-release-linux-x86_64, r-release-osx-x86_64-mavericks, r-release-windows-ix86+x86_64, r-oldrel-windows-ix86+x86_64

Version: 2.0-0
Check: R code for possible problems
Result: NOTE
    sphericaldevide: no visible global function definition for ‘abind’
Flavors: r-devel-linux-x86_64-debian-clang, r-devel-linux-x86_64-debian-gcc, r-devel-linux-x86_64-fedora-clang, r-devel-linux-x86_64-fedora-gcc, r-devel-osx-x86_64-clang, r-devel-windows-ix86+x86_64, r-patched-linux-x86_64, r-patched-solaris-sparc, r-patched-solaris-x86, r-release-linux-ix86, r-release-linux-x86_64, r-release-windows-ix86+x86_64