CRAN Package Check Results for Package depth

Last updated on 2017-07-26 02:47:45.

Flavor Version Tinstall Tcheck Ttotal Status Flags
r-devel-linux-x86_64-debian-clang 2.1-1 5.23 41.64 46.87 NOTE
r-devel-linux-x86_64-debian-gcc 2.1-1 5.34 39.61 44.95 NOTE
r-devel-linux-x86_64-fedora-clang 2.1-1 68.22 NOTE
r-devel-linux-x86_64-fedora-gcc 2.1-1 65.15 NOTE
r-devel-windows-ix86+x86_64 2.1-1 26.00 116.00 142.00 OK
r-patched-linux-x86_64 2.1-1 5.17 41.61 46.78 NOTE
r-patched-solaris-x86 2.1-1 87.80 OK
r-release-linux-x86_64 2.1-1 5.28 42.36 47.64 NOTE
r-release-windows-ix86+x86_64 2.1-1 14.00 121.00 135.00 OK
r-release-osx-x86_64 2.1-1 OK
r-oldrel-windows-ix86+x86_64 2.1-1 16.00 80.00 96.00 OK
r-oldrel-osx-x86_64 2.1-1 OK

Check Details

Version: 2.1-1
Check: compiled code
Result: NOTE
    File ‘depth/libs/depth.so’:
     Found no calls to: ‘R_registerRoutines’, ‘R_useDynamicSymbols’
    
    It is good practice to register native routines and to disable symbol
    search.
    
    See ‘Writing portable packages’ in the ‘Writing R Extensions’ manual.
Flavors: r-devel-linux-x86_64-debian-clang, r-devel-linux-x86_64-debian-gcc, r-devel-linux-x86_64-fedora-clang, r-devel-linux-x86_64-fedora-gcc, r-patched-linux-x86_64, r-release-linux-x86_64