CRAN Package Check Results for Package depth

Last updated on 2017-09-22 02:47:27.

Flavor Version Tinstall Tcheck Ttotal Status Flags
r-devel-linux-x86_64-debian-clang 2.1-1 3.97 34.12 38.08 NOTE
r-devel-linux-x86_64-debian-gcc 2.1-1 4.00 34.78 38.79 NOTE
r-devel-linux-x86_64-fedora-clang 2.1-1 67.95 NOTE
r-devel-linux-x86_64-fedora-gcc 2.1-1 66.03 NOTE
r-devel-windows-ix86+x86_64 2.1-1 19.00 87.00 106.00 OK
r-patched-linux-x86_64 2.1-1 4.11 33.97 38.08 NOTE
r-patched-solaris-x86 2.1-1 92.30 OK
r-release-linux-x86_64 2.1-1 4.08 34.28 38.37 NOTE
r-release-windows-ix86+x86_64 2.1-1 17.00 87.00 104.00 OK
r-release-osx-x86_64 2.1-1 OK
r-oldrel-windows-ix86+x86_64 2.1-1 17.00 74.00 91.00 OK
r-oldrel-osx-x86_64 2.1-1 OK

Check Details

Version: 2.1-1
Check: compiled code
Result: NOTE
    File ‘depth/libs/depth.so’:
     Found no calls to: ‘R_registerRoutines’, ‘R_useDynamicSymbols’
    
    It is good practice to register native routines and to disable symbol
    search.
    
    See ‘Writing portable packages’ in the ‘Writing R Extensions’ manual.
Flavors: r-devel-linux-x86_64-debian-clang, r-devel-linux-x86_64-debian-gcc, r-devel-linux-x86_64-fedora-clang, r-devel-linux-x86_64-fedora-gcc, r-patched-linux-x86_64, r-release-linux-x86_64