CRAN Package Check Results for Package depth

Last updated on 2017-11-24 09:47:37 CET.

Flavor Version Tinstall Tcheck Ttotal Status Flags
r-devel-linux-x86_64-debian-clang 2.1-1 3.95 50.19 54.14 NOTE
r-devel-linux-x86_64-debian-gcc 2.1-1 4.76 72.21 76.98 NOTE
r-devel-linux-x86_64-fedora-clang 2.1-1 62.74 NOTE
r-devel-linux-x86_64-fedora-gcc 2.1-1 61.57 NOTE
r-devel-windows-ix86+x86_64 2.1-1 21.00 85.00 106.00 OK
r-patched-linux-x86_64 2.1-1 5.35 83.28 88.63 NOTE
r-patched-solaris-x86 2.1-1 91.20 OK
r-release-linux-x86_64 2.1-1 5.42 78.87 84.28 NOTE
r-release-windows-ix86+x86_64 2.1-1 17.00 79.00 96.00 OK
r-release-osx-x86_64 2.1-1 OK
r-oldrel-windows-ix86+x86_64 2.1-1 15.00 77.00 92.00 OK
r-oldrel-osx-x86_64 2.1-1 OK

Check Details

Version: 2.1-1
Check: compiled code
Result: NOTE
    File ‘depth/libs/depth.so’:
     Found no calls to: ‘R_registerRoutines’, ‘R_useDynamicSymbols’
    
    It is good practice to register native routines and to disable symbol
    search.
    
    See ‘Writing portable packages’ in the ‘Writing R Extensions’ manual.
Flavors: r-devel-linux-x86_64-debian-clang, r-devel-linux-x86_64-debian-gcc, r-devel-linux-x86_64-fedora-clang, r-devel-linux-x86_64-fedora-gcc, r-patched-linux-x86_64, r-release-linux-x86_64