CRAN Package Check Results for Package depth

Last updated on 2017-02-20 10:48:24.

Flavor Version Tinstall Tcheck Ttotal Status Flags
r-devel-linux-x86_64-debian-clang 2.1-1 5.03 33.30 38.33 NOTE
r-devel-linux-x86_64-debian-gcc 2.1-1 5.14 34.62 39.76 NOTE
r-devel-linux-x86_64-fedora-clang 2.1-1 64.83 NOTE --no-stop-on-test-error
r-devel-linux-x86_64-fedora-gcc 2.1-1 64.45 NOTE --no-stop-on-test-error
r-devel-macos-x86_64-clang 2.1-1 52.57 NOTE --no-stop-on-test-error
r-devel-windows-ix86+x86_64 2.1-1 31.00 106.00 137.00 OK
r-patched-linux-x86_64 2.1-1 5.09 31.38 36.47 OK
r-patched-solaris-sparc 2.1-1 356.40 OK
r-patched-solaris-x86 2.1-1 81.40 OK
r-release-linux-x86_64 2.1-1 5.02 30.47 35.49 OK
r-release-osx-x86_64-mavericks 2.1-1 OK
r-release-windows-ix86+x86_64 2.1-1 15.00 70.00 85.00 OK
r-oldrel-windows-ix86+x86_64 2.1-1 13.00 73.00 86.00 OK

Check Details

Version: 2.1-1
Check: compiled code
Result: NOTE
    File ‘depth/libs/depth.so’:
     Found no calls to: ‘R_registerRoutines’, ‘R_useDynamicSymbols’
    
    It is good practice to register native routines and to disable symbol
    search.
    
    See ‘Writing portable packages’ in the ‘Writing R Extensions’ manual.
Flavors: r-devel-linux-x86_64-debian-clang, r-devel-linux-x86_64-debian-gcc

Version: 2.1-1
Flags: --no-stop-on-test-error
Check: compiled code
Result: NOTE
    File ‘depth/libs/depth.so’:
     Found no calls to: ‘R_registerRoutines’, ‘R_useDynamicSymbols’
    
    It is good practice to register native routines and to disable symbol
    search.
    
    See ‘Writing portable packages’ in the ‘Writing R Extensions’ manual.
Flavors: r-devel-linux-x86_64-fedora-clang, r-devel-linux-x86_64-fedora-gcc, r-devel-macos-x86_64-clang