CRAN Package Check Results for Package depth

Last updated on 2017-04-24 10:47:13.

Flavor Version Tinstall Tcheck Ttotal Status Flags
r-devel-linux-x86_64-debian-clang 2.1-1 5.28 33.37 38.65 NOTE
r-devel-linux-x86_64-debian-gcc 2.1-1 5.22 33.35 38.57 NOTE
r-devel-linux-x86_64-fedora-clang 2.1-1 66.50 NOTE --no-stop-on-test-error
r-devel-linux-x86_64-fedora-gcc 2.1-1 67.75 NOTE --no-stop-on-test-error
r-devel-windows-ix86+x86_64 2.1-1 27.00 113.00 140.00 OK
r-patched-linux-x86_64 2.1-1 5.51 34.74 40.25 NOTE
r-patched-solaris-sparc 2.1-1 407.70 OK
r-patched-solaris-x86 2.1-1 87.40 OK
r-release-linux-x86_64 2.1-1 5.12 34.38 39.50 NOTE
r-release-windows-ix86+x86_64 2.1-1 18.00 80.00 98.00 OK
r-release-osx-x86_64 2.1-1 OK
r-oldrel-windows-ix86+x86_64 2.1-1 16.00 76.00 92.00 OK
r-oldrel-osx-x86_64 2.1-1 OK

Check Details

Version: 2.1-1
Check: compiled code
Result: NOTE
    File ‘depth/libs/depth.so’:
     Found no calls to: ‘R_registerRoutines’, ‘R_useDynamicSymbols’
    
    It is good practice to register native routines and to disable symbol
    search.
    
    See ‘Writing portable packages’ in the ‘Writing R Extensions’ manual.
Flavors: r-devel-linux-x86_64-debian-clang, r-devel-linux-x86_64-debian-gcc, r-patched-linux-x86_64, r-release-linux-x86_64

Version: 2.1-1
Flags: --no-stop-on-test-error
Check: compiled code
Result: NOTE
    File ‘depth/libs/depth.so’:
     Found no calls to: ‘R_registerRoutines’, ‘R_useDynamicSymbols’
    
    It is good practice to register native routines and to disable symbol
    search.
    
    See ‘Writing portable packages’ in the ‘Writing R Extensions’ manual.
Flavors: r-devel-linux-x86_64-fedora-clang, r-devel-linux-x86_64-fedora-gcc