CRAN Package Check Results for Package depth

Last updated on 2018-02-20 19:48:11 CET.

Flavor Version Tinstall Tcheck Ttotal Status Flags
r-devel-linux-x86_64-debian-clang 2.1-1 7.53 46.86 54.39 NOTE
r-devel-linux-x86_64-debian-gcc 2.1-1 7.85 36.52 44.37 NOTE
r-devel-linux-x86_64-fedora-clang 2.1-1 67.05 NOTE
r-devel-linux-x86_64-fedora-gcc 2.1-1 65.93 NOTE
r-devel-windows-ix86+x86_64 2.1-1 25.00 78.00 103.00 OK
r-patched-linux-x86_64 2.1-1 5.74 52.22 57.96 NOTE
r-patched-solaris-x86 2.1-1 90.00 OK
r-release-linux-x86_64 2.1-1 5.34 52.26 57.60 NOTE
r-release-windows-ix86+x86_64 2.1-1 23.00 109.00 132.00 OK
r-release-osx-x86_64 2.1-1 OK
r-oldrel-windows-ix86+x86_64 2.1-1 22.00 93.00 115.00 OK
r-oldrel-osx-x86_64 2.1-1 OK

Check Details

Version: 2.1-1
Check: compiled code
Result: NOTE
    File ‘depth/libs/depth.so’:
     Found no calls to: ‘R_registerRoutines’, ‘R_useDynamicSymbols’
    
    It is good practice to register native routines and to disable symbol
    search.
    
    See ‘Writing portable packages’ in the ‘Writing R Extensions’ manual.
Flavors: r-devel-linux-x86_64-debian-clang, r-devel-linux-x86_64-debian-gcc, r-devel-linux-x86_64-fedora-clang, r-devel-linux-x86_64-fedora-gcc, r-patched-linux-x86_64, r-release-linux-x86_64