CRAN Package Check Results for Package depth

Last updated on 2014-04-24 15:50:36.

Flavor Version Tinstall Tcheck Ttotal Status Flags
r-devel-linux-x86_64-debian-clang 2.0-0 4.56 35.72 40.29 NOTE
r-devel-linux-x86_64-debian-gcc 2.0-0 4.56 35.54 40.10 NOTE
r-devel-linux-x86_64-fedora-clang 2.0-0 72.19 NOTE
r-devel-linux-x86_64-fedora-gcc 2.0-0 70.23 NOTE
r-devel-osx-x86_64-clang 2.0-0 59.42 NOTE
r-devel-osx-x86_64-gcc 2.0-0 ERROR
r-devel-windows-ix86+x86_64 2.0-0 11.00 79.00 90.00 NOTE
r-patched-linux-x86_64 2.0-0 4.56 35.34 39.90 NOTE
r-patched-solaris-sparc 2.0-0 467.30 NOTE
r-patched-solaris-x86 2.0-0 95.80 NOTE
r-release-linux-ix86 2.0-0 8.00 62.00 70.00 NOTE
r-release-linux-x86_64 2.0-0 4.67 34.99 39.66 NOTE
r-release-osx-x86_64-mavericks 2.0-0 WARN
r-release-windows-ix86+x86_64 2.0-0 12.00 72.00 84.00 NOTE
r-oldrel-windows-ix86+x86_64 2.0-0 12.00 82.00 94.00 NOTE

Check Details

Version: 2.0-0
Check: dependencies in R code
Result: NOTE
    'library' or 'require' call to ‘rgl’ which was already attached by Depends.
     Please remove these calls from your code.
    Package in Depends field not imported from: ‘abind’
     These packages need to be imported from (in the NAMESPACE file)
     for when this namespace is loaded but not attached.
    See the information on DESCRIPTION files in the chapter ‘Creating R
    packages’ of the ‘Writing R Extensions’ manual.
Flavors: r-devel-linux-x86_64-debian-clang, r-devel-linux-x86_64-debian-gcc, r-devel-linux-x86_64-fedora-clang, r-devel-linux-x86_64-fedora-gcc, r-devel-osx-x86_64-clang, r-devel-osx-x86_64-gcc, r-devel-windows-ix86+x86_64, r-patched-linux-x86_64, r-patched-solaris-sparc, r-patched-solaris-x86, r-release-linux-ix86, r-release-linux-x86_64, r-release-osx-x86_64-mavericks, r-release-windows-ix86+x86_64, r-oldrel-windows-ix86+x86_64

Version: 2.0-0
Check: package dependencies
Result: NOTE
    Package suggested but not available for checking: ‘robustbase’
Flavor: r-devel-osx-x86_64-gcc

Version: 2.0-0
Check: examples
Result: ERROR
    Running examples in ‘depth-Ex.R’ failed
    The error most likely occurred in:
    
    > ### Name: ctrmean
    > ### Title: Centroid trimmed mean
    > ### Aliases: ctrmean
    > ### Keywords: multivariate nonparametric robust
    >
    > ### ** Examples
    >
    > ## exact centroid trimmed mean
    > set.seed(345)
    > xx <- matrix(rnorm(1000), nc = 2)
    > ctrmean(xx, .2)
    [1] -0.03879730 0.04799199
    >
    > ## second example of an exact centroid trimmed mean
    > set.seed(159); library(MASS)
    > mu1 <- c(0,0); mu2 <- c(6,0); sigma <- matrix(c(1,0,0,1), nc = 2)
    > mixbivnorm <- rbind(mvrnorm(80, mu1 ,sigma), mvrnorm(20, mu2, sigma))
    > ctrmean(mixbivnorm, 0.3)
    [1] 0.4746538 -0.1582107
    >
    > ## dithering used for data set not in general position
    > data(starsCYG, package = "robustbase")
    Error in find.package(package, lib.loc, verbose = verbose) :
     there is no package called ‘robustbase’
    Calls: data -> find.package
    Execution halted
Flavor: r-devel-osx-x86_64-gcc

Version: 2.0-0
Check: PDF version of manual
Result: WARNING
    LaTeX errors when creating PDF version.
    This typically indicates Rd problems.
    LaTeX errors found:
    ! LaTeX Error: File `upquote.sty' not found.
    
    Type X to quit or <RETURN> to proceed,
    or enter new name. (Default extension: sty)
    
    1e09b47e/Rd2.tex:8: ==> Fatal error occurred, no output PDF file produced!
Flavor: r-release-osx-x86_64-mavericks