CRAN Package Check Results for Package depth

Last updated on 2015-04-27 03:47:17.

Flavor Version Tinstall Tcheck Ttotal Status Flags
r-devel-linux-x86_64-debian-clang 2.0-0 4.55 37.78 42.33 NOTE
r-devel-linux-x86_64-debian-gcc 2.0-0 4.54 32.71 37.24 NOTE
r-devel-linux-x86_64-fedora-clang 2.0-0 69.36 NOTE
r-devel-linux-x86_64-fedora-gcc 2.0-0 65.48 NOTE
r-devel-osx-x86_64-clang 2.0-0 60.19 NOTE
r-devel-windows-ix86+x86_64 2.0-0 12.00 77.00 89.00 NOTE
r-patched-linux-x86_64 2.0-0 4.54 32.82 37.36 NOTE
r-patched-solaris-sparc 2.0-0 448.00 NOTE
r-patched-solaris-x86 2.0-0 90.00 NOTE
r-release-linux-x86_64 2.0-0 4.52 33.02 37.54 NOTE
r-release-osx-x86_64-mavericks 2.0-0 NOTE
r-release-osx-x86_64-snowleopard 2.0-0 ERROR
r-release-windows-ix86+x86_64 2.0-0 13.00 83.00 96.00 NOTE
r-oldrel-windows-ix86+x86_64 2.0-0 11.00 76.00 87.00 NOTE

Memtest notes: valgrind

Check Details

Version: 2.0-0
Check: dependencies in R code
Result: NOTE
    'library' or 'require' call to ‘rgl’ which was already attached by Depends.
     Please remove these calls from your code.
    Package in Depends field not imported from: ‘abind’
     These packages need to be imported from (in the NAMESPACE file)
     for when this namespace is loaded but not attached.
Flavors: r-devel-linux-x86_64-debian-clang, r-devel-linux-x86_64-debian-gcc, r-devel-linux-x86_64-fedora-clang, r-devel-linux-x86_64-fedora-gcc, r-devel-osx-x86_64-clang, r-devel-windows-ix86+x86_64, r-patched-solaris-sparc, r-patched-solaris-x86, r-release-osx-x86_64-mavericks, r-release-osx-x86_64-snowleopard, r-release-windows-ix86+x86_64, r-oldrel-windows-ix86+x86_64

Version: 2.0-0
Check: R code for possible problems
Result: NOTE
    sphericaldevide: no visible global function definition for ‘abind’
Flavors: r-devel-linux-x86_64-debian-clang, r-devel-linux-x86_64-debian-gcc, r-devel-linux-x86_64-fedora-clang, r-devel-linux-x86_64-fedora-gcc, r-devel-osx-x86_64-clang, r-devel-windows-ix86+x86_64, r-patched-solaris-sparc, r-patched-solaris-x86, r-release-osx-x86_64-mavericks, r-release-osx-x86_64-snowleopard, r-release-windows-ix86+x86_64, r-oldrel-windows-ix86+x86_64

Version: 2.0-0
Check: examples
Result: ERROR
    Running examples in ‘depth-Ex.R’ failed
    The error most likely occurred in:
    
    > ### Name: depth-package
    > ### Title: Depth functions tools for multivariate analysis
    > ### Aliases: depth-package
    > ### Keywords: package multivariate nonparametric robust
    >
    > ### ** Examples
    >
    > set.seed(159); library(MASS)
    > mu1 <- c(0,0); mu2 <- c(6,0); sigma <- matrix(c(1,0,0,1), nc = 2)
    > mixbivnorm <- rbind(mvrnorm(80, mu1, sigma), mvrnorm(20, mu2, sigma))
    > depth(c(0,0),mixbivnorm)
    [1] 0.33
    > med(mixbivnorm)
    $median
    [1] 0.5136701 -0.1909707
    
    $depth
    [1] 0.42
    
    > trmean(mixbivnorm, 0.2)
    [1] 0.4555061 -0.2495018
    > library(rgl)
    > perspdepth(mixbivnorm, col = "magenta")
    Fri Mar 20 21:21:46 hagal.research.att.com R[88067] <Error>: unknown error code: invalid pixel format
    Fri Mar 20 21:21:46 hagal.research.att.com R[88067] <Error>: kCGErrorFailure: Set a breakpoint @ CGErrorBreakpoint() to catch errors as they are logged.
    X Error of failed request: GLXBadContext
     Major opcode of failed request: 0 ()
     Serial number of failed request: 27
     Current serial number in output stream: 27
Flavor: r-release-osx-x86_64-snowleopard