CRAN Package Check Results for Package depth

Last updated on 2015-06-30 18:47:10.

Flavor Version Tinstall Tcheck Ttotal Status Flags
r-devel-linux-x86_64-debian-clang 2.0-0 4.71 33.26 37.98 NOTE
r-devel-linux-x86_64-debian-gcc 2.0-0 4.53 32.36 36.89 NOTE
r-devel-linux-x86_64-fedora-clang 2.0-0 67.71 NOTE
r-devel-linux-x86_64-fedora-gcc 2.0-0 65.05 NOTE
r-devel-osx-x86_64-clang 2.0-0 60.98 NOTE
r-devel-windows-ix86+x86_64 2.0-0 17.00 79.00 96.00 NOTE
r-patched-linux-x86_64 2.0-0 4.60 32.79 37.39 NOTE
r-patched-solaris-sparc 2.0-0 464.70 NOTE
r-patched-solaris-x86 2.0-0 91.00 NOTE
r-release-linux-x86_64 2.0-0 4.59 32.85 37.44 NOTE
r-release-osx-x86_64-mavericks 2.0-0 NOTE
r-release-windows-ix86+x86_64 2.0-0 17.00 79.00 96.00 NOTE
r-oldrel-windows-ix86+x86_64 2.0-0 19.00 80.00 99.00 NOTE

Memtest notes: valgrind

Check Details

Version: 2.0-0
Check: dependencies in R code
Result: NOTE
    'library' or 'require' call to ‘rgl’ which was already attached by Depends.
     Please remove these calls from your code.
    Package in Depends field not imported from: ‘abind’
     These packages need to be imported from (in the NAMESPACE file)
     for when this namespace is loaded but not attached.
Flavors: r-devel-linux-x86_64-debian-clang, r-devel-linux-x86_64-debian-gcc, r-devel-linux-x86_64-fedora-clang, r-devel-linux-x86_64-fedora-gcc, r-devel-osx-x86_64-clang, r-devel-windows-ix86+x86_64, r-patched-linux-x86_64, r-patched-solaris-sparc, r-patched-solaris-x86, r-release-linux-x86_64, r-release-osx-x86_64-mavericks, r-release-windows-ix86+x86_64, r-oldrel-windows-ix86+x86_64

Version: 2.0-0
Check: R code for possible problems
Result: NOTE
    STD: no visible global function definition for ‘is’
    contourc: no visible global function definition for ‘plot’
    contourc: no visible global function definition for ‘lines’
    contourc: no visible global function definition for ‘text’
    isodepth: no visible global function definition for ‘plot’
    isodepth: no visible global function definition for ‘lines’
    isodepth: no visible global function definition for ‘points’
    med: no visible global function definition for ‘median’
    med: no visible binding for global variable ‘median’
    medianecirc: no visible global function definition for ‘plot.new’
    medianecirc: no visible global function definition for ‘plot’
    pointshemi: no visible global function definition for ‘combn’
    schema.polyspher: no visible global function definition for ‘combn’
    sphericaldevide: no visible global function definition for ‘abind’
    traceregion: no visible global function definition for ‘is’
    tukdepths2: no visible global function definition for ‘combn’
Flavors: r-devel-linux-x86_64-debian-clang, r-devel-linux-x86_64-debian-gcc, r-devel-linux-x86_64-fedora-clang, r-devel-windows-ix86+x86_64

Version: 2.0-0
Check: R code for possible problems
Result: NOTE
    sphericaldevide: no visible global function definition for ‘abind’
Flavors: r-devel-linux-x86_64-fedora-gcc, r-devel-osx-x86_64-clang, r-patched-linux-x86_64, r-patched-solaris-sparc, r-patched-solaris-x86, r-release-linux-x86_64, r-release-osx-x86_64-mavericks, r-release-windows-ix86+x86_64, r-oldrel-windows-ix86+x86_64