CRAN Package Check Results for Package depthTools

Last updated on 2015-08-28 19:47:09.

Flavor Version Tinstall Tcheck Ttotal Status Flags
r-devel-linux-x86_64-debian-clang 0.4 0.54 11.08 11.61 NOTE
r-devel-linux-x86_64-debian-gcc 0.4 0.64 10.54 11.18 NOTE
r-devel-linux-x86_64-fedora-clang 0.4 22.15 NOTE
r-devel-linux-x86_64-fedora-gcc 0.4 21.64 NOTE
r-devel-osx-x86_64-clang 0.4 20.68 OK
r-devel-windows-ix86+x86_64 0.4 4.00 29.00 33.00 NOTE
r-patched-linux-x86_64 0.4 0.63 11.32 11.94 OK
r-patched-solaris-sparc 0.4 137.70 OK
r-patched-solaris-x86 0.4 32.50 OK
r-release-linux-x86_64 0.4 0.55 10.91 11.46 OK
r-release-osx-x86_64-mavericks 0.4 OK
r-release-windows-ix86+x86_64 0.4 2.00 24.00 26.00 OK
r-oldrel-windows-ix86+x86_64 0.4 4.00 19.00 23.00 OK

Check Details

Version: 0.4
Check: R code for possible problems
Result: NOTE
    MBD: no visible global function definition for ‘par’
    MBD: no visible global function definition for ‘gray’
    MBD: no visible global function definition for ‘matplot’
    MBD: no visible global function definition for ‘polygon’
    MBD: no visible global function definition for ‘lines’
    MBD: no visible global function definition for ‘legend’
    MBD: no visible global function definition for ‘matlines’
    R.test: no visible global function definition for ‘runif’
    R.test: no visible global function definition for ‘wilcox.test’
    centralPlot: no visible global function definition for ‘par’
    centralPlot: no visible global function definition for
     ‘colorRampPalette’
    centralPlot: no visible global function definition for ‘matplot’
    centralPlot: no visible global function definition for ‘matlines’
    centralPlot: no visible global function definition for ‘legend’
    scalecurve: no visible global function definition for ‘plot’
    scalecurve: no visible global function definition for ‘lines’
    scalecurve: no visible global function definition for ‘legend’
    tmean: no visible global function definition for ‘matplot’
    tmean: no visible global function definition for ‘matlines’
    tmean: no visible global function definition for ‘lines’
    tmean: no visible global function definition for ‘legend’
    tmean: no visible global function definition for ‘colorRampPalette’
    Undefined global functions or variables:
     colorRampPalette gray legend lines matlines matplot par plot polygon
     runif wilcox.test
    Consider adding
     importFrom("grDevices", "colorRampPalette", "gray")
     importFrom("graphics", "legend", "lines", "matlines", "matplot", "par",
     "plot", "polygon")
     importFrom("stats", "runif", "wilcox.test")
    to your NAMESPACE.
Flavors: r-devel-linux-x86_64-debian-clang, r-devel-linux-x86_64-debian-gcc, r-devel-linux-x86_64-fedora-clang, r-devel-linux-x86_64-fedora-gcc, r-devel-windows-ix86+x86_64