CRAN Package Check Results for Package descr

Last updated on 2017-07-22 14:46:23.

Flavor Version Tinstall Tcheck Ttotal Status Flags
r-devel-linux-x86_64-debian-clang 1.1.3 1.16 24.64 25.80 NOTE
r-devel-linux-x86_64-debian-gcc 1.1.3 1.04 25.33 26.37 NOTE
r-devel-linux-x86_64-fedora-clang 1.1.3 33.27 NOTE
r-devel-linux-x86_64-fedora-gcc 1.1.3 30.66 NOTE
r-devel-windows-ix86+x86_64 1.1.3 12.00 54.00 66.00 OK
r-patched-linux-x86_64 1.1.3 1.15 24.27 25.42 NOTE
r-patched-solaris-x86 1.1.3 41.20 OK
r-release-linux-x86_64 1.1.3 1.10 25.97 27.07 NOTE
r-release-windows-ix86+x86_64 1.1.3 5.00 52.00 57.00 OK
r-release-osx-x86_64 1.1.3 OK
r-oldrel-windows-ix86+x86_64 1.1.3 7.00 47.00 54.00 OK
r-oldrel-osx-x86_64 1.1.3 OK

Check Details

Version: 1.1.3
Check: compiled code
Result: NOTE
    File ‘descr/libs/descr.so’:
     Found no calls to: ‘R_registerRoutines’, ‘R_useDynamicSymbols’
    
    It is good practice to register native routines and to disable symbol
    search.
    
    See ‘Writing portable packages’ in the ‘Writing R Extensions’ manual.
Flavors: r-devel-linux-x86_64-debian-clang, r-devel-linux-x86_64-debian-gcc, r-devel-linux-x86_64-fedora-clang, r-devel-linux-x86_64-fedora-gcc, r-patched-linux-x86_64, r-release-linux-x86_64