CRAN Package Check Results for Package descr

Last updated on 2014-07-30 11:49:47.

Flavor Version Tinstall Tcheck Ttotal Status Flags
r-devel-linux-x86_64-debian-clang 1.0.2 1.09 14.14 15.23 OK
r-devel-linux-x86_64-debian-gcc 1.0.2 1.05 13.79 14.84 OK
r-devel-linux-x86_64-fedora-clang 1.0.2 29.85 OK
r-devel-linux-x86_64-fedora-gcc 1.0.2 26.11 OK
r-devel-osx-x86_64-clang 1.0.2 30.16 OK
r-devel-windows-ix86+x86_64 1.0.2 6.00 27.00 33.00 OK
r-patched-linux-x86_64 1.0.2 0.99 13.38 14.37 OK
r-patched-solaris-sparc 1.0.2 161.80 OK
r-patched-solaris-x86 1.0.2 40.60 OK
r-release-linux-ix86 1.0.2 1.50 19.76 21.25 OK
r-release-linux-x86_64 1.0.2 1.00 13.71 14.70 OK
r-release-osx-x86_64-mavericks 1.0.2 OK
r-release-osx-x86_64-snowleopard 1.0.2 WARN
r-release-windows-ix86+x86_64 1.0.2 8.00 27.00 35.00 OK
r-oldrel-windows-ix86+x86_64 1.0.2 5.00 26.00 31.00 OK

Check Details

Version: 1.0.2
Check: examples
Result: WARNING
    checking a package with encoding 'UTF-8' in an ASCII locale
    
     OK
Flavor: r-release-osx-x86_64-snowleopard