CRAN Package Check Results for Package descr

Last updated on 2015-07-31 06:46:51.

Flavor Version Tinstall Tcheck Ttotal Status Flags
r-devel-linux-x86_64-debian-clang 1.1.1 1.01 13.55 14.56 NOTE
r-devel-linux-x86_64-debian-gcc 1.1.1 1.20 13.55 14.75 NOTE
r-devel-linux-x86_64-fedora-clang 1.1.1 27.14 NOTE
r-devel-linux-x86_64-fedora-gcc 1.1.1 25.78 NOTE
r-devel-osx-x86_64-clang 1.1.1 26.40 OK
r-devel-windows-ix86+x86_64 1.1.1 6.00 26.00 32.00 NOTE
r-patched-linux-x86_64 1.1.1 1.00 13.50 14.51 OK
r-patched-solaris-sparc 1.1.1 172.90 OK
r-patched-solaris-x86 1.1.1 37.50 OK
r-release-linux-x86_64 1.1.1 1.11 14.03 15.14 OK
r-release-osx-x86_64-mavericks 1.1.1 OK
r-release-windows-ix86+x86_64 1.1.1 6.00 26.00 32.00 OK
r-oldrel-windows-ix86+x86_64 1.1.1 6.00 31.00 37.00 OK

Check Details

Version: 1.1.1
Check: R code for possible problems
Result: NOTE
    CrossTable: no visible global function definition for ‘chisq.test’
    CrossTable: no visible global function definition for ‘fisher.test’
    CrossTable: no visible global function definition for ‘mcnemar.test’
    LogRegR2: no visible global function definition for ‘pchisq’
    compmeans: no visible global function definition for ‘weighted.mean’
    crosstab: no visible global function definition for ‘xtabs’
    data.frame2txt: no visible global function definition for ‘write.table’
    histkdnc: no visible global function definition for ‘grey’
    histkdnc: no visible global function definition for ‘na.omit’
    histkdnc: no visible global function definition for ‘hist.default’
    histkdnc: no visible global function definition for ‘density’
    histkdnc: no visible global function definition for ‘dnorm’
    histkdnc: no visible global function definition for ‘sd’
    histkdnc: no visible global function definition for ‘hist’
    histkdnc: no visible global function definition for ‘lines’
    histkdnc: no visible global function definition for ‘curve’
    plot.CrossTable: no visible global function definition for
     ‘gray.colors’
    plot.CrossTable: no visible global function definition for ‘mosaicplot’
    plot.freqtable: no visible global function definition for ‘barplot’
    plot.meanscomp: no visible global function definition for ‘boxplot’
    plot.meanscomp: no visible global function definition for ‘bxp’
    quantileWt: no visible global function definition for ‘quantile’
    Undefined global functions or variables:
     barplot boxplot bxp chisq.test curve density dnorm fisher.test
     gray.colors grey hist hist.default lines mcnemar.test mosaicplot
     na.omit pchisq quantile sd weighted.mean write.table xtabs
    Consider adding
     importFrom("grDevices", "gray.colors", "grey")
     importFrom("graphics", "barplot", "boxplot", "bxp", "curve", "hist",
     "hist.default", "lines", "mosaicplot")
     importFrom("stats", "chisq.test", "density", "dnorm", "fisher.test",
     "mcnemar.test", "na.omit", "pchisq", "quantile", "sd",
     "weighted.mean", "xtabs")
     importFrom("utils", "write.table")
    to your NAMESPACE.
Flavors: r-devel-linux-x86_64-debian-clang, r-devel-linux-x86_64-debian-gcc, r-devel-linux-x86_64-fedora-clang, r-devel-linux-x86_64-fedora-gcc, r-devel-windows-ix86+x86_64