CRAN Package Check Results for Package descr

Last updated on 2017-09-24 11:48:03.

Flavor Version Tinstall Tcheck Ttotal Status Flags
r-devel-linux-x86_64-debian-clang 1.1.3 1.09 18.49 19.59 NOTE
r-devel-linux-x86_64-debian-gcc 1.1.3 1.07 17.78 18.85 NOTE
r-devel-linux-x86_64-fedora-clang 1.1.3 32.35 NOTE
r-devel-linux-x86_64-fedora-gcc 1.1.3 31.25 NOTE
r-devel-windows-ix86+x86_64 1.1.3 10.00 39.00 49.00 OK
r-patched-linux-x86_64 1.1.3 1.06 17.90 18.95 NOTE
r-patched-solaris-x86 1.1.3 42.10 OK
r-release-linux-x86_64 1.1.3 1.10 18.03 19.13 NOTE
r-release-windows-ix86+x86_64 1.1.3 6.00 43.00 49.00 OK
r-release-osx-x86_64 1.1.3 OK
r-oldrel-windows-ix86+x86_64 1.1.3 5.00 36.00 41.00 OK
r-oldrel-osx-x86_64 1.1.3 OK

Check Details

Version: 1.1.3
Check: compiled code
Result: NOTE
    File ‘descr/libs/descr.so’:
     Found no calls to: ‘R_registerRoutines’, ‘R_useDynamicSymbols’
    
    It is good practice to register native routines and to disable symbol
    search.
    
    See ‘Writing portable packages’ in the ‘Writing R Extensions’ manual.
Flavors: r-devel-linux-x86_64-debian-clang, r-devel-linux-x86_64-debian-gcc, r-devel-linux-x86_64-fedora-clang, r-devel-linux-x86_64-fedora-gcc, r-patched-linux-x86_64, r-release-linux-x86_64