CRAN Package Check Results for Package descr

Last updated on 2014-04-23 17:47:42.

Flavor Version Tinstall Tcheck Ttotal Status Flags
r-devel-linux-x86_64-debian-clang 1.0.2 1.04 14.05 15.09 OK
r-devel-linux-x86_64-debian-gcc 1.0.2 1.06 14.04 15.10 OK
r-devel-linux-x86_64-fedora-clang 1.0.2 28.79 OK
r-devel-linux-x86_64-fedora-gcc 1.0.2 27.61 OK
r-devel-osx-x86_64-clang 1.0.2 27.95 OK
r-devel-osx-x86_64-gcc 1.0.2 OK
r-devel-windows-ix86+x86_64 1.0.2 6.00 24.00 30.00 OK
r-patched-linux-x86_64 1.0.2 1.02 13.84 14.86 OK
r-patched-solaris-sparc 1.0.2 161.80 OK
r-patched-solaris-x86 1.0.2 40.00 OK
r-release-linux-ix86 1.0.2 2.00 28.00 30.00 OK
r-release-linux-x86_64 1.0.2 1.14 14.10 15.24 OK
r-release-osx-x86_64-mavericks 1.0.2 OK
r-release-osx-x86_64-snowleopard 1.0.2 WARN
r-release-windows-ix86+x86_64 1.0.2 12.00 35.00 47.00 OK
r-oldrel-windows-ix86+x86_64 1.0.2 5.00 26.00 31.00 OK

Check Details

Version: 1.0.2
Check: examples
Result: WARNING
    checking a package with encoding 'UTF-8' in an ASCII locale
    
     OK
Flavor: r-release-osx-x86_64-snowleopard