CRAN Package Check Results for Package descr

Last updated on 2017-11-23 11:52:08 CET.

Flavor Version Tinstall Tcheck Ttotal Status Flags
r-devel-linux-x86_64-debian-clang 1.1.3 1.12 28.20 29.32 NOTE
r-devel-linux-x86_64-debian-gcc 1.1.3 1.24 45.48 46.72 NOTE
r-devel-linux-x86_64-fedora-clang 1.1.3 31.13 NOTE
r-devel-linux-x86_64-fedora-gcc 1.1.3 29.88 NOTE
r-devel-windows-ix86+x86_64 1.1.3 6.00 53.00 59.00 OK
r-patched-linux-x86_64 1.1.3 1.63 46.56 48.19 NOTE
r-patched-solaris-x86 1.1.3 43.00 OK
r-release-linux-x86_64 1.1.3 1.24 18.57 19.80 NOTE
r-release-windows-ix86+x86_64 1.1.3 5.00 39.00 44.00 OK
r-release-osx-x86_64 1.1.3 OK
r-oldrel-windows-ix86+x86_64 1.1.3 5.00 56.00 61.00 OK
r-oldrel-osx-x86_64 1.1.3 OK

Check Details

Version: 1.1.3
Check: compiled code
Result: NOTE
    File ‘descr/libs/descr.so’:
     Found no calls to: ‘R_registerRoutines’, ‘R_useDynamicSymbols’
    
    It is good practice to register native routines and to disable symbol
    search.
    
    See ‘Writing portable packages’ in the ‘Writing R Extensions’ manual.
Flavors: r-devel-linux-x86_64-debian-clang, r-devel-linux-x86_64-debian-gcc, r-devel-linux-x86_64-fedora-clang, r-devel-linux-x86_64-fedora-gcc, r-patched-linux-x86_64, r-release-linux-x86_64