CRAN Package Check Results for Package descr

Last updated on 2017-03-29 18:47:01.

Flavor Version Tinstall Tcheck Ttotal Status Flags
r-devel-linux-x86_64-debian-clang 1.1.3 1.12 17.99 19.11 NOTE
r-devel-linux-x86_64-debian-gcc 1.1.3 1.10 17.63 18.73 NOTE
r-devel-linux-x86_64-fedora-clang 1.1.3 32.54 NOTE --no-stop-on-test-error
r-devel-linux-x86_64-fedora-gcc 1.1.3 30.26 NOTE --no-stop-on-test-error
r-devel-macos-x86_64-clang 1.1.3 27.41 NOTE --no-stop-on-test-error
r-devel-windows-ix86+x86_64 1.1.3 5.00 40.00 45.00 OK
r-patched-linux-x86_64 1.1.3 1.10 17.55 18.64 NOTE
r-patched-solaris-sparc 1.1.3 198.20 OK
r-patched-solaris-x86 1.1.3 41.30 OK
r-release-linux-x86_64 1.1.3 1.14 14.36 15.49 OK
r-release-osx-x86_64-mavericks 1.1.3 OK
r-release-windows-ix86+x86_64 1.1.3 8.00 46.00 54.00 OK
r-oldrel-windows-ix86+x86_64 1.1.3 17.00 80.00 97.00 OK

Check Details

Version: 1.1.3
Check: compiled code
Result: NOTE
    File ‘descr/libs/descr.so’:
     Found no calls to: ‘R_registerRoutines’, ‘R_useDynamicSymbols’
    
    It is good practice to register native routines and to disable symbol
    search.
    
    See ‘Writing portable packages’ in the ‘Writing R Extensions’ manual.
Flavors: r-devel-linux-x86_64-debian-clang, r-devel-linux-x86_64-debian-gcc, r-patched-linux-x86_64

Version: 1.1.3
Flags: --no-stop-on-test-error
Check: compiled code
Result: NOTE
    File ‘descr/libs/descr.so’:
     Found no calls to: ‘R_registerRoutines’, ‘R_useDynamicSymbols’
    
    It is good practice to register native routines and to disable symbol
    search.
    
    See ‘Writing portable packages’ in the ‘Writing R Extensions’ manual.
Flavors: r-devel-linux-x86_64-fedora-clang, r-devel-linux-x86_64-fedora-gcc, r-devel-macos-x86_64-clang