CRAN Package Check Results for Package descr

Last updated on 2017-05-28 23:49:54.

Flavor Version Tinstall Tcheck Ttotal Status Flags
r-devel-linux-x86_64-debian-clang 1.1.3 1.40 18.43 19.83 NOTE
r-devel-linux-x86_64-debian-gcc 1.1.3 1.18 18.01 19.19 NOTE
r-devel-linux-x86_64-fedora-clang 1.1.3 32.30 NOTE
r-devel-linux-x86_64-fedora-gcc 1.1.3 30.21 NOTE
r-devel-windows-ix86+x86_64 1.1.3 5.00 56.00 61.00 OK
r-patched-linux-x86_64 1.1.3 1.26 20.03 21.29 NOTE
r-patched-solaris-sparc 1.1.3 198.20 OK
r-patched-solaris-x86 1.1.3 40.70 OK
r-release-linux-x86_64 1.1.3 1.21 19.01 20.22 NOTE
r-release-windows-ix86+x86_64 1.1.3 10.00 46.00 56.00 OK
r-release-osx-x86_64 1.1.3 OK
r-oldrel-windows-ix86+x86_64 1.1.3 10.00 35.00 45.00 OK
r-oldrel-osx-x86_64 1.1.3 OK

Check Details

Version: 1.1.3
Check: compiled code
Result: NOTE
    File ‘descr/libs/descr.so’:
     Found no calls to: ‘R_registerRoutines’, ‘R_useDynamicSymbols’
    
    It is good practice to register native routines and to disable symbol
    search.
    
    See ‘Writing portable packages’ in the ‘Writing R Extensions’ manual.
Flavors: r-devel-linux-x86_64-debian-clang, r-devel-linux-x86_64-debian-gcc, r-devel-linux-x86_64-fedora-clang, r-devel-linux-x86_64-fedora-gcc, r-patched-linux-x86_64, r-release-linux-x86_64