CRAN Package Check Results for Package describer

Last updated on 2022-08-16 15:50:13 CEST.

Flavor Version Tinstall Tcheck Ttotal Status Flags
r-devel-linux-x86_64-debian-clang 0.2.0 1.64 22.37 24.01 NOTE
r-devel-linux-x86_64-debian-gcc 0.2.0 1.61 17.71 19.32 NOTE
r-devel-linux-x86_64-fedora-clang 0.2.0 40.65 NOTE
r-devel-linux-x86_64-fedora-gcc 0.2.0 40.36 NOTE
r-devel-windows-x86_64 0.2.0 12.00 47.00 59.00 NOTE
r-patched-linux-x86_64 0.2.0 1.99 22.13 24.12 NOTE
r-release-linux-x86_64 0.2.0 1.81 22.03 23.84 NOTE
r-release-macos-arm64 0.2.0 15.00 NOTE
r-release-macos-x86_64 0.2.0 20.00 NOTE
r-release-windows-x86_64 0.2.0 11.00 48.00 59.00 NOTE
r-oldrel-macos-arm64 0.2.0 18.00 NOTE
r-oldrel-macos-x86_64 0.2.0 27.00 NOTE
r-oldrel-windows-ix86+x86_64 0.2.0 5.00 45.00 50.00 NOTE

Check Details

Version: 0.2.0
Check: LazyData
Result: NOTE
     'LazyData' is specified without a 'data' directory
Flavors: r-devel-linux-x86_64-debian-clang, r-devel-linux-x86_64-debian-gcc, r-devel-linux-x86_64-fedora-clang, r-devel-linux-x86_64-fedora-gcc, r-devel-windows-x86_64, r-patched-linux-x86_64, r-release-linux-x86_64, r-release-macos-arm64, r-release-macos-x86_64, r-release-windows-x86_64, r-oldrel-macos-arm64, r-oldrel-macos-x86_64, r-oldrel-windows-ix86+x86_64