CRAN Package Check Results for Package descstat

Last updated on 2021-04-14 08:48:15 CEST.

Flavor Version Tinstall Tcheck Ttotal Status Flags
r-devel-linux-x86_64-debian-clang 0.1-2 17.31 97.30 114.61 OK
r-devel-linux-x86_64-debian-gcc 0.1-2 14.34 74.25 88.59 OK
r-devel-linux-x86_64-fedora-clang 0.1-2 148.98 OK
r-devel-linux-x86_64-fedora-gcc 0.1-2 135.60 OK
r-devel-windows-ix86+x86_64 0.1-2 28.00 120.00 148.00 OK
r-devel-windows-x86_64-gcc10-UCRT 0.1-2 OK
r-patched-linux-x86_64 0.1-2 14.96 92.70 107.66 OK
r-patched-solaris-x86 0.1-2 212.60 OK
r-release-linux-x86_64 0.1-2 13.39 92.21 105.60 OK
r-release-macos-x86_64 0.1-2 OK
r-release-windows-ix86+x86_64 0.1-2 30.00 124.00 154.00 OK
r-oldrel-macos-x86_64 0.1-2 ERROR

Check Details

Version: 0.1-2
Check: whether package can be installed
Result: ERROR
    Installation failed.
Flavor: r-oldrel-macos-x86_64