CRAN Package Check Results for Package deseasonalize

Last updated on 2015-01-30 14:48:45.

Flavor Version Tinstall Tcheck Ttotal Status Flags
r-devel-linux-x86_64-debian-clang 1.35 0.88 14.40 15.27 NOTE
r-devel-linux-x86_64-debian-gcc 1.35 0.87 14.68 15.55 NOTE
r-devel-linux-x86_64-fedora-clang 1.35 32.75 NOTE
r-devel-linux-x86_64-fedora-gcc 1.35 33.80 NOTE
r-devel-osx-x86_64-clang 1.35 37.49 OK
r-devel-windows-ix86+x86_64 1.35 7.00 28.00 35.00 OK
r-patched-linux-x86_64 1.35 0.94 18.18 19.13 NOTE
r-patched-solaris-sparc 1.35 241.10 OK
r-patched-solaris-x86 1.35 51.60 OK
r-release-linux-ix86 1.35 1.52 25.04 26.56 OK
r-release-linux-x86_64 1.35 1.02 18.28 19.31 NOTE
r-release-osx-x86_64-mavericks 1.35 OK
r-release-osx-x86_64-snowleopard 1.35 ERROR
r-release-windows-ix86+x86_64 1.35 6.00 36.00 42.00 OK
r-oldrel-windows-ix86+x86_64 1.35 5.00 35.00 40.00 OK

Check Details

Version: 1.35
Check: Rd line widths
Result: NOTE
    Rd file 'ds.Rd':
     \usage lines wider than 90 characters:
     ds(z, Fm = 6, Fs = 6, type = c("daily", "monthly"), searchQ=TRUE, lag.max=20, ic=c("BIC","AIC"), standardizeQ=TRUE)
    
    These lines will be truncated in the PDF manual.
Flavors: r-devel-linux-x86_64-debian-clang, r-devel-linux-x86_64-debian-gcc, r-devel-linux-x86_64-fedora-clang, r-devel-linux-x86_64-fedora-gcc, r-patched-linux-x86_64, r-release-linux-x86_64

Version: 1.35
Check: whether package can be installed
Result: ERROR
    Installation failed.
Flavor: r-release-osx-x86_64-snowleopard