CRAN Package Check Results for Package deseasonalize

Last updated on 2017-11-23 00:47:05 CET.

Flavor Version Tinstall Tcheck Ttotal Status Flags
r-devel-linux-x86_64-debian-clang 1.35 2.26 46.59 48.85 NOTE
r-devel-linux-x86_64-debian-gcc 1.35 2.78 64.50 67.28 NOTE
r-devel-linux-x86_64-fedora-clang 1.35 54.71 NOTE
r-devel-linux-x86_64-fedora-gcc 1.35 97.06 NOTE
r-devel-windows-ix86+x86_64 1.35 8.00 63.00 71.00 NOTE
r-patched-linux-x86_64 1.35 2.63 31.42 34.04 NOTE
r-patched-solaris-x86 1.35 99.60 NOTE
r-release-linux-x86_64 1.35 2.80 30.98 33.77 NOTE
r-release-windows-ix86+x86_64 1.35 9.00 84.00 93.00 NOTE
r-release-osx-x86_64 1.35 NOTE
r-oldrel-windows-ix86+x86_64 1.35 9.00 85.00 94.00 NOTE
r-oldrel-osx-x86_64 1.35 NOTE

Check Details

Version: 1.35
Check: R code for possible problems
Result: NOTE
    ds: no visible global function definition for ‘is.ts’
    ds: no visible global function definition for ‘frequency’
    getds: no visible global function definition for ‘resid’
    getds: no visible global function definition for ‘lm.fit’
    getds: no visible global function definition for ‘sd’
    getds: no visible global function definition for ‘var’
    getds: no visible global function definition for ‘fitted’
    Undefined global functions or variables:
     fitted frequency is.ts lm.fit resid sd var
    Consider adding
     importFrom("stats", "fitted", "frequency", "is.ts", "lm.fit", "resid",
     "sd", "var")
    to your NAMESPACE file.
Flavors: r-devel-linux-x86_64-debian-clang, r-devel-linux-x86_64-debian-gcc, r-devel-linux-x86_64-fedora-clang, r-devel-linux-x86_64-fedora-gcc, r-devel-windows-ix86+x86_64, r-patched-linux-x86_64, r-patched-solaris-x86, r-release-linux-x86_64, r-release-windows-ix86+x86_64, r-release-osx-x86_64, r-oldrel-windows-ix86+x86_64, r-oldrel-osx-x86_64

Version: 1.35
Check: Rd line widths
Result: NOTE
    Rd file 'ds.Rd':
     \usage lines wider than 90 characters:
     ds(z, Fm = 6, Fs = 6, type = c("daily", "monthly"), searchQ=TRUE, lag.max=20, ic=c("BIC","AIC"), standardizeQ=TRUE)
    
    These lines will be truncated in the PDF manual.
Flavors: r-devel-linux-x86_64-debian-clang, r-devel-linux-x86_64-debian-gcc, r-devel-linux-x86_64-fedora-clang, r-devel-linux-x86_64-fedora-gcc, r-patched-linux-x86_64, r-release-linux-x86_64