CRAN Package Check Results for Package deseasonalize

Last updated on 2014-12-20 23:47:15.

Flavor Version Tinstall Tcheck Ttotal Status Flags
r-devel-linux-x86_64-debian-clang 1.35 1.00 17.70 18.71 NOTE
r-devel-linux-x86_64-debian-gcc 1.35 0.93 17.12 18.05 NOTE
r-devel-linux-x86_64-fedora-clang 1.35 39.16 NOTE
r-devel-linux-x86_64-fedora-gcc 1.35 34.49 NOTE
r-devel-osx-x86_64-clang 1.35 35.84 OK
r-devel-windows-ix86+x86_64 1.35 6.00 32.00 38.00 OK
r-patched-linux-x86_64 1.35 0.94 18.16 19.10 NOTE
r-patched-solaris-sparc 1.35 235.20 OK
r-patched-solaris-x86 1.35 51.70 OK
r-release-linux-ix86 1.35 1.35 24.68 26.03 OK
r-release-linux-x86_64 1.35 0.94 18.44 19.38 NOTE
r-release-osx-x86_64-mavericks 1.35 OK
r-release-osx-x86_64-snowleopard 1.35 ERROR
r-release-windows-ix86+x86_64 1.35 6.00 34.00 40.00 OK
r-oldrel-windows-ix86+x86_64 1.35 5.00 38.00 43.00 OK

Check Details

Version: 1.35
Check: Rd line widths
Result: NOTE
    Rd file 'ds.Rd':
     \usage lines wider than 90 characters:
     ds(z, Fm = 6, Fs = 6, type = c("daily", "monthly"), searchQ=TRUE, lag.max=20, ic=c("BIC","AIC"), standardizeQ=TRUE)
    
    These lines will be truncated in the PDF manual.
Flavors: r-devel-linux-x86_64-debian-clang, r-devel-linux-x86_64-debian-gcc, r-devel-linux-x86_64-fedora-clang, r-devel-linux-x86_64-fedora-gcc, r-patched-linux-x86_64, r-release-linux-x86_64

Version: 1.35
Check: whether package can be installed
Result: ERROR
    Installation failed.
Flavor: r-release-osx-x86_64-snowleopard