CRAN Package Check Results for Package deseasonalize

Last updated on 2015-03-27 05:47:40.

Flavor Version Tinstall Tcheck Ttotal Status Flags
r-devel-linux-x86_64-debian-clang 1.35 0.83 15.62 16.45 NOTE
r-devel-linux-x86_64-debian-gcc 1.35 1.02 14.28 15.30 NOTE
r-devel-linux-x86_64-fedora-clang 1.35 31.29 NOTE
r-devel-linux-x86_64-fedora-gcc 1.35 28.81 NOTE
r-devel-osx-x86_64-clang 1.35 34.57 OK
r-prerel-windows-ix86+x86_64 1.35 5.00 29.00 34.00 OK
r-prerel-linux-x86_64 1.35 0.77 14.30 15.07 NOTE
r-prerel-solaris-sparc 1.35 196.90 OK
r-prerel-solaris-x86 1.35 41.20 OK
r-release-linux-x86_64 1.35 1.35 18.26 19.61 NOTE
r-release-osx-x86_64-mavericks 1.35 OK
r-release-osx-x86_64-snowleopard 1.35 ERROR
r-release-windows-ix86+x86_64 1.35 5.00 33.00 38.00 OK
r-oldrel-windows-ix86+x86_64 1.35 6.00 37.00 43.00 OK

Check Details

Version: 1.35
Check: Rd line widths
Result: NOTE
    Rd file 'ds.Rd':
     \usage lines wider than 90 characters:
     ds(z, Fm = 6, Fs = 6, type = c("daily", "monthly"), searchQ=TRUE, lag.max=20, ic=c("BIC","AIC"), standardizeQ=TRUE)
    
    These lines will be truncated in the PDF manual.
Flavors: r-devel-linux-x86_64-debian-clang, r-devel-linux-x86_64-debian-gcc, r-devel-linux-x86_64-fedora-clang, r-devel-linux-x86_64-fedora-gcc, r-prerel-linux-x86_64, r-release-linux-x86_64

Version: 1.35
Check: whether package can be installed
Result: ERROR
    Installation failed.
Flavor: r-release-osx-x86_64-snowleopard