CRAN Package Check Results for Package deseasonalize

Last updated on 2014-07-23 13:47:49.

Flavor Version Tinstall Tcheck Ttotal Status Flags
r-devel-linux-x86_64-debian-clang 1.35 1.08 17.68 18.76 OK
r-devel-linux-x86_64-debian-gcc 1.35 0.90 17.31 18.20 OK
r-devel-linux-x86_64-fedora-clang 1.35 40.72 NOTE
r-devel-linux-x86_64-fedora-gcc 1.35 39.22 NOTE
r-devel-osx-x86_64-clang 1.35 39.42 OK
r-devel-windows-ix86+x86_64 1.35 4.00 29.00 33.00 OK
r-patched-linux-x86_64 1.35 0.99 17.65 18.64 OK
r-patched-solaris-sparc 1.35 230.90 OK
r-patched-solaris-x86 1.35 52.80 OK
r-release-linux-ix86 1.35 1.46 25.86 27.33 OK
r-release-linux-x86_64 1.35 0.96 18.53 19.49 OK
r-release-osx-x86_64-mavericks 1.35 OK
r-release-osx-x86_64-snowleopard 1.35 ERROR
r-release-windows-ix86+x86_64 1.35 5.00 30.00 35.00 OK
r-oldrel-windows-ix86+x86_64 1.35 5.00 32.00 37.00 OK

Check Details

Version: 1.35
Check: Rd line widths
Result: NOTE
    Rd file 'ds.Rd':
     \usage lines wider than 90 characters:
     ds(z, Fm = 6, Fs = 6, type = c("daily", "monthly"), searchQ=TRUE, lag.max=20, ic=c("BIC","AIC"), standardizeQ=TRUE)
    
    These lines will be truncated in the PDF manual.
Flavors: r-devel-linux-x86_64-fedora-clang, r-devel-linux-x86_64-fedora-gcc

Version: 1.35
Check: whether package can be installed
Result: ERROR
    Installation failed.
    See ‘/Volumes/XT3/Builds/R-dev-web/QA/Simon/packages/snowleopard-x86_64/results/3.1/deseasonalize.Rcheck/00install.out’ for details.
Flavor: r-release-osx-x86_64-snowleopard