CRAN Package Check Results for Package deseasonalize

Last updated on 2014-04-24 11:48:44.

Flavor Version Tinstall Tcheck Ttotal Status Flags
r-devel-linux-x86_64-debian-clang 1.35 0.99 20.24 21.23 OK
r-devel-linux-x86_64-debian-gcc 1.35 1.02 18.87 19.89 OK
r-devel-linux-x86_64-fedora-clang 1.35 40.54 NOTE
r-devel-linux-x86_64-fedora-gcc 1.35 38.40 NOTE
r-devel-osx-x86_64-clang 1.35 38.35 OK
r-devel-osx-x86_64-gcc 1.35 OK
r-devel-windows-ix86+x86_64 1.35 5.00 30.00 35.00 OK
r-patched-linux-x86_64 1.35 0.99 19.70 20.69 OK
r-patched-solaris-sparc 1.35 230.90 OK
r-patched-solaris-x86 1.35 53.50 OK
r-release-linux-ix86 1.35 2.00 37.00 39.00 OK
r-release-linux-x86_64 1.35 0.99 18.84 19.83 OK
r-release-osx-x86_64-mavericks 1.35 WARN
r-release-osx-x86_64-snowleopard 1.35 ERROR
r-release-windows-ix86+x86_64 1.35 5.00 32.00 37.00 OK
r-oldrel-windows-ix86+x86_64 1.35 5.00 32.00 37.00 OK

Check Details

Version: 1.35
Check: Rd line widths
Result: NOTE
    Rd file 'ds.Rd':
     \usage lines wider than 90 characters:
     ds(z, Fm = 6, Fs = 6, type = c("daily", "monthly"), searchQ=TRUE, lag.max=20, ic=c("BIC","AIC"), standardizeQ=TRUE)
    
    These lines will be truncated in the PDF manual.
Flavors: r-devel-linux-x86_64-fedora-clang, r-devel-linux-x86_64-fedora-gcc

Version: 1.35
Check: PDF version of manual
Result: WARNING
    LaTeX errors when creating PDF version.
    This typically indicates Rd problems.
    LaTeX errors found:
    ! LaTeX Error: File `upquote.sty' not found.
    
    Type X to quit or <RETURN> to proceed,
    or enter new name. (Default extension: sty)
    
    36a6d47c/Rd2.tex:8: ==> Fatal error occurred, no output PDF file produced!
Flavor: r-release-osx-x86_64-mavericks

Version: 1.35
Check: whether package can be installed
Result: ERROR
    Installation failed.
    See ‘/Volumes/XT3/Builds/R-dev-web/QA/Simon/packages/snowleopard-x86_64/results/3.1/deseasonalize.Rcheck/00install.out’ for details.
Flavor: r-release-osx-x86_64-snowleopard