CRAN Package Check Results for Package deseasonalize

Last updated on 2017-05-28 23:49:54.

Flavor Version Tinstall Tcheck Ttotal Status Flags
r-devel-linux-x86_64-debian-clang 1.35 2.72 32.39 35.11 NOTE
r-devel-linux-x86_64-debian-gcc 1.35 2.57 30.25 32.82 NOTE
r-devel-linux-x86_64-fedora-clang 1.35 72.50 NOTE
r-devel-linux-x86_64-fedora-gcc 1.35 69.06 NOTE
r-devel-windows-ix86+x86_64 1.35 8.00 75.00 83.00 NOTE
r-patched-linux-x86_64 1.35 2.78 33.46 36.24 NOTE
r-patched-solaris-sparc 1.35 429.40 NOTE
r-patched-solaris-x86 1.35 97.10 NOTE
r-release-linux-x86_64 1.35 2.52 31.94 34.46 NOTE
r-release-windows-ix86+x86_64 1.35 12.00 60.00 72.00 NOTE
r-release-osx-x86_64 1.35 NOTE
r-oldrel-windows-ix86+x86_64 1.35 10.00 55.00 65.00 NOTE
r-oldrel-osx-x86_64 1.35 NOTE

Check Details

Version: 1.35
Check: R code for possible problems
Result: NOTE
    ds: no visible global function definition for ‘is.ts’
    ds: no visible global function definition for ‘frequency’
    getds: no visible global function definition for ‘resid’
    getds: no visible global function definition for ‘lm.fit’
    getds: no visible global function definition for ‘sd’
    getds: no visible global function definition for ‘var’
    getds: no visible global function definition for ‘fitted’
    Undefined global functions or variables:
     fitted frequency is.ts lm.fit resid sd var
    Consider adding
     importFrom("stats", "fitted", "frequency", "is.ts", "lm.fit", "resid",
     "sd", "var")
    to your NAMESPACE file.
Flavors: r-devel-linux-x86_64-debian-clang, r-devel-linux-x86_64-debian-gcc, r-devel-linux-x86_64-fedora-clang, r-devel-linux-x86_64-fedora-gcc, r-devel-windows-ix86+x86_64, r-patched-linux-x86_64, r-patched-solaris-sparc, r-patched-solaris-x86, r-release-linux-x86_64, r-release-windows-ix86+x86_64, r-release-osx-x86_64, r-oldrel-windows-ix86+x86_64, r-oldrel-osx-x86_64

Version: 1.35
Check: Rd line widths
Result: NOTE
    Rd file 'ds.Rd':
     \usage lines wider than 90 characters:
     ds(z, Fm = 6, Fs = 6, type = c("daily", "monthly"), searchQ=TRUE, lag.max=20, ic=c("BIC","AIC"), standardizeQ=TRUE)
    
    These lines will be truncated in the PDF manual.
Flavors: r-devel-linux-x86_64-debian-clang, r-devel-linux-x86_64-debian-gcc, r-devel-linux-x86_64-fedora-clang, r-devel-linux-x86_64-fedora-gcc, r-patched-linux-x86_64, r-release-linux-x86_64