CRAN Package Check Results for Package deseasonalize

Last updated on 2014-09-21 03:48:59.

Flavor Version Tinstall Tcheck Ttotal Status Flags
r-devel-linux-x86_64-debian-clang 1.35 0.87 16.94 17.82 NOTE
r-devel-linux-x86_64-debian-gcc 1.35 0.85 16.50 17.36 NOTE
r-devel-linux-x86_64-fedora-clang 1.35 37.65 NOTE
r-devel-linux-x86_64-fedora-gcc 1.35 35.07 NOTE
r-devel-osx-x86_64-clang 1.35 38.57 OK
r-devel-windows-ix86+x86_64 1.35 4.00 33.00 37.00 OK
r-patched-linux-x86_64 1.35 0.91 17.78 18.70 NOTE
r-patched-solaris-sparc 1.35 235.20 OK
r-patched-solaris-x86 1.35 51.50 OK
r-release-linux-ix86 1.35 1.46 25.84 27.30 OK
r-release-linux-x86_64 1.35 0.95 18.49 19.44 NOTE
r-release-osx-x86_64-mavericks 1.35 OK
r-release-osx-x86_64-snowleopard 1.35 ERROR
r-release-windows-ix86+x86_64 1.35 5.00 32.00 37.00 OK
r-oldrel-windows-ix86+x86_64 1.35 6.00 32.00 38.00 OK

Check Details

Version: 1.35
Check: Rd line widths
Result: NOTE
    Rd file 'ds.Rd':
     \usage lines wider than 90 characters:
     ds(z, Fm = 6, Fs = 6, type = c("daily", "monthly"), searchQ=TRUE, lag.max=20, ic=c("BIC","AIC"), standardizeQ=TRUE)
    
    These lines will be truncated in the PDF manual.
Flavors: r-devel-linux-x86_64-debian-clang, r-devel-linux-x86_64-debian-gcc, r-devel-linux-x86_64-fedora-clang, r-devel-linux-x86_64-fedora-gcc, r-patched-linux-x86_64, r-release-linux-x86_64

Version: 1.35
Check: whether package can be installed
Result: ERROR
    Installation failed.
Flavor: r-release-osx-x86_64-snowleopard