CRAN Package Check Results for Package deseasonalize

Last updated on 2014-08-02 03:50:51.

Flavor Version Tinstall Tcheck Ttotal Status Flags
r-devel-linux-x86_64-debian-clang 1.35 0.90 17.71 18.61 OK
r-devel-linux-x86_64-debian-gcc 1.35 0.95 17.60 18.55 OK
r-devel-linux-x86_64-fedora-clang 1.35 39.01 NOTE
r-devel-linux-x86_64-fedora-gcc 1.35 36.61 NOTE
r-devel-osx-x86_64-clang 1.35 38.15 OK
r-devel-windows-ix86+x86_64 1.35 4.00 33.00 37.00 OK
r-patched-linux-x86_64 1.35 0.99 17.72 18.71 OK
r-patched-solaris-sparc 1.35 235.20 OK
r-patched-solaris-x86 1.35 52.70 OK
r-release-linux-ix86 1.35 1.46 25.54 27.00 OK
r-release-linux-x86_64 1.35 0.96 18.07 19.03 OK
r-release-osx-x86_64-mavericks 1.35 OK
r-release-osx-x86_64-snowleopard 1.35 ERROR
r-release-windows-ix86+x86_64 1.35 9.00 45.00 54.00 OK
r-oldrel-windows-ix86+x86_64 1.35 8.00 47.00 55.00 OK

Check Details

Version: 1.35
Check: Rd line widths
Result: NOTE
    Rd file 'ds.Rd':
     \usage lines wider than 90 characters:
     ds(z, Fm = 6, Fs = 6, type = c("daily", "monthly"), searchQ=TRUE, lag.max=20, ic=c("BIC","AIC"), standardizeQ=TRUE)
    
    These lines will be truncated in the PDF manual.
Flavors: r-devel-linux-x86_64-fedora-clang, r-devel-linux-x86_64-fedora-gcc

Version: 1.35
Check: whether package can be installed
Result: ERROR
    Installation failed.
Flavor: r-release-osx-x86_64-snowleopard