CRAN Package Check Results for Package deseasonalize

Last updated on 2018-04-21 05:48:44 CEST.

Flavor Version Tinstall Tcheck Ttotal Status Flags
r-devel-linux-x86_64-debian-clang 1.35 4.44 50.54 54.98 NOTE
r-devel-linux-x86_64-debian-gcc 1.35 3.65 39.21 42.86 NOTE
r-devel-linux-x86_64-fedora-clang 1.35 65.61 NOTE
r-devel-linux-x86_64-fedora-gcc 1.35 65.91 NOTE
r-devel-windows-ix86+x86_64 1.35 11.00 95.00 106.00 NOTE
r-devel-osx-x86_64 1.35 NOTE
r-patched-linux-x86_64 1.35 3.56 49.93 53.49 NOTE
r-patched-solaris-x86 1.35 99.80 NOTE
r-release-linux-x86_64 1.35 4.18 48.12 52.30 NOTE
r-release-windows-ix86+x86_64 1.35 10.00 86.00 96.00 NOTE
r-release-osx-x86_64 1.35 NOTE
r-oldrel-windows-ix86+x86_64 1.35 10.00 59.00 69.00 NOTE

Check Details

Version: 1.35
Check: R code for possible problems
Result: NOTE
    ds: no visible global function definition for ‘is.ts’
    ds: no visible global function definition for ‘frequency’
    getds: no visible global function definition for ‘resid’
    getds: no visible global function definition for ‘lm.fit’
    getds: no visible global function definition for ‘sd’
    getds: no visible global function definition for ‘var’
    getds: no visible global function definition for ‘fitted’
    Undefined global functions or variables:
     fitted frequency is.ts lm.fit resid sd var
    Consider adding
     importFrom("stats", "fitted", "frequency", "is.ts", "lm.fit", "resid",
     "sd", "var")
    to your NAMESPACE file.
Flavors: r-devel-linux-x86_64-debian-clang, r-devel-linux-x86_64-debian-gcc, r-devel-linux-x86_64-fedora-clang, r-devel-linux-x86_64-fedora-gcc, r-devel-windows-ix86+x86_64, r-devel-osx-x86_64, r-patched-linux-x86_64, r-patched-solaris-x86, r-release-linux-x86_64, r-release-windows-ix86+x86_64, r-release-osx-x86_64, r-oldrel-windows-ix86+x86_64

Version: 1.35
Check: Rd line widths
Result: NOTE
    Rd file 'ds.Rd':
     \usage lines wider than 90 characters:
     ds(z, Fm = 6, Fs = 6, type = c("daily", "monthly"), searchQ=TRUE, lag.max=20, ic=c("BIC","AIC"), standardizeQ=TRUE)
    
    These lines will be truncated in the PDF manual.
Flavors: r-devel-linux-x86_64-debian-clang, r-devel-linux-x86_64-debian-gcc, r-devel-linux-x86_64-fedora-clang, r-devel-linux-x86_64-fedora-gcc, r-patched-linux-x86_64, r-release-linux-x86_64