CRAN Package Check Results for Package deseasonalize

Last updated on 2015-05-23 11:51:18.

Flavor Version Tinstall Tcheck Ttotal Status Flags
r-devel-linux-x86_64-debian-clang 1.35 0.84 14.44 15.28 NOTE
r-devel-linux-x86_64-debian-gcc 1.35 0.77 14.34 15.12 NOTE
r-devel-linux-x86_64-fedora-clang 1.35 31.68 NOTE
r-devel-linux-x86_64-fedora-gcc 1.35 29.34 NOTE
r-devel-osx-x86_64-clang 1.35 31.76 OK
r-devel-windows-ix86+x86_64 1.35 4.00 29.00 33.00 OK
r-patched-linux-x86_64 1.35 0.76 17.36 18.13 NOTE
r-patched-solaris-sparc 1.35 225.00 OK
r-patched-solaris-x86 1.35 42.90 OK
r-release-linux-x86_64 1.35 0.78 14.48 15.26 NOTE
r-release-osx-x86_64-mavericks 1.35 OK
r-release-osx-x86_64-snowleopard 1.35 OK
r-release-windows-ix86+x86_64 1.35 4.00 29.00 33.00 OK
r-oldrel-windows-ix86+x86_64 1.35 5.00 54.00 59.00 OK

Check Details

Version: 1.35
Check: Rd line widths
Result: NOTE
    Rd file 'ds.Rd':
     \usage lines wider than 90 characters:
     ds(z, Fm = 6, Fs = 6, type = c("daily", "monthly"), searchQ=TRUE, lag.max=20, ic=c("BIC","AIC"), standardizeQ=TRUE)
    
    These lines will be truncated in the PDF manual.
Flavors: r-devel-linux-x86_64-debian-clang, r-devel-linux-x86_64-debian-gcc, r-devel-linux-x86_64-fedora-clang, r-devel-linux-x86_64-fedora-gcc, r-patched-linux-x86_64, r-release-linux-x86_64