CRAN Package Check Results for Package deseasonalize

Last updated on 2015-08-02 09:46:55.

Flavor Version Tinstall Tcheck Ttotal Status Flags
r-devel-linux-x86_64-debian-clang 1.35 0.84 14.36 15.20 NOTE
r-devel-linux-x86_64-debian-gcc 1.35 0.78 14.67 15.46 NOTE
r-devel-linux-x86_64-fedora-clang 1.35 30.30 NOTE
r-devel-linux-x86_64-fedora-gcc 1.35 28.39 NOTE
r-devel-osx-x86_64-clang 1.35 28.02 OK
r-devel-windows-ix86+x86_64 1.35 4.00 30.00 34.00 NOTE
r-patched-linux-x86_64 1.35 0.79 14.33 15.12 NOTE
r-patched-solaris-sparc 1.35 207.30 OK
r-patched-solaris-x86 1.35 42.70 OK
r-release-linux-x86_64 1.35 0.77 14.23 15.00 NOTE
r-release-osx-x86_64-mavericks 1.35 OK
r-release-windows-ix86+x86_64 1.35 6.00 51.00 57.00 OK
r-oldrel-windows-ix86+x86_64 1.35 8.00 37.00 45.00 OK

Check Details

Version: 1.35
Check: R code for possible problems
Result: NOTE
    ds: no visible global function definition for ‘is.ts’
    ds: no visible global function definition for ‘frequency’
    getds: no visible global function definition for ‘resid’
    getds: no visible global function definition for ‘lm.fit’
    getds: no visible global function definition for ‘sd’
    getds: no visible global function definition for ‘var’
    getds: no visible global function definition for ‘fitted’
    Undefined global functions or variables:
     fitted frequency is.ts lm.fit resid sd var
    Consider adding
     importFrom("stats", "fitted", "frequency", "is.ts", "lm.fit", "resid",
     "sd", "var")
    to your NAMESPACE.
Flavors: r-devel-linux-x86_64-debian-clang, r-devel-linux-x86_64-debian-gcc, r-devel-linux-x86_64-fedora-clang, r-devel-linux-x86_64-fedora-gcc, r-devel-windows-ix86+x86_64

Version: 1.35
Check: Rd line widths
Result: NOTE
    Rd file 'ds.Rd':
     \usage lines wider than 90 characters:
     ds(z, Fm = 6, Fs = 6, type = c("daily", "monthly"), searchQ=TRUE, lag.max=20, ic=c("BIC","AIC"), standardizeQ=TRUE)
    
    These lines will be truncated in the PDF manual.
Flavors: r-devel-linux-x86_64-debian-clang, r-devel-linux-x86_64-debian-gcc, r-devel-linux-x86_64-fedora-clang, r-devel-linux-x86_64-fedora-gcc, r-patched-linux-x86_64, r-release-linux-x86_64