CRAN Package Check Results for Package designGG

Last updated on 2015-04-21 03:49:24.

Flavor Version Tinstall Tcheck Ttotal Status Flags
r-devel-linux-x86_64-debian-clang 1.1 0.74 30.47 31.21 NOTE
r-devel-linux-x86_64-debian-gcc 1.1 1.02 29.60 30.62 NOTE
r-devel-linux-x86_64-fedora-clang 1.1 63.13 NOTE
r-devel-linux-x86_64-fedora-gcc 1.1 58.84 NOTE
r-devel-osx-x86_64-clang 1.1 57.39 NOTE
r-devel-windows-ix86+x86_64 1.1 3.00 70.00 73.00 NOTE
r-patched-linux-x86_64 1.1 0.73 30.15 30.88 NOTE
r-patched-solaris-sparc 1.1 394.10 NOTE
r-patched-solaris-x86 1.1 71.40 NOTE
r-release-linux-x86_64 1.1 0.72 29.84 30.56 NOTE
r-release-osx-x86_64-mavericks 1.1 NOTE
r-release-osx-x86_64-snowleopard 1.1 NOTE
r-release-windows-ix86+x86_64 1.1 2.00 59.00 61.00 NOTE
r-oldrel-windows-ix86+x86_64 1.1 4.00 48.00 52.00 OK

Check Details

Version: 1.1
Check: DESCRIPTION meta-information
Result: NOTE
    Malformed Title field: should not end in a period.
Flavors: r-devel-linux-x86_64-debian-clang, r-devel-linux-x86_64-debian-gcc, r-devel-linux-x86_64-fedora-clang, r-devel-linux-x86_64-fedora-gcc, r-devel-osx-x86_64-clang, r-devel-windows-ix86+x86_64, r-patched-linux-x86_64, r-patched-solaris-sparc, r-patched-solaris-x86, r-release-linux-x86_64, r-release-osx-x86_64-mavericks, r-release-osx-x86_64-snowleopard, r-release-windows-ix86+x86_64