CRAN Package Check Results for Package designGG

Last updated on 2015-06-29 23:46:47.

Flavor Version Tinstall Tcheck Ttotal Status Flags
r-devel-linux-x86_64-debian-clang 1.1 0.92 29.48 30.40 NOTE
r-devel-linux-x86_64-debian-gcc 1.1 0.70 29.27 29.97 NOTE
r-devel-linux-x86_64-fedora-clang 1.1 61.98 NOTE
r-devel-linux-x86_64-fedora-gcc 1.1 57.48 NOTE
r-devel-osx-x86_64-clang 1.1 56.74 NOTE
r-devel-windows-ix86+x86_64 1.1 5.00 47.00 52.00 NOTE
r-patched-linux-x86_64 1.1 0.80 29.93 30.73 NOTE
r-patched-solaris-sparc 1.1 407.60 NOTE
r-patched-solaris-x86 1.1 72.70 NOTE
r-release-linux-x86_64 1.1 0.74 29.82 30.56 NOTE
r-release-osx-x86_64-mavericks 1.1 NOTE
r-release-windows-ix86+x86_64 1.1 2.00 59.00 61.00 NOTE
r-oldrel-windows-ix86+x86_64 1.1 4.00 48.00 52.00 OK

Check Details

Version: 1.1
Check: DESCRIPTION meta-information
Result: NOTE
    Malformed Title field: should not end in a period.
Flavors: r-devel-linux-x86_64-debian-clang, r-devel-linux-x86_64-debian-gcc, r-devel-linux-x86_64-fedora-clang, r-devel-linux-x86_64-fedora-gcc, r-devel-osx-x86_64-clang, r-devel-windows-ix86+x86_64, r-patched-linux-x86_64, r-patched-solaris-sparc, r-patched-solaris-x86, r-release-linux-x86_64, r-release-osx-x86_64-mavericks, r-release-windows-ix86+x86_64

Version: 1.1
Check: R code for possible problems
Result: NOTE
    arrayUpdate : pairUpdate: no visible global function definition for
     ‘runif’
    conditionUpdate: no visible global function definition for ‘runif’
    designGG: no visible global function definition for ‘runif’
    experimentDesignTable: no visible global function definition for
     ‘write.csv’
    plotAllScores: no visible global function definition for ‘png’
    plotAllScores: no visible global function definition for ‘par’
    plotAllScores: no visible global function definition for ‘plot’
    plotAllScores: no visible global function definition for ‘text’
    plotAllScores: no visible global function definition for ‘dev.off’
Flavors: r-devel-linux-x86_64-debian-clang, r-devel-linux-x86_64-debian-gcc