CRAN Package Check Results for Package designGG

Last updated on 2017-06-28 10:48:09.

Flavor Version Tinstall Tcheck Ttotal Status Flags
r-devel-linux-x86_64-debian-clang 1.1 0.84 33.94 34.78 NOTE
r-devel-linux-x86_64-debian-gcc 1.1 0.84 33.88 34.72 NOTE
r-devel-linux-x86_64-fedora-clang 1.1 61.02 NOTE
r-devel-linux-x86_64-fedora-gcc 1.1 60.15 NOTE
r-devel-windows-ix86+x86_64 1.1 4.00 75.00 79.00 NOTE
r-patched-linux-x86_64 1.1 0.88 33.32 34.19 NOTE
r-patched-solaris-sparc 1.1 396.80 NOTE
r-patched-solaris-x86 1.1 70.80 NOTE
r-release-linux-x86_64 1.1 0.85 33.11 33.96 NOTE
r-release-windows-ix86+x86_64 1.1 3.00 59.00 62.00 NOTE
r-release-osx-x86_64 1.1 NOTE
r-oldrel-windows-ix86+x86_64 1.1 3.00 58.00 61.00 NOTE
r-oldrel-osx-x86_64 1.1 NOTE

Check Details

Version: 1.1
Check: DESCRIPTION meta-information
Result: NOTE
    Malformed Title field: should not end in a period.
Flavors: r-devel-linux-x86_64-debian-clang, r-devel-linux-x86_64-debian-gcc, r-devel-linux-x86_64-fedora-clang, r-devel-linux-x86_64-fedora-gcc, r-devel-windows-ix86+x86_64, r-patched-linux-x86_64, r-patched-solaris-sparc, r-patched-solaris-x86, r-release-linux-x86_64, r-release-windows-ix86+x86_64, r-release-osx-x86_64, r-oldrel-windows-ix86+x86_64, r-oldrel-osx-x86_64

Version: 1.1
Check: R code for possible problems
Result: NOTE
    arrayUpdate : pairUpdate: no visible global function definition for
     ‘runif’
    conditionUpdate: no visible global function definition for ‘runif’
    designGG: no visible global function definition for ‘runif’
    experimentDesignTable: no visible global function definition for
     ‘write.csv’
    plotAllScores: no visible global function definition for ‘png’
    plotAllScores: no visible global function definition for ‘par’
    plotAllScores: no visible global function definition for ‘plot’
    plotAllScores: no visible global function definition for ‘text’
    plotAllScores: no visible global function definition for ‘dev.off’
    Undefined global functions or variables:
     dev.off par plot png runif text write.csv
    Consider adding
     importFrom("grDevices", "dev.off", "png")
     importFrom("graphics", "par", "plot", "text")
     importFrom("stats", "runif")
     importFrom("utils", "write.csv")
    to your NAMESPACE file.
Flavors: r-devel-linux-x86_64-debian-clang, r-devel-linux-x86_64-debian-gcc, r-devel-linux-x86_64-fedora-clang, r-devel-linux-x86_64-fedora-gcc, r-devel-windows-ix86+x86_64, r-patched-linux-x86_64, r-patched-solaris-sparc, r-patched-solaris-x86, r-release-linux-x86_64, r-release-windows-ix86+x86_64, r-release-osx-x86_64, r-oldrel-windows-ix86+x86_64, r-oldrel-osx-x86_64