CRAN Package Check Results for Package designGG

Last updated on 2015-08-04 16:48:23.

Flavor Version Tinstall Tcheck Ttotal Status Flags
r-devel-linux-x86_64-debian-clang 1.1 0.70 29.09 29.78 NOTE
r-devel-linux-x86_64-debian-gcc 1.1 0.73 28.79 29.52 NOTE
r-devel-linux-x86_64-fedora-clang 1.1 63.28 NOTE
r-devel-linux-x86_64-fedora-gcc 1.1 59.43 NOTE
r-devel-osx-x86_64-clang 1.1 52.27 NOTE
r-devel-windows-ix86+x86_64 1.1 3.00 50.00 53.00 NOTE
r-patched-linux-x86_64 1.1 0.72 29.00 29.72 NOTE
r-patched-solaris-sparc 1.1 408.50 NOTE
r-patched-solaris-x86 1.1 73.50 NOTE
r-release-linux-x86_64 1.1 0.76 30.02 30.78 NOTE
r-release-osx-x86_64-mavericks 1.1 NOTE
r-release-windows-ix86+x86_64 1.1 3.00 50.00 53.00 NOTE
r-oldrel-windows-ix86+x86_64 1.1 4.00 48.00 52.00 OK

Check Details

Version: 1.1
Check: DESCRIPTION meta-information
Result: NOTE
    Malformed Title field: should not end in a period.
Flavors: r-devel-linux-x86_64-debian-clang, r-devel-linux-x86_64-debian-gcc, r-devel-linux-x86_64-fedora-clang, r-devel-linux-x86_64-fedora-gcc, r-devel-osx-x86_64-clang, r-devel-windows-ix86+x86_64, r-patched-linux-x86_64, r-patched-solaris-sparc, r-patched-solaris-x86, r-release-linux-x86_64, r-release-osx-x86_64-mavericks, r-release-windows-ix86+x86_64

Version: 1.1
Check: R code for possible problems
Result: NOTE
    arrayUpdate : pairUpdate: no visible global function definition for
     ‘runif’
    conditionUpdate: no visible global function definition for ‘runif’
    designGG: no visible global function definition for ‘runif’
    experimentDesignTable: no visible global function definition for
     ‘write.csv’
    plotAllScores: no visible global function definition for ‘png’
    plotAllScores: no visible global function definition for ‘par’
    plotAllScores: no visible global function definition for ‘plot’
    plotAllScores: no visible global function definition for ‘text’
    plotAllScores: no visible global function definition for ‘dev.off’
    Undefined global functions or variables:
     dev.off par plot png runif text write.csv
    Consider adding
     importFrom("grDevices", "dev.off", "png")
     importFrom("graphics", "par", "plot", "text")
     importFrom("stats", "runif")
     importFrom("utils", "write.csv")
    to your NAMESPACE.
Flavors: r-devel-linux-x86_64-debian-clang, r-devel-linux-x86_64-debian-gcc, r-devel-linux-x86_64-fedora-clang, r-devel-linux-x86_64-fedora-gcc, r-devel-windows-ix86+x86_64