CRAN Package Check Results for Package designGG

Last updated on 2017-02-25 16:48:07.

Flavor Version Tinstall Tcheck Ttotal Status Flags
r-devel-linux-x86_64-debian-clang 1.1 0.85 32.46 33.32 NOTE
r-devel-linux-x86_64-debian-gcc 1.1 0.84 33.04 33.88 NOTE
r-devel-linux-x86_64-fedora-clang 1.1 62.35 NOTE --no-stop-on-test-error
r-devel-linux-x86_64-fedora-gcc 1.1 59.86 NOTE --no-stop-on-test-error
r-devel-macos-x86_64-clang 1.1 49.25 NOTE --no-stop-on-test-error
r-devel-windows-ix86+x86_64 1.1 3.00 75.00 78.00 NOTE
r-patched-linux-x86_64 1.1 0.73 33.21 33.94 NOTE
r-patched-solaris-sparc 1.1 407.40 NOTE
r-patched-solaris-x86 1.1 66.80 NOTE
r-release-linux-x86_64 1.1 0.80 31.76 32.56 NOTE
r-release-osx-x86_64-mavericks 1.1 NOTE
r-release-windows-ix86+x86_64 1.1 3.00 58.00 61.00 NOTE
r-oldrel-windows-ix86+x86_64 1.1 3.00 52.00 55.00 NOTE

Check Details

Version: 1.1
Check: DESCRIPTION meta-information
Result: NOTE
    Malformed Title field: should not end in a period.
Flavors: r-devel-linux-x86_64-debian-clang, r-devel-linux-x86_64-debian-gcc, r-devel-windows-ix86+x86_64, r-patched-linux-x86_64, r-patched-solaris-sparc, r-patched-solaris-x86, r-release-linux-x86_64, r-release-osx-x86_64-mavericks, r-release-windows-ix86+x86_64, r-oldrel-windows-ix86+x86_64

Version: 1.1
Check: R code for possible problems
Result: NOTE
    arrayUpdate : pairUpdate: no visible global function definition for
     ‘runif’
    conditionUpdate: no visible global function definition for ‘runif’
    designGG: no visible global function definition for ‘runif’
    experimentDesignTable: no visible global function definition for
     ‘write.csv’
    plotAllScores: no visible global function definition for ‘png’
    plotAllScores: no visible global function definition for ‘par’
    plotAllScores: no visible global function definition for ‘plot’
    plotAllScores: no visible global function definition for ‘text’
    plotAllScores: no visible global function definition for ‘dev.off’
    Undefined global functions or variables:
     dev.off par plot png runif text write.csv
    Consider adding
     importFrom("grDevices", "dev.off", "png")
     importFrom("graphics", "par", "plot", "text")
     importFrom("stats", "runif")
     importFrom("utils", "write.csv")
    to your NAMESPACE file.
Flavors: r-devel-linux-x86_64-debian-clang, r-devel-linux-x86_64-debian-gcc, r-devel-windows-ix86+x86_64, r-patched-linux-x86_64, r-patched-solaris-sparc, r-patched-solaris-x86, r-release-linux-x86_64, r-release-osx-x86_64-mavericks, r-release-windows-ix86+x86_64

Version: 1.1
Flags: --no-stop-on-test-error
Check: DESCRIPTION meta-information
Result: NOTE
    Malformed Title field: should not end in a period.
Flavors: r-devel-linux-x86_64-fedora-clang, r-devel-linux-x86_64-fedora-gcc, r-devel-macos-x86_64-clang

Version: 1.1
Flags: --no-stop-on-test-error
Check: R code for possible problems
Result: NOTE
    arrayUpdate : pairUpdate: no visible global function definition for
     ‘runif’
    conditionUpdate: no visible global function definition for ‘runif’
    designGG: no visible global function definition for ‘runif’
    experimentDesignTable: no visible global function definition for
     ‘write.csv’
    plotAllScores: no visible global function definition for ‘png’
    plotAllScores: no visible global function definition for ‘par’
    plotAllScores: no visible global function definition for ‘plot’
    plotAllScores: no visible global function definition for ‘text’
    plotAllScores: no visible global function definition for ‘dev.off’
    Undefined global functions or variables:
     dev.off par plot png runif text write.csv
    Consider adding
     importFrom("grDevices", "dev.off", "png")
     importFrom("graphics", "par", "plot", "text")
     importFrom("stats", "runif")
     importFrom("utils", "write.csv")
    to your NAMESPACE file.
Flavors: r-devel-linux-x86_64-fedora-clang, r-devel-linux-x86_64-fedora-gcc, r-devel-macos-x86_64-clang