CRAN Package Check Results for Package designGG

Last updated on 2015-09-03 19:47:08.

Flavor Version Tinstall Tcheck Ttotal Status Flags
r-devel-linux-x86_64-debian-clang 1.1 0.66 29.65 30.31 NOTE
r-devel-linux-x86_64-debian-gcc 1.1 0.65 28.50 29.15 NOTE
r-devel-linux-x86_64-fedora-clang 1.1 61.26 NOTE
r-devel-linux-x86_64-fedora-gcc 1.1 58.75 NOTE
r-devel-osx-x86_64-clang 1.1 52.60 NOTE
r-devel-windows-ix86+x86_64 1.1 3.00 74.00 77.00 NOTE
r-patched-linux-x86_64 1.1 1.00 29.42 30.42 NOTE
r-patched-solaris-sparc 1.1 408.50 NOTE
r-patched-solaris-x86 1.1 73.60 NOTE
r-release-linux-x86_64 1.1 1.05 29.89 30.94 NOTE
r-release-osx-x86_64-mavericks 1.1 NOTE
r-release-windows-ix86+x86_64 1.1 3.00 68.00 71.00 NOTE
r-oldrel-windows-ix86+x86_64 1.1 4.00 48.00 52.00 OK

Check Details

Version: 1.1
Check: DESCRIPTION meta-information
Result: NOTE
    Malformed Title field: should not end in a period.
Flavors: r-devel-linux-x86_64-debian-clang, r-devel-linux-x86_64-debian-gcc, r-devel-linux-x86_64-fedora-clang, r-devel-linux-x86_64-fedora-gcc, r-devel-osx-x86_64-clang, r-devel-windows-ix86+x86_64, r-patched-linux-x86_64, r-patched-solaris-sparc, r-patched-solaris-x86, r-release-linux-x86_64, r-release-osx-x86_64-mavericks, r-release-windows-ix86+x86_64

Version: 1.1
Check: R code for possible problems
Result: NOTE
    arrayUpdate : pairUpdate: no visible global function definition for
     ‘runif’
    conditionUpdate: no visible global function definition for ‘runif’
    designGG: no visible global function definition for ‘runif’
    experimentDesignTable: no visible global function definition for
     ‘write.csv’
    plotAllScores: no visible global function definition for ‘png’
    plotAllScores: no visible global function definition for ‘par’
    plotAllScores: no visible global function definition for ‘plot’
    plotAllScores: no visible global function definition for ‘text’
    plotAllScores: no visible global function definition for ‘dev.off’
    Undefined global functions or variables:
     dev.off par plot png runif text write.csv
    Consider adding
     importFrom("grDevices", "dev.off", "png")
     importFrom("graphics", "par", "plot", "text")
     importFrom("stats", "runif")
     importFrom("utils", "write.csv")
    to your NAMESPACE.
Flavors: r-devel-linux-x86_64-debian-clang, r-devel-linux-x86_64-debian-gcc, r-devel-linux-x86_64-fedora-clang, r-devel-linux-x86_64-fedora-gcc, r-devel-windows-ix86+x86_64