CRAN Package Check Results for Package designGG

Last updated on 2015-03-31 17:49:53.

Flavor Version Tinstall Tcheck Ttotal Status Flags
r-devel-linux-x86_64-debian-clang 1.1 0.84 31.32 32.16 NOTE
r-devel-linux-x86_64-debian-gcc 1.1 0.77 29.32 30.09 NOTE
r-devel-linux-x86_64-fedora-clang 1.1 65.15 NOTE
r-devel-linux-x86_64-fedora-gcc 1.1 61.11 NOTE
r-devel-osx-x86_64-clang 1.1 66.89 NOTE
r-prerel-windows-ix86+x86_64 1.1 5.00 43.00 48.00 NOTE
r-prerel-linux-x86_64 1.1 0.73 29.84 30.56 NOTE
r-prerel-solaris-sparc 1.1 394.10 NOTE
r-prerel-solaris-x86 1.1 71.80 NOTE
r-release-linux-x86_64 1.1 0.77 32.23 33.00 OK
r-release-osx-x86_64-mavericks 1.1 OK
r-release-windows-ix86+x86_64 1.1 4.00 48.00 52.00 OK
r-oldrel-windows-ix86+x86_64 1.1 2.00 53.00 55.00 OK

Check Details

Version: 1.1
Check: DESCRIPTION meta-information
Result: NOTE
    Malformed Title field: should not end in a period.
Flavors: r-devel-linux-x86_64-debian-clang, r-devel-linux-x86_64-debian-gcc, r-devel-linux-x86_64-fedora-clang, r-devel-linux-x86_64-fedora-gcc, r-devel-osx-x86_64-clang, r-prerel-windows-ix86+x86_64, r-prerel-linux-x86_64, r-prerel-solaris-sparc, r-prerel-solaris-x86