CRAN Package Check Results for Package designr

Last updated on 2020-09-19 07:52:12 CEST.

Flavor Version Tinstall Tcheck Ttotal Status Flags
r-devel-linux-x86_64-debian-clang 0.1.10 4.39 34.36 38.75 OK
r-devel-linux-x86_64-debian-gcc 0.1.10 4.09 26.91 31.00 OK
r-devel-linux-x86_64-fedora-clang 0.1.10 57.45 NOTE
r-devel-linux-x86_64-fedora-gcc 0.1.10 48.28 NOTE
r-devel-windows-ix86+x86_64 0.1.10 14.00 68.00 82.00 OK
r-patched-linux-x86_64 0.1.10 4.56 34.22 38.78 OK
r-patched-solaris-x86 0.1.10 70.10 NOTE
r-release-linux-x86_64 0.1.10 4.20 34.18 38.38 OK
r-release-macos-x86_64 0.1.10 NOTE
r-release-windows-ix86+x86_64 0.1.10 13.00 58.00 71.00 OK
r-oldrel-macos-x86_64 0.1.10 NOTE
r-oldrel-windows-ix86+x86_64 0.1.10 6.00 52.00 58.00 OK

Check Details

Version: 0.1.10
Check: dependencies in R code
Result: NOTE
    Namespace in Imports field not imported from: ‘MASS’
     All declared Imports should be used.
Flavors: r-devel-linux-x86_64-fedora-clang, r-devel-linux-x86_64-fedora-gcc, r-patched-solaris-x86, r-release-macos-x86_64, r-oldrel-macos-x86_64