CRAN Package Check Results for Package desirability

Last updated on 2014-04-23 17:47:42.

Flavor Version Tinstall Tcheck Ttotal Status Flags
r-devel-linux-x86_64-debian-clang 1.6 0.55 24.18 24.74 OK
r-devel-linux-x86_64-debian-gcc 1.6 0.54 23.94 24.48 OK
r-devel-linux-x86_64-fedora-clang 1.6 51.76 OK
r-devel-linux-x86_64-fedora-gcc 1.6 51.42 OK
r-devel-osx-x86_64-clang 1.6 44.32 OK
r-devel-osx-x86_64-gcc 1.6 OK
r-devel-windows-ix86+x86_64 1.6 2.00 36.00 38.00 OK
r-patched-linux-x86_64 1.6 0.57 24.29 24.86 OK
r-patched-solaris-sparc 1.6 270.90 OK
r-patched-solaris-x86 1.6 60.20 OK
r-release-linux-ix86 1.6 1.00 42.00 43.00 OK
r-release-linux-x86_64 1.6 0.56 24.26 24.82 OK
r-release-osx-x86_64-mavericks 1.6 WARN
r-release-osx-x86_64-snowleopard 1.6 OK
r-release-windows-ix86+x86_64 1.6 2.00 37.00 39.00 OK
r-oldrel-windows-ix86+x86_64 1.6 2.00 39.00 41.00 OK

Check Details

Version: 1.6
Check: re-building of vignette outputs
Result: NOTE
    Error in re-building vignettes:
     ...
    Error in texi2dvi(file = file, pdf = TRUE, clean = clean, quiet = quiet, :
     Running 'texi2dvi' on 'desirability.tex' failed.
    LaTeX errors:
    ! LaTeX Error: File `lastpage.sty' not found.
    
    Type X to quit or <RETURN> to proceed,
    or enter new name. (Default extension: sty)
    
    /vign_test/desirability/vignettes/desirability.tex:13: ==> Fatal error occurre
    d, no output PDF file produced!
    Calls: buildVignettes -> texi2pdf -> texi2dvi
    Execution halted
Flavor: r-release-osx-x86_64-mavericks

Version: 1.6
Check: PDF version of manual
Result: WARNING
    LaTeX errors when creating PDF version.
    This typically indicates Rd problems.
    LaTeX errors found:
    ! LaTeX Error: File `upquote.sty' not found.
    
    Type X to quit or <RETURN> to proceed,
    or enter new name. (Default extension: sty)
    
    5eedc787/Rd2.tex:8: ==> Fatal error occurred, no output PDF file produced!
Flavor: r-release-osx-x86_64-mavericks