CRAN Package Check Results for Package desirability

Last updated on 2016-07-01 03:46:48.

Flavor Version Tinstall Tcheck Ttotal Status Flags
r-devel-linux-x86_64-debian-gcc 1.9 0.68 19.30 19.99 NOTE
r-devel-linux-x86_64-fedora-clang 1.9 31.49 NOTE
r-devel-linux-x86_64-fedora-gcc 1.9 30.01 NOTE
r-devel-osx-x86_64-clang 1.9 27.33 NOTE
r-devel-windows-ix86+x86_64 1.9 2.00 58.00 60.00 NOTE
r-patched-linux-x86_64 1.9 0.77 19.15 19.91 NOTE
r-patched-solaris-sparc 1.9 187.90 NOTE
r-patched-solaris-x86 1.9 38.40 NOTE
r-release-linux-x86_64 1.9 0.57 18.11 18.68 NOTE
r-release-osx-x86_64-mavericks 1.9 NOTE
r-release-windows-ix86+x86_64 1.9 4.00 45.00 49.00 NOTE
r-oldrel-windows-ix86+x86_64 1.9 4.00 64.00 68.00 OK

Check Details

Version: 1.9
Check: R code for possible problems
Result: NOTE
    plot.dArb: no visible global function definition for ‘extendrange’
    plot.dArb: no visible global function definition for ‘plot’
    plot.dArb: no visible global function definition for ‘predict’
    plot.dArb: no visible global function definition for ‘points’
    plot.dArb: no visible global function definition for ‘abline’
    plot.dBox: no visible global function definition for ‘extendrange’
    plot.dBox: no visible global function definition for ‘plot’
    plot.dBox: no visible global function definition for ‘segments’
    plot.dBox: no visible global function definition for ‘abline’
    plot.dCategorical: no visible global function definition for ‘barplot’
    plot.dCategorical: no visible global function definition for ‘abline’
    plot.dMax: no visible global function definition for ‘extendrange’
    plot.dMax: no visible global function definition for ‘plot’
    plot.dMax: no visible global function definition for ‘segments’
    plot.dMax: no visible global function definition for ‘points’
    plot.dMax: no visible global function definition for ‘abline’
    plot.dMin: no visible global function definition for ‘extendrange’
    plot.dMin: no visible global function definition for ‘plot’
    plot.dMin: no visible global function definition for ‘segments’
    plot.dMin: no visible global function definition for ‘points’
    plot.dMin: no visible global function definition for ‘abline’
    plot.dTarget: no visible global function definition for ‘extendrange’
    plot.dTarget: no visible global function definition for ‘plot’
    plot.dTarget: no visible global function definition for ‘segments’
    plot.dTarget: no visible global function definition for ‘points’
    plot.dTarget: no visible global function definition for ‘abline’
    predict.dArb : <anonymous>: no visible global function definition for
     ‘approx’
    predict.dOverall: no visible global function definition for ‘predict’
    Undefined global functions or variables:
     abline approx barplot extendrange plot points predict segments
    Consider adding
     importFrom("grDevices", "extendrange")
     importFrom("graphics", "abline", "barplot", "plot", "points",
     "segments")
     importFrom("stats", "approx", "predict")
    to your NAMESPACE file.
Flavors: r-devel-linux-x86_64-debian-gcc, r-devel-linux-x86_64-fedora-clang, r-devel-linux-x86_64-fedora-gcc, r-devel-osx-x86_64-clang, r-devel-windows-ix86+x86_64, r-patched-linux-x86_64, r-patched-solaris-sparc, r-patched-solaris-x86, r-release-linux-x86_64, r-release-osx-x86_64-mavericks, r-release-windows-ix86+x86_64