CRAN Package Check Results for Package desirability

Last updated on 2016-02-08 02:47:17.

Flavor Version Tinstall Tcheck Ttotal Status Flags
r-devel-linux-x86_64-debian-gcc 1.9 0.66 16.19 16.85 NOTE
r-devel-linux-x86_64-fedora-clang 1.9 30.65 NOTE
r-devel-linux-x86_64-fedora-gcc 1.9 30.59 NOTE
r-devel-osx-x86_64-clang 1.9 35.87 NOTE
r-devel-windows-ix86+x86_64 1.9 3.00 34.00 37.00 NOTE
r-patched-linux-x86_64 1.9 0.62 21.90 22.52 OK
r-patched-solaris-sparc 1.9 249.80 OK
r-patched-solaris-x86 1.9 49.70 OK
r-release-linux-x86_64 1.9 0.68 21.75 22.43 OK
r-release-osx-x86_64-mavericks 1.9 OK
r-release-windows-ix86+x86_64 1.9 3.00 43.00 46.00 OK
r-oldrel-windows-ix86+x86_64 1.9 4.00 58.00 62.00 OK

Check Details

Version: 1.9
Check: R code for possible problems
Result: NOTE
    plot.dArb: no visible global function definition for ‘extendrange’
    plot.dArb: no visible global function definition for ‘plot’
    plot.dArb: no visible global function definition for ‘predict’
    plot.dArb: no visible global function definition for ‘points’
    plot.dArb: no visible global function definition for ‘abline’
    plot.dBox: no visible global function definition for ‘extendrange’
    plot.dBox: no visible global function definition for ‘plot’
    plot.dBox: no visible global function definition for ‘segments’
    plot.dBox: no visible global function definition for ‘abline’
    plot.dCategorical: no visible global function definition for ‘barplot’
    plot.dCategorical: no visible global function definition for ‘abline’
    plot.dMax: no visible global function definition for ‘extendrange’
    plot.dMax: no visible global function definition for ‘plot’
    plot.dMax: no visible global function definition for ‘segments’
    plot.dMax: no visible global function definition for ‘points’
    plot.dMax: no visible global function definition for ‘abline’
    plot.dMin: no visible global function definition for ‘extendrange’
    plot.dMin: no visible global function definition for ‘plot’
    plot.dMin: no visible global function definition for ‘segments’
    plot.dMin: no visible global function definition for ‘points’
    plot.dMin: no visible global function definition for ‘abline’
    plot.dTarget: no visible global function definition for ‘extendrange’
    plot.dTarget: no visible global function definition for ‘plot’
    plot.dTarget: no visible global function definition for ‘segments’
    plot.dTarget: no visible global function definition for ‘points’
    plot.dTarget: no visible global function definition for ‘abline’
    predict.dArb : <anonymous>: no visible global function definition for
     ‘approx’
    predict.dOverall: no visible global function definition for ‘predict’
    Undefined global functions or variables:
     abline approx barplot extendrange plot points predict segments
    Consider adding
     importFrom("grDevices", "extendrange")
     importFrom("graphics", "abline", "barplot", "plot", "points",
     "segments")
     importFrom("stats", "approx", "predict")
    to your NAMESPACE file.
Flavors: r-devel-linux-x86_64-debian-gcc, r-devel-linux-x86_64-fedora-clang, r-devel-linux-x86_64-fedora-gcc, r-devel-osx-x86_64-clang, r-devel-windows-ix86+x86_64