CRAN Package Check Results for Package desirability

Last updated on 2015-07-07 15:46:26.

Flavor Version Tinstall Tcheck Ttotal Status Flags
r-devel-linux-x86_64-debian-clang 1.9 0.52 21.36 21.88 NOTE
r-devel-linux-x86_64-debian-gcc 1.9 0.57 21.50 22.06 NOTE
r-devel-linux-x86_64-fedora-clang 1.9 43.93 NOTE
r-devel-linux-x86_64-fedora-gcc 1.9 43.55 NOTE
r-devel-osx-x86_64-clang 1.9 38.58 OK
r-devel-windows-ix86+x86_64 1.9 5.00 56.00 61.00 NOTE
r-patched-linux-x86_64 1.9 0.52 21.67 22.19 OK
r-patched-solaris-sparc 1.9 269.60 OK
r-patched-solaris-x86 1.9 54.60 OK
r-release-linux-x86_64 1.9 0.52 21.51 22.03 OK
r-release-osx-x86_64-mavericks 1.9 OK
r-release-windows-ix86+x86_64 1.9 3.00 61.00 64.00 OK
r-oldrel-windows-ix86+x86_64 1.9 2.00 61.00 63.00 OK

Check Details

Version: 1.9
Check: R code for possible problems
Result: NOTE
    plot.dArb: no visible global function definition for ‘extendrange’
    plot.dArb: no visible global function definition for ‘plot’
    plot.dArb: no visible global function definition for ‘predict’
    plot.dArb: no visible global function definition for ‘points’
    plot.dArb: no visible global function definition for ‘abline’
    plot.dBox: no visible global function definition for ‘extendrange’
    plot.dBox: no visible global function definition for ‘plot’
    plot.dBox: no visible global function definition for ‘segments’
    plot.dBox: no visible global function definition for ‘abline’
    plot.dCategorical: no visible global function definition for ‘barplot’
    plot.dCategorical: no visible global function definition for ‘abline’
    plot.dMax: no visible global function definition for ‘extendrange’
    plot.dMax: no visible global function definition for ‘plot’
    plot.dMax: no visible global function definition for ‘segments’
    plot.dMax: no visible global function definition for ‘points’
    plot.dMax: no visible global function definition for ‘abline’
    plot.dMin: no visible global function definition for ‘extendrange’
    plot.dMin: no visible global function definition for ‘plot’
    plot.dMin: no visible global function definition for ‘segments’
    plot.dMin: no visible global function definition for ‘points’
    plot.dMin: no visible global function definition for ‘abline’
    plot.dTarget: no visible global function definition for ‘extendrange’
    plot.dTarget: no visible global function definition for ‘plot’
    plot.dTarget: no visible global function definition for ‘segments’
    plot.dTarget: no visible global function definition for ‘points’
    plot.dTarget: no visible global function definition for ‘abline’
    predict.dArb : <anonymous>: no visible global function definition for
     ‘approx’
    predict.dOverall: no visible global function definition for ‘predict’
    Undefined global functions or variables:
     abline approx barplot extendrange plot points predict segments
Flavors: r-devel-linux-x86_64-debian-clang, r-devel-linux-x86_64-debian-gcc, r-devel-linux-x86_64-fedora-clang, r-devel-linux-x86_64-fedora-gcc, r-devel-windows-ix86+x86_64