CRAN Package Check Results for Package desirability

Last updated on 2017-06-27 16:46:43.

Flavor Version Tinstall Tcheck Ttotal Status Flags
r-devel-linux-x86_64-debian-clang 2.1 0.60 22.58 23.18 OK
r-devel-linux-x86_64-debian-gcc 2.1 0.64 22.53 23.17 OK
r-devel-linux-x86_64-fedora-clang 2.1 36.34 OK
r-devel-linux-x86_64-fedora-gcc 2.1 34.63 OK
r-devel-windows-ix86+x86_64 2.1 5.00 53.00 58.00 OK
r-patched-linux-x86_64 2.1 0.76 21.75 22.51 OK
r-patched-solaris-sparc 2.1 214.30 OK
r-patched-solaris-x86 2.1 44.20 OK
r-release-linux-x86_64 2.1 0.66 22.26 22.92 OK
r-release-windows-ix86+x86_64 2.1 3.00 62.00 65.00 OK
r-release-osx-x86_64 2.1 NOTE
r-oldrel-windows-ix86+x86_64 2.1 4.00 56.00 60.00 OK
r-oldrel-osx-x86_64 2.1 OK

Check Details

Version: 2.1
Check: re-building of vignette outputs
Result: NOTE
    Error in re-building vignettes:
     ...
    Error in texi2dvi(file = file, pdf = TRUE, clean = clean, quiet = quiet, :
     Running 'texi2dvi' on 'desirability.tex' failed.
    LaTeX errors:
    ! LaTeX Error: File `lastpage.sty' not found.
    
    Type X to quit or <RETURN> to proceed,
    or enter new name. (Default extension: sty)
    
    ! Emergency stop.
    <read *>
    
    l.13 \usepackage
     {algorithm2e}^^M
    ! ==> Fatal error occurred, no output PDF file produced!
    Calls: buildVignettes -> texi2pdf -> texi2dvi
    Execution halted
Flavor: r-release-osx-x86_64