CRAN Package Check Results for Package desirability

Last updated on 2014-07-22 10:47:17.

Flavor Version Tinstall Tcheck Ttotal Status Flags
r-devel-linux-x86_64-debian-clang 1.6 0.49 24.27 24.76 OK
r-devel-linux-x86_64-debian-gcc 1.6 0.48 23.22 23.69 OK
r-devel-linux-x86_64-fedora-clang 1.6 56.06 OK
r-devel-linux-x86_64-fedora-gcc 1.6 50.39 OK
r-devel-osx-x86_64-clang 1.6 48.65 OK
r-devel-windows-ix86+x86_64 1.6 2.00 39.00 41.00 OK
r-patched-linux-x86_64 1.6 0.52 22.92 23.44 OK
r-patched-solaris-sparc 1.6 270.90 OK
r-patched-solaris-x86 1.6 62.30 OK
r-release-linux-ix86 1.6 0.81 32.28 33.09 OK
r-release-linux-x86_64 1.6 0.52 23.39 23.91 OK
r-release-osx-x86_64-mavericks 1.6 NOTE
r-release-osx-x86_64-snowleopard 1.6 OK
r-release-windows-ix86+x86_64 1.6 3.00 36.00 39.00 OK
r-oldrel-windows-ix86+x86_64 1.6 2.00 39.00 41.00 OK

Check Details

Version: 1.6
Check: re-building of vignette outputs
Result: NOTE
    Error in re-building vignettes:
     ...
    Error in texi2dvi(file = file, pdf = TRUE, clean = clean, quiet = quiet, :
     Running 'texi2dvi' on 'desirability.tex' failed.
    LaTeX errors:
    ! LaTeX Error: File `lastpage.sty' not found.
    
    Type X to quit or <RETURN> to proceed,
    or enter new name. (Default extension: sty)
    
    /vign_test/desirability/vignettes/desirability.tex:13: ==> Fatal error occurre
    d, no output PDF file produced!
    Calls: buildVignettes -> texi2pdf -> texi2dvi
    Execution halted
Flavor: r-release-osx-x86_64-mavericks