CRAN Package Check Results for Package desirability

Last updated on 2014-08-01 08:49:41.

Flavor Version Tinstall Tcheck Ttotal Status Flags
r-devel-linux-x86_64-debian-clang 1.6 0.50 23.66 24.16 OK
r-devel-linux-x86_64-debian-gcc 1.6 0.50 23.96 24.45 OK
r-devel-linux-x86_64-fedora-clang 1.6 53.25 OK
r-devel-linux-x86_64-fedora-gcc 1.6 49.18 OK
r-devel-osx-x86_64-clang 1.6 47.63 OK
r-devel-windows-ix86+x86_64 1.6 2.00 40.00 42.00 OK
r-patched-linux-x86_64 1.6 0.51 23.22 23.73 OK
r-patched-solaris-sparc 1.6 288.70 OK
r-patched-solaris-x86 1.6 62.80 OK
r-release-linux-ix86 1.6 0.82 31.69 32.51 OK
r-release-linux-x86_64 1.6 0.64 24.92 25.55 OK
r-release-osx-x86_64-mavericks 1.6 NOTE
r-release-osx-x86_64-snowleopard 1.6 OK
r-release-windows-ix86+x86_64 1.6 4.00 52.00 56.00 OK
r-oldrel-windows-ix86+x86_64 1.6 4.00 54.00 58.00 OK

Check Details

Version: 1.6
Check: re-building of vignette outputs
Result: NOTE
    Error in re-building vignettes:
     ...
    Error in texi2dvi(file = file, pdf = TRUE, clean = clean, quiet = quiet, :
     Running 'texi2dvi' on 'desirability.tex' failed.
    LaTeX errors:
    ! LaTeX Error: File `lastpage.sty' not found.
    
    Type X to quit or <RETURN> to proceed,
    or enter new name. (Default extension: sty)
    
    /vign_test/desirability/vignettes/desirability.tex:13: ==> Fatal error occurre
    d, no output PDF file produced!
    Calls: buildVignettes -> texi2pdf -> texi2dvi
    Execution halted
Flavor: r-release-osx-x86_64-mavericks