CRAN Package Check Results for Package desirability

Last updated on 2017-10-19 19:47:00.

Flavor Version Tinstall Tcheck Ttotal Status Flags
r-devel-linux-x86_64-debian-clang 2.1 0.56 22.16 22.72 OK
r-devel-linux-x86_64-debian-gcc 2.1 0.68 23.03 23.71 OK
r-devel-linux-x86_64-fedora-clang 2.1 38.00 OK
r-devel-linux-x86_64-fedora-gcc 2.1 38.01 OK
r-devel-windows-ix86+x86_64 2.1 3.00 49.00 52.00 OK
r-patched-linux-x86_64 2.1 0.68 22.40 23.07 OK
r-patched-solaris-x86 2.1 45.40 OK
r-release-linux-x86_64 2.1 0.64 21.77 22.41 OK
r-release-windows-ix86+x86_64 2.1 3.00 53.00 56.00 OK
r-release-osx-x86_64 2.1 NOTE
r-oldrel-windows-ix86+x86_64 2.1 4.00 56.00 60.00 OK
r-oldrel-osx-x86_64 2.1 OK

Check Details

Version: 2.1
Check: re-building of vignette outputs
Result: NOTE
    Error in re-building vignettes:
     ...
    Error in texi2dvi(file = file, pdf = TRUE, clean = clean, quiet = quiet, :
     Running 'texi2dvi' on 'desirability.tex' failed.
    LaTeX errors:
    ! LaTeX Error: File `lastpage.sty' not found.
    
    Type X to quit or <RETURN> to proceed,
    or enter new name. (Default extension: sty)
    
    ! Emergency stop.
    <read *>
    
    l.13 \usepackage
     {algorithm2e}^^M
    ! ==> Fatal error occurred, no output PDF file produced!
    Calls: buildVignettes -> texi2pdf -> texi2dvi
    Execution halted
Flavor: r-release-osx-x86_64