CRAN Package Check Results for Package desirability

Last updated on 2014-10-26 01:48:03.

Flavor Version Tinstall Tcheck Ttotal Status Flags
r-devel-linux-x86_64-debian-clang 1.6 0.61 23.04 23.65 OK
r-devel-linux-x86_64-debian-gcc 1.6 0.56 22.55 23.11 OK
r-devel-linux-x86_64-fedora-clang 1.6 48.40 OK
r-devel-linux-x86_64-fedora-gcc 1.6 46.51 OK
r-devel-osx-x86_64-clang 1.6 45.54 OK
r-devel-windows-ix86+x86_64 1.6 2.00 37.00 39.00 OK
r-patched-linux-x86_64 1.6 0.62 24.39 25.01 OK
r-patched-solaris-sparc 1.6 288.70 OK
r-patched-solaris-x86 1.6 60.60 OK
r-release-linux-ix86 1.6 0.88 32.73 33.61 OK
r-release-linux-x86_64 1.6 0.52 24.83 25.35 OK
r-release-osx-x86_64-mavericks 1.6 NOTE
r-release-osx-x86_64-snowleopard 1.6 OK
r-release-windows-ix86+x86_64 1.6 2.00 41.00 43.00 OK
r-oldrel-windows-ix86+x86_64 1.6 2.00 38.00 40.00 OK

Check Details

Version: 1.6
Check: re-building of vignette outputs
Result: NOTE
    Error in re-building vignettes:
     ...
    Error in texi2dvi(file = file, pdf = TRUE, clean = clean, quiet = quiet, :
     Running 'texi2dvi' on 'desirability.tex' failed.
    LaTeX errors:
    ! LaTeX Error: File `lastpage.sty' not found.
    
    Type X to quit or <RETURN> to proceed,
    or enter new name. (Default extension: sty)
    
    /vign_test/desirability/vignettes/desirability.tex:13: ==> Fatal error occurre
    d, no output PDF file produced!
    Calls: buildVignettes -> texi2pdf -> texi2dvi
    Execution halted
Flavor: r-release-osx-x86_64-mavericks