CRAN Package Check Results for Package desirability

Last updated on 2015-03-01 11:47:25.

Flavor Version Tinstall Tcheck Ttotal Status Flags
r-devel-linux-x86_64-debian-clang 1.6 0.64 22.11 22.75 NOTE
r-devel-linux-x86_64-debian-gcc 1.6 0.51 21.95 22.46 NOTE
r-devel-linux-x86_64-fedora-clang 1.6 46.97 NOTE
r-devel-linux-x86_64-fedora-gcc 1.6 43.45 NOTE
r-devel-osx-x86_64-clang 1.6 43.94 NOTE
r-devel-windows-ix86+x86_64 1.6 4.00 34.00 38.00 NOTE
r-patched-linux-x86_64 1.6 0.60 24.80 25.41 OK
r-patched-solaris-sparc 1.6 307.10 OK
r-patched-solaris-x86 1.6 57.50 OK
r-release-linux-ix86 1.6 0.87 35.98 36.85 OK
r-release-linux-x86_64 1.6 0.60 24.38 24.98 OK
r-release-osx-x86_64-mavericks 1.6 OK
r-release-osx-x86_64-snowleopard 1.6 OK
r-release-windows-ix86+x86_64 1.6 2.00 42.00 44.00 OK
r-oldrel-windows-ix86+x86_64 1.6 3.00 43.00 46.00 OK

Check Details

Version: 1.6
Check: DESCRIPTION meta-information
Result: NOTE
    Malformed Description field: should contain one or more complete sentences.
Flavors: r-devel-linux-x86_64-debian-clang, r-devel-linux-x86_64-debian-gcc, r-devel-linux-x86_64-fedora-clang, r-devel-linux-x86_64-fedora-gcc, r-devel-osx-x86_64-clang, r-devel-windows-ix86+x86_64