CRAN Package Check Results for Package desirability

Last updated on 2016-09-25 03:47:05.

Flavor Version Tinstall Tcheck Ttotal Status Flags
r-devel-linux-x86_64-debian-clang 2.1 0.51 17.75 18.27 OK
r-devel-linux-x86_64-debian-gcc 2.1 0.54 17.34 17.89 OK
r-devel-linux-x86_64-fedora-clang 2.1 19.62 OK
r-devel-linux-x86_64-fedora-gcc 2.1 31.37 OK
r-devel-macos-x86_64-clang 2.1 28.14 OK
r-devel-windows-ix86+x86_64 1.9 3.00 54.00 57.00 NOTE
r-patched-linux-x86_64 2.1 0.55 17.43 17.98 OK
r-patched-solaris-sparc 2.1 192.40 OK
r-patched-solaris-x86 2.1 38.00 OK
r-release-linux-x86_64 2.1 0.61 17.49 18.10 OK
r-release-osx-x86_64-mavericks 2.1 OK
r-release-windows-ix86+x86_64 2.1 2.00 39.00 41.00 OK
r-oldrel-windows-ix86+x86_64 2.1 4.00 64.00 68.00 OK

Check Details

Version: 1.9
Check: R code for possible problems
Result: NOTE
    plot.dArb: no visible global function definition for 'extendrange'
    plot.dArb: no visible global function definition for 'plot'
    plot.dArb: no visible global function definition for 'predict'
    plot.dArb: no visible global function definition for 'points'
    plot.dArb: no visible global function definition for 'abline'
    plot.dBox: no visible global function definition for 'extendrange'
    plot.dBox: no visible global function definition for 'plot'
    plot.dBox: no visible global function definition for 'segments'
    plot.dBox: no visible global function definition for 'abline'
    plot.dCategorical: no visible global function definition for 'barplot'
    plot.dCategorical: no visible global function definition for 'abline'
    plot.dMax: no visible global function definition for 'extendrange'
    plot.dMax: no visible global function definition for 'plot'
    plot.dMax: no visible global function definition for 'segments'
    plot.dMax: no visible global function definition for 'points'
    plot.dMax: no visible global function definition for 'abline'
    plot.dMin: no visible global function definition for 'extendrange'
    plot.dMin: no visible global function definition for 'plot'
    plot.dMin: no visible global function definition for 'segments'
    plot.dMin: no visible global function definition for 'points'
    plot.dMin: no visible global function definition for 'abline'
    plot.dTarget: no visible global function definition for 'extendrange'
    plot.dTarget: no visible global function definition for 'plot'
    plot.dTarget: no visible global function definition for 'segments'
    plot.dTarget: no visible global function definition for 'points'
    plot.dTarget: no visible global function definition for 'abline'
    predict.dArb : <anonymous>: no visible global function definition for
     'approx'
    predict.dOverall: no visible global function definition for 'predict'
    Undefined global functions or variables:
     abline approx barplot extendrange plot points predict segments
    Consider adding
     importFrom("grDevices", "extendrange")
     importFrom("graphics", "abline", "barplot", "plot", "points",
     "segments")
     importFrom("stats", "approx", "predict")
    to your NAMESPACE file.
Flavor: r-devel-windows-ix86+x86_64