CRAN Package Check Results for Package desirability

Last updated on 2014-12-22 21:47:13.

Flavor Version Tinstall Tcheck Ttotal Status Flags
r-devel-linux-x86_64-debian-clang 1.6 0.60 22.70 23.30 OK
r-devel-linux-x86_64-debian-gcc 1.6 0.53 21.99 22.52 OK
r-devel-linux-x86_64-fedora-clang 1.6 48.07 OK
r-devel-linux-x86_64-fedora-gcc 1.6 45.55 OK
r-devel-osx-x86_64-clang 1.6 44.27 OK
r-devel-windows-ix86+x86_64 1.6 2.00 37.00 39.00 OK
r-patched-linux-x86_64 1.6 0.58 24.46 25.03 OK
r-patched-solaris-sparc 1.6 307.10 OK
r-patched-solaris-x86 1.6 58.80 OK
r-release-linux-ix86 1.6 0.84 31.24 32.07 OK
r-release-linux-x86_64 1.6 0.58 25.12 25.70 OK
r-release-osx-x86_64-mavericks 1.6 NOTE
r-release-osx-x86_64-snowleopard 1.6 OK
r-release-windows-ix86+x86_64 1.6 3.00 39.00 42.00 OK
r-oldrel-windows-ix86+x86_64 1.6 3.00 39.00 42.00 OK

Check Details

Version: 1.6
Check: re-building of vignette outputs
Result: NOTE
    Error in re-building vignettes:
     ...
    Error in texi2dvi(file = file, pdf = TRUE, clean = clean, quiet = quiet, :
     Running 'texi2dvi' on 'desirability.tex' failed.
    LaTeX errors:
    ! LaTeX Error: File `lastpage.sty' not found.
    
    Type X to quit or <RETURN> to proceed,
    or enter new name. (Default extension: sty)
    
    /vign_test/desirability/vignettes/desirability.tex:13: ==> Fatal error occurre
    d, no output PDF file produced!
    Calls: buildVignettes -> texi2pdf -> texi2dvi
    Execution halted
Flavor: r-release-osx-x86_64-mavericks