CRAN Package Check Results for Package desire

Last updated on 2015-08-30 04:48:19.

Flavor Version Tinstall Tcheck Ttotal Status Flags
r-devel-linux-x86_64-debian-clang 1.0.7 0.96 13.31 14.27 NOTE
r-devel-linux-x86_64-debian-gcc 1.0.7 1.02 14.00 15.02 NOTE
r-devel-linux-x86_64-fedora-clang 1.0.7 28.24 NOTE
r-devel-linux-x86_64-fedora-gcc 1.0.7 28.20 NOTE
r-devel-osx-x86_64-clang 1.0.7 29.12 NOTE
r-devel-windows-ix86+x86_64 1.0.7 6.00 48.00 54.00 NOTE
r-patched-linux-x86_64 1.0.7 1.06 13.75 14.81 NOTE
r-patched-solaris-sparc 1.0.7 221.70 NOTE
r-patched-solaris-x86 1.0.7 45.80 NOTE
r-release-linux-x86_64 1.0.7 1.06 14.74 15.80 NOTE
r-release-osx-x86_64-mavericks 1.0.7 NOTE
r-release-windows-ix86+x86_64 1.0.7 9.00 46.00 55.00 NOTE
r-oldrel-windows-ix86+x86_64 1.0.7 8.00 36.00 44.00 OK

Check Details

Version: 1.0.7
Check: DESCRIPTION meta-information
Result: NOTE
    Malformed Description field: should contain one or more complete sentences.
Flavors: r-devel-linux-x86_64-debian-clang, r-devel-linux-x86_64-debian-gcc, r-devel-linux-x86_64-fedora-clang, r-devel-linux-x86_64-fedora-gcc, r-devel-osx-x86_64-clang, r-devel-windows-ix86+x86_64, r-patched-linux-x86_64, r-patched-solaris-sparc, r-patched-solaris-x86, r-release-linux-x86_64, r-release-osx-x86_64-mavericks, r-release-windows-ix86+x86_64

Version: 1.0.7
Check: R code for possible problems
Result: NOTE
    compositeDF.lm : ev: no visible global function definition for
     ‘predict’
    compositeDF.lm: no visible global function definition for ‘formula’
    ddesire.normMax : fun: no visible global function definition for
     ‘dnorm’
    ddesire.normMax : fun: no visible global function definition for
     ‘qnorm’
    ddesire.normMin : fun: no visible global function definition for
     ‘dnorm’
    ddesire.normMin : fun: no visible global function definition for
     ‘qnorm’
    ddesire.normTarget : fun: no visible global function definition for
     ‘uniroot’
    ddesire.normTarget : fun: no visible global function definition for
     ‘dnorm’
    ddesire.normTarget : fun: no visible global function definition for
     ‘pnorm’
    dsplot: no visible global function definition for ‘par’
    dsplot: no visible global function definition for ‘layout’
    dsplot: no visible global function definition for ‘plot’
    dsplot: no visible global function definition for ‘axis’
    dsplot: no visible global function definition for ‘mtext’
    dsplot: no visible global function definition for ‘abline’
    dsplot: no visible global function definition for ‘segments’
    edesire.normMax: no visible global function definition for ‘integrate’
    edesire.normMin: no visible global function definition for ‘integrate’
    normOpt : <anonymous>: no visible global function definition for
     ‘pnorm’
    pdesire.normTarget : fun: no visible global function definition for
     ‘uniroot’
    pdesire.normTarget : fun: no visible global function definition for
     ‘pnorm’
    pharrington2: no visible global function definition for ‘pnorm’
    plot.desire.function: no visible global function definition for
     ‘plot.new’
    plot.desire.function: no visible global function definition for
     ‘plot.window’
    plot.desire.function: no visible global function definition for ‘box’
    plot.desire.function: no visible global function definition for ‘axis’
    plot.desire.function: no visible global function definition for ‘title’
    plot.desire.function: no visible global function definition for ‘par’
    plot.desire.function: no visible global function definition for
     ‘abline’
    plot.desire.function: no visible global function definition for ‘lines’
    plot.harrington2: no visible global function definition for ‘abline’
    plot.harrington2: no visible global function definition for ‘mtext’
    plot.harrington2: no visible global function definition for ‘par’
    plot.realistic.desire.function: no visible global function definition
     for ‘plot.new’
    plot.realistic.desire.function: no visible global function definition
     for ‘plot.window’
    plot.realistic.desire.function: no visible global function definition
     for ‘box’
    plot.realistic.desire.function: no visible global function definition
     for ‘axis’
    plot.realistic.desire.function: no visible global function definition
     for ‘title’
    plot.realistic.desire.function: no visible global function definition
     for ‘par’
    plot.realistic.desire.function: no visible global function definition
     for ‘abline’
    plot.realistic.desire.function: no visible global function definition
     for ‘lines’
    qdesire.default: no visible global function definition for ‘quantile’
    qharrington2: no visible global function definition for ‘optimize’
    rdesire.default: no visible global function definition for ‘rnorm’
    rharrington1: no visible global function definition for ‘rnorm’
    rharrington2: no visible global function definition for ‘rnorm’
    vdesire.default: no visible global function definition for ‘var’
    Undefined global functions or variables:
     abline axis box dnorm formula integrate layout lines mtext optimize
     par plot plot.new plot.window pnorm predict qnorm quantile rnorm
     segments title uniroot var
    Consider adding
     importFrom("graphics", "abline", "axis", "box", "layout", "lines",
     "mtext", "par", "plot", "plot.new", "plot.window",
     "segments", "title")
     importFrom("stats", "dnorm", "formula", "integrate", "optimize",
     "pnorm", "predict", "qnorm", "quantile", "rnorm", "uniroot",
     "var")
    to your NAMESPACE.
Flavors: r-devel-linux-x86_64-debian-clang, r-devel-linux-x86_64-debian-gcc, r-devel-linux-x86_64-fedora-clang, r-devel-linux-x86_64-fedora-gcc, r-devel-windows-ix86+x86_64