CRAN Package Check Results for Package desire

Last updated on 2015-04-25 22:46:48.

Flavor Version Tinstall Tcheck Ttotal Status Flags
r-devel-linux-x86_64-debian-clang 1.0.7 1.00 14.06 15.06 NOTE
r-devel-linux-x86_64-debian-gcc 1.0.7 1.09 13.86 14.95 NOTE
r-devel-linux-x86_64-fedora-clang 1.0.7 29.98 NOTE
r-devel-linux-x86_64-fedora-gcc 1.0.7 28.25 NOTE
r-devel-osx-x86_64-clang 1.0.7 33.82 NOTE
r-devel-windows-ix86+x86_64 1.0.7 5.00 38.00 43.00 NOTE
r-patched-linux-x86_64 1.0.7 1.09 14.07 15.16 NOTE
r-patched-solaris-sparc 1.0.7 220.10 NOTE
r-patched-solaris-x86 1.0.7 43.50 NOTE
r-release-linux-x86_64 1.0.7 1.05 14.38 15.42 NOTE
r-release-osx-x86_64-mavericks 1.0.7 NOTE
r-release-osx-x86_64-snowleopard 1.0.7 NOTE
r-release-windows-ix86+x86_64 1.0.7 5.00 37.00 42.00 NOTE
r-oldrel-windows-ix86+x86_64 1.0.7 8.00 36.00 44.00 OK

Check Details

Version: 1.0.7
Check: DESCRIPTION meta-information
Result: NOTE
    Malformed Description field: should contain one or more complete sentences.
Flavors: r-devel-windows-ix86+x86_64, r-release-windows-ix86+x86_64