CRAN Package Check Results for Package desire

Last updated on 2015-05-29 13:48:43.

Flavor Version Tinstall Tcheck Ttotal Status Flags
r-devel-linux-x86_64-debian-clang 1.0.7 1.02 14.32 15.34 NOTE
r-devel-linux-x86_64-debian-gcc 1.0.7 1.04 14.04 15.08 NOTE
r-devel-linux-x86_64-fedora-clang 1.0.7 30.12 NOTE
r-devel-linux-x86_64-fedora-gcc 1.0.7 28.23 NOTE
r-devel-osx-x86_64-clang 1.0.7 33.47 NOTE
r-devel-windows-ix86+x86_64 1.0.7 6.00 34.00 40.00 NOTE
r-patched-linux-x86_64 1.0.7 1.02 13.99 15.01 NOTE
r-patched-solaris-sparc 1.0.7 222.90 NOTE
r-patched-solaris-x86 1.0.7 42.50 NOTE
r-release-linux-x86_64 1.0.7 1.04 13.93 14.97 NOTE
r-release-osx-x86_64-mavericks 1.0.7 NOTE
r-release-osx-x86_64-snowleopard 1.0.7 NOTE
r-release-windows-ix86+x86_64 1.0.7 5.00 37.00 42.00 NOTE
r-oldrel-windows-ix86+x86_64 1.0.7 8.00 36.00 44.00 OK

Check Details

Version: 1.0.7
Check: DESCRIPTION meta-information
Result: NOTE
    Malformed Description field: should contain one or more complete sentences.
Flavors: r-devel-linux-x86_64-debian-clang, r-devel-linux-x86_64-debian-gcc, r-devel-linux-x86_64-fedora-clang, r-devel-linux-x86_64-fedora-gcc, r-devel-osx-x86_64-clang, r-devel-windows-ix86+x86_64, r-patched-linux-x86_64, r-patched-solaris-sparc, r-patched-solaris-x86, r-release-linux-x86_64, r-release-osx-x86_64-mavericks, r-release-osx-x86_64-snowleopard, r-release-windows-ix86+x86_64