CRAN Package Check Results for Package desire

Last updated on 2014-04-24 15:50:36.

Flavor Version Tinstall Tcheck Ttotal Status Flags
r-devel-linux-x86_64-debian-clang 1.0.7 1.12 16.42 17.54 OK
r-devel-linux-x86_64-debian-gcc 1.0.7 1.17 15.44 16.61 OK
r-devel-linux-x86_64-fedora-clang 1.0.7 31.30 OK
r-devel-linux-x86_64-fedora-gcc 1.0.7 30.07 OK
r-devel-osx-x86_64-clang 1.0.7 31.84 OK
r-devel-osx-x86_64-gcc 1.0.7 OK
r-devel-windows-ix86+x86_64 1.0.7 5.00 31.00 36.00 OK
r-patched-linux-x86_64 1.0.7 1.18 15.84 17.02 OK
r-patched-solaris-sparc 1.0.7 212.40 OK
r-patched-solaris-x86 1.0.7 48.40 OK
r-release-linux-ix86 1.0.7 2.00 35.00 37.00 OK
r-release-linux-x86_64 1.0.7 1.15 15.41 16.56 OK
r-release-osx-x86_64-mavericks 1.0.7 WARN
r-release-osx-x86_64-snowleopard 1.0.7 OK
r-release-windows-ix86+x86_64 1.0.7 10.00 44.00 54.00 OK
r-oldrel-windows-ix86+x86_64 1.0.7 5.00 35.00 40.00 OK

Check Details

Version: 1.0.7
Check: PDF version of manual
Result: WARNING
    LaTeX errors when creating PDF version.
    This typically indicates Rd problems.
    LaTeX errors found:
    ! LaTeX Error: File `upquote.sty' not found.
    
    Type X to quit or <RETURN> to proceed,
    or enter new name. (Default extension: sty)
    
    643b9588/Rd2.tex:8: ==> Fatal error occurred, no output PDF file produced!
Flavor: r-release-osx-x86_64-mavericks