CRAN Package Check Results for Package desire

Last updated on 2015-03-28 11:49:11.

Flavor Version Tinstall Tcheck Ttotal Status Flags
r-devel-linux-x86_64-debian-clang 1.0.7 0.98 14.02 15.00 NOTE
r-devel-linux-x86_64-debian-gcc 1.0.7 1.16 14.29 15.45 NOTE
r-devel-linux-x86_64-fedora-clang 1.0.7 29.14 NOTE
r-devel-linux-x86_64-fedora-gcc 1.0.7 27.64 NOTE
r-devel-osx-x86_64-clang 1.0.7 38.84 NOTE
r-prerel-windows-ix86+x86_64 1.0.7 5.00 31.00 36.00 NOTE
r-prerel-linux-x86_64 1.0.7 1.07 13.94 15.01 NOTE
r-prerel-solaris-sparc 1.0.7 220.10 NOTE
r-prerel-solaris-x86 1.0.7 41.80 NOTE
r-release-linux-x86_64 1.0.7 1.22 15.35 16.56 OK
r-release-osx-x86_64-mavericks 1.0.7 OK
r-release-osx-x86_64-snowleopard 1.0.7 OK
r-release-windows-ix86+x86_64 1.0.7 8.00 36.00 44.00 OK
r-oldrel-windows-ix86+x86_64 1.0.7 5.00 35.00 40.00 OK

Check Details

Version: 1.0.7
Check: DESCRIPTION meta-information
Result: NOTE
    Malformed Description field: should contain one or more complete sentences.
Flavors: r-devel-linux-x86_64-debian-clang, r-devel-linux-x86_64-debian-gcc, r-devel-linux-x86_64-fedora-clang, r-devel-linux-x86_64-fedora-gcc, r-devel-osx-x86_64-clang, r-prerel-windows-ix86+x86_64, r-prerel-linux-x86_64, r-prerel-solaris-sparc, r-prerel-solaris-x86