CRAN Package Check Results for Package detect

Last updated on 2017-02-20 11:50:29.

Flavor Version Tinstall Tcheck Ttotal Status Flags
r-devel-linux-x86_64-debian-clang 0.4-0 0.96 29.85 30.82 OK
r-devel-linux-x86_64-debian-gcc 0.4-0 1.03 30.75 31.78 OK
r-devel-linux-x86_64-fedora-clang 0.4-0 57.29 OK --no-stop-on-test-error
r-devel-linux-x86_64-fedora-gcc 0.4-0 54.48 OK --no-stop-on-test-error
r-devel-macos-x86_64-clang 0.4-0 44.53 OK --no-stop-on-test-error
r-devel-windows-ix86+x86_64 0.4-0 4.00 72.00 76.00 OK
r-patched-linux-x86_64 0.4-0 0.92 27.73 28.65 OK
r-patched-solaris-sparc 0.4-0 312.70 OK
r-patched-solaris-x86 0.4-0 61.30 OK
r-release-linux-x86_64 0.4-0 0.92 26.36 27.28 OK
r-release-osx-x86_64-mavericks 0.4-0 NOTE
r-release-windows-ix86+x86_64 0.4-0 4.00 51.00 55.00 OK
r-oldrel-windows-ix86+x86_64 0.4-0 5.00 67.00 72.00 OK

Check Details

Version: 0.4-0
Check: package dependencies
Result: NOTE
    Package suggested but not available for checking: ‘dclone’
Flavor: r-release-osx-x86_64-mavericks