CRAN Package Check Results for Package detect

Last updated on 2014-09-23 05:47:48.

Flavor Version Tinstall Tcheck Ttotal Status Flags
r-devel-linux-x86_64-debian-clang 0.3-2 1.04 26.16 27.20 NOTE
r-devel-linux-x86_64-debian-gcc 0.3-2 0.94 24.96 25.90 NOTE
r-devel-linux-x86_64-fedora-clang 0.3-2 52.63 NOTE
r-devel-linux-x86_64-fedora-gcc 0.3-2 49.24 NOTE
r-devel-osx-x86_64-clang 0.3-2 47.38 NOTE
r-devel-windows-ix86+x86_64 0.3-2 4.00 36.00 40.00 NOTE
r-patched-linux-x86_64 0.3-2 1.01 27.03 28.04 OK
r-patched-solaris-sparc 0.3-2 343.70 OK
r-patched-solaris-x86 0.3-2 72.10 OK
r-release-linux-ix86 0.3-2 1.43 37.01 38.44 OK
r-release-linux-x86_64 0.3-2 1.04 27.68 28.73 OK
r-release-osx-x86_64-mavericks 0.3-2 NOTE
r-release-osx-x86_64-snowleopard 0.3-2 OK
r-release-windows-ix86+x86_64 0.3-2 3.00 40.00 43.00 OK
r-oldrel-windows-ix86+x86_64 0.3-2 4.00 42.00 46.00 OK

Check Details

Version: 0.3-2
Check: package namespace information
Result: NOTE
     Namespace with empty importFrom: ‘Formula’
Flavors: r-devel-linux-x86_64-debian-clang, r-devel-linux-x86_64-debian-gcc, r-devel-linux-x86_64-fedora-clang, r-devel-linux-x86_64-fedora-gcc, r-devel-osx-x86_64-clang, r-devel-windows-ix86+x86_64

Version: 0.3-2
Check: R code for possible problems
Result: NOTE
    bootstrap.svisit: no visible global function definition for ‘pblapply’
    dFormula: no visible global function definition for ‘Formula’
    dFormula: no visible global function definition for ‘model.part’
    extractMLE.svocc: no visible global function definition for ‘dcsd’
    hbootindex: no visible global function definition for ‘pbsapply’
    predictMCMC.svabu: no visible global function definition for
     ‘make.symmetric’
    predictMCMC.svabu: no visible global function definition for ‘jags.fit’
    predictMCMC.svabu: no visible global function definition for ‘dcsd’
    svocc.fit: no visible global function definition for ‘makeDcFit’
    svocc.fit: no visible global function definition for ‘dcmle’
    svocc.fit: no visible global function definition for ‘dcsd’
    svocc.fit: no visible global function definition for ‘gelman.diag’
Flavors: r-devel-linux-x86_64-debian-clang, r-devel-linux-x86_64-debian-gcc, r-devel-linux-x86_64-fedora-clang, r-devel-linux-x86_64-fedora-gcc, r-devel-osx-x86_64-clang, r-devel-windows-ix86+x86_64

Version: 0.3-2
Check: package dependencies
Result: NOTE
    Package suggested but not available for checking: ‘dcmle’
Flavor: r-release-osx-x86_64-mavericks

Version: 0.3-2
Check: R code for possible problems
Result: NOTE
    svocc.fit: no visible global function definition for ‘makeDcFit’
    svocc.fit: no visible global function definition for ‘dcmle’
Flavor: r-release-osx-x86_64-mavericks