CRAN Package Check Results for Package detect

Last updated on 2015-07-02 11:48:09.

Flavor Version Tinstall Tcheck Ttotal Status Flags
r-devel-linux-x86_64-debian-clang 0.3-2 0.90 24.48 25.38 NOTE
r-devel-linux-x86_64-debian-gcc 0.3-2 0.83 23.64 24.46 NOTE
r-devel-linux-x86_64-fedora-clang 0.3-2 46.46 NOTE
r-devel-linux-x86_64-fedora-gcc 0.3-2 42.53 NOTE
r-devel-osx-x86_64-clang 0.3-2 42.70 NOTE
r-devel-windows-ix86+x86_64 0.3-2 4.00 36.00 40.00 NOTE
r-patched-linux-x86_64 0.3-2 0.84 23.82 24.66 NOTE
r-patched-solaris-sparc 0.3-2 307.60 NOTE
r-patched-solaris-x86 0.3-2 60.70 NOTE
r-release-linux-x86_64 0.3-2 0.90 24.46 25.36 NOTE
r-release-osx-x86_64-mavericks 0.3-2 NOTE
r-release-windows-ix86+x86_64 0.3-2 4.00 36.00 40.00 NOTE
r-oldrel-windows-ix86+x86_64 0.3-2 7.00 65.00 72.00 NOTE

Check Details

Version: 0.3-2
Check: package namespace information
Result: NOTE
     Namespace with empty importFrom: ‘Formula’
Flavors: r-devel-linux-x86_64-debian-clang, r-devel-linux-x86_64-debian-gcc, r-devel-linux-x86_64-fedora-clang, r-devel-linux-x86_64-fedora-gcc, r-devel-osx-x86_64-clang, r-devel-windows-ix86+x86_64, r-patched-linux-x86_64, r-patched-solaris-sparc, r-patched-solaris-x86, r-release-linux-x86_64, r-release-osx-x86_64-mavericks, r-release-windows-ix86+x86_64, r-oldrel-windows-ix86+x86_64

Version: 0.3-2
Check: dependencies in R code
Result: NOTE
    'library' or 'require' calls in package code:
     ‘dclone’ ‘dcmle’ ‘pbapply’
     Please use :: or requireNamespace() instead.
     See section 'Suggested packages' in the 'Writing R Extensions' manual.
Flavors: r-devel-linux-x86_64-debian-clang, r-devel-linux-x86_64-debian-gcc, r-devel-linux-x86_64-fedora-clang, r-devel-linux-x86_64-fedora-gcc, r-devel-osx-x86_64-clang, r-devel-windows-ix86+x86_64, r-patched-linux-x86_64, r-patched-solaris-sparc, r-patched-solaris-x86, r-release-linux-x86_64, r-release-osx-x86_64-mavericks, r-release-windows-ix86+x86_64, r-oldrel-windows-ix86+x86_64

Version: 0.3-2
Check: R code for possible problems
Result: NOTE
    bootstrap.svisit: no visible global function definition for ‘coef’
    bootstrap.svisit : bfun: no visible global function definition for
     ‘coef’
    bootstrap.svisit: no visible global function definition for ‘pblapply’
    bymethod: no visible global function definition for ‘aggregate’
    cmulti.fit: Error while checking: invalid ‘envir’ argument
    cmulti.fit0: Error while checking: invalid ‘envir’ argument
    cmulti2.fit: Error while checking: invalid ‘envir’ argument
    confint.svabu: no visible global function definition for ‘coef’
    confint.svabu: no visible global function definition for ‘qnorm’
    confint.svabu: no visible binding for global variable ‘quantile’
    confint.svocc: no visible global function definition for ‘coef’
    confint.svocc: no visible global function definition for ‘qnorm’
    confint.svocc: no visible binding for global variable ‘quantile’
    convertEDR: no visible global function definition for ‘uniroot’
    dFormula: no visible global function definition for ‘Formula’
    dFormula: no visible binding for global variable ‘na.pass’
    dFormula: no visible global function definition for ‘model.response’
    dFormula: no visible global function definition for ‘model.part’
    drop.scope.svisit: no visible global function definition for
     ‘factor.scope’
    drop1.svabu: no visible global function definition for ‘model.response’
    drop1.svabu : Safe_pchisq: no visible global function definition for
     ‘pchisq’
    drop1.svabu: no visible global function definition for ‘formula’
    drop1.svocc: no visible global function definition for ‘model.response’
    drop1.svocc : Safe_pchisq: no visible global function definition for
     ‘pchisq’
    drop1.svocc: no visible global function definition for ‘formula’
    extractAIC.svisit: no visible global function definition for ‘coef’
    extractBOOT.svabu: no visible global function definition for ‘coef’
    extractBOOT.svabu: no visible binding for global variable ‘sd’
    extractBOOT.svabu: no visible global function definition for ‘cov’
    extractBOOT.svabu: no visible global function definition for ‘cor’
    extractBOOT.svocc: no visible global function definition for ‘coef’
    extractBOOT.svocc: no visible binding for global variable ‘sd’
    extractBOOT.svocc: no visible global function definition for ‘cov’
    extractBOOT.svocc: no visible global function definition for ‘cor’
    extractMLE.svocc: no visible global function definition for ‘coef’
    extractMLE.svocc: no visible global function definition for ‘dcsd’
    fitted.cmulti: Error while checking: invalid ‘envir’ argument
    hbootindex: no visible global function definition for ‘pbsapply’
    is.present.svisit: no visible global function definition for ‘fitted’
    is.present.svisit: no visible global function definition for ‘rbinom’
    model.matrix.svabu: no visible global function definition for ‘coef’
    plot.svabu: no visible global function definition for ‘fitted’
    plot.svabu: no visible global function definition for ‘dpois’
    plot.svabu: no visible global function definition for ‘dbinom’
    plot.svabu: no visible global function definition for ‘par’
    plot.svabu: no visible global function definition for ‘plot’
    plot.svabu: no visible global function definition for ‘polygon’
    plot.svabu: no visible global function definition for ‘lines’
    plot.svabu: no visible global function definition for ‘points’
    plot.svabu: no visible global function definition for ‘legend’
    plot.svabu: no visible global function definition for ‘abline’
    predict.svabu: no visible global function definition for ‘fitted’
    predict.svabu: Error while checking: invalid ‘envir’ argument
    predict.svocc: Error while checking: invalid ‘envir’ argument
    predictMCMC.svabu: no visible global function definition for
     ‘make.symmetric’
    predictMCMC.svabu: no visible global function definition for ‘coef’
    predictMCMC.svabu: no visible global function definition for ‘fitted’
    predictMCMC.svabu: no visible global function definition for ‘jags.fit’
    predictMCMC.svabu: no visible global function definition for ‘dcsd’
    print.summary.cmulti: no visible global function definition for
     ‘printCoefmat’
    print.summary.svabu: no visible global function definition for
     ‘printCoefmat’
    print.summary.svocc: no visible global function definition for
     ‘printCoefmat’
    rocplot.svocc: no visible global function definition for ‘lines’
    rocplot.svocc: no visible global function definition for ‘plot’
    simulate.svabu: no visible global function definition for ‘runif’
    simulate.svabu: no visible global function definition for ‘fitted’
    simulate.svabu : <anonymous>: no visible global function definition for
     ‘rbinom’
    simulate.svabu : <anonymous>: no visible global function definition for
     ‘rpois’
    simulate.svocc: no visible global function definition for ‘runif’
    simulate.svocc : <anonymous>: no visible global function definition for
     ‘rbinom’
    summary.cmulti: no visible global function definition for ‘coef’
    summary.cmulti: no visible global function definition for ‘pnorm’
    summary.svabu: no visible global function definition for ‘coef’
    summary.svabu: no visible global function definition for ‘pnorm’
    summary.svocc: no visible global function definition for ‘pnorm’
    svabu.fit : nll.P: no visible global function definition for ‘dpois’
    svabu.fit : nll.P: no visible global function definition for ‘dbinom’
    svabu.fit : nll.ZIP1: no visible global function definition for ‘dpois’
    svabu.fit : nll.ZIP1: no visible global function definition for
     ‘dbinom’
    svabu.fit : nll.ZIP: no visible global function definition for ‘dpois’
    svabu.fit : nll.ZIP: no visible global function definition for ‘dbinom’
    svabu.fit: Error while checking: invalid ‘envir’ argument
    svabu.step : step.results: no visible global function definition for
     ‘formula’
    svabu.step: no visible global function definition for ‘extractAIC’
    svabu.step: no visible global function definition for ‘formula’
    svabu.step: no visible global function definition for ‘factor.scope’
    svabu.step: no visible global function definition for ‘as.formula’
    svisitFormula: no visible global function definition for ‘as.formula’
    svisitFormula: no visible global function definition for
     ‘model.response’
    svisitFormula: no visible global function definition for ‘.getXlevels’
    svocc.fit: Error while checking: invalid ‘envir’ argument
    svocc.step : step.results: no visible global function definition for
     ‘formula’
    svocc.step: no visible global function definition for ‘extractAIC’
    svocc.step: no visible global function definition for ‘formula’
    svocc.step: no visible global function definition for ‘factor.scope’
    svocc.step: no visible global function definition for ‘as.formula’
    update.formula.svisit: no visible global function definition for
     ‘as.formula’
    update.formula.svisit: no visible global function definition for
     ‘formula’
    update.formula.svisit: no visible global function definition for
     ‘terms.formula’
    update.svisit: no visible global function definition for ‘formula’
    variable.names.svisit: no visible global function definition for ‘coef’
    vcov.cmulti: no visible global function definition for ‘coef’
    vcov.svabu: no visible global function definition for ‘coef’
    vcov.svocc: no visible global function definition for ‘coef’
Flavors: r-devel-linux-x86_64-debian-clang, r-devel-linux-x86_64-debian-gcc, r-devel-linux-x86_64-fedora-gcc, r-devel-windows-ix86+x86_64

Version: 0.3-2
Check: R code for possible problems
Result: NOTE
    bootstrap.svisit: no visible global function definition for ‘coef’
    bootstrap.svisit : bfun: no visible global function definition for
     ‘coef’
    bootstrap.svisit: no visible global function definition for ‘pblapply’
    bymethod: no visible global function definition for ‘aggregate’
    cmulti.fit: Error while checking: invalid 'envir' argument
    cmulti.fit0: Error while checking: invalid 'envir' argument
    cmulti2.fit: Error while checking: invalid 'envir' argument
    confint.svabu: no visible global function definition for ‘coef’
    confint.svabu: no visible global function definition for ‘qnorm’
    confint.svabu: no visible binding for global variable ‘quantile’
    confint.svocc: no visible global function definition for ‘coef’
    confint.svocc: no visible global function definition for ‘qnorm’
    confint.svocc: no visible binding for global variable ‘quantile’
    convertEDR: no visible global function definition for ‘uniroot’
    dFormula: no visible global function definition for ‘Formula’
    dFormula: no visible binding for global variable ‘na.pass’
    dFormula: no visible global function definition for ‘model.response’
    dFormula: no visible global function definition for ‘model.part’
    drop.scope.svisit: no visible global function definition for
     ‘factor.scope’
    drop1.svabu: no visible global function definition for ‘model.response’
    drop1.svabu : Safe_pchisq: no visible global function definition for
     ‘pchisq’
    drop1.svabu: no visible global function definition for ‘formula’
    drop1.svocc: no visible global function definition for ‘model.response’
    drop1.svocc : Safe_pchisq: no visible global function definition for
     ‘pchisq’
    drop1.svocc: no visible global function definition for ‘formula’
    extractAIC.svisit: no visible global function definition for ‘coef’
    extractBOOT.svabu: no visible global function definition for ‘coef’
    extractBOOT.svabu: no visible binding for global variable ‘sd’
    extractBOOT.svabu: no visible global function definition for ‘cov’
    extractBOOT.svabu: no visible global function definition for ‘cor’
    extractBOOT.svocc: no visible global function definition for ‘coef’
    extractBOOT.svocc: no visible binding for global variable ‘sd’
    extractBOOT.svocc: no visible global function definition for ‘cov’
    extractBOOT.svocc: no visible global function definition for ‘cor’
    extractMLE.svocc: no visible global function definition for ‘coef’
    extractMLE.svocc: no visible global function definition for ‘dcsd’
    fitted.cmulti: Error while checking: invalid 'envir' argument
    hbootindex: no visible global function definition for ‘pbsapply’
    is.present.svisit: no visible global function definition for ‘fitted’
    is.present.svisit: no visible global function definition for ‘rbinom’
    model.matrix.svabu: no visible global function definition for ‘coef’
    plot.svabu: no visible global function definition for ‘fitted’
    plot.svabu: no visible global function definition for ‘dpois’
    plot.svabu: no visible global function definition for ‘dbinom’
    plot.svabu: no visible global function definition for ‘par’
    plot.svabu: no visible global function definition for ‘plot’
    plot.svabu: no visible global function definition for ‘polygon’
    plot.svabu: no visible global function definition for ‘lines’
    plot.svabu: no visible global function definition for ‘points’
    plot.svabu: no visible global function definition for ‘legend’
    plot.svabu: no visible global function definition for ‘abline’
    predict.svabu: no visible global function definition for ‘fitted’
    predict.svabu: Error while checking: invalid 'envir' argument
    predict.svocc: Error while checking: invalid 'envir' argument
    predictMCMC.svabu: no visible global function definition for
     ‘make.symmetric’
    predictMCMC.svabu: no visible global function definition for ‘coef’
    predictMCMC.svabu: no visible global function definition for ‘fitted’
    predictMCMC.svabu: no visible global function definition for ‘jags.fit’
    predictMCMC.svabu: no visible global function definition for ‘dcsd’
    print.summary.cmulti: no visible global function definition for
     ‘printCoefmat’
    print.summary.svabu: no visible global function definition for
     ‘printCoefmat’
    print.summary.svocc: no visible global function definition for
     ‘printCoefmat’
    rocplot.svocc: no visible global function definition for ‘lines’
    rocplot.svocc: no visible global function definition for ‘plot’
    simulate.svabu: no visible global function definition for ‘runif’
    simulate.svabu: no visible global function definition for ‘fitted’
    simulate.svabu : <anonymous>: no visible global function definition for
     ‘rbinom’
    simulate.svabu : <anonymous>: no visible global function definition for
     ‘rpois’
    simulate.svocc: no visible global function definition for ‘runif’
    simulate.svocc : <anonymous>: no visible global function definition for
     ‘rbinom’
    summary.cmulti: no visible global function definition for ‘coef’
    summary.cmulti: no visible global function definition for ‘pnorm’
    summary.svabu: no visible global function definition for ‘coef’
    summary.svabu: no visible global function definition for ‘pnorm’
    summary.svocc: no visible global function definition for ‘pnorm’
    svabu.fit : nll.P: no visible global function definition for ‘dpois’
    svabu.fit : nll.P: no visible global function definition for ‘dbinom’
    svabu.fit : nll.ZIP1: no visible global function definition for ‘dpois’
    svabu.fit : nll.ZIP1: no visible global function definition for
     ‘dbinom’
    svabu.fit : nll.ZIP: no visible global function definition for ‘dpois’
    svabu.fit : nll.ZIP: no visible global function definition for ‘dbinom’
    svabu.fit: Error while checking: invalid 'envir' argument
    svabu.step : step.results: no visible global function definition for
     ‘formula’
    svabu.step: no visible global function definition for ‘extractAIC’
    svabu.step: no visible global function definition for ‘formula’
    svabu.step: no visible global function definition for ‘factor.scope’
    svabu.step: no visible global function definition for ‘as.formula’
    svisitFormula: no visible global function definition for ‘as.formula’
    svisitFormula: no visible global function definition for
     ‘model.response’
    svisitFormula: no visible global function definition for ‘.getXlevels’
    svocc.fit: Error while checking: invalid 'envir' argument
    svocc.step : step.results: no visible global function definition for
     ‘formula’
    svocc.step: no visible global function definition for ‘extractAIC’
    svocc.step: no visible global function definition for ‘formula’
    svocc.step: no visible global function definition for ‘factor.scope’
    svocc.step: no visible global function definition for ‘as.formula’
    update.formula.svisit: no visible global function definition for
     ‘as.formula’
    update.formula.svisit: no visible global function definition for
     ‘formula’
    update.formula.svisit: no visible global function definition for
     ‘terms.formula’
    update.svisit: no visible global function definition for ‘formula’
    variable.names.svisit: no visible global function definition for ‘coef’
    vcov.cmulti: no visible global function definition for ‘coef’
    vcov.svabu: no visible global function definition for ‘coef’
    vcov.svocc: no visible global function definition for ‘coef’
    Undefined global functions or variables:
     .getXlevels Formula abline aggregate as.formula coef cor cov dbinom
     dcsd dpois extractAIC factor.scope fitted formula jags.fit legend
     lines make.symmetric model.part model.response na.pass par pblapply
     pbsapply pchisq plot pnorm points polygon printCoefmat qnorm quantile
     rbinom rpois runif sd terms.formula uniroot
Flavor: r-devel-linux-x86_64-fedora-clang

Version: 0.3-2
Check: R code for possible problems
Result: NOTE
    bootstrap.svisit: no visible global function definition for ‘pblapply’
    dFormula: no visible global function definition for ‘Formula’
    dFormula: no visible global function definition for ‘model.part’
    extractMLE.svocc: no visible global function definition for ‘dcsd’
    hbootindex: no visible global function definition for ‘pbsapply’
    predictMCMC.svabu: no visible global function definition for
     ‘make.symmetric’
    predictMCMC.svabu: no visible global function definition for ‘jags.fit’
    predictMCMC.svabu: no visible global function definition for ‘dcsd’
    svocc.fit: no visible global function definition for ‘makeDcFit’
    svocc.fit: no visible global function definition for ‘dcmle’
    svocc.fit: no visible global function definition for ‘dcsd’
    svocc.fit: no visible global function definition for ‘gelman.diag’
Flavors: r-devel-osx-x86_64-clang, r-patched-linux-x86_64, r-patched-solaris-sparc, r-patched-solaris-x86, r-release-linux-x86_64, r-release-osx-x86_64-mavericks, r-release-windows-ix86+x86_64, r-oldrel-windows-ix86+x86_64