CRAN Package Check Results for Package detect

Last updated on 2016-07-24 14:47:54.

Flavor Version Tinstall Tcheck Ttotal Status Flags
r-devel-linux-x86_64-debian-clang 0.4-0 1.27 32.64 33.90 OK
r-devel-linux-x86_64-debian-gcc 0.4-0 1.19 30.22 31.41 OK
r-devel-linux-x86_64-fedora-clang 0.4-0 48.45 OK
r-devel-linux-x86_64-fedora-gcc 0.4-0 46.27 OK
r-devel-osx-x86_64-clang 0.4-0 40.70 OK
r-devel-windows-ix86+x86_64 0.4-0 3.00 51.00 54.00 OK
r-patched-linux-x86_64 0.4-0 1.14 30.38 31.52 OK
r-patched-solaris-sparc 0.4-0 304.20 OK
r-patched-solaris-x86 0.4-0 57.40 OK
r-release-linux-x86_64 0.4-0 1.20 31.61 32.80 OK
r-release-osx-x86_64-mavericks 0.4-0 NOTE
r-release-windows-ix86+x86_64 0.4-0 4.00 73.00 77.00 OK
r-oldrel-windows-ix86+x86_64 0.4-0 7.00 49.00 56.00 OK

Check Details

Version: 0.4-0
Check: package dependencies
Result: NOTE
    Package suggested but not available for checking: ‘dclone’
Flavor: r-release-osx-x86_64-mavericks