CRAN Package Check Results for Package detect

Last updated on 2017-04-24 10:47:13.

Flavor Version Tinstall Tcheck Ttotal Status Flags
r-devel-linux-x86_64-debian-clang 0.4-0 1.15 30.07 31.22 OK
r-devel-linux-x86_64-debian-gcc 0.4-0 1.14 29.04 30.19 OK
r-devel-linux-x86_64-fedora-clang 0.4-0 57.87 OK --no-stop-on-test-error
r-devel-linux-x86_64-fedora-gcc 0.4-0 56.88 OK --no-stop-on-test-error
r-devel-windows-ix86+x86_64 0.4-0 7.00 56.00 63.00 OK
r-patched-linux-x86_64 0.4-0 3.03 30.54 33.57 OK
r-patched-solaris-sparc 0.4-0 341.80 OK
r-patched-solaris-x86 0.4-0 68.00 OK
r-release-linux-x86_64 0.4-0 1.00 30.49 31.49 OK
r-release-windows-ix86+x86_64 0.4-0 4.00 56.00 60.00 OK
r-release-osx-x86_64 0.4-0 NOTE
r-oldrel-windows-ix86+x86_64 0.4-0 3.00 53.00 56.00 OK
r-oldrel-osx-x86_64 0.4-0 NOTE

Check Details

Version: 0.4-0
Check: package dependencies
Result: NOTE
    Packages suggested but not available for checking: ‘dclone’ ‘dcmle’
Flavor: r-release-osx-x86_64

Version: 0.4-0
Check: package dependencies
Result: NOTE
    Package suggested but not available for checking: ‘dclone’
Flavor: r-oldrel-osx-x86_64