CRAN Package Check Results for Package detect

Last updated on 2014-04-25 05:47:14.

Flavor Version Tinstall Tcheck Ttotal Status Flags
r-devel-linux-x86_64-debian-clang 0.3-1 1.07 27.65 28.72 OK
r-devel-linux-x86_64-debian-gcc 0.3-1 1.10 27.52 28.62 OK
r-devel-linux-x86_64-fedora-clang 0.3-1 55.55 OK
r-devel-linux-x86_64-fedora-gcc 0.3-1 54.00 OK
r-devel-osx-x86_64-clang 0.3-1 44.43 OK
r-devel-osx-x86_64-gcc 0.3-1 OK
r-devel-windows-ix86+x86_64 0.3-1 3.00 41.00 44.00 OK
r-patched-linux-x86_64 0.3-1 1.21 27.30 28.50 OK
r-patched-solaris-sparc 0.3-1 316.50 OK
r-patched-solaris-x86 0.3-1 71.00 OK
r-release-linux-ix86 0.3-1 1.00 48.00 49.00 OK
r-release-linux-x86_64 0.3-1 1.06 27.16 28.23 OK
r-release-osx-x86_64-mavericks 0.3-1 WARN
r-release-osx-x86_64-snowleopard 0.3-1 OK
r-release-windows-ix86+x86_64 0.3-1 4.00 40.00 44.00 OK
r-oldrel-windows-ix86+x86_64 0.3-1 4.00 41.00 45.00 OK

Check Details

Version: 0.3-1
Check: package dependencies
Result: NOTE
    Package suggested but not available for checking: ‘dcmle’
Flavor: r-release-osx-x86_64-mavericks

Version: 0.3-1
Check: R code for possible problems
Result: NOTE
    svocc.fit: no visible global function definition for ‘makeDcFit’
    svocc.fit: no visible global function definition for ‘dcmle’
Flavor: r-release-osx-x86_64-mavericks

Version: 0.3-1
Check: PDF version of manual
Result: WARNING
    LaTeX errors when creating PDF version.
    This typically indicates Rd problems.
    LaTeX errors found:
    ! LaTeX Error: File `upquote.sty' not found.
    
    Type X to quit or <RETURN> to proceed,
    or enter new name. (Default extension: sty)
    
    14cd937b/Rd2.tex:8: ==> Fatal error occurred, no output PDF file produced!
Flavor: r-release-osx-x86_64-mavericks