CRAN Package Check Results for Package detect

Last updated on 2014-11-27 09:47:51.

Flavor Version Tinstall Tcheck Ttotal Status Flags
r-devel-linux-x86_64-debian-clang 0.3-2 0.96 25.83 26.79 NOTE
r-devel-linux-x86_64-debian-gcc 0.3-2 0.92 25.66 26.57 NOTE
r-devel-linux-x86_64-fedora-clang 0.3-2 55.24 NOTE
r-devel-linux-x86_64-fedora-gcc 0.3-2 57.98 NOTE
r-devel-osx-x86_64-clang 0.3-2 46.77 NOTE
r-devel-windows-ix86+x86_64 0.3-2 4.00 39.00 43.00 NOTE
r-patched-linux-x86_64 0.3-2 1.02 25.79 26.81 NOTE
r-patched-solaris-sparc 0.3-2 312.30 NOTE
r-patched-solaris-x86 0.3-2 67.00 NOTE
r-release-linux-ix86 0.3-2 1.35 34.48 35.83 NOTE
r-release-linux-x86_64 0.3-2 1.00 25.99 27.00 NOTE
r-release-osx-x86_64-mavericks 0.3-2 NOTE
r-release-osx-x86_64-snowleopard 0.3-2 OK
r-release-windows-ix86+x86_64 0.3-2 4.00 41.00 45.00 NOTE
r-oldrel-windows-ix86+x86_64 0.3-2 4.00 42.00 46.00 OK

Check Details

Version: 0.3-2
Check: package namespace information
Result: NOTE
     Namespace with empty importFrom: ‘Formula’
Flavors: r-devel-linux-x86_64-debian-clang, r-devel-linux-x86_64-debian-gcc, r-devel-linux-x86_64-fedora-clang, r-devel-linux-x86_64-fedora-gcc, r-devel-osx-x86_64-clang, r-devel-windows-ix86+x86_64, r-patched-linux-x86_64, r-patched-solaris-sparc, r-patched-solaris-x86, r-release-linux-ix86, r-release-linux-x86_64, r-release-windows-ix86+x86_64

Version: 0.3-2
Check: R code for possible problems
Result: NOTE
    bootstrap.svisit: no visible global function definition for ‘pblapply’
    dFormula: no visible global function definition for ‘Formula’
    dFormula: no visible global function definition for ‘model.part’
    extractMLE.svocc: no visible global function definition for ‘dcsd’
    hbootindex: no visible global function definition for ‘pbsapply’
    predictMCMC.svabu: no visible global function definition for
     ‘make.symmetric’
    predictMCMC.svabu: no visible global function definition for ‘jags.fit’
    predictMCMC.svabu: no visible global function definition for ‘dcsd’
    svocc.fit: no visible global function definition for ‘makeDcFit’
    svocc.fit: no visible global function definition for ‘dcmle’
    svocc.fit: no visible global function definition for ‘dcsd’
    svocc.fit: no visible global function definition for ‘gelman.diag’
Flavors: r-devel-linux-x86_64-debian-clang, r-devel-linux-x86_64-debian-gcc, r-devel-linux-x86_64-fedora-clang, r-devel-linux-x86_64-fedora-gcc, r-devel-osx-x86_64-clang, r-devel-windows-ix86+x86_64, r-patched-linux-x86_64, r-patched-solaris-sparc, r-patched-solaris-x86, r-release-linux-ix86, r-release-linux-x86_64, r-release-windows-ix86+x86_64

Version: 0.3-2
Check: package dependencies
Result: NOTE
    Package suggested but not available for checking: ‘dcmle’
Flavor: r-release-osx-x86_64-mavericks

Version: 0.3-2
Check: R code for possible problems
Result: NOTE
    svocc.fit: no visible global function definition for ‘makeDcFit’
    svocc.fit: no visible global function definition for ‘dcmle’
Flavor: r-release-osx-x86_64-mavericks