CRAN Package Check Results for Package detect

Last updated on 2017-01-17 08:47:49.

Flavor Version Tinstall Tcheck Ttotal Status Flags
r-devel-linux-x86_64-debian-clang 0.4-0 1.08 31.17 32.25 OK
r-devel-linux-x86_64-debian-gcc 0.4-0 1.09 30.88 31.97 OK
r-devel-linux-x86_64-fedora-clang 0.4-0 56.67 OK --no-stop-on-test-error
r-devel-linux-x86_64-fedora-gcc 0.4-0 54.91 OK --no-stop-on-test-error
r-devel-macos-x86_64-clang 0.4-0 43.99 OK --no-stop-on-test-error
r-devel-windows-ix86+x86_64 0.4-0 9.00 55.00 64.00 OK
r-patched-linux-x86_64 0.4-0 0.92 27.19 28.10 OK
r-patched-solaris-sparc 0.4-0 312.70 OK
r-patched-solaris-x86 0.4-0 58.80 OK
r-release-linux-x86_64 0.4-0 1.00 28.42 29.42 OK
r-release-osx-x86_64-mavericks 0.4-0 NOTE
r-release-windows-ix86+x86_64 0.4-0 7.00 64.00 71.00 OK
r-oldrel-windows-ix86+x86_64 0.4-0 5.00 67.00 72.00 OK

Check Details

Version: 0.4-0
Check: package dependencies
Result: NOTE
    Package suggested but not available for checking: ‘dclone’
Flavor: r-release-osx-x86_64-mavericks