CRAN Package Check Results for Package detect

Last updated on 2014-07-26 10:48:23.

Flavor Version Tinstall Tcheck Ttotal Status Flags
r-devel-linux-x86_64-debian-clang 0.3-2 1.02 26.21 27.23 OK
r-devel-linux-x86_64-debian-gcc 0.3-2 0.99 25.81 26.80 OK
r-devel-linux-x86_64-fedora-clang 0.3-2 55.68 OK
r-devel-linux-x86_64-fedora-gcc 0.3-2 51.93 OK
r-devel-osx-x86_64-clang 0.3-2 48.42 OK
r-devel-windows-ix86+x86_64 0.3-2 4.00 37.00 41.00 OK
r-patched-linux-x86_64 0.3-2 1.00 25.94 26.94 OK
r-patched-solaris-sparc 0.3-2 302.40 OK
r-patched-solaris-x86 0.3-2 70.30 OK
r-release-linux-ix86 0.3-2 1.42 35.92 37.34 OK
r-release-linux-x86_64 0.3-2 1.04 26.56 27.60 OK
r-release-osx-x86_64-mavericks 0.3-2 NOTE
r-release-osx-x86_64-snowleopard 0.3-2 OK
r-release-windows-ix86+x86_64 0.3-2 4.00 41.00 45.00 OK
r-oldrel-windows-ix86+x86_64 0.3-2 4.00 43.00 47.00 OK

Check Details

Version: 0.3-2
Check: package dependencies
Result: NOTE
    Package suggested but not available for checking: ‘dcmle’
Flavor: r-release-osx-x86_64-mavericks

Version: 0.3-2
Check: R code for possible problems
Result: NOTE
    svocc.fit: no visible global function definition for ‘makeDcFit’
    svocc.fit: no visible global function definition for ‘dcmle’
Flavor: r-release-osx-x86_64-mavericks