CRAN Package Check Results for Package detect

Last updated on 2015-04-01 02:48:13.

Flavor Version Tinstall Tcheck Ttotal Status Flags
r-devel-linux-x86_64-debian-clang 0.3-2 1.06 24.58 25.64 NOTE
r-devel-linux-x86_64-debian-gcc 0.3-2 0.88 23.74 24.62 NOTE
r-devel-linux-x86_64-fedora-clang 0.3-2 50.35 NOTE
r-devel-linux-x86_64-fedora-gcc 0.3-2 47.37 NOTE
r-devel-osx-x86_64-clang 0.3-2 52.09 NOTE
r-prerel-windows-ix86+x86_64 0.3-2 4.00 38.00 42.00 NOTE
r-prerel-linux-x86_64 0.3-2 0.86 24.41 25.27 NOTE
r-prerel-solaris-sparc 0.3-2 299.40 NOTE
r-prerel-solaris-x86 0.3-2 59.20 NOTE
r-release-linux-x86_64 0.3-2 0.99 26.60 27.58 NOTE
r-release-osx-x86_64-mavericks 0.3-2 NOTE
r-release-osx-x86_64-snowleopard 0.3-2 OK
r-release-windows-ix86+x86_64 0.3-2 4.00 41.00 45.00 NOTE
r-oldrel-windows-ix86+x86_64 0.3-2 4.00 40.00 44.00 OK

Check Details

Version: 0.3-2
Check: package namespace information
Result: NOTE
     Namespace with empty importFrom: ‘Formula’
Flavors: r-devel-linux-x86_64-debian-clang, r-devel-linux-x86_64-debian-gcc, r-devel-linux-x86_64-fedora-clang, r-devel-linux-x86_64-fedora-gcc, r-devel-osx-x86_64-clang, r-prerel-windows-ix86+x86_64, r-prerel-linux-x86_64, r-prerel-solaris-sparc, r-prerel-solaris-x86, r-release-linux-x86_64, r-release-osx-x86_64-mavericks, r-release-windows-ix86+x86_64

Version: 0.3-2
Check: dependencies in R code
Result: NOTE
    'library' or 'require' calls in package code:
     ‘dclone’ ‘dcmle’ ‘pbapply’
     Please use :: or requireNamespace() instead.
     See section 'Suggested packages' in the 'Writing R Extensions' manual.
Flavors: r-devel-linux-x86_64-debian-clang, r-devel-linux-x86_64-debian-gcc, r-devel-linux-x86_64-fedora-clang, r-devel-linux-x86_64-fedora-gcc, r-devel-osx-x86_64-clang, r-prerel-windows-ix86+x86_64, r-prerel-linux-x86_64, r-prerel-solaris-sparc, r-prerel-solaris-x86, r-release-linux-x86_64, r-release-windows-ix86+x86_64

Version: 0.3-2
Check: R code for possible problems
Result: NOTE
    bootstrap.svisit: no visible global function definition for ‘pblapply’
    dFormula: no visible global function definition for ‘Formula’
    dFormula: no visible global function definition for ‘model.part’
    extractMLE.svocc: no visible global function definition for ‘dcsd’
    hbootindex: no visible global function definition for ‘pbsapply’
    predictMCMC.svabu: no visible global function definition for
     ‘make.symmetric’
    predictMCMC.svabu: no visible global function definition for ‘jags.fit’
    predictMCMC.svabu: no visible global function definition for ‘dcsd’
    svocc.fit: no visible global function definition for ‘makeDcFit’
    svocc.fit: no visible global function definition for ‘dcmle’
    svocc.fit: no visible global function definition for ‘dcsd’
    svocc.fit: no visible global function definition for ‘gelman.diag’
Flavors: r-devel-linux-x86_64-debian-clang, r-devel-linux-x86_64-debian-gcc, r-devel-linux-x86_64-fedora-clang, r-devel-linux-x86_64-fedora-gcc, r-devel-osx-x86_64-clang, r-prerel-windows-ix86+x86_64, r-prerel-linux-x86_64, r-prerel-solaris-sparc, r-prerel-solaris-x86, r-release-linux-x86_64, r-release-osx-x86_64-mavericks, r-release-windows-ix86+x86_64