CRAN Package Check Results for Package detect

Last updated on 2017-07-23 04:48:22.

Flavor Version Tinstall Tcheck Ttotal Status Flags
r-devel-linux-x86_64-debian-clang 0.4-0 1.08 36.67 37.76 OK
r-devel-linux-x86_64-debian-gcc 0.4-0 1.07 35.62 36.69 OK
r-devel-linux-x86_64-fedora-clang 0.4-0 59.73 OK
r-devel-linux-x86_64-fedora-gcc 0.4-0 55.19 OK
r-devel-windows-ix86+x86_64 0.4-0 11.00 71.00 82.00 OK
r-patched-linux-x86_64 0.4-0 1.10 36.25 37.35 OK
r-patched-solaris-x86 0.4-0 70.10 OK
r-release-linux-x86_64 0.4-0 1.00 36.25 37.25 OK
r-release-windows-ix86+x86_64 0.4-0 4.00 71.00 75.00 OK
r-release-osx-x86_64 0.4-0 NOTE
r-oldrel-windows-ix86+x86_64 0.4-0 4.00 63.00 67.00 OK
r-oldrel-osx-x86_64 0.4-0 NOTE

Check Details

Version: 0.4-0
Check: package dependencies
Result: NOTE
    Packages suggested but not available for checking: ‘dclone’ ‘dcmle’
Flavor: r-release-osx-x86_64

Version: 0.4-0
Check: package dependencies
Result: NOTE
    Package suggested but not available for checking: ‘dclone’
Flavor: r-oldrel-osx-x86_64