CRAN Package Check Results for Package detect

Last updated on 2017-05-29 14:50:06.

Flavor Version Tinstall Tcheck Ttotal Status Flags
r-devel-linux-x86_64-debian-clang 0.4-0 0.99 31.24 32.24 OK
r-devel-linux-x86_64-debian-gcc 0.4-0 1.10 28.88 29.98 OK
r-devel-linux-x86_64-fedora-clang 0.4-0 57.96 OK
r-devel-linux-x86_64-fedora-gcc 0.4-0 55.04 OK
r-devel-windows-ix86+x86_64 0.4-0 4.00 73.00 77.00 OK
r-patched-linux-x86_64 0.4-0 0.98 29.03 30.01 OK
r-patched-solaris-sparc 0.4-0 341.80 OK
r-patched-solaris-x86 0.4-0 68.20 OK
r-release-linux-x86_64 0.4-0 1.05 30.15 31.20 OK
r-release-windows-ix86+x86_64 0.4-0 8.00 57.00 65.00 OK
r-release-osx-x86_64 0.4-0 NOTE
r-oldrel-windows-ix86+x86_64 0.4-0 4.00 48.00 52.00 OK
r-oldrel-osx-x86_64 0.4-0 NOTE

Check Details

Version: 0.4-0
Check: package dependencies
Result: NOTE
    Packages suggested but not available for checking: ‘dclone’ ‘dcmle’
Flavor: r-release-osx-x86_64

Version: 0.4-0
Check: package dependencies
Result: NOTE
    Package suggested but not available for checking: ‘dclone’
Flavor: r-oldrel-osx-x86_64