CRAN Package Check Results for Package detect

Last updated on 2016-12-04 20:46:54.

Flavor Version Tinstall Tcheck Ttotal Status Flags
r-devel-linux-x86_64-debian-clang 0.4-0 1.14 31.69 32.83 OK
r-devel-linux-x86_64-debian-gcc 0.4-0 1.09 31.20 32.29 OK
r-devel-linux-x86_64-fedora-clang 0.4-0 59.20 OK --no-stop-on-test-error
r-devel-linux-x86_64-fedora-gcc 0.4-0 57.59 OK --no-stop-on-test-error
r-devel-macos-x86_64-clang 0.4-0 44.96 OK
r-devel-windows-ix86+x86_64 0.4-0 4.00 76.00 80.00 OK
r-patched-linux-x86_64 0.4-0 0.93 28.22 29.15 OK
r-patched-solaris-sparc 0.4-0 304.20 OK
r-patched-solaris-x86 0.4-0 57.90 OK
r-release-linux-x86_64 0.4-0 0.92 28.96 29.88 OK
r-release-osx-x86_64-mavericks 0.4-0 NOTE
r-release-windows-ix86+x86_64 0.4-0 7.00 86.00 93.00 OK
r-oldrel-windows-ix86+x86_64 0.4-0 4.00 51.00 55.00 OK

Check Details

Version: 0.4-0
Check: package dependencies
Result: NOTE
    Package suggested but not available for checking: ‘dclone’
Flavor: r-release-osx-x86_64-mavericks