CRAN Package Check Results for Package detect

Last updated on 2018-02-23 18:47:28 CET.

Flavor Version Tinstall Tcheck Ttotal Status Flags
r-devel-linux-x86_64-debian-clang 0.4-1 7.00 71.40 78.40 OK
r-devel-linux-x86_64-debian-gcc 0.4-1 6.19 55.19 61.38 OK
r-devel-linux-x86_64-fedora-clang 0.4-1 98.67 OK
r-devel-linux-x86_64-fedora-gcc 0.4-1 92.39 OK
r-devel-windows-ix86+x86_64 0.4-1 17.00 104.00 121.00 OK
r-patched-linux-x86_64 0.4-1 3.03 72.78 75.81 OK
r-patched-solaris-x86 0.4-1 132.90 OK
r-release-linux-x86_64 0.4-1 3.09 73.45 76.54 OK
r-release-windows-ix86+x86_64 0.4-1 10.00 110.00 120.00 OK
r-release-osx-x86_64 0.4-1 OK
r-oldrel-windows-ix86+x86_64 0.4-1 7.00 100.00 107.00 OK
r-oldrel-osx-x86_64 0.4-0 NOTE

Check Details

Version: 0.4-0
Check: package dependencies
Result: NOTE
    Package suggested but not available for checking: ‘dclone’
Flavor: r-oldrel-osx-x86_64