CRAN Package Check Results for Package detect

Last updated on 2015-02-26 23:47:41.

Flavor Version Tinstall Tcheck Ttotal Status Flags
r-devel-linux-x86_64-debian-clang 0.3-2 0.91 24.28 25.19 NOTE
r-devel-linux-x86_64-debian-gcc 0.3-2 0.85 23.74 24.59 NOTE
r-devel-linux-x86_64-fedora-clang 0.3-2 49.49 NOTE
r-devel-linux-x86_64-fedora-gcc 0.3-2 45.87 NOTE
r-devel-osx-x86_64-clang 0.3-2 44.52 NOTE
r-devel-windows-ix86+x86_64 0.3-2 5.00 36.00 41.00 NOTE
r-patched-linux-x86_64 0.3-2 0.99 28.86 29.86 NOTE
r-patched-solaris-sparc 0.3-2 339.60 NOTE
r-patched-solaris-x86 0.3-2 66.50 NOTE
r-release-linux-ix86 0.3-2 1.51 39.11 40.62 NOTE
r-release-linux-x86_64 0.3-2 1.05 0.25 1.30 NOTE
r-release-osx-x86_64-mavericks 0.3-2 NOTE
r-release-osx-x86_64-snowleopard 0.3-2 OK
r-release-windows-ix86+x86_64 0.3-2 5.00 42.00 47.00 NOTE
r-oldrel-windows-ix86+x86_64 0.3-2 4.00 64.00 68.00 OK

Check Details

Version: 0.3-2
Check: package namespace information
Result: NOTE
     Namespace with empty importFrom: ‘Formula’
Flavors: r-devel-linux-x86_64-debian-clang, r-devel-linux-x86_64-debian-gcc, r-devel-linux-x86_64-fedora-clang, r-devel-linux-x86_64-fedora-gcc, r-devel-osx-x86_64-clang, r-devel-windows-ix86+x86_64, r-patched-linux-x86_64, r-patched-solaris-sparc, r-patched-solaris-x86, r-release-linux-ix86, r-release-osx-x86_64-mavericks, r-release-windows-ix86+x86_64

Version: 0.3-2
Check: dependencies in R code
Result: NOTE
    'library' or 'require' calls in package code:
     ‘dclone’ ‘dcmle’ ‘pbapply’
     Please use :: or requireNamespace() instead.
     See section 'Suggested packages' in the 'Writing R Extensions' manual.
Flavors: r-devel-linux-x86_64-debian-clang, r-devel-linux-x86_64-debian-gcc, r-devel-linux-x86_64-fedora-clang, r-devel-linux-x86_64-fedora-gcc, r-devel-osx-x86_64-clang, r-devel-windows-ix86+x86_64, r-patched-linux-x86_64, r-patched-solaris-sparc, r-patched-solaris-x86

Version: 0.3-2
Check: R code for possible problems
Result: NOTE
    bootstrap.svisit: no visible global function definition for ‘pblapply’
    dFormula: no visible global function definition for ‘Formula’
    dFormula: no visible global function definition for ‘model.part’
    extractMLE.svocc: no visible global function definition for ‘dcsd’
    hbootindex: no visible global function definition for ‘pbsapply’
    predictMCMC.svabu: no visible global function definition for
     ‘make.symmetric’
    predictMCMC.svabu: no visible global function definition for ‘jags.fit’
    predictMCMC.svabu: no visible global function definition for ‘dcsd’
    svocc.fit: no visible global function definition for ‘makeDcFit’
    svocc.fit: no visible global function definition for ‘dcmle’
    svocc.fit: no visible global function definition for ‘dcsd’
    svocc.fit: no visible global function definition for ‘gelman.diag’
Flavors: r-devel-linux-x86_64-debian-clang, r-devel-linux-x86_64-debian-gcc, r-devel-linux-x86_64-fedora-clang, r-devel-linux-x86_64-fedora-gcc, r-devel-osx-x86_64-clang, r-devel-windows-ix86+x86_64, r-patched-linux-x86_64, r-patched-solaris-sparc, r-patched-solaris-x86, r-release-linux-ix86, r-release-osx-x86_64-mavericks, r-release-windows-ix86+x86_64

Version: 0.3-2
Check: package namespace information
Result: NOTE
     Namespace with empty importFrom: ‘Formula’
    * checking package dependencies ...
Flavor: r-release-linux-x86_64