CRAN Package Check Results for Package detect

Last updated on 2017-11-23 11:52:08 CET.

Flavor Version Tinstall Tcheck Ttotal Status Flags
r-devel-linux-x86_64-debian-clang 0.4-0 0.92 49.24 50.16 OK
r-devel-linux-x86_64-debian-gcc 0.4-0 1.23 64.32 65.55 OK
r-devel-linux-x86_64-fedora-clang 0.4-0 52.46 OK
r-devel-linux-x86_64-fedora-gcc 0.4-0 50.96 OK
r-devel-windows-ix86+x86_64 0.4-0 5.00 75.00 80.00 OK
r-patched-linux-x86_64 0.4-0 1.51 68.80 70.31 OK
r-patched-solaris-x86 0.4-0 69.60 OK
r-release-linux-x86_64 0.4-0 1.04 29.16 30.20 OK
r-release-windows-ix86+x86_64 0.4-0 4.00 58.00 62.00 OK
r-release-osx-x86_64 0.4-0 NOTE
r-oldrel-windows-ix86+x86_64 0.4-0 4.00 49.00 53.00 OK
r-oldrel-osx-x86_64 0.4-0 NOTE

Check Details

Version: 0.4-0
Check: package dependencies
Result: NOTE
    Packages suggested but not available for checking: ‘dclone’ ‘dcmle’
Flavor: r-release-osx-x86_64

Version: 0.4-0
Check: package dependencies
Result: NOTE
    Package suggested but not available for checking: ‘dclone’
Flavor: r-oldrel-osx-x86_64