CRAN Package Check Results for Package detect

Last updated on 2016-06-25 16:47:45.

Flavor Version Tinstall Tcheck Ttotal Status Flags
r-devel-linux-x86_64-debian-gcc 0.4-0 1.02 26.94 27.96 OK
r-devel-linux-x86_64-fedora-clang 0.4-0 47.75 OK
r-devel-linux-x86_64-fedora-gcc 0.4-0 45.92 OK
r-devel-osx-x86_64-clang 0.4-0 40.25 OK
r-devel-windows-ix86+x86_64 0.4-0 7.00 68.00 75.00 OK
r-patched-linux-x86_64 0.4-0 1.12 26.60 27.72 OK
r-patched-solaris-sparc 0.4-0 304.20 OK
r-patched-solaris-x86 0.4-0 58.70 OK
r-release-linux-x86_64 0.4-0 0.96 26.79 27.75 OK
r-release-osx-x86_64-mavericks 0.4-0 NOTE
r-release-windows-ix86+x86_64 0.4-0 9.00 47.00 56.00 OK
r-oldrel-windows-ix86+x86_64 0.4-0 7.00 68.00 75.00 OK

Check Details

Version: 0.4-0
Check: package dependencies
Result: NOTE
    Package suggested but not available for checking: ‘dclone’
Flavor: r-release-osx-x86_64-mavericks