CRAN Package Check Results for Package detect

Last updated on 2016-05-28 09:11:39.

Flavor Version Tinstall Tcheck Ttotal Status Flags
r-devel-linux-x86_64-debian-gcc 0.4-0 0.90 28.25 29.16 OK
r-devel-linux-x86_64-fedora-clang 0.4-0 51.67 OK
r-devel-linux-x86_64-fedora-gcc 0.4-0 46.26 OK
r-devel-osx-x86_64-clang 0.4-0 58.24 OK
r-devel-windows-ix86+x86_64 0.4-0 3.00 52.00 55.00 OK
r-patched-linux-x86_64 0.4-0 1.06 27.10 28.16 OK
r-patched-solaris-sparc 0.4-0 302.90 OK
r-patched-solaris-x86 0.4-0 58.80 OK
r-release-linux-x86_64 0.4-0 0.90 27.63 28.53 OK
r-release-osx-x86_64-mavericks 0.4-0 NOTE
r-release-windows-ix86+x86_64 0.4-0 7.00 51.00 58.00 OK
r-oldrel-windows-ix86+x86_64 0.4-0 4.00 70.00 74.00 OK

Check Details

Version: 0.4-0
Check: package dependencies
Result: NOTE
    Package suggested but not available for checking: ‘dclone’
Flavor: r-release-osx-x86_64-mavericks