CRAN Package Check Results for Package detect

Last updated on 2017-09-24 11:48:03.

Flavor Version Tinstall Tcheck Ttotal Status Flags
r-devel-linux-x86_64-debian-clang 0.4-0 1.09 29.87 30.96 OK
r-devel-linux-x86_64-debian-gcc 0.4-0 1.02 28.76 29.78 OK
r-devel-linux-x86_64-fedora-clang 0.4-0 55.91 OK
r-devel-linux-x86_64-fedora-gcc 0.4-0 53.55 OK
r-devel-windows-ix86+x86_64 0.4-0 6.00 52.00 58.00 OK
r-patched-linux-x86_64 0.4-0 1.08 30.08 31.17 OK
r-patched-solaris-x86 0.4-0 70.00 OK
r-release-linux-x86_64 0.4-0 0.99 29.35 30.33 OK
r-release-windows-ix86+x86_64 0.4-0 4.00 60.00 64.00 OK
r-release-osx-x86_64 0.4-0 NOTE
r-oldrel-windows-ix86+x86_64 0.4-0 4.00 81.00 85.00 OK
r-oldrel-osx-x86_64 0.4-0 NOTE

Check Details

Version: 0.4-0
Check: package dependencies
Result: NOTE
    Packages suggested but not available for checking: ‘dclone’ ‘dcmle’
Flavor: r-release-osx-x86_64

Version: 0.4-0
Check: package dependencies
Result: NOTE
    Package suggested but not available for checking: ‘dclone’
Flavor: r-oldrel-osx-x86_64