CRAN Package Check Results for Package detector

Last updated on 2022-12-05 10:57:11 CET.

Flavor Version Tinstall Tcheck Ttotal Status Flags
r-devel-linux-x86_64-debian-clang 0.1.0 1.88 23.49 25.37 NOTE
r-devel-linux-x86_64-debian-gcc 0.1.0 1.61 19.44 21.05 NOTE
r-devel-linux-x86_64-fedora-clang 0.1.0 43.18 NOTE
r-devel-linux-x86_64-fedora-gcc 0.1.0 42.36 NOTE
r-devel-windows-x86_64 0.1.0 15.00 54.00 69.00 NOTE
r-patched-linux-x86_64 0.1.0 2.22 23.47 25.69 NOTE
r-release-linux-x86_64 0.1.0 2.08 23.88 25.96 NOTE
r-release-macos-arm64 0.1.0 19.00 NOTE
r-release-macos-x86_64 0.1.0 21.00 NOTE
r-release-windows-x86_64 0.1.0 11.00 50.00 61.00 NOTE
r-oldrel-macos-arm64 0.1.0 20.00 NOTE
r-oldrel-macos-x86_64 0.1.0 25.00 NOTE
r-oldrel-windows-ix86+x86_64 0.1.0 4.00 47.00 51.00 NOTE

Check Details

Version: 0.1.0
Check: LazyData
Result: NOTE
     'LazyData' is specified without a 'data' directory
Flavors: r-devel-linux-x86_64-debian-clang, r-devel-linux-x86_64-debian-gcc, r-devel-linux-x86_64-fedora-clang, r-devel-linux-x86_64-fedora-gcc, r-devel-windows-x86_64, r-patched-linux-x86_64, r-release-linux-x86_64, r-release-macos-arm64, r-release-macos-x86_64, r-release-windows-x86_64, r-oldrel-macos-arm64, r-oldrel-macos-x86_64, r-oldrel-windows-ix86+x86_64