CRAN Package Check Results for Package detrendeR

Last updated on 2014-07-30 23:47:17.

Flavor Version Tinstall Tcheck Ttotal Status Flags
r-devel-linux-x86_64-debian-clang 1.0.4 1.55 27.25 28.80 NOTE
r-devel-linux-x86_64-debian-gcc 1.0.4 1.54 27.00 28.54 NOTE
r-devel-linux-x86_64-fedora-clang 1.0.4 57.58 NOTE
r-devel-linux-x86_64-fedora-gcc 1.0.4 53.91 NOTE
r-devel-osx-x86_64-clang 1.0.4 57.93 NOTE
r-devel-windows-ix86+x86_64 1.0.4 6.00 37.00 43.00 NOTE
r-patched-linux-x86_64 1.0.4 1.58 27.94 29.51 NOTE
r-patched-solaris-sparc 1.0.4 357.70 NOTE
r-patched-solaris-x86 1.0.4 85.20 NOTE
r-release-linux-ix86 1.0.4 2.17 36.63 38.80 NOTE
r-release-linux-x86_64 1.0.4 1.60 27.31 28.92 NOTE
r-release-osx-x86_64-mavericks 1.0.4 NOTE
r-release-osx-x86_64-snowleopard 1.0.4 NOTE
r-release-windows-ix86+x86_64 1.0.4 5.00 42.00 47.00 NOTE
r-oldrel-windows-ix86+x86_64 1.0.4 8.00 54.00 62.00 NOTE

Check Details

Version: 1.0.4
Check: dependencies in R code
Result: NOTE
    Package in Depends field not imported from: dplR
     These packages need to be imported from (in the NAMESPACE file)
     for when this namespace is loaded but not attached.
    There are ::: calls to the package's namespace in its code. A package
     almost never needs to use ::: for its own objects:
     .get InteractiveDetrending RemoveTrend
    See the information on DESCRIPTION files in the chapter Creating R
    packages of the Writing R Extensions manual.
Flavors: r-devel-linux-x86_64-debian-clang, r-devel-linux-x86_64-debian-gcc, r-devel-linux-x86_64-fedora-clang, r-devel-linux-x86_64-fedora-gcc, r-devel-osx-x86_64-clang, r-devel-windows-ix86+x86_64, r-patched-linux-x86_64, r-patched-solaris-sparc, r-patched-solaris-x86, r-release-linux-ix86, r-release-linux-x86_64, r-release-osx-x86_64-mavericks, r-release-windows-ix86+x86_64, r-oldrel-windows-ix86+x86_64

Version: 1.0.4
Check: R code for possible problems
Result: NOTE
    .optionsDefault: no visible binding for global variable method1
    .optionsDefault: no visible binding for global variable n1
    .optionsDefault: no visible binding for global variable nPerc1
    .optionsDefault: no visible binding for global variable p1
    .optionsDefault: no visible binding for global variable method2
    .optionsDefault: no visible binding for global variable n2
    .optionsDefault: no visible binding for global variable nPerc2
    .optionsDefault: no visible binding for global variable p2
    CRONO: no visible binding for global variable arMAX
    CRONO: no visible binding for global variable .heigth
    CRONO: no visible binding for global variable makeAr
    CRONO: no visible binding for global variable biweightMean
    DetrendeR : <anonymous>: no visible binding for global variable
     DataBaseChoice
    DetrendeR : <anonymous>: no visible binding for global variable
     TempDataBase
    DetrendeR : <anonymous>: no visible binding for global variable fname
    DetrendeR : foo: no visible binding for global variable
     DataBaseChoice
    DetrendeR : DELETE_DATASET: no visible binding for global variable
     DataBaseChoice
    DetrendeR : SERIES_INFORMATION: no visible binding for global variable
     DataBaseChoice
    DetrendeR : TREE_IDS: no visible binding for global variable
     DataBaseChoice
    DetrendeR : TREE_IDS: no visible binding for global variable stc
    DetrendeR : MISSING_RINGS: no visible binding for global variable
     DataBaseChoice
    DetrendeR : RWL_INFO: no visible binding for global variable
     DataBaseChoice
    DetrendeR : SEG_PLOT: no visible binding for global variable
     DataBaseChoice
    DetrendeR : RWL_PLOT: no visible binding for global variable
     DataBaseChoice
    DetrendeR : AR.MODEL: no visible binding for global variable
     DataBaseChoice
    DetrendeR : makeCRONO: no visible binding for global variable
     DataBaseChoice
    DetrendeR : EPS: no visible binding for global variable
     DataBaseChoice
    Detrender.Options: no visible binding for global variable makeSegPlot
    Detrender.Options: no visible binding for global variable
     remove.shorter.series
    Detrender.Options: no visible binding for global variable
     delete.shorter.series
    Detrender.Options: no visible binding for global variable
     makeFirstDetrending
    Detrender.Options: no visible binding for global variable
     save.detrend1
    Detrender.Options: no visible binding for global variable method1
    Detrender.Options: no visible binding for global variable n1
    Detrender.Options: no visible binding for global variable nPerc1
    Detrender.Options: no visible binding for global variable p1
    Detrender.Options: no visible binding for global variable
     makeSecondDetrending
    Detrender.Options: no visible binding for global variable
     save.detrend2
    Detrender.Options: no visible binding for global variable method2
    Detrender.Options: no visible binding for global variable n2
    Detrender.Options: no visible binding for global variable nPerc2
    Detrender.Options: no visible binding for global variable p2
    Detrender.Options: no visible binding for global variable arMAX
    Detrender.Options: no visible binding for global variable makeAr
    Detrender.Options: no visible binding for global variable
     run.win.analysis
    Detrender.Options: no visible binding for global variable
     make.common.EPS
    Detrender.Options: no visible binding for global variable
     make.select.period.EPS
    Detrender.Options: no visible binding for global variable
     first.year.common
    Detrender.Options: no visible binding for global variable
     last.year.common
    Detrender.Options: no visible binding for global variable winLength
    Detrender.Options: no visible binding for global variable stepWin
    InteractiveDetrending : draw: no visible binding for global variable
     currentBANDWIDTH
    InteractiveDetrending : draw: no visible binding for global variable
     currentBANDWIDTH.P
    InteractiveDetrending : draw: no visible binding for global variable
     currentP
    InteractiveDetrending : re.draw: no visible binding for global variable
     currentBANDWIDTH
    InteractiveDetrending : re.draw: no visible binding for global variable
     currentBANDWIDTH.P
    InteractiveDetrending : re.draw: no visible binding for global variable
     currentP
    arMODEL: no visible binding for global variable arMAX
    arMODEL: no visible binding for global variable .heigth
    arMODEL: no visible binding for global variable makeAr
    arstan: no visible binding for global variable stc
    arstan: no visible binding for global variable makeSegPlot
    arstan: no visible binding for global variable remove.shorter.series
    arstan: no visible binding for global variable delete.shorter.series
    arstan: no visible binding for global variable makeFirstDetrending
    arstan: no visible binding for global variable
     first.detrending.method
    arstan: no visible binding for global variable method1
    arstan: no visible binding for global variable nPerc1
    arstan: no visible binding for global variable n1
    arstan: no visible binding for global variable p1
    arstan: no visible binding for global variable interactive.detrend
    arstan: no visible binding for '<<-' assignment to
     first.detrending.method
    arstan: no visible binding for global variable save.detrend1
    arstan: no visible binding for global variable makeSecondDetrending
    arstan: no visible binding for global variable method2
    arstan: no visible binding for global variable nPerc2
    arstan: no visible binding for global variable n2
    arstan: no visible binding for global variable p2
    arstan: no visible binding for global variable save.detrend2
    arstan: no visible binding for global variable run.win.analysis
    arstan: no visible binding for global variable winLength
    arstan: no visible binding for global variable stepWin
    arstan: no visible binding for global variable make.common.EPS
    arstan: no visible binding for global variable make.select.period.EPS
    arstan: no visible binding for global variable first.year.common
    arstan: no visible binding for global variable last.year.common
    arstan: no visible binding for global variable makeAr
    arstan: no visible binding for global variable arMAX
    detrenderGUI: no visible binding for global variable stc
    detrenderGUI: no visible binding for global variable
     remove.shorter.series
    detrenderGUI: no visible binding for global variable
     delete.shorter.series
    detrenderGUI: no visible binding for global variable makeSegPlot
    detrenderGUI: no visible binding for global variable
     interactive.detrend
    detrenderGUI: no visible binding for global variable method1
    detrenderGUI: no visible binding for global variable method2
    detrenderGUI: no visible binding for global variable n1
    detrenderGUI: no visible binding for global variable nPerc1
    detrenderGUI: no visible binding for global variable p1
    detrenderGUI: no visible binding for global variable n2
    detrenderGUI: no visible binding for global variable nPerc2
    detrenderGUI: no visible binding for global variable p2
    detrenderGUI: no visible binding for global variable makeAr
    detrenderGUI: no visible binding for global variable arMAX
    detrenderGUI: no visible binding for global variable biweightMean
    detrenderGUI: no visible binding for global variable run.win.analysis
    detrenderGUI: no visible binding for global variable winLength
    detrenderGUI: no visible binding for global variable stepWin
    detrenderGUI: no visible binding for global variable make.common.EPS
    detrenderGUI: no visible binding for global variable
     make.select.period.EPS
    detrenderGUI: no visible binding for global variable
     first.year.common
    detrenderGUI: no visible binding for global variable last.year.common
    detrenderGUI : OnOk: no visible binding for global variable method1
    detrenderGUI : OnOk: no visible binding for global variable n1
    detrenderGUI : OnOk: no visible binding for global variable nPerc1
    detrenderGUI : OnOk: no visible binding for global variable p1
    detrenderGUI : OnOk: no visible binding for global variable method2
    detrenderGUI : OnOk: no visible binding for global variable n2
    detrenderGUI : OnOk: no visible binding for global variable nPerc2
    detrenderGUI : OnOk: no visible binding for global variable p2
    detrenderGUI : OnOk: no visible binding for global variable
     make.select.period.EPS
    detrenderGUI : OnOk: no visible binding for global variable
     first.year.common
    detrenderGUI : OnOk: no visible binding for global variable
     last.year.common
    detrending: no visible binding for global variable .heigth
    detrending: no visible binding for global variable method1
    detrending: no visible binding for global variable method2
    detrending: no visible binding for global variable n1
    detrending: no visible binding for global variable nPerc1
    detrending: no visible binding for global variable p1
    detrending: no visible binding for global variable n2
    detrending: no visible binding for global variable nPerc2
    detrending: no visible binding for global variable p2
    detrending : OnOk: no visible binding for '<<-' assignment to
     makeFirstDetrending
    detrending : OnOk: no visible binding for '<<-' assignment to method1
    detrending : OnOk: no visible binding for '<<-' assignment to n1
    detrending : OnOk: no visible binding for '<<-' assignment to nPerc1
    detrending : OnOk: no visible binding for '<<-' assignment to p1
    detrending : OnOk: no visible binding for '<<-' assignment to
     first.detrending.method
    detrending : OnOk: no visible binding for global variable method1
    detrending : OnOk: no visible binding for global variable n1
    detrending : OnOk: no visible binding for global variable nPerc1
    detrending : OnOk: no visible binding for global variable p1
    detrending : OnOk: no visible binding for '<<-' assignment to
     makeSecondDetrending
    detrending : OnOk: no visible binding for '<<-' assignment to method2
    detrending : OnOk: no visible binding for '<<-' assignment to n2
    detrending : OnOk: no visible binding for '<<-' assignment to nPerc2
    detrending : OnOk: no visible binding for '<<-' assignment to p2
    detrending : OnOk: no visible binding for '<<-' assignment to
     second.detrending.method
    detrending : OnOk: no visible binding for global variable method2
    detrending : OnOk: no visible binding for global variable n2
    detrending : OnOk: no visible binding for global variable nPerc2
    detrending : OnOk: no visible binding for global variable p2
    detrending : OnOk: no visible binding for '<<-' assignment to
     interactive.detrend
    detrending: no visible binding for global variable
     interactive.detrend
    interactiveDETRENDING: no visible binding for global variable
     makeFirstDetrending
    interactiveDETRENDING: no visible binding for global variable
     first.detrending.method
    interactiveDETRENDING: no visible binding for global variable
     interactive.detrend
    interactiveDETRENDING: no visible binding for global variable
     second.detrending.method
    interactiveEPS: no visible binding for global variable .heigth
    interactiveEPS: no visible binding for global variable
     run.win.analysis
    interactiveEPS: no visible binding for global variable winLength
    interactiveEPS: no visible binding for global variable stepWin
    interactiveEPS: no visible binding for global variable
     make.common.EPS
    interactiveEPS: no visible binding for global variable
     make.select.period.EPS
    interactiveEPS: no visible binding for global variable
     first.year.common
    interactiveEPS: no visible binding for global variable
     last.year.common
    interactiveEPS : OnOk: no visible binding for '<<-' assignment to
     winLength
    interactiveEPS : OnOk: no visible binding for '<<-' assignment to
     run.win.analysis
    interactiveEPS : OnOk: no visible binding for '<<-' assignment to
     stepWin
    interactiveEPS : OnOk: no visible binding for '<<-' assignment to
     make.common.EPS
    interactiveEPS : OnOk: no visible binding for '<<-' assignment to
     make.select.period.EPS
    interactiveEPS : OnOk: no visible binding for '<<-' assignment to
     first.year.common
    interactiveEPS : OnOk: no visible binding for '<<-' assignment to
     last.year.common
    interactiveEPS : OnOk: no visible binding for global variable
     run.win.analysis
    interactiveEPS : OnOk: no visible binding for global variable
     winLength
    interactiveEPS : OnOk: no visible binding for global variable stepWin
    interactiveEPS : OnOk: no visible binding for global variable
     first.year.common
    interactiveEPS : OnOk: no visible binding for global variable
     last.year.common
    readCompact: no visible binding for global variable .heigth
    readCrnFile: no visible binding for global variable .heigth
    readRwlFile: no visible binding for global variable .heigth
    readTable: no visible binding for global variable .heigth
Flavors: r-devel-linux-x86_64-debian-clang, r-devel-linux-x86_64-debian-gcc, r-devel-linux-x86_64-fedora-clang, r-devel-linux-x86_64-fedora-gcc, r-devel-osx-x86_64-clang, r-devel-windows-ix86+x86_64, r-patched-linux-x86_64, r-patched-solaris-sparc, r-patched-solaris-x86, r-release-linux-ix86, r-release-linux-x86_64, r-release-osx-x86_64-mavericks, r-release-osx-x86_64-snowleopard, r-release-windows-ix86+x86_64, r-oldrel-windows-ix86+x86_64

Version: 1.0.4
Check: Rd line widths
Result: NOTE
    Rd file 'EPS.value.Rd':
     \examples lines wider than 100 characters:
     co021.subset<-co021.subset[,-c(28,30,31)] ## to remove the following series "645232","646107" and "646118"
    
    These lines will be truncated in the PDF manual.
Flavors: r-devel-linux-x86_64-fedora-clang, r-devel-linux-x86_64-fedora-gcc

Version: 1.0.4
Check: dependencies in R code
Result: NOTE
    Package in Depends field not imported from: 'dplR'
     These packages need to be imported from for the case when
     this namespace is loaded but not attached.
    There are ::: calls to the package's namespace in its code. A package
     almost never needs to use ::: for its own objects:
     '.get' 'InteractiveDetrending' 'RemoveTrend'
    See the information on DESCRIPTION files in the chapter 'Creating R
    packages' of the 'Writing R Extensions' manual.
Flavor: r-release-osx-x86_64-snowleopard