CRAN Package Check Results for Package devEMF

Last updated on 2018-05-21 14:51:42 CEST.

Flavor Version Tinstall Tcheck Ttotal Status Flags
r-devel-linux-x86_64-debian-clang 3.6 8.98 14.16 23.14 OK
r-devel-linux-x86_64-debian-gcc 3.6 6.80 12.67 19.47 OK
r-devel-linux-x86_64-fedora-clang 3.6 30.78 OK
r-devel-linux-x86_64-fedora-gcc 3.6 28.33 OK
r-devel-windows-ix86+x86_64 3.6 20.00 38.00 58.00 OK
r-patched-linux-x86_64 3.6 8.41 14.89 23.30 OK
r-patched-solaris-x86 3.6 54.40 OK
r-release-linux-x86_64 3.6 8.30 14.84 23.14 OK
r-release-windows-ix86+x86_64 3.6 19.00 36.00 55.00 OK
r-release-osx-x86_64 3.6 ERROR
r-oldrel-windows-ix86+x86_64 3.6 14.00 34.00 48.00 OK
r-oldrel-osx-x86_64 3.6 OK

Check Details

Version: 3.6
Check: whether package can be installed
Result: ERROR
    Installation failed.
Flavor: r-release-osx-x86_64