CRAN Package Check Results for Package devEMF

Last updated on 2015-04-27 03:47:17.

Flavor Version Tinstall Tcheck Ttotal Status Flags
r-devel-linux-x86_64-debian-clang 2.0 2.96 7.88 10.84 OK
r-devel-linux-x86_64-debian-gcc 2.0 3.54 7.84 11.38 OK
r-devel-linux-x86_64-fedora-clang 2.0 22.05 OK
r-devel-linux-x86_64-fedora-gcc 2.0 21.38 OK
r-devel-osx-x86_64-clang 2.0 23.95 OK
r-devel-windows-ix86+x86_64 2.0 12.00 23.00 35.00 OK
r-patched-linux-x86_64 2.0 3.44 8.12 11.56 OK
r-patched-solaris-sparc 2.0 156.20 OK
r-patched-solaris-x86 2.0 31.60 OK
r-release-linux-x86_64 2.0 3.49 8.19 11.68 OK
r-release-osx-x86_64-mavericks 2.0 OK
r-release-osx-x86_64-snowleopard 2.0 ERROR
r-release-windows-ix86+x86_64 2.0 9.00 26.00 35.00 OK
r-oldrel-windows-ix86+x86_64 2.0 15.00 23.00 38.00 OK

Check Details

Version: 2.0
Check: whether package can be installed
Result: ERROR
    Installation failed.
Flavor: r-release-osx-x86_64-snowleopard