CRAN Package Check Results for Package devEMF

Last updated on 2014-09-23 12:46:54.

Flavor Version Tinstall Tcheck Ttotal Status Flags
r-devel-linux-x86_64-debian-clang 1.2 1.68 8.18 9.86 NOTE
r-devel-linux-x86_64-debian-gcc 1.2 2.47 8.12 10.59 NOTE
r-devel-linux-x86_64-fedora-clang 1.2 20.95 NOTE
r-devel-linux-x86_64-fedora-gcc 1.2 21.20 NOTE
r-devel-osx-x86_64-clang 1.2 24.37 NOTE
r-devel-windows-ix86+x86_64 1.2 10.00 24.00 34.00 NOTE
r-patched-linux-x86_64 1.2 2.54 8.29 10.84 NOTE
r-patched-solaris-sparc 1.2 145.20 NOTE
r-patched-solaris-x86 1.2 33.20 NOTE
r-release-linux-ix86 1.2 3.82 14.22 18.05 NOTE
r-release-linux-x86_64 1.2 2.56 8.50 11.05 NOTE
r-release-osx-x86_64-mavericks 1.2 NOTE
r-release-windows-ix86+x86_64 1.2 13.00 23.00 36.00 NOTE
r-oldrel-windows-ix86+x86_64 1.2 9.00 24.00 33.00 NOTE

Check Details

Version: 1.2
Check: top-level files
Result: NOTE
    Non-standard file/directory found at top level:
     ‘COPYRIGHTS’
    Copyright information should be in file inst/COPYRIGHTS
Flavors: r-devel-linux-x86_64-debian-clang, r-devel-linux-x86_64-debian-gcc, r-devel-linux-x86_64-fedora-clang, r-devel-linux-x86_64-fedora-gcc, r-patched-linux-x86_64, r-release-linux-x86_64

Version: 1.2
Check: compiled code
Result: NOTE
    File ‘devEMF/libs/devEMF.so’:
     Found non-API calls to R: ‘R_Home’, ‘R_gzclose’, ‘R_gzgets’,
     ‘R_gzopen’
    
    Compiled code should not call non-API entry points in R.
    
    See ‘Writing portable packages’ in the ‘Writing R Extensions’ manual.
Flavors: r-devel-linux-x86_64-debian-clang, r-devel-linux-x86_64-debian-gcc, r-devel-linux-x86_64-fedora-clang, r-devel-linux-x86_64-fedora-gcc, r-devel-osx-x86_64-clang

Version: 1.2
Check: compiled code
Result: NOTE
    File 'devEMF/libs/i386/devEMF.dll':
     Found non-API calls to R: 'R_Home', 'R_gzclose', 'R_gzgets',
     'R_gzopen'
    File 'devEMF/libs/x64/devEMF.dll':
     Found non-API calls to R: 'R_Home', 'R_gzclose', 'R_gzgets',
     'R_gzopen'
    
    Compiled code should not call non-API entry points in R.
    
    See 'Writing portable packages' in the 'Writing R Extensions' manual.
Flavor: r-devel-windows-ix86+x86_64

Version: 1.2
Check: compiled code
Result: NOTE
    File ‘/home/hornik/tmp/R.check/r-patched-gcc/Work/build/Packages/devEMF/libs/devEMF.so’:
     Found non-API calls to R: ‘R_Home’, ‘R_gzclose’, ‘R_gzgets’,
     ‘R_gzopen’
    
    Compiled code should not call non-API entry points in R.
    
    See ‘Writing portable packages’ in the ‘Writing R Extensions’ manual.
Flavor: r-patched-linux-x86_64

Version: 1.2
Check: compiled code
Result: NOTE
    File ‘/home/ripley/R/Lib32/devEMF/libs/devEMF.so’:
     Found non-API calls to R: ‘R_Home’, ‘R_gzclose’, ‘R_gzgets’,
     ‘R_gzopen’
    
    Compiled code should not call non-API entry points in R.
    
    See ‘Writing portable packages’ in the ‘Writing R Extensions’ manual.
Flavors: r-patched-solaris-sparc, r-patched-solaris-x86

Version: 1.2
Check: compiled code
Result: NOTE
    File ‘/home/hornik/tmp/R.check/r-release-gcc/Work/build/Packages/devEMF/libs/devEMF.so’:
     Found non-API calls to R: ‘R_Home’, ‘R_gzclose’, ‘R_gzgets’,
     ‘R_gzopen’
    
    Compiled code should not call non-API entry points in R.
    
    See ‘Writing portable packages’ in the ‘Writing R Extensions’ manual.
Flavors: r-release-linux-ix86, r-release-linux-x86_64

Version: 1.2
Check: compiled code
Result: NOTE
    File ‘/Builds/CRAN-QA-Simon/packages/mavericks-x86_64/results/3.1/devEMF.Rcheck/devEMF/libs/devEMF.so’:
     Found non-API calls to R: ‘R_Home’, ‘R_gzclose’, ‘R_gzgets’,
     ‘R_gzopen’
    
    Compiled code should not call non-API entry points in R.
    
    See ‘Writing portable packages’ in the ‘Writing R Extensions’ manual.
Flavor: r-release-osx-x86_64-mavericks

Version: 1.2
Check: compiled code
Result: NOTE
    File 'd:/Rcompile/CRANpkg/lib/3.1/devEMF/libs/i386/devEMF.dll':
     Found non-API calls to R: 'R_Home', 'R_gzclose', 'R_gzgets',
     'R_gzopen'
    File 'd:/Rcompile/CRANpkg/lib/3.1/devEMF/libs/x64/devEMF.dll':
     Found non-API calls to R: 'R_Home', 'R_gzclose', 'R_gzgets',
     'R_gzopen'
    
    Compiled code should not call non-API entry points in R.
    
    See 'Writing portable packages' in the 'Writing R Extensions' manual.
Flavor: r-release-windows-ix86+x86_64

Version: 1.2
Check: compiled code
Result: NOTE
    File 'd:/Rcompile/CRANpkg/lib/3.0/devEMF/libs/i386/devEMF.dll':
     Found non-API calls to R: 'R_Home', 'R_gzclose', 'R_gzgets',
     'R_gzopen'
    File 'd:/Rcompile/CRANpkg/lib/3.0/devEMF/libs/x64/devEMF.dll':
     Found non-API calls to R: 'R_Home', 'R_gzclose', 'R_gzgets',
     'R_gzopen'
    
    Compiled code should not call non-API entry points in R.
    
    See 'Writing portable packages' in the 'Writing R Extensions' manual.
Flavor: r-oldrel-windows-ix86+x86_64