CRAN Package Check Results for Package devEMF

Last updated on 2015-03-05 12:47:56.

Flavor Version Tinstall Tcheck Ttotal Status Flags
r-devel-linux-x86_64-debian-clang 2.0 2.92 7.88 10.80 OK
r-devel-linux-x86_64-debian-gcc 2.0 3.38 7.88 11.26 OK
r-devel-linux-x86_64-fedora-clang 2.0 22.05 OK
r-devel-linux-x86_64-fedora-gcc 2.0 20.55 OK
r-devel-osx-x86_64-clang 2.0 23.08 OK
r-devel-windows-ix86+x86_64 2.0 11.00 23.00 34.00 OK
r-patched-linux-x86_64 2.0 3.78 8.58 12.36 OK
r-patched-solaris-sparc 2.0 155.00 OK
r-patched-solaris-x86 2.0 36.00 OK
r-release-linux-ix86 2.0 5.54 14.90 20.44 OK
r-release-linux-x86_64 2.0 3.49 8.62 12.11 OK
r-release-osx-x86_64-mavericks 2.0 OK
r-release-osx-x86_64-snowleopard 2.0 ERROR
r-release-windows-ix86+x86_64 2.0 11.00 24.00 35.00 OK
r-oldrel-windows-ix86+x86_64 2.0 10.00 27.00 37.00 OK

Check Details

Version: 2.0
Check: whether package can be installed
Result: ERROR
    Installation failed.
Flavor: r-release-osx-x86_64-snowleopard