CRAN Package Check Results for Package devEMF

Last updated on 2015-05-23 06:46:41.

Flavor Version Tinstall Tcheck Ttotal Status Flags
r-devel-linux-x86_64-debian-clang 2.0 3.05 8.10 11.16 OK
r-devel-linux-x86_64-debian-gcc 2.0 3.52 7.94 11.46 OK
r-devel-linux-x86_64-fedora-clang 2.0 21.69 OK
r-devel-linux-x86_64-fedora-gcc 2.0 20.77 OK
r-devel-osx-x86_64-clang 2.0 24.07 OK
r-devel-windows-ix86+x86_64 2.0 15.00 22.00 37.00 OK
r-patched-linux-x86_64 2.0 3.46 8.02 11.47 OK
r-patched-solaris-sparc 2.0 134.30 OK
r-patched-solaris-x86 2.0 32.20 OK
r-release-linux-x86_64 2.0 3.44 8.08 11.52 OK
r-release-osx-x86_64-mavericks 2.0 OK
r-release-osx-x86_64-snowleopard 2.0 ERROR
r-release-windows-ix86+x86_64 2.0 9.00 26.00 35.00 OK
r-oldrel-windows-ix86+x86_64 2.0 15.00 23.00 38.00 OK

Check Details

Version: 2.0
Check: whether package can be installed
Result: ERROR
    Installation failed.
Flavor: r-release-osx-x86_64-snowleopard