CRAN Package Check Results for Package devEMF

Last updated on 2014-04-23 17:47:42.

Flavor Version Tinstall Tcheck Ttotal Status Flags
r-devel-linux-x86_64-debian-clang 1.2 1.66 8.50 10.16 NOTE
r-devel-linux-x86_64-debian-gcc 1.2 2.51 8.42 10.94 NOTE
r-devel-linux-x86_64-fedora-clang 1.2 21.11 NOTE
r-devel-linux-x86_64-fedora-gcc 1.2 20.26 NOTE
r-devel-osx-x86_64-clang 1.2 21.14 NOTE
r-devel-osx-x86_64-gcc 1.2 NOTE
r-devel-windows-ix86+x86_64 1.2 10.00 22.00 32.00 NOTE
r-patched-linux-x86_64 1.2 2.51 8.37 10.88 NOTE
r-patched-solaris-sparc 1.2 117.00 NOTE
r-patched-solaris-x86 1.2 32.90 NOTE
r-release-linux-ix86 1.2 4.00 20.00 24.00 NOTE
r-release-linux-x86_64 1.2 2.50 8.54 11.04 NOTE
r-release-osx-x86_64-mavericks 1.2 NOTE
r-release-windows-ix86+x86_64 1.2 16.00 30.00 46.00 NOTE
r-oldrel-windows-ix86+x86_64 1.2 9.00 24.00 33.00 NOTE

Check Details

Version: 1.2
Check: compiled code
Result: NOTE
    File ‘/home/hornik/tmp/R.check/r-devel-clang/Work/build/Packages/devEMF/libs/devEMF.so’:
     Found non-API calls to R: ‘R_Home’, ‘R_gzclose’, ‘R_gzgets’,
     ‘R_gzopen’
    
    Compiled code should not call non-API entry points in R.
    
    See ‘Writing portable packages’ in the ‘Writing R Extensions’ manual.
Flavor: r-devel-linux-x86_64-debian-clang

Version: 1.2
Check: compiled code
Result: NOTE
    File ‘/home/hornik/tmp/R.check/r-devel-gcc/Work/build/Packages/devEMF/libs/devEMF.so’:
     Found non-API calls to R: ‘R_Home’, ‘R_gzclose’, ‘R_gzgets’,
     ‘R_gzopen’
    
    Compiled code should not call non-API entry points in R.
    
    See ‘Writing portable packages’ in the ‘Writing R Extensions’ manual.
Flavor: r-devel-linux-x86_64-debian-gcc

Version: 1.2
Check: top-level files
Result: NOTE
    Non-standard file/directory found at top level:
     ‘COPYRIGHTS’
    Copyright information should be in file inst/COPYRIGHTS
Flavors: r-devel-linux-x86_64-fedora-clang, r-devel-linux-x86_64-fedora-gcc

Version: 1.2
Check: compiled code
Result: NOTE
    File ‘/data/gannet/ripley/R/packages/tests-clang/devEMF.Rcheck/devEMF/libs/devEMF.so’:
     Found non-API calls to R: ‘R_Home’, ‘R_gzclose’, ‘R_gzgets’,
     ‘R_gzopen’
    
    Compiled code should not call non-API entry points in R.
    
    See ‘Writing portable packages’ in the ‘Writing R Extensions’ manual.
Flavor: r-devel-linux-x86_64-fedora-clang

Version: 1.2
Check: compiled code
Result: NOTE
    File ‘/data/gannet/ripley/R/packages/tests-devel/devEMF.Rcheck/devEMF/libs/devEMF.so’:
     Found non-API calls to R: ‘R_Home’, ‘R_gzclose’, ‘R_gzgets’,
     ‘R_gzopen’
    
    Compiled code should not call non-API entry points in R.
    
    See ‘Writing portable packages’ in the ‘Writing R Extensions’ manual.
Flavor: r-devel-linux-x86_64-fedora-gcc

Version: 1.2
Check: compiled code
Result: NOTE
    File ‘/Users/ripley/R/packages/tests-devel/devEMF.Rcheck/devEMF/libs/devEMF.so’:
     Found non-API calls to R: ‘R_Home’, ‘R_gzclose’, ‘R_gzgets’,
     ‘R_gzopen’
    
    Compiled code should not call non-API entry points in R.
    
    See ‘Writing portable packages’ in the ‘Writing R Extensions’ manual.
Flavor: r-devel-osx-x86_64-clang

Version: 1.2
Check: compiled code
Result: NOTE
    File ‘/Volumes/XT3/Builds/R-dev-web/QA/Simon/packages/snowleopard-x86_64/results/3.2/devEMF.Rcheck/devEMF/libs/devEMF.so’:
     Found non-API calls to R: ‘R_Home’, ‘R_gzclose’, ‘R_gzgets’,
     ‘R_gzopen’
    
    Compiled code should not call non-API entry points in R.
    
    See ‘Writing portable packages’ in the ‘Writing R Extensions’ manual.
Flavor: r-devel-osx-x86_64-gcc

Version: 1.2
Check: compiled code
Result: NOTE
    File 'd:/Rcompile/CRANpkg/lib/3.2/devEMF/libs/i386/devEMF.dll':
     Found non-API calls to R: 'R_Home', 'R_gzclose', 'R_gzgets',
     'R_gzopen'
    File 'd:/Rcompile/CRANpkg/lib/3.2/devEMF/libs/x64/devEMF.dll':
     Found non-API calls to R: 'R_Home', 'R_gzclose', 'R_gzgets',
     'R_gzopen'
    
    Compiled code should not call non-API entry points in R.
    
    See 'Writing portable packages' in the 'Writing R Extensions' manual.
    * checking examples ...
Flavor: r-devel-windows-ix86+x86_64

Version: 1.2
Check: compiled code
Result: NOTE
    File ‘/home/hornik/tmp/R.check/r-patched-gcc/Work/build/Packages/devEMF/libs/devEMF.so’:
     Found non-API calls to R: ‘R_Home’, ‘R_gzclose’, ‘R_gzgets’,
     ‘R_gzopen’
    
    Compiled code should not call non-API entry points in R.
    
    See ‘Writing portable packages’ in the ‘Writing R Extensions’ manual.
Flavor: r-patched-linux-x86_64

Version: 1.2
Check: compiled code
Result: NOTE
    File ‘/home/ripley/R/Lib32/devEMF/libs/devEMF.so’:
     Found non-API calls to R: ‘R_Home’, ‘R_gzclose’, ‘R_gzgets’,
     ‘R_gzopen’
    
    Compiled code should not call non-API entry points in R.
    
    See ‘Writing portable packages’ in the ‘Writing R Extensions’ manual.
Flavors: r-patched-solaris-sparc, r-patched-solaris-x86

Version: 1.2
Check: compiled code
Result: NOTE
    File ‘/home/hornik/tmp/R.check/r-release-gcc/Work/build/Packages/devEMF/libs/devEMF.so’:
     Found non-API calls to R: ‘R_Home’, ‘R_gzclose’, ‘R_gzgets’,
     ‘R_gzopen’
    
    Compiled code should not call non-API entry points in R.
    
    See ‘Writing portable packages’ in the ‘Writing R Extensions’ manual.
Flavors: r-release-linux-ix86, r-release-linux-x86_64

Version: 1.2
Check: compiled code
Result: NOTE
    File ‘/Builds/CRAN-QA-Simon/packages/mavericks-x86_64/results/3.1/devEMF.Rcheck/devEMF/libs/devEMF.so’:
     Found non-API calls to R: ‘R_Home’, ‘R_gzclose’, ‘R_gzgets’,
     ‘R_gzopen’
    
    Compiled code should not call non-API entry points in R.
    
    See ‘Writing portable packages’ in the ‘Writing R Extensions’ manual.
Flavor: r-release-osx-x86_64-mavericks

Version: 1.2
Check: compiled code
Result: NOTE
    File 'd:/Rcompile/CRANpkg/lib/3.1/devEMF/libs/i386/devEMF.dll':
     Found non-API calls to R: 'R_Home', 'R_gzclose', 'R_gzgets',
     'R_gzopen'
    File 'd:/Rcompile/CRANpkg/lib/3.1/devEMF/libs/x64/devEMF.dll':
     Found non-API calls to R: 'R_Home', 'R_gzclose', 'R_gzgets',
     'R_gzopen'
    
    Compiled code should not call non-API entry points in R.
    
    See 'Writing portable packages' in the 'Writing R Extensions' manual.
    * checking examples ...
Flavor: r-release-windows-ix86+x86_64

Version: 1.2
Check: compiled code
Result: NOTE
    File 'd:/Rcompile/CRANpkg/lib/3.0/devEMF/libs/i386/devEMF.dll':
     Found non-API calls to R: 'R_Home', 'R_gzclose', 'R_gzgets',
     'R_gzopen'
    File 'd:/Rcompile/CRANpkg/lib/3.0/devEMF/libs/x64/devEMF.dll':
     Found non-API calls to R: 'R_Home', 'R_gzclose', 'R_gzgets',
     'R_gzopen'
    
    Compiled code should not call non-API entry points in R.
    
    See 'Writing portable packages' in the 'Writing R Extensions' manual.
    * checking examples ...
Flavor: r-oldrel-windows-ix86+x86_64