CRAN Package Check Results for Package devtools

Last updated on 2018-02-19 21:49:27 CET.

Flavor Version Tinstall Tcheck Ttotal Status Flags
r-devel-linux-x86_64-debian-clang 1.13.4 9.36 112.43 121.79 ERROR
r-devel-linux-x86_64-debian-gcc 1.13.5 7.70 97.42 105.12 OK
r-devel-linux-x86_64-fedora-clang 1.13.5 81.08 NOTE
r-devel-linux-x86_64-fedora-gcc 1.13.5 76.74 NOTE
r-devel-windows-ix86+x86_64 1.13.4 14.00 145.00 159.00 ERROR
r-patched-linux-x86_64 1.13.5 3.26 123.77 127.03 OK
r-patched-solaris-x86 1.13.5 140.00 OK
r-release-linux-x86_64 1.13.4 3.26 124.39 127.65 ERROR
r-release-windows-ix86+x86_64 1.13.4 11.00 201.00 212.00 ERROR
r-release-osx-x86_64 1.13.5 OK
r-oldrel-windows-ix86+x86_64 1.13.4 13.00 174.00 187.00 ERROR
r-oldrel-osx-x86_64 1.13.4 OK

Check Details

Version: 1.13.4
Check: tests
Result: ERROR
     Running ‘has-devel.R’ [1s/1s]
     Running ‘test-that.R’ [58s/57s]
    Running the tests in ‘tests/test-that.R’ failed.
    Complete output:
     > library(testthat)
     > test_check("devtools")
     Loading required package: devtools
    
     Attaching package: 'devtools'
    
     The following object is masked from 'package:testthat':
    
     setup
    
     ── 1. Failure: Github repos with submodules are identified correctly (@test-gith
     github_has_remotes(github_remote("armstrtw/rzmq")) not equal to TRUE.
     1 element mismatch
    
    
     ══ testthat results ═══════════════════════════════════════════════════════════
     OK: 395 SKIPPED: 9 FAILED: 1
     1. Failure: Github repos with submodules are identified correctly (@test-github.r#82)
    
     Error: testthat unit tests failed
     Execution halted
Flavor: r-devel-linux-x86_64-debian-clang

Version: 1.13.5
Check: package dependencies
Result: NOTE
    Package suggested but not available for checking: ‘BiocInstaller’
Flavors: r-devel-linux-x86_64-fedora-clang, r-devel-linux-x86_64-fedora-gcc

Version: 1.13.4
Check: tests
Result: ERROR
     Running 'has-devel.R' [2s]
     Running 'test-that.R' [71s]
    Running the tests in 'tests/test-that.R' failed.
    Last 13 lines of output:
     if (!exists(name, envir = env, mode = "function"))
     stop("Function ", name, " not found in environment ", environmentName(env),
     ".", call. = FALSE)
     mock(name = name, env = env, new = eval(new_values[[qual_name]], eval_env, eval_env))
     })
     4: FUN(X[[i]], ...)
     5: stop("Can't mock functions in base packages (", pkg_name, ")", call. = FALSE)
    
    
     == testthat results ===========================================================
     OK: 400 SKIPPED: 9 FAILED: 1
     1. Error: (unknown) (@test-rtools.r#40)
    
     Error: testthat unit tests failed
     Execution halted
Flavor: r-devel-windows-ix86+x86_64

Version: 1.13.4
Check: tests
Result: ERROR
     Running ‘has-devel.R’ [1s/2s]
     Running ‘test-that.R’ [58s/102s]
    Running the tests in ‘tests/test-that.R’ failed.
    Complete output:
     > library(testthat)
     > test_check("devtools")
     Loading required package: devtools
    
     Attaching package: 'devtools'
    
     The following object is masked from 'package:testthat':
    
     setup
    
     ── 1. Failure: Github repos with submodules are identified correctly (@test-gith
     github_has_remotes(github_remote("armstrtw/rzmq")) not equal to TRUE.
     1 element mismatch
    
    
     ══ testthat results ═══════════════════════════════════════════════════════════
     OK: 395 SKIPPED: 9 FAILED: 1
     1. Failure: Github repos with submodules are identified correctly (@test-github.r#82)
    
     Error: testthat unit tests failed
     Execution halted
Flavor: r-release-linux-x86_64

Version: 1.13.4
Check: tests
Result: ERROR
     Running 'has-devel.R' [3s]
     Running 'test-that.R' [96s]
    Running the tests in 'tests/test-that.R' failed.
    Last 13 lines of output:
     if (!exists(name, envir = env, mode = "function"))
     stop("Function ", name, " not found in environment ", environmentName(env),
     ".", call. = FALSE)
     mock(name = name, env = env, new = eval(new_values[[qual_name]], eval_env, eval_env))
     })
     4: FUN(X[[i]], ...)
     5: stop("Can't mock functions in base packages (", pkg_name, ")", call. = FALSE)
    
    
     == testthat results ===========================================================
     OK: 400 SKIPPED: 9 FAILED: 1
     1. Error: (unknown) (@test-rtools.r#40)
    
     Error: testthat unit tests failed
     Execution halted
Flavor: r-release-windows-ix86+x86_64

Version: 1.13.4
Check: tests
Result: ERROR
     Running 'has-devel.R' [2s]
     Running 'test-that.R' [86s]
    Running the tests in 'tests/test-that.R' failed.
    Last 13 lines of output:
     if (!exists(name, envir = env, mode = "function"))
     stop("Function ", name, " not found in environment ", environmentName(env),
     ".", call. = FALSE)
     mock(name = name, env = env, new = eval(new_values[[qual_name]], eval_env, eval_env))
     })
     4: FUN(X[[i]], ...)
     5: stop("Can't mock functions in base packages (", pkg_name, ")", call. = FALSE)
    
    
     == testthat results ===========================================================
     OK: 399 SKIPPED: 9 FAILED: 1
     1. Error: (unknown) (@test-rtools.r#40)
    
     Error: testthat unit tests failed
     Execution halted
Flavor: r-oldrel-windows-ix86+x86_64