CRAN Package Check Results for Package devtools

Last updated on 2016-04-30 19:52:07.

Flavor Version Tinstall Tcheck Ttotal Status Flags
r-devel-linux-x86_64-debian-gcc 1.11.1 2.25 58.81 61.06 OK
r-devel-linux-x86_64-fedora-clang 1.11.1 98.79 OK
r-devel-linux-x86_64-fedora-gcc 1.11.1 90.70 OK
r-devel-osx-x86_64-clang 1.11.1 118.94 NOTE
r-devel-windows-ix86+x86_64 1.11.1 8.00 175.00 183.00 OK
r-patched-linux-x86_64 1.11.1 2.06 59.28 61.34 OK
r-patched-solaris-sparc 1.11.1 485.10 NOTE
r-patched-solaris-x86 1.11.1 126.30 NOTE
r-release-linux-x86_64 1.11.1 2.23 58.62 60.84 OK
r-release-osx-x86_64-mavericks 1.11.1 OK
r-release-windows-ix86+x86_64 1.11.1 17.00 184.00 201.00 OK
r-oldrel-windows-ix86+x86_64 1.11.1 15.00 232.00 247.00 OK

Check Details

Version: 1.11.1
Check: package dependencies
Result: NOTE
    Package suggested but not available for checking: ‘hunspell’
Flavors: r-devel-osx-x86_64-clang, r-patched-solaris-sparc, r-patched-solaris-x86

Version: 1.11.1
Check: Rd cross-references
Result: NOTE
    Package unavailable to check Rd xrefs: ‘hunspell’
Flavors: r-devel-osx-x86_64-clang, r-patched-solaris-sparc, r-patched-solaris-x86