CRAN Package Check Results for Package devtools

Last updated on 2015-04-19 11:51:04.

Flavor Version Tinstall Tcheck Ttotal Status Flags
r-devel-linux-x86_64-debian-clang 1.7.0 2.12 39.46 41.58 NOTE
r-devel-linux-x86_64-debian-gcc 1.7.0 1.75 39.91 41.66 NOTE
r-devel-linux-x86_64-fedora-clang 1.7.0 78.90 NOTE
r-devel-linux-x86_64-fedora-gcc 1.7.0 71.67 NOTE
r-devel-osx-x86_64-clang 1.7.0 87.76 NOTE
r-devel-windows-ix86+x86_64 1.7.0 14.00 150.00 164.00 NOTE
r-patched-linux-x86_64 1.7.0 1.68 40.41 42.09 NOTE
r-patched-solaris-sparc 1.7.0 491.00 NOTE
r-patched-solaris-x86 1.7.0 96.70 NOTE
r-release-linux-x86_64 1.7.0 1.77 40.25 42.02 NOTE
r-release-osx-x86_64-mavericks 1.7.0 NOTE
r-release-osx-x86_64-snowleopard 1.7.0 ERROR
r-release-windows-ix86+x86_64 1.7.0 5.00 101.00 106.00 NOTE
r-oldrel-windows-ix86+x86_64 1.7.0 7.00 134.00 141.00 NOTE

Check Details

Version: 1.7.0
Check: dependencies in R code
Result: NOTE
    'library' or 'require' call to ‘testthat’ in package code.
     Please use :: or requireNamespace() instead.
     See section 'Suggested packages' in the 'Writing R Extensions' manual.
    Namespace in Imports field not imported from: ‘memoise’
     All declared Imports should be used.
Flavors: r-devel-linux-x86_64-debian-clang, r-devel-linux-x86_64-debian-gcc, r-devel-linux-x86_64-fedora-clang, r-devel-linux-x86_64-fedora-gcc, r-devel-osx-x86_64-clang, r-devel-windows-ix86+x86_64, r-patched-linux-x86_64, r-patched-solaris-sparc, r-patched-solaris-x86, r-release-linux-x86_64, r-release-osx-x86_64-mavericks, r-release-windows-ix86+x86_64, r-oldrel-windows-ix86+x86_64

Version: 1.7.0
Check: R code for possible problems
Result: NOTE
    Found the following calls to attach():
    File ‘devtools/R/package-env.r’:
     attach(NULL, name = pkg_env_name(pkg))
    File ‘devtools/R/shims.r’:
     attach(e, name = "devtools_shims", warn.conflicts = FALSE)
    See section ‘Good practice’ in ‘?attach’.
Flavors: r-devel-linux-x86_64-debian-clang, r-devel-linux-x86_64-debian-gcc, r-patched-linux-x86_64, r-release-linux-x86_64

Version: 1.7.0
Check: package dependencies
Result: ERROR
    Package required but not available: ‘evaluate’
    
    Packages required and available but unsuitable versions: ‘httr’ ‘roxygen2’
    
    Packages suggested but not available for checking:
     ‘BiocInstaller’ ‘rmarkdown’ ‘knitr’ ‘lintr’
    
    See section ‘The DESCRIPTION file’ in the ‘Writing R Extensions’
    manual.
Flavor: r-release-osx-x86_64-snowleopard