CRAN Package Check Results for Package devtools

Last updated on 2017-05-24 10:48:02.

Flavor Version Tinstall Tcheck Ttotal Status Flags
r-devel-linux-x86_64-debian-clang 1.13.1 2.35 76.81 79.16 OK
r-devel-linux-x86_64-debian-gcc 1.13.1 2.24 73.38 75.61 OK
r-devel-linux-x86_64-fedora-clang 1.13.1 142.99 ERROR --no-stop-on-test-error
r-devel-linux-x86_64-fedora-gcc 1.13.1 134.93 ERROR --no-stop-on-test-error
r-devel-windows-ix86+x86_64 1.13.1 7.00 149.00 156.00 ERROR
r-patched-linux-x86_64 1.13.1 2.34 73.68 76.02 OK
r-patched-solaris-sparc 1.13.1 428.20 ERROR
r-patched-solaris-x86 1.13.1 134.20 OK --no-stop-on-test-error
r-release-linux-x86_64 1.13.1 2.20 73.39 75.59 OK
r-release-windows-ix86+x86_64 1.13.1 8.00 199.00 207.00 ERROR
r-release-osx-x86_64 1.13.1 OK
r-oldrel-windows-ix86+x86_64 1.13.1 11.00 179.00 190.00 OK
r-oldrel-osx-x86_64 1.13.1 OK

Check Details

Version: 1.13.1
Flags: --no-stop-on-test-error
Check: tests
Result: ERROR
     Running ‘has-devel.R’
     Running ‘test-that.R’ [63s/105s]
    Running the tests in ‘tests/test-that.R’ failed.
    Complete output:
     > library(testthat)
     > test_check("devtools")
     Loading required package: devtools
     1. Error: load_all() can compile and load DLLs linked to Rcpp (@test-dll.r#113)
     "rcpp_hello_world" not available for .Call() for package "testDllRcpp"
     1: expect_true(is.list(rcpp_hello_world())) at testthat/test-dll.r:113
     2: expect(identical(as.vector(object), TRUE), sprintf("%s isn't true.", lab), info = info)
     3: as.expectation(exp, ..., srcref = srcref)
     4: identical(as.vector(object), TRUE)
     5: as.vector(object)
     6: rcpp_hello_world()
    
    
     testthat results ================================================================
     OK: 391 SKIPPED: 9 FAILED: 1
     1. Error: load_all() can compile and load DLLs linked to Rcpp (@test-dll.r#113)
    
     Error: testthat unit tests failed
     Execution halted
Flavor: r-devel-linux-x86_64-fedora-clang

Version: 1.13.1
Flags: --no-stop-on-test-error
Check: tests
Result: ERROR
     Running ‘has-devel.R’
     Running ‘test-that.R’ [58s/150s]
    Running the tests in ‘tests/test-that.R’ failed.
    Complete output:
     > library(testthat)
     > test_check("devtools")
     Loading required package: devtools
     1. Error: load_all() can compile and load DLLs linked to Rcpp (@test-dll.r#113)
     "rcpp_hello_world" not available for .Call() for package "testDllRcpp"
     1: expect_true(is.list(rcpp_hello_world())) at testthat/test-dll.r:113
     2: expect(identical(as.vector(object), TRUE), sprintf("%s isn't true.", lab), info = info)
     3: as.expectation(exp, ..., srcref = srcref)
     4: identical(as.vector(object), TRUE)
     5: as.vector(object)
     6: rcpp_hello_world()
    
    
     testthat results ================================================================
     OK: 391 SKIPPED: 9 FAILED: 1
     1. Error: load_all() can compile and load DLLs linked to Rcpp (@test-dll.r#113)
    
     Error: testthat unit tests failed
     Execution halted
Flavor: r-devel-linux-x86_64-fedora-gcc

Version: 1.13.1
Check: tests
Result: ERROR
     Running 'has-devel.R' [3s]
     Running 'test-that.R' [73s]
    Running the tests in 'tests/test-that.R' failed.
    Last 13 lines of output:
     "rcpp_hello_world" not available for .Call() for package "testDllRcpp"
     1: expect_true(is.list(rcpp_hello_world())) at testthat/test-dll.r:113
     2: expect(identical(as.vector(object), TRUE), sprintf("%s isn't true.", lab), info = info)
     3: as.expectation(exp, ..., srcref = srcref)
     4: identical(as.vector(object), TRUE)
     5: as.vector(object)
     6: rcpp_hello_world()
    
    
     testthat results ================================================================
     OK: 398 SKIPPED: 9 FAILED: 1
     1. Error: load_all() can compile and load DLLs linked to Rcpp (@test-dll.r#113)
    
     Error: testthat unit tests failed
     Execution halted
Flavor: r-devel-windows-ix86+x86_64

Version: 1.13.1
Check: tests
Result: ERROR
     Running ‘has-devel.R’
     Running ‘test-that.R’ [28s/33s]
    Running the tests in ‘tests/test-that.R’ failed.
    Complete output:
     > library(testthat)
     > test_check("devtools")
     Loading required package: devtools
    
     *** caught bus error ***
     address 140157e, cause 'invalid alignment'
    
     Traceback:
     1: .Call(digest_impl, object, as.integer(algoint), as.integer(length), as.integer(skip), as.integer(raw), as.integer(seed))
     2: digest::digest(..., algo = algo)
     3: `_cache`$digest(c(body(`_f`), args, lapply(`_additional`, function(x) eval(x[[2L]], environment(x)))))
     4: available_packages(repos, type)
     5: tools::package_dependencies(pkgs, db = available, which = top_dep)
     6: find_deps(pkg, available_packages(repos, type), top_dep = dependencies)
     7: force(code)
     8: withr::with_collate("C", x[order(tolower(x), x)])
     9: sort_ci(find_deps(pkg, available_packages(repos, type), top_dep = dependencies))
     10: package_deps(deps, repos = repos, type = type)
     11: rbind(cran_deps, remote_deps)
     12: filter_duplicate_deps(package_deps(deps, repos = repos, type = type), installing$remote_deps %||% remote_deps(pkg))
     13: dev_package_deps("testNamespace")
     14: eval(code, test_env)
     15: eval(code, test_env)
     16: withCallingHandlers(eval(code, test_env), expectation = handle_expectation, skip = handle_skip, warning = handle_warning, message = handle_message, error = handle_error)
     17: doTryCatch(return(expr), name, parentenv, handler)
     18: tryCatchOne(expr, names, parentenv, handlers[[1L]])
     19: tryCatchList(expr, names[-nh], parentenv, handlers[-nh])
     20: doTryCatch(return(expr), name, parentenv, handler)
     21: tryCatchOne(tryCatchList(expr, names[-nh], parentenv, handlers[-nh]), names[nh], parentenv, handlers[[nh]])
     22: tryCatchList(expr, classes, parentenv, handlers)
     23: tryCatch(withCallingHandlers(eval(code, test_env), expectation = handle_expectation, skip = handle_skip, warning = handle_warning, message = handle_message, error = handle_error), error = function(e) {}, skip = function(e) {})
     24: test_code(desc, code, env = parent.frame())
     25: test_that("Dependencies of development package include direct dependencies", { deps <- dev_package_deps("testNamespace") expect_equal(deps$package, "bitops") })
     26: eval(exprs, env)
     27: eval(exprs, env)
     28: source_file(path, new.env(parent = env), chdir = TRUE)
     29: force(code)
     30: with_reporter(reporter = reporter, start_end_reporter = start_end_reporter, { lister$start_file(basename(path)) source_file(path, new.env(parent = env), chdir = TRUE) end_context() })
     31: FUN(X[[i]], ...)
     32: lapply(paths, test_file, env = env, reporter = current_reporter, start_end_reporter = FALSE, load_helpers = FALSE)
     33: force(code)
     34: with_reporter(reporter = current_reporter, results <- lapply(paths, test_file, env = env, reporter = current_reporter, start_end_reporter = FALSE, load_helpers = FALSE))
     35: test_files(paths, reporter = reporter, env = env, ...)
     36: test_dir(test_path, reporter = reporter, env = env, filter = filter, ...)
     37: with_top_env(env, { test_dir(test_path, reporter = reporter, env = env, filter = filter, ...)})
     38: run_tests(package, test_path, filter, reporter, ...)
     39: test_check("devtools")
     An irrecoverable exception occurred. R is aborting now ...
Flavor: r-patched-solaris-sparc

Version: 1.13.1
Check: tests
Result: ERROR
     Running 'has-devel.R' [3s]
     Running 'test-that.R' [95s]
    Running the tests in 'tests/test-that.R' failed.
    Last 13 lines of output:
     > library(testthat)
     > test_check("devtools")
     Loading required package: devtools
     1. Failure: Github repos with submodules are identified correctly (@test-github.r#82)
     github_has_remotes(github_remote("armstrtw/rzmq")) not equal to TRUE.
     1 element mismatch
    
    
    
     testthat results ================================================================
     OK: 399 SKIPPED: 9 FAILED: 1
     1. Failure: Github repos with submodules are identified correctly (@test-github.r#82)
    
     Error: testthat unit tests failed
     Execution halted
Flavor: r-release-windows-ix86+x86_64