CRAN Package Check Results for Package devtools

Last updated on 2018-04-25 08:50:55 CEST.

Flavor Version Tinstall Tcheck Ttotal Status Flags
r-devel-linux-x86_64-debian-clang 1.13.5 7.22 122.99 130.21 OK
r-devel-linux-x86_64-debian-gcc 1.13.5 7.83 98.26 106.09 OK
r-devel-linux-x86_64-fedora-clang 1.13.5 149.86 OK
r-devel-linux-x86_64-fedora-gcc 1.13.5 141.34 OK
r-devel-windows-ix86+x86_64 1.13.5 18.00 148.00 166.00 ERROR
r-patched-linux-x86_64 1.13.5 8.42 124.86 133.28 OK
r-patched-solaris-x86 1.13.5 177.00 OK
r-release-linux-x86_64 1.13.5 8.54 124.48 133.02 OK
r-release-windows-ix86+x86_64 1.13.5 18.00 148.00 166.00 ERROR
r-release-osx-x86_64 1.13.5 ERROR
r-oldrel-windows-ix86+x86_64 1.13.5 8.00 144.00 152.00 ERROR
r-oldrel-osx-x86_64 1.13.5 OK

Check Details

Version: 1.13.5
Check: tests
Result: ERROR
     Running 'has-devel.R' [2s]
     Running 'test-that.R' [71s]
    Running the tests in 'tests/test-that.R' failed.
    Complete output:
     > library(testthat)
     > test_check("devtools")
     Loading required package: devtools
    
     Attaching package: 'devtools'
    
     The following object is masked from 'package:testthat':
    
     setup
    
     -- 1. Failure: remote_sha.github_remote returns expected value if remote does ex
     remote_sha(github_remote("hadley/devtools@v1.8.0")) not equal to "ad9aac7b9a522354e1ff363a86f389e32cec181b".
     1/1 mismatches
     x[1]: NA
     y[1]: "ad9aac7b9a522354e1ff363a86f389e32cec181b"
    
    
     == testthat results ===========================================================
     OK: 400 SKIPPED: 10 FAILED: 1
     1. Failure: remote_sha.github_remote returns expected value if remote does exist (@test-remotes.r#75)
    
     Error: testthat unit tests failed
     Execution halted
Flavors: r-devel-windows-ix86+x86_64, r-release-windows-ix86+x86_64

Version: 1.13.5
Check: tests
Result: ERROR
     Running ‘has-devel.R’ [1s/2s]
     Running ‘test-that.R’ [99s/198s]
    Running the tests in ‘tests/test-that.R’ failed.
    Last 13 lines of output:
     setup
    
     ── 1. Failure: remote_sha.github_remote returns expected value if remote does ex
     remote_sha(github_remote("hadley/devtools@v1.8.0")) not equal to "ad9aac7b9a522354e1ff363a86f389e32cec181b".
     1/1 mismatches
     x[1]: NA
     y[1]: "ad9aac7b9a522354e1ff363a86f389e32cec181b"
    
    
     ══ testthat results ═══════════════════════════════════════════════════════════
     OK: 393 SKIPPED: 10 FAILED: 1
     1. Failure: remote_sha.github_remote returns expected value if remote does exist (@test-remotes.r#75)
    
     Error: testthat unit tests failed
     Execution halted
Flavor: r-release-osx-x86_64

Version: 1.13.5
Check: tests
Result: ERROR
     Running 'has-devel.R' [2s]
     Running 'test-that.R' [66s]
    Running the tests in 'tests/test-that.R' failed.
    Complete output:
     > library(testthat)
     > test_check("devtools")
     Loading required package: devtools
    
     Attaching package: 'devtools'
    
     The following object is masked from 'package:testthat':
    
     setup
    
     -- 1. Failure: remote_sha.github_remote returns expected value if remote does ex
     remote_sha(github_remote("hadley/devtools@v1.8.0")) not equal to "ad9aac7b9a522354e1ff363a86f389e32cec181b".
     1/1 mismatches
     x[1]: NA
     y[1]: "ad9aac7b9a522354e1ff363a86f389e32cec181b"
    
    
     == testthat results ===========================================================
     OK: 400 SKIPPED: 10 FAILED: 1
     1. Failure: remote_sha.github_remote returns expected value if remote does exist (@test-remotes.r#75)
    
     Error: testthat unit tests failed
     Execution halted
Flavor: r-oldrel-windows-ix86+x86_64