CRAN Package Check Results for Package devtools

Last updated on 2016-02-14 13:47:03.

Flavor Version Tinstall Tcheck Ttotal Status Flags
r-devel-linux-x86_64-debian-gcc 1.10.0 1.75 54.34 56.09 NOTE
r-devel-linux-x86_64-fedora-clang 1.10.0 96.29 OK
r-devel-linux-x86_64-fedora-gcc 1.10.0 89.02 OK
r-devel-osx-x86_64-clang 1.10.0 113.05 OK
r-devel-windows-ix86+x86_64 1.10.0 16.00 168.00 184.00 OK
r-patched-linux-x86_64 1.10.0 2.15 56.66 58.80 NOTE
r-patched-solaris-sparc 1.10.0 466.60 OK
r-patched-solaris-x86 1.10.0 121.80 OK
r-release-linux-x86_64 1.10.0 1.98 59.36 61.33 NOTE
r-release-osx-x86_64-mavericks 1.10.0 OK
r-release-windows-ix86+x86_64 1.10.0 12.00 174.00 186.00 OK
r-oldrel-windows-ix86+x86_64 1.10.0 16.00 254.00 270.00 OK

Check Details

Version: 1.10.0
Check: R code for possible problems
Result: NOTE
    Found the following calls to attach():
    File ‘devtools/R/package-env.r’:
     attach(NULL, name = pkg_env_name(pkg))
    File ‘devtools/R/shims.r’:
     attach(e, name = "devtools_shims", warn.conflicts = FALSE)
    See section ‘Good practice’ in ‘?attach’.
Flavors: r-devel-linux-x86_64-debian-gcc, r-patched-linux-x86_64, r-release-linux-x86_64