CRAN Package Check Results for Package devtools

Last updated on 2017-02-22 06:48:07.

Flavor Version Tinstall Tcheck Ttotal Status Flags
r-devel-linux-x86_64-debian-clang 1.12.0 2.45 74.92 77.37 NOTE
r-devel-linux-x86_64-debian-gcc 1.12.0 2.56 75.29 77.85 NOTE
r-devel-linux-x86_64-fedora-clang 1.12.0 133.38 NOTE --no-stop-on-test-error
r-devel-linux-x86_64-fedora-gcc 1.12.0 127.92 NOTE --no-stop-on-test-error
r-devel-macos-x86_64-clang 1.12.0 110.93 NOTE --no-stop-on-test-error
r-devel-windows-ix86+x86_64 1.12.0 15.00 306.00 321.00 OK
r-patched-linux-x86_64 1.12.0 2.23 65.58 67.81 OK
r-patched-solaris-sparc 1.12.0 609.60 ERROR
r-patched-solaris-x86 1.12.0 143.00 ERROR
r-release-linux-x86_64 1.12.0 2.54 65.99 68.53 OK
r-release-osx-x86_64-mavericks 1.12.0 OK
r-release-windows-ix86+x86_64 1.12.0 28.00 211.00 239.00 OK
r-oldrel-windows-ix86+x86_64 1.12.0 21.00 543.00 564.00 OK

Check Details

Version: 1.12.0
Check: compiled code
Result: NOTE
    File ‘devtools/libs/devtools.so’:
     Found no calls to: ‘R_registerRoutines’, ‘R_useDynamicSymbols’
    
    It is good practice to register native routines and to disable symbol
    search.
    
    See ‘Writing portable packages’ in the ‘Writing R Extensions’ manual.
Flavors: r-devel-linux-x86_64-debian-clang, r-devel-linux-x86_64-debian-gcc

Version: 1.12.0
Flags: --no-stop-on-test-error
Check: compiled code
Result: NOTE
    File ‘devtools/libs/devtools.so’:
     Found no calls to: ‘R_registerRoutines’, ‘R_useDynamicSymbols’
    
    It is good practice to register native routines and to disable symbol
    search.
    
    See ‘Writing portable packages’ in the ‘Writing R Extensions’ manual.
Flavors: r-devel-linux-x86_64-fedora-clang, r-devel-linux-x86_64-fedora-gcc, r-devel-macos-x86_64-clang

Version: 1.12.0
Check: tests
Result: ERROR
     Running ‘has-devel.R’
     Running ‘test-that.R’ [251s/253s]
    Running the tests in ‘tests/test-that.R’ failed.
    Complete output:
     > library(testthat)
     > test_check("devtools")
     Loading required package: devtools
     1. Error: help and ? find files for devtools-loaded packages (@test-help.r#45) -
     invalid 'times' argument
     1: expect_true(!is.null(find_topic("foofoo"))) at testthat/test-help.r:45
     2: expect(identical(as.vector(object), TRUE), sprintf("%s isn't true.", lab), info = info)
     3: as.expectation(exp, ..., srcref = srcref)
     4: identical(as.vector(object), TRUE)
     5: as.vector(object)
     6: find_topic("foofoo")
     7: find_pkg_topic(path, topic)
     8: topic_index(pkg)
     9: build_topic_index(pkg)
     10: invert(lapply(rds, aliases))
    
     Updating collate directive in /tmp/RtmpcPaiVD/testCollateOrder/DESCRIPTION
    
     testthat results ================================================================
     OK: 377 SKIPPED: 10 FAILED: 1
     1. Error: help and ? find files for devtools-loaded packages (@test-help.r#45)
    
     Error: testthat unit tests failed
     Execution halted
Flavor: r-patched-solaris-sparc

Version: 1.12.0
Check: tests
Result: ERROR
     Running ‘has-devel.R’
     Running ‘test-that.R’ [74s/116s]
    Running the tests in ‘tests/test-that.R’ failed.
    Complete output:
     > library(testthat)
     > test_check("devtools")
     Loading required package: devtools
     1. Error: help and ? find files for devtools-loaded packages (@test-help.r#45) -
     invalid 'times' argument
     1: expect_true(!is.null(find_topic("foofoo"))) at testthat/test-help.r:45
     2: expect(identical(as.vector(object), TRUE), sprintf("%s isn't true.", lab), info = info)
     3: as.expectation(exp, ..., srcref = srcref)
     4: identical(as.vector(object), TRUE)
     5: as.vector(object)
     6: find_topic("foofoo")
     7: find_pkg_topic(path, topic)
     8: topic_index(pkg)
     9: build_topic_index(pkg)
     10: invert(lapply(rds, aliases))
    
     Updating collate directive in /tmp/RtmphEaWFe/testCollateOrder/DESCRIPTION
    
     testthat results ================================================================
     OK: 377 SKIPPED: 10 FAILED: 1
     1. Error: help and ? find files for devtools-loaded packages (@test-help.r#45)
    
     Error: testthat unit tests failed
     Execution halted
Flavor: r-patched-solaris-x86