CRAN Package Check Results for Package devtools

Last updated on 2017-06-24 09:55:15.

Flavor Version Tinstall Tcheck Ttotal Status Flags
r-devel-linux-x86_64-debian-clang 1.13.2 2.26 76.23 78.49 OK
r-devel-linux-x86_64-debian-gcc 1.13.2 2.24 75.34 77.58 OK
r-devel-linux-x86_64-fedora-clang 1.13.2 141.36 OK
r-devel-linux-x86_64-fedora-gcc 1.13.2 138.55 OK
r-devel-windows-ix86+x86_64 1.13.2 7.00 214.00 221.00 OK
r-patched-linux-x86_64 1.13.2 2.57 77.68 80.25 OK
r-patched-solaris-sparc 1.13.2 426.90 ERROR
r-patched-solaris-x86 1.13.2 151.60 OK
r-release-linux-x86_64 1.13.2 2.47 74.68 77.15 OK
r-release-windows-ix86+x86_64 1.13.2 20.00 213.00 233.00 OK
r-release-osx-x86_64 1.13.2 OK
r-oldrel-windows-ix86+x86_64 1.13.2 15.00 180.00 195.00 OK
r-oldrel-osx-x86_64 1.13.2 OK

Check Details

Version: 1.13.2
Check: tests
Result: ERROR
     Running ‘has-devel.R’
     Running ‘test-that.R’ [28s/43s]
    Running the tests in ‘tests/test-that.R’ failed.
    Complete output:
     > library(testthat)
     > test_check("devtools")
     Loading required package: devtools
    
     *** caught bus error ***
     address 25dbca6, cause 'invalid alignment'
    
     Traceback:
     1: .Call(digest_impl, object, as.integer(algoint), as.integer(length), as.integer(skip), as.integer(raw), as.integer(seed))
     2: digest::digest(..., algo = algo)
     3: `_cache`$digest(c(body(`_f`), args, lapply(`_additional`, function(x) eval(x[[2L]], environment(x)))))
     4: available_packages(repos, type)
     5: tools::package_dependencies(pkgs, db = available, which = top_dep)
     6: find_deps(pkg, available_packages(repos, type), top_dep = dependencies)
     7: force(code)
     8: withr::with_collate("C", x[order(tolower(x), x)])
     9: sort_ci(find_deps(pkg, available_packages(repos, type), top_dep = dependencies))
     10: package_deps(deps, repos = repos, type = type)
     11: rbind(cran_deps, remote_deps)
     12: filter_duplicate_deps(package_deps(deps, repos = repos, type = type), installing$remote_deps %||% remote_deps(pkg))
     13: dev_package_deps("testNamespace")
     14: eval(code, test_env)
     15: eval(code, test_env)
     16: withCallingHandlers(eval(code, test_env), expectation = handle_expectation, skip = handle_skip, warning = handle_warning, message = handle_message, error = handle_error)
     17: doTryCatch(return(expr), name, parentenv, handler)
     18: tryCatchOne(expr, names, parentenv, handlers[[1L]])
     19: tryCatchList(expr, names[-nh], parentenv, handlers[-nh])
     20: doTryCatch(return(expr), name, parentenv, handler)
     21: tryCatchOne(tryCatchList(expr, names[-nh], parentenv, handlers[-nh]), names[nh], parentenv, handlers[[nh]])
     22: tryCatchList(expr, classes, parentenv, handlers)
     23: tryCatch(withCallingHandlers(eval(code, test_env), expectation = handle_expectation, skip = handle_skip, warning = handle_warning, message = handle_message, error = handle_error), error = function(e) {}, skip = function(e) {})
     24: test_code(desc, code, env = parent.frame())
     25: test_that("Dependencies of development package include direct dependencies", { deps <- dev_package_deps("testNamespace") expect_equal(deps$package, "bitops") })
     26: eval(exprs, env)
     27: eval(exprs, env)
     28: source_file(path, new.env(parent = env), chdir = TRUE)
     29: force(code)
     30: with_reporter(reporter = reporter, start_end_reporter = start_end_reporter, { lister$start_file(basename(path)) source_file(path, new.env(parent = env), chdir = TRUE) end_context() })
     31: FUN(X[[i]], ...)
     32: lapply(paths, test_file, env = env, reporter = current_reporter, start_end_reporter = FALSE, load_helpers = FALSE)
     33: force(code)
     34: with_reporter(reporter = current_reporter, results <- lapply(paths, test_file, env = env, reporter = current_reporter, start_end_reporter = FALSE, load_helpers = FALSE))
     35: test_files(paths, reporter = reporter, env = env, ...)
     36: test_dir(test_path, reporter = reporter, env = env, filter = filter, ...)
     37: with_top_env(env, { test_dir(test_path, reporter = reporter, env = env, filter = filter, ...)})
     38: run_tests(package, test_path, filter, reporter, ...)
     39: test_check("devtools")
     An irrecoverable exception occurred. R is aborting now ...
Flavor: r-patched-solaris-sparc