CRAN Package Check Results for Package devtools

Last updated on 2014-04-20 17:46:55.

Flavor Version Tinstall Tcheck Ttotal Status Flags
r-devel-linux-x86_64-debian-clang 1.5 2.40 49.65 52.06 NOTE
r-devel-linux-x86_64-debian-gcc 1.5 2.56 49.35 51.91 NOTE
r-devel-linux-x86_64-fedora-clang 1.5 95.72 NOTE
r-devel-linux-x86_64-fedora-gcc 1.5 91.59 NOTE
r-devel-macosx-x86_64-clang 1.5 90.00 NOTE
r-devel-macosx-x86_64-gcc 1.5 ERROR
r-devel-windows-ix86+x86_64 1.5 8.00 125.00 133.00 NOTE
r-patched-linux-x86_64 1.5 2.41 49.62 52.03 NOTE
r-patched-solaris-sparc 1.5 398.90 ERROR
r-patched-solaris-x86 1.5 107.20 ERROR
r-release-linux-ix86 NOTE
r-release-linux-x86_64 1.5 2.49 49.70 52.19 NOTE
r-release-macosx-x86_64 1.5 NOTE
r-release-windows-ix86+x86_64 1.5 13.00 124.00 137.00 NOTE
r-oldrel-windows-ix86+x86_64 1.5 9.00 128.00 137.00 NOTE

Check Details

Version: 1.5
Check: dependencies in R code
Result: NOTE
    There are ::: calls to the package's namespace in its code. A package
     almost never needs to use ::: for its own objects:
     ‘run_example’
    See the information on DESCRIPTION files in the chapter ‘Creating R
    packages’ of the ‘Writing R Extensions’ manual.
Flavors: r-devel-linux-x86_64-debian-clang, r-devel-linux-x86_64-debian-gcc, r-devel-linux-x86_64-fedora-clang, r-devel-linux-x86_64-fedora-gcc, r-devel-macosx-x86_64-clang, r-devel-windows-ix86+x86_64, r-patched-linux-x86_64, r-patched-solaris-sparc, r-patched-solaris-x86, r-release-linux-ix86, r-release-linux-x86_64, r-release-macosx-x86_64, r-release-windows-ix86+x86_64, r-oldrel-windows-ix86+x86_64

Version: 1.5
Check: package dependencies
Result: ERROR
    Package required but not available: ‘evaluate’
    
    Packages suggested but not available for checking: ‘BiocInstaller’ ‘knitr’
    
    See the information on DESCRIPTION files in the chapter ‘Creating R
    packages’ of the ‘Writing R Extensions’ manual.
Flavor: r-devel-macosx-x86_64-gcc

Version: 1.5
Check: tests
Result: ERROR
    Running the tests in ‘tests/test-that.R’ failed.
    Last 13 lines of output:
     2: compile_dll(pkg, quiet = quiet)
     3: install_min(pkg, tempdir(), components = "libs", args = if (needs_clean(pkg)) "--preclean",
     quiet = quiet)
     4: RCMD("INSTALL", c(shQuote(pkg$path), paste("--library=", shQuote(dest), sep = ""),
     no_args, "--no-multiarch", "--no-test-load", args), quiet = quiet)
     5: R(paste("CMD", cmd, options), path = path, env_vars = env_vars, ...)
     6: in_dir(path, system_check(r_path, options, c(r_env_vars(), env_vars), ...))
     7: force(code)
     8: system_check(r_path, options, c(r_env_vars(), env_vars), ...)
     9: stop("Command failed (", status, ")", call. = FALSE)
    
     Error: Test failures
     Execution halted
Flavors: r-patched-solaris-sparc, r-patched-solaris-x86

Version: 1.5
Check: package dependencies
Result: NOTE
    Package suggested but not available for checking: ‘BiocInstaller’
Flavor: r-release-macosx-x86_64