CRAN Package Check Results for Package devtools

Last updated on 2016-06-25 09:47:10.

Flavor Version Tinstall Tcheck Ttotal Status Flags
r-devel-linux-x86_64-debian-gcc 1.11.1 2.04 62.07 64.11 NOTE
r-devel-linux-x86_64-fedora-clang 1.12.0 117.86 OK
r-devel-linux-x86_64-fedora-gcc 1.12.0 111.52 OK
r-devel-osx-x86_64-clang 1.12.0 100.20 NOTE
r-devel-windows-ix86+x86_64 1.11.1 13.00 249.00 262.00 OK
r-patched-linux-x86_64 1.11.1 2.16 61.03 63.20 NOTE
r-patched-solaris-sparc 1.12.0 597.20 NOTE
r-patched-solaris-x86 1.12.0 131.30 NOTE
r-release-linux-x86_64 1.11.1 2.05 59.59 61.64 NOTE
r-release-osx-x86_64-mavericks 1.11.1 OK
r-release-windows-ix86+x86_64 1.11.1 15.00 238.00 253.00 OK
r-oldrel-windows-ix86+x86_64 1.11.1 16.00 260.00 276.00 OK

Check Details

Version: 1.11.1
Check: package dependencies
Result: NOTE
    Package suggested but not available for checking: ‘hunspell’
Flavors: r-devel-linux-x86_64-debian-gcc, r-patched-linux-x86_64, r-release-linux-x86_64

Version: 1.12.0
Check: package dependencies
Result: NOTE
    Package suggested but not available for checking: ‘hunspell’
Flavors: r-devel-osx-x86_64-clang, r-patched-solaris-sparc, r-patched-solaris-x86

Version: 1.12.0
Check: Rd cross-references
Result: NOTE
    Package unavailable to check Rd xrefs: ‘hunspell’
Flavors: r-devel-osx-x86_64-clang, r-patched-solaris-sparc, r-patched-solaris-x86