CRAN Package Check Results for Package devtools

Last updated on 2015-03-02 13:47:01.

Flavor Version Tinstall Tcheck Ttotal Status Flags
r-devel-linux-x86_64-debian-clang 1.7.0 1.69 39.82 41.50 NOTE
r-devel-linux-x86_64-debian-gcc 1.7.0 1.66 38.94 40.60 NOTE
r-devel-linux-x86_64-fedora-clang 1.7.0 80.01 NOTE
r-devel-linux-x86_64-fedora-gcc 1.7.0 72.59 NOTE
r-devel-osx-x86_64-clang 1.7.0 83.78 NOTE
r-devel-windows-ix86+x86_64 1.7.0 18.00 160.00 178.00 NOTE
r-patched-linux-x86_64 1.7.0 1.83 43.36 45.19 NOTE
r-patched-solaris-sparc 1.7.0 396.10 NOTE
r-patched-solaris-x86 1.7.0 106.90 NOTE
r-release-linux-ix86 1.7.0 2.61 63.45 66.06 NOTE
r-release-linux-x86_64 1.7.0 1.82 42.22 44.04 NOTE
r-release-osx-x86_64-mavericks 1.7.0 NOTE
r-release-osx-x86_64-snowleopard 1.7.0 NOTE
r-release-windows-ix86+x86_64 1.7.0 17.00 162.00 179.00 NOTE
r-oldrel-windows-ix86+x86_64 1.7.0 7.00 115.00 122.00 WARN

Check Details

Version: 1.7.0
Check: dependencies in R code
Result: NOTE
    'library' or 'require' call to ‘testthat’ in package code.
     Please use :: or requireNamespace() instead.
     See section 'Suggested packages' in the 'Writing R Extensions' manual.
    Namespace in Imports field not imported from: ‘memoise’
     All declared Imports should be used.
Flavors: r-devel-linux-x86_64-debian-clang, r-devel-linux-x86_64-debian-gcc, r-devel-linux-x86_64-fedora-clang, r-devel-linux-x86_64-fedora-gcc, r-devel-osx-x86_64-clang, r-devel-windows-ix86+x86_64, r-patched-linux-x86_64, r-patched-solaris-sparc, r-patched-solaris-x86

Version: 1.7.0
Check: R code for possible problems
Result: NOTE
    Found the following calls to attach():
    File ‘devtools/R/package-env.r’:
     attach(NULL, name = pkg_env_name(pkg))
    File ‘devtools/R/shims.r’:
     attach(e, name = "devtools_shims", warn.conflicts = FALSE)
    See section ‘Good practice’ in ‘?attach’.
Flavors: r-devel-linux-x86_64-debian-clang, r-devel-linux-x86_64-debian-gcc, r-patched-linux-x86_64, r-release-linux-ix86, r-release-linux-x86_64

Version: 1.7.0
Check: dependencies in R code
Result: NOTE
    Namespace in Imports field not imported from: ‘memoise’
     All declared Imports should be used.
    See the information on DESCRIPTION files in the chapter ‘Creating R
    packages’ of the ‘Writing R Extensions’ manual.
Flavors: r-release-linux-ix86, r-release-linux-x86_64, r-release-osx-x86_64-mavericks, r-release-osx-x86_64-snowleopard, r-release-windows-ix86+x86_64, r-oldrel-windows-ix86+x86_64

Version: 1.7.0
Check: package dependencies
Result: NOTE
    Package suggested but not available for checking: 'lintr'
Flavor: r-oldrel-windows-ix86+x86_64

Version: 1.7.0
Check: Rd cross-references
Result: WARN
    Unknown package 'lintr' in Rd xrefs
Flavor: r-oldrel-windows-ix86+x86_64