CRAN Package Check Results for Package devtools

Last updated on 2014-10-31 15:50:06.

Flavor Version Tinstall Tcheck Ttotal Status Flags
r-devel-linux-x86_64-debian-clang 1.6.1 1.93 42.14 44.07 NOTE
r-devel-linux-x86_64-debian-gcc 1.6.1 1.74 41.98 43.72 NOTE
r-devel-linux-x86_64-fedora-clang 1.6.1 80.83 NOTE
r-devel-linux-x86_64-fedora-gcc 1.6.1 74.92 NOTE
r-devel-osx-x86_64-clang 1.6.1 84.23 NOTE
r-devel-windows-ix86+x86_64 1.6.1 7.00 113.00 120.00 NOTE
r-patched-linux-x86_64 1.6.1 1.89 42.37 44.26 NOTE
r-patched-solaris-sparc 1.6.1 388.10 NOTE
r-patched-solaris-x86 1.6.1 107.70 NOTE
r-release-linux-ix86 1.6.1 2.56 61.97 64.53 NOTE
r-release-linux-x86_64 1.6.1 1.82 42.70 44.52 NOTE
r-release-osx-x86_64-mavericks 1.6.1 NOTE
r-release-osx-x86_64-snowleopard 1.6.1 NOTE
r-release-windows-ix86+x86_64 1.6.1 6.00 110.00 116.00 NOTE
r-oldrel-windows-ix86+x86_64 1.6.1 8.00 106.00 114.00 NOTE

Check Details

Version: 1.6.1
Check: dependencies in R code
Result: NOTE
    Namespace in Imports field not imported from: ‘memoise’
     All declared Imports should be used.
    See the information on DESCRIPTION files in the chapter ‘Creating R
    packages’ of the ‘Writing R Extensions’ manual.
Flavors: r-devel-linux-x86_64-debian-clang, r-devel-linux-x86_64-debian-gcc, r-devel-linux-x86_64-fedora-clang, r-devel-linux-x86_64-fedora-gcc, r-devel-osx-x86_64-clang, r-devel-windows-ix86+x86_64, r-patched-linux-x86_64, r-patched-solaris-sparc, r-patched-solaris-x86, r-release-linux-ix86, r-release-linux-x86_64, r-release-osx-x86_64-mavericks, r-release-osx-x86_64-snowleopard, r-release-windows-ix86+x86_64, r-oldrel-windows-ix86+x86_64

Version: 1.6.1
Check: R code for possible problems
Result: NOTE
    Found the following calls to attach():
    File ‘devtools/R/package-env.r’:
     attach(NULL, name = pkg_env_name(pkg))
    File ‘devtools/R/shims.r’:
     attach(e, name = "devtools_shims", warn.conflicts = FALSE)
    See section ‘Good practice’ in ‘?attach’.
Flavors: r-devel-linux-x86_64-debian-clang, r-devel-linux-x86_64-debian-gcc, r-patched-linux-x86_64, r-release-linux-x86_64