CRAN Package Check Results for Package devtools

Last updated on 2017-01-19 06:48:33.

Flavor Version Tinstall Tcheck Ttotal Status Flags
r-devel-linux-x86_64-debian-clang 1.12.0 2.59 79.64 82.24 OK
r-devel-linux-x86_64-debian-gcc 1.12.0 2.47 74.75 77.22 OK
r-devel-linux-x86_64-fedora-clang 1.12.0 136.46 OK --no-stop-on-test-error
r-devel-linux-x86_64-fedora-gcc 1.12.0 133.65 OK --no-stop-on-test-error
r-devel-macos-x86_64-clang 1.12.0 59.89 OK --no-stop-on-test-error
r-devel-windows-ix86+x86_64 1.12.0 18.00 210.00 228.00 OK
r-patched-linux-x86_64 1.12.0 2.22 69.39 71.61 ERROR
r-patched-solaris-sparc 1.12.0 609.60 ERROR
r-patched-solaris-x86 1.12.0 142.60 ERROR
r-release-linux-x86_64 1.12.0 2.48 72.48 74.95 OK
r-release-osx-x86_64-mavericks 1.12.0 OK
r-release-windows-ix86+x86_64 1.12.0 10.00 339.00 349.00 OK
r-oldrel-windows-ix86+x86_64 1.12.0 11.00 232.00 243.00 OK

Check Details

Version: 1.12.0
Check: tests
Result: ERROR
     Running ‘has-devel.R’ [1s/1s]
     Running ‘test-that.R’ [30s/32s]
    Running the tests in ‘tests/test-that.R’ failed.
    Last 13 lines of output:
     5: as.vector(object)
     6: find_topic("foofoo")
     7: find_pkg_topic(path, topic)
     8: topic_index(pkg)
     9: build_topic_index(pkg)
     10: invert(lapply(rds, aliases))
    
     Updating collate directive in /tmp/RtmpceslOC/testCollateOrder/DESCRIPTION
    
     testthat results ================================================================
     OK: 377 SKIPPED: 10 FAILED: 1
     1. Error: help and ? find files for devtools-loaded packages (@test-help.r#45)
    
     Error: testthat unit tests failed
     Execution halted
Flavor: r-patched-linux-x86_64

Version: 1.12.0
Check: tests
Result: ERROR
     Running ‘has-devel.R’
     Running ‘test-that.R’ [251s/253s]
    Running the tests in ‘tests/test-that.R’ failed.
    Complete output:
     > library(testthat)
     > test_check("devtools")
     Loading required package: devtools
     1. Error: help and ? find files for devtools-loaded packages (@test-help.r#45) -
     invalid 'times' argument
     1: expect_true(!is.null(find_topic("foofoo"))) at testthat/test-help.r:45
     2: expect(identical(as.vector(object), TRUE), sprintf("%s isn't true.", lab), info = info)
     3: as.expectation(exp, ..., srcref = srcref)
     4: identical(as.vector(object), TRUE)
     5: as.vector(object)
     6: find_topic("foofoo")
     7: find_pkg_topic(path, topic)
     8: topic_index(pkg)
     9: build_topic_index(pkg)
     10: invert(lapply(rds, aliases))
    
     Updating collate directive in /tmp/RtmpcPaiVD/testCollateOrder/DESCRIPTION
    
     testthat results ================================================================
     OK: 377 SKIPPED: 10 FAILED: 1
     1. Error: help and ? find files for devtools-loaded packages (@test-help.r#45)
    
     Error: testthat unit tests failed
     Execution halted
Flavor: r-patched-solaris-sparc

Version: 1.12.0
Check: tests
Result: ERROR
     Running ‘has-devel.R’
     Running ‘test-that.R’ [71s/102s]
    Running the tests in ‘tests/test-that.R’ failed.
    Complete output:
     > library(testthat)
     > test_check("devtools")
     Loading required package: devtools
     1. Error: help and ? find files for devtools-loaded packages (@test-help.r#45) -
     invalid 'times' argument
     1: expect_true(!is.null(find_topic("foofoo"))) at testthat/test-help.r:45
     2: expect(identical(as.vector(object), TRUE), sprintf("%s isn't true.", lab), info = info)
     3: as.expectation(exp, ..., srcref = srcref)
     4: identical(as.vector(object), TRUE)
     5: as.vector(object)
     6: find_topic("foofoo")
     7: find_pkg_topic(path, topic)
     8: topic_index(pkg)
     9: build_topic_index(pkg)
     10: invert(lapply(rds, aliases))
    
     Updating collate directive in /tmp/RtmpFEaynS/testCollateOrder/DESCRIPTION
    
     testthat results ================================================================
     OK: 377 SKIPPED: 10 FAILED: 1
     1. Error: help and ? find files for devtools-loaded packages (@test-help.r#45)
    
     Error: testthat unit tests failed
     Execution halted
Flavor: r-patched-solaris-x86