CRAN Package Check Results for Package devtools

Last updated on 2017-03-23 06:47:56.

Flavor Version Tinstall Tcheck Ttotal Status Flags
r-devel-linux-x86_64-debian-clang 1.12.0 2.56 75.89 78.44 NOTE
r-devel-linux-x86_64-debian-gcc 1.12.0 2.57 71.68 74.25 NOTE
r-devel-linux-x86_64-fedora-clang 1.12.0 142.79 NOTE --no-stop-on-test-error
r-devel-linux-x86_64-fedora-gcc 1.12.0 134.73 NOTE --no-stop-on-test-error
r-devel-macos-x86_64-clang 1.12.0 109.82 NOTE --no-stop-on-test-error
r-devel-windows-ix86+x86_64 1.12.0 11.00 227.00 238.00 OK
r-patched-linux-x86_64 1.12.0 2.32 68.69 71.01 OK
r-patched-solaris-sparc 1.12.0 663.70 OK
r-patched-solaris-x86 1.12.0 159.90 ERROR
r-release-linux-x86_64 1.12.0 2.26 67.49 69.75 OK
r-release-osx-x86_64-mavericks 1.12.0 OK
r-release-windows-ix86+x86_64 1.12.0 17.00 200.00 217.00 OK
r-oldrel-windows-ix86+x86_64 1.12.0 17.00 331.00 348.00 OK

Check Details

Version: 1.12.0
Check: compiled code
Result: NOTE
    File ‘devtools/libs/devtools.so’:
     Found no calls to: ‘R_registerRoutines’, ‘R_useDynamicSymbols’
    
    It is good practice to register native routines and to disable symbol
    search.
    
    See ‘Writing portable packages’ in the ‘Writing R Extensions’ manual.
Flavors: r-devel-linux-x86_64-debian-clang, r-devel-linux-x86_64-debian-gcc

Version: 1.12.0
Flags: --no-stop-on-test-error
Check: compiled code
Result: NOTE
    File ‘devtools/libs/devtools.so’:
     Found no calls to: ‘R_registerRoutines’, ‘R_useDynamicSymbols’
    
    It is good practice to register native routines and to disable symbol
    search.
    
    See ‘Writing portable packages’ in the ‘Writing R Extensions’ manual.
Flavors: r-devel-linux-x86_64-fedora-clang, r-devel-linux-x86_64-fedora-gcc, r-devel-macos-x86_64-clang

Version: 1.12.0
Check: tests
Result: ERROR
     Running ‘has-devel.R’
     Running ‘test-that.R’ [79s/101s]
    Running the tests in ‘tests/test-that.R’ failed.
    Complete output:
     > library(testthat)
     > test_check("devtools")
     Loading required package: devtools
     1. Error: load_all() can compile and load DLLs linked to Rcpp (@test-dll.r#107)
     Command failed (1)
     1: load_all("testDllRcpp", reset = TRUE, quiet = TRUE) at testthat/test-dll.r:107
     2: compile_dll(pkg, quiet = quiet)
     3: withr_with_envvar(compiler_flags(TRUE), {
     if (!needs_compile(pkg))
     return(invisible())
     compile_rcpp_attributes(pkg)
     if (!quiet)
     message("Re-compiling ", pkg$package)
     install_dir <- tempfile("devtools_install_")
     dir.create(install_dir)
     inst <- install_min(pkg, install_dir, components = "libs", args = if (needs_clean(pkg))
     "--preclean", quiet = quiet)
     invisible(dll_path(pkg))
     }, "prefix")
     4: force(code)
     5: install_min(pkg, install_dir, components = "libs", args = if (needs_clean(pkg)) "--preclean",
     quiet = quiet)
     6: RCMD("INSTALL", c(shQuote(pkg$path), paste("--library=", shQuote(dest), sep = ""),
     no_args, "--no-multiarch", "--no-test-load", args), quiet = quiet)
     7: R(paste("CMD", cmd, options), path = path, env_vars = env_vars, ...)
     8: fun(r, args = args, env_vars = env_vars, path = path, ...)
     9: stop("Command failed (", status, ")", call. = FALSE)
    
     Updating collate directive in /tmp/RtmpPRai8L/testCollateOrder/DESCRIPTION
    
     testthat results ================================================================
     OK: 378 SKIPPED: 10 FAILED: 1
     1. Error: load_all() can compile and load DLLs linked to Rcpp (@test-dll.r#107)
    
     Error: testthat unit tests failed
     Execution halted
Flavor: r-patched-solaris-x86