CRAN Package Check Results for Package devtools

Last updated on 2017-04-23 23:50:56.

Flavor Version Tinstall Tcheck Ttotal Status Flags
r-devel-linux-x86_64-debian-clang 1.12.0 2.60 73.72 76.32 NOTE
r-devel-linux-x86_64-debian-gcc 1.12.0 4.74 74.44 79.18 NOTE
r-devel-linux-x86_64-fedora-clang 1.12.0 137.38 NOTE --no-stop-on-test-error
r-devel-linux-x86_64-fedora-gcc 1.12.0 132.32 NOTE --no-stop-on-test-error
r-devel-windows-ix86+x86_64 1.12.0 16.00 237.00 253.00 OK
r-patched-linux-x86_64 1.12.0 2.40 75.07 77.47 NOTE
r-patched-solaris-sparc 1.12.0 663.70 OK
r-patched-solaris-x86 1.12.0 160.70 ERROR
r-release-linux-x86_64 1.12.0 2.46 73.01 75.46 NOTE
r-release-windows-ix86+x86_64 1.12.0 11.00 226.00 237.00 OK
r-release-osx-x86_64 1.12.0 OK
r-oldrel-windows-ix86+x86_64 1.12.0 10.00 210.00 220.00 OK
r-oldrel-osx-x86_64 1.12.0 OK

Check Details

Version: 1.12.0
Check: compiled code
Result: NOTE
    File ‘devtools/libs/devtools.so’:
     Found no calls to: ‘R_registerRoutines’, ‘R_useDynamicSymbols’
    
    It is good practice to register native routines and to disable symbol
    search.
    
    See ‘Writing portable packages’ in the ‘Writing R Extensions’ manual.
Flavors: r-devel-linux-x86_64-debian-clang, r-devel-linux-x86_64-debian-gcc, r-patched-linux-x86_64, r-release-linux-x86_64

Version: 1.12.0
Flags: --no-stop-on-test-error
Check: compiled code
Result: NOTE
    File ‘devtools/libs/devtools.so’:
     Found no calls to: ‘R_registerRoutines’, ‘R_useDynamicSymbols’
    
    It is good practice to register native routines and to disable symbol
    search.
    
    See ‘Writing portable packages’ in the ‘Writing R Extensions’ manual.
Flavors: r-devel-linux-x86_64-fedora-clang, r-devel-linux-x86_64-fedora-gcc

Version: 1.12.0
Check: tests
Result: ERROR
     Running ‘has-devel.R’
     Running ‘test-that.R’ [81s/136s]
    Running the tests in ‘tests/test-that.R’ failed.
    Complete output:
     > library(testthat)
     > test_check("devtools")
     Loading required package: devtools
     1. Error: load_all() can compile and load DLLs linked to Rcpp (@test-dll.r#107)
     Command failed (1)
     1: load_all("testDllRcpp", reset = TRUE, quiet = TRUE) at testthat/test-dll.r:107
     2: compile_dll(pkg, quiet = quiet)
     3: withr_with_envvar(compiler_flags(TRUE), {
     if (!needs_compile(pkg))
     return(invisible())
     compile_rcpp_attributes(pkg)
     if (!quiet)
     message("Re-compiling ", pkg$package)
     install_dir <- tempfile("devtools_install_")
     dir.create(install_dir)
     inst <- install_min(pkg, install_dir, components = "libs", args = if (needs_clean(pkg))
     "--preclean", quiet = quiet)
     invisible(dll_path(pkg))
     }, "prefix")
     4: force(code)
     5: install_min(pkg, install_dir, components = "libs", args = if (needs_clean(pkg)) "--preclean",
     quiet = quiet)
     6: RCMD("INSTALL", c(shQuote(pkg$path), paste("--library=", shQuote(dest), sep = ""),
     no_args, "--no-multiarch", "--no-test-load", args), quiet = quiet)
     7: R(paste("CMD", cmd, options), path = path, env_vars = env_vars, ...)
     8: fun(r, args = args, env_vars = env_vars, path = path, ...)
     9: stop("Command failed (", status, ")", call. = FALSE)
    
     Updating collate directive in /tmp/Rtmpe6aqgB/testCollateOrder/DESCRIPTION
    
     testthat results ================================================================
     OK: 378 SKIPPED: 10 FAILED: 1
     1. Error: load_all() can compile and load DLLs linked to Rcpp (@test-dll.r#107)
    
     Error: testthat unit tests failed
     Execution halted
Flavor: r-patched-solaris-x86