CRAN Package Check Results for Package devtools

Last updated on 2016-09-25 08:47:34.

Flavor Version Tinstall Tcheck Ttotal Status Flags
r-devel-linux-x86_64-debian-clang 1.12.0 2.42 69.87 72.29 WARN
r-devel-linux-x86_64-debian-gcc 1.12.0 2.45 67.00 69.45 WARN
r-devel-linux-x86_64-fedora-clang 1.12.0 121.53 WARN
r-devel-linux-x86_64-fedora-gcc 1.12.0 112.93 WARN
r-devel-macos-x86_64-clang 1.12.0 98.47 WARN
r-devel-windows-ix86+x86_64 1.12.0 22.00 313.00 335.00 ERROR
r-patched-linux-x86_64 1.12.0 2.27 68.99 71.26 OK
r-patched-solaris-sparc 1.12.0 752.60 OK
r-patched-solaris-x86 1.12.0 142.20 OK
r-release-linux-x86_64 1.12.0 2.25 68.06 70.31 OK
r-release-osx-x86_64-mavericks 1.12.0 OK
r-release-windows-ix86+x86_64 1.12.0 9.00 196.00 205.00 OK
r-oldrel-windows-ix86+x86_64 1.12.0 21.00 201.00 222.00 OK

Check Details

Version: 1.12.0
Check: files in ‘vignettes’
Result: WARN
    Files in the 'vignettes' directory newer than all files in 'inst/doc':
     ‘dependencies.Rmd’
Flavors: r-devel-linux-x86_64-debian-clang, r-devel-linux-x86_64-debian-gcc, r-devel-linux-x86_64-fedora-clang, r-devel-linux-x86_64-fedora-gcc, r-devel-macos-x86_64-clang, r-devel-windows-ix86+x86_64

Version: 1.12.0
Check: running tests for arch ‘i386’
Result: ERROR
    Running the tests in 'tests/test-that.R' failed.
    Last 13 lines of output:
     Command failed (1)
     1: install("testVignettesBuilt", reload = FALSE, quiet = TRUE, build_vignettes = TRUE) at testthat/test-vignettes.r:113
     2: build(pkg, tempdir(), vignettes = build_vignettes, quiet = quiet)
     3: withr::with_temp_libpaths(R(cmd, path, quiet = quiet))
     4: force(code)
     5: R(cmd, path, quiet = quiet)
     6: fun(r, args = args, env_vars = env_vars, path = path, ...)
     7: stop("Command failed (", status, ")", call. = FALSE)
    
     testthat results ================================================================
     OK: 384 SKIPPED: 10 FAILED: 1
     1. Error: vignettes built on install (@test-vignettes.r#113)
    
     Error: testthat unit tests failed
     Execution halted
Flavor: r-devel-windows-ix86+x86_64

Version: 1.12.0
Check: running tests for arch ‘x64’
Result: ERROR
    Running the tests in 'tests/test-that.R' failed.
    Last 13 lines of output:
     Command failed (1)
     1: install("testVignettesBuilt", reload = FALSE, quiet = TRUE, build_vignettes = TRUE) at testthat/test-vignettes.r:113
     2: build(pkg, tempdir(), vignettes = build_vignettes, quiet = quiet)
     3: withr::with_temp_libpaths(R(cmd, path, quiet = quiet))
     4: force(code)
     5: R(cmd, path, quiet = quiet)
     6: fun(r, args = args, env_vars = env_vars, path = path, ...)
     7: stop("Command failed (", status, ")", call. = FALSE)
    
     testthat results ================================================================
     OK: 384 SKIPPED: 10 FAILED: 1
     1. Error: vignettes built on install (@test-vignettes.r#113)
    
     Error: testthat unit tests failed
     Execution halted
Flavor: r-devel-windows-ix86+x86_64