CRAN Package Check Results for Package devtools

Last updated on 2014-09-16 01:48:09.

Flavor Version Tinstall Tcheck Ttotal Status Flags
r-devel-linux-x86_64-debian-clang 1.5 2.24 54.81 57.05 ERROR
r-devel-linux-x86_64-debian-gcc 1.5 2.20 53.00 55.19 ERROR
r-devel-linux-x86_64-fedora-clang 1.5 67.57 ERROR
r-devel-linux-x86_64-fedora-gcc 1.5 59.92 ERROR
r-devel-osx-x86_64-clang 1.5 90.94 ERROR
r-devel-windows-ix86+x86_64 1.5 9.00 147.00 156.00 ERROR
r-patched-linux-x86_64 1.5 2.31 49.29 51.60 NOTE
r-patched-solaris-sparc 1.5 456.30 ERROR
r-patched-solaris-x86 1.5 101.70 ERROR
r-release-linux-ix86 1.5 3.12 67.93 71.05 NOTE
r-release-linux-x86_64 1.5 2.34 49.08 51.41 NOTE
r-release-osx-x86_64-mavericks 1.5 NOTE
r-release-osx-x86_64-snowleopard 1.5 NOTE
r-release-windows-ix86+x86_64 1.5 8.00 127.00 135.00 NOTE
r-oldrel-windows-ix86+x86_64 1.5 10.00 127.00 137.00 NOTE

Check Details

Version: 1.5
Check: dependencies in R code
Result: NOTE
    There are ::: calls to the package's namespace in its code. A package
     almost never needs to use ::: for its own objects:
     ‘run_example’
    See the information on DESCRIPTION files in the chapter ‘Creating R
    packages’ of the ‘Writing R Extensions’ manual.
Flavors: r-devel-linux-x86_64-debian-clang, r-devel-linux-x86_64-debian-gcc, r-devel-linux-x86_64-fedora-clang, r-devel-linux-x86_64-fedora-gcc, r-devel-osx-x86_64-clang, r-devel-windows-ix86+x86_64, r-patched-linux-x86_64, r-patched-solaris-sparc, r-patched-solaris-x86, r-release-linux-ix86, r-release-linux-x86_64, r-release-osx-x86_64-mavericks, r-release-osx-x86_64-snowleopard, r-release-windows-ix86+x86_64, r-oldrel-windows-ix86+x86_64

Version: 1.5
Check: R code for possible problems
Result: NOTE
    compile_rcpp_attributes: no visible global function definition for
     ‘compileAttributes’
    test: no visible global function definition for ‘test_dir’
    
    Found the following calls to attach():
    File ‘devtools/R/package-env.r’:
     attach(NULL, name = pkg_env_name(pkg))
    See section ‘Good practice’ in ‘?attach’.
Flavors: r-devel-linux-x86_64-debian-clang, r-devel-linux-x86_64-debian-gcc

Version: 1.5
Check: tests
Result: ERROR
    Running the tests in ‘tests/test-that.R’ failed.
    Last 13 lines of output:
     shim : ................
     Vignettes : .............Warning in split_file(lines = text) :
     restarting interrupted promise evaluation
     .........
     ...
     With : ...............
    
    
     1. Error: Namespace, imports, and package environments have correct hierarchy --
     node stack overflow
    
     Error: Test failures
     Execution halted
Flavors: r-devel-linux-x86_64-debian-clang, r-devel-linux-x86_64-debian-gcc, r-devel-linux-x86_64-fedora-clang, r-devel-linux-x86_64-fedora-gcc, r-devel-osx-x86_64-clang

Version: 1.5
Check: R code for possible problems
Result: NOTE
    compile_rcpp_attributes: no visible global function definition for
     ‘compileAttributes’
    test: no visible global function definition for ‘test_dir’
Flavors: r-devel-linux-x86_64-fedora-clang, r-devel-linux-x86_64-fedora-gcc, r-devel-osx-x86_64-clang, r-devel-windows-ix86+x86_64

Version: 1.5
Check: running tests for arch 'i386'
Result: ERROR
    Running the tests in 'tests/test-that.R' failed.
    Last 13 lines of output:
     shim : ................
     Vignettes : .............Warning in split_file(lines = text) :
     restarting interrupted promise evaluation
     .........
     ...
     With : ...............
    
    
     1. Error: Namespace, imports, and package environments have correct hierarchy --
     node stack overflow
    
     Error: Test failures
     Execution halted
Flavor: r-devel-windows-ix86+x86_64

Version: 1.5
Check: running tests for arch 'x64'
Result: ERROR
    Running the tests in 'tests/test-that.R' failed.
    Last 13 lines of output:
     shim : ................
     Vignettes : .............Warning in split_file(lines = text) :
     restarting interrupted promise evaluation
     .........
     ...
     With : ...............
    
    
     1. Error: Namespace, imports, and package environments have correct hierarchy --
     node stack overflow
    
     Error: Test failures
     Execution halted
Flavor: r-devel-windows-ix86+x86_64

Version: 1.5
Check: tests
Result: ERROR
    Running the tests in ‘tests/test-that.R’ failed.
    Last 13 lines of output:
     2: compile_dll(pkg, quiet = quiet)
     3: install_min(pkg, tempdir(), components = "libs", args = if (needs_clean(pkg)) "--preclean",
     quiet = quiet)
     4: RCMD("INSTALL", c(shQuote(pkg$path), paste("--library=", shQuote(dest), sep = ""),
     no_args, "--no-multiarch", "--no-test-load", args), quiet = quiet)
     5: R(paste("CMD", cmd, options), path = path, env_vars = env_vars, ...)
     6: in_dir(path, system_check(r_path, options, c(r_env_vars(), env_vars), ...))
     7: force(code)
     8: system_check(r_path, options, c(r_env_vars(), env_vars), ...)
     9: stop("Command failed (", status, ")", call. = FALSE)
    
     Error: Test failures
     Execution halted
Flavors: r-patched-solaris-sparc, r-patched-solaris-x86

Version: 1.5
Check: R code for possible problems
Result: NOTE
    Found the following calls to attach():
    File ‘devtools/R/package-env.r’:
     attach(NULL, name = pkg_env_name(pkg))
    See section ‘Good practice’ in ‘?attach’.
Flavor: r-release-linux-x86_64

Version: 1.5
Check: package dependencies
Result: NOTE
    Package suggested but not available for checking: ‘BiocInstaller’
Flavors: r-release-osx-x86_64-mavericks, r-release-osx-x86_64-snowleopard