CRAN Package Check Results for Package devtools

Last updated on 2014-08-02 01:49:59.

Flavor Version Tinstall Tcheck Ttotal Status Flags
r-devel-linux-x86_64-debian-clang 1.5 2.37 47.08 49.45 NOTE
r-devel-linux-x86_64-debian-gcc 1.5 2.32 46.72 49.04 NOTE
r-devel-linux-x86_64-fedora-clang 1.5 95.62 NOTE
r-devel-linux-x86_64-fedora-gcc 1.5 89.77 NOTE
r-devel-osx-x86_64-clang 1.5 93.67 NOTE
r-devel-windows-ix86+x86_64 1.5 9.00 126.00 135.00 NOTE
r-patched-linux-x86_64 1.5 2.40 47.30 49.70 NOTE
r-patched-solaris-sparc 1.5 456.30 ERROR
r-patched-solaris-x86 1.5 102.90 ERROR
r-release-linux-ix86 1.5 3.11 66.54 69.65 NOTE
r-release-linux-x86_64 1.5 2.53 47.61 50.14 NOTE
r-release-osx-x86_64-mavericks 1.5 NOTE
r-release-osx-x86_64-snowleopard 1.5 NOTE
r-release-windows-ix86+x86_64 1.5 16.00 173.00 189.00 NOTE
r-oldrel-windows-ix86+x86_64 1.5 16.00 184.00 200.00 NOTE

Check Details

Version: 1.5
Check: dependencies in R code
Result: NOTE
    There are ::: calls to the package's namespace in its code. A package
     almost never needs to use ::: for its own objects:
     run_example
    See the information on DESCRIPTION files in the chapter Creating R
    packages of the Writing R Extensions manual.
Flavors: r-devel-linux-x86_64-debian-clang, r-devel-linux-x86_64-debian-gcc, r-devel-linux-x86_64-fedora-clang, r-devel-linux-x86_64-fedora-gcc, r-devel-osx-x86_64-clang, r-devel-windows-ix86+x86_64, r-patched-linux-x86_64, r-patched-solaris-sparc, r-patched-solaris-x86, r-release-linux-ix86, r-release-linux-x86_64, r-release-osx-x86_64-mavericks, r-release-osx-x86_64-snowleopard, r-release-windows-ix86+x86_64, r-oldrel-windows-ix86+x86_64

Version: 1.5
Check: tests
Result: ERROR
    Running the tests in tests/test-that.R failed.
    Last 13 lines of output:
     2: compile_dll(pkg, quiet = quiet)
     3: install_min(pkg, tempdir(), components = "libs", args = if (needs_clean(pkg)) "--preclean",
     quiet = quiet)
     4: RCMD("INSTALL", c(shQuote(pkg$path), paste("--library=", shQuote(dest), sep = ""),
     no_args, "--no-multiarch", "--no-test-load", args), quiet = quiet)
     5: R(paste("CMD", cmd, options), path = path, env_vars = env_vars, ...)
     6: in_dir(path, system_check(r_path, options, c(r_env_vars(), env_vars), ...))
     7: force(code)
     8: system_check(r_path, options, c(r_env_vars(), env_vars), ...)
     9: stop("Command failed (", status, ")", call. = FALSE)
    
     Error: Test failures
     Execution halted
Flavors: r-patched-solaris-sparc, r-patched-solaris-x86

Version: 1.5
Check: package dependencies
Result: NOTE
    Package suggested but not available for checking: BiocInstaller
Flavors: r-release-osx-x86_64-mavericks, r-release-osx-x86_64-snowleopard