CRAN Package Check Results for Package devtools

Last updated on 2016-12-07 09:50:13.

Flavor Version Tinstall Tcheck Ttotal Status Flags
r-devel-linux-x86_64-debian-clang 1.12.0 2.61 78.96 81.57 WARN
r-devel-linux-x86_64-debian-gcc 1.12.0 2.68 77.34 80.01 OK
r-devel-linux-x86_64-fedora-clang 1.12.0 147.53 OK --no-stop-on-test-error
r-devel-linux-x86_64-fedora-gcc 1.12.0 139.20 OK --no-stop-on-test-error
r-devel-macos-x86_64-clang 1.12.0 115.25 OK --no-stop-on-test-error
r-devel-windows-ix86+x86_64 1.12.0 13.00 224.00 237.00 WARN
r-patched-linux-x86_64 1.12.0 2.32 70.15 72.47 ERROR
r-patched-solaris-sparc 1.12.0 595.30 ERROR
r-patched-solaris-x86 1.12.0 142.00 ERROR
r-release-linux-x86_64 1.12.0 2.51 69.35 71.86 OK
r-release-osx-x86_64-mavericks 1.12.0 OK
r-release-windows-ix86+x86_64 1.12.0 10.00 203.00 213.00 OK
r-oldrel-windows-ix86+x86_64 1.12.0 17.00 220.00 237.00 OK

Check Details

Version: 1.12.0
Check: files in ‘vignettes’
Result: WARN
    Files in the 'vignettes' directory newer than all files in 'inst/doc':
     ‘dependencies.Rmd’
Flavors: r-devel-linux-x86_64-debian-clang, r-devel-windows-ix86+x86_64

Version: 1.12.0
Check: tests
Result: ERROR
     Running ‘has-devel.R’ [1s/1s]
     Running ‘test-that.R’ [30s/32s]
    Running the tests in ‘tests/test-that.R’ failed.
    Last 13 lines of output:
     7: find_pkg_topic(path, topic)
     8: topic_index(pkg)
     9: build_topic_index(pkg)
     10: invert(lapply(rds, aliases))
    
     Updating collate directive in /tmp/Rtmp4rOVkc/testCollateOrder/DESCRIPTION
    
     testthat results ================================================================
     OK: 377 SKIPPED: 10 FAILED: 1
     1. Error: help and ? find files for devtools-loaded packages (@test-help.r#45)
    
     Error: testthat unit tests failed
     Execution halted
Flavor: r-patched-linux-x86_64

Version: 1.12.0
Check: tests
Result: ERROR
     Running ‘has-devel.R’
     Running ‘test-that.R’ [246s/249s]
    Running the tests in ‘tests/test-that.R’ failed.
    Last 13 lines of output:
     7: find_pkg_topic(path, topic)
     8: topic_index(pkg)
     9: build_topic_index(pkg)
     10: invert(lapply(rds, aliases))
    
     Updating collate directive in /tmp/RtmpfwaikY/testCollateOrder/DESCRIPTION
    
     testthat results ================================================================
     OK: 377 SKIPPED: 10 FAILED: 1
     1. Error: help and ? find files for devtools-loaded packages (@test-help.r#45)
    
     Error: testthat unit tests failed
     Execution halted
Flavor: r-patched-solaris-sparc

Version: 1.12.0
Check: tests
Result: ERROR
     Running ‘has-devel.R’
     Running ‘test-that.R’ [72s/109s]
    Running the tests in ‘tests/test-that.R’ failed.
    Last 13 lines of output:
     7: find_pkg_topic(path, topic)
     8: topic_index(pkg)
     9: build_topic_index(pkg)
     10: invert(lapply(rds, aliases))
    
     Updating collate directive in /tmp/RtmpxKa4sH/testCollateOrder/DESCRIPTION
    
     testthat results ================================================================
     OK: 377 SKIPPED: 10 FAILED: 1
     1. Error: help and ? find files for devtools-loaded packages (@test-help.r#45)
    
     Error: testthat unit tests failed
     Execution halted
Flavor: r-patched-solaris-x86