CRAN Package Check Results for Package devtools

Last updated on 2015-05-26 17:47:06.

Flavor Version Tinstall Tcheck Ttotal Status Flags
r-devel-linux-x86_64-debian-clang 1.8.0 2.60 63.05 65.66 NOTE
r-devel-linux-x86_64-debian-gcc 1.8.0 2.49 60.60 63.09 NOTE
r-devel-linux-x86_64-fedora-clang 1.8.0 121.61 NOTE
r-devel-linux-x86_64-fedora-gcc 1.8.0 111.97 NOTE
r-devel-osx-x86_64-clang 1.8.0 117.46 NOTE
r-devel-windows-ix86+x86_64 1.8.0 13.00 169.00 182.00 NOTE
r-patched-linux-x86_64 1.8.0 2.46 61.60 64.06 NOTE
r-patched-solaris-sparc 1.8.0 679.90 NOTE
r-patched-solaris-x86 1.8.0 156.60 NOTE
r-release-linux-x86_64 1.8.0 2.56 62.52 65.08 NOTE
r-release-osx-x86_64-mavericks 1.8.0 NOTE
r-release-osx-x86_64-snowleopard 1.8.0 NOTE
r-release-windows-ix86+x86_64 1.8.0 13.00 169.00 182.00 NOTE
r-oldrel-windows-ix86+x86_64 1.8.0 14.00 180.00 194.00 NOTE

Check Details

Version: 1.8.0
Check: dependencies in R code
Result: NOTE
    'library' or 'require' call to ‘testthat’ in package code.
     Please use :: or requireNamespace() instead.
     See section 'Suggested packages' in the 'Writing R Extensions' manual.
Flavors: r-devel-linux-x86_64-debian-clang, r-devel-linux-x86_64-debian-gcc, r-devel-linux-x86_64-fedora-clang, r-devel-linux-x86_64-fedora-gcc, r-devel-osx-x86_64-clang, r-devel-windows-ix86+x86_64, r-patched-linux-x86_64, r-patched-solaris-sparc, r-patched-solaris-x86, r-release-linux-x86_64, r-release-osx-x86_64-mavericks, r-release-osx-x86_64-snowleopard, r-release-windows-ix86+x86_64, r-oldrel-windows-ix86+x86_64

Version: 1.8.0
Check: R code for possible problems
Result: NOTE
    Found the following calls to attach():
    File ‘devtools/R/package-env.r’:
     attach(NULL, name = pkg_env_name(pkg))
    File ‘devtools/R/shims.r’:
     attach(e, name = "devtools_shims", warn.conflicts = FALSE)
    See section ‘Good practice’ in ‘?attach’.
Flavors: r-devel-linux-x86_64-debian-clang, r-devel-linux-x86_64-debian-gcc, r-patched-linux-x86_64, r-release-linux-x86_64

Version: 1.8.0
Check: package dependencies
Result: NOTE
    Package suggested but not available for checking: ‘BiocInstaller’
Flavor: r-release-osx-x86_64-snowleopard