CRAN Package Check Results for Package dextergui

Last updated on 2024-06-14 17:58:13 CEST.

Flavor Version Tinstall Tcheck Ttotal Status Flags
r-devel-linux-x86_64-debian-clang 0.2.6 19.39 112.50 131.89 OK
r-devel-linux-x86_64-debian-gcc 0.2.6 13.78 84.76 98.54 OK
r-devel-linux-x86_64-fedora-clang 0.2.6 175.07 NOTE
r-devel-linux-x86_64-fedora-gcc 0.2.6 165.94 OK
r-devel-windows-x86_64 0.2.6 15.00 92.00 107.00 OK
r-patched-linux-x86_64 0.2.6 15.60 108.09 123.69 OK
r-release-linux-x86_64 0.2.6 10.99 109.33 120.32 OK
r-release-macos-arm64 0.2.6 55.00 OK
r-release-macos-x86_64 0.2.6 109.00 OK
r-release-windows-x86_64 0.2.6 17.00 93.00 110.00 OK
r-oldrel-macos-arm64 0.2.6 51.00 OK
r-oldrel-macos-x86_64 0.2.6 90.00 NOTE
r-oldrel-windows-x86_64 0.2.6 20.00 109.00 129.00 OK

Check Details

Version: 0.2.6
Check: package dependencies
Result: NOTE Imports includes 22 non-default packages. Importing from so many packages makes the package vulnerable to any of them becoming unavailable. Move as many as possible to Suggests and use conditionally. Flavor: r-devel-linux-x86_64-fedora-clang

Version: 0.2.6
Check: package dependencies
Result: NOTE Packages suggested but not available for checking: 'psych', 'sirt' Flavor: r-oldrel-macos-x86_64