CRAN Package Check Results for Package dextergui

Last updated on 2019-06-27 14:47:05 CEST.

Flavor Version Tinstall Tcheck Ttotal Status Flags
r-devel-linux-x86_64-debian-clang 0.1.6 12.00 78.62 90.62 NOTE
r-devel-linux-x86_64-debian-gcc 0.1.6 9.51 60.00 69.51 NOTE
r-devel-linux-x86_64-fedora-clang 0.1.6 104.45 NOTE
r-devel-linux-x86_64-fedora-gcc 0.1.6 99.29 NOTE
r-devel-windows-ix86+x86_64 0.1.6 40.00 133.00 173.00 NOTE
r-patched-linux-x86_64 0.1.6 12.69 75.65 88.34 NOTE
r-patched-solaris-x86 0.1.6 157.40 NOTE
r-release-linux-x86_64 0.1.6 11.17 75.83 87.00 NOTE
r-release-windows-ix86+x86_64 0.1.6 26.00 94.00 120.00 NOTE
r-release-osx-x86_64 0.1.6 NOTE
r-oldrel-windows-ix86+x86_64 0.1.6 13.00 83.00 96.00 NOTE
r-oldrel-osx-x86_64 0.1.6 NOTE

Check Details

Version: 0.1.6
Check: dependencies in R code
Result: NOTE
    Unexported objects imported by ':::' calls:
     'dexter:::get_resp_data' 'dexter:::qcolors'
     See the note in ?`:::` about the use of this operator.
Flavors: r-devel-linux-x86_64-debian-clang, r-devel-linux-x86_64-debian-gcc, r-devel-linux-x86_64-fedora-clang, r-devel-linux-x86_64-fedora-gcc, r-devel-windows-ix86+x86_64, r-patched-linux-x86_64, r-patched-solaris-x86, r-release-linux-x86_64, r-release-windows-ix86+x86_64, r-release-osx-x86_64, r-oldrel-windows-ix86+x86_64, r-oldrel-osx-x86_64