CRAN Package Check Results for Package dfcrm

Last updated on 2015-05-22 21:46:27.

Flavor Version Tinstall Tcheck Ttotal Status Flags
r-devel-linux-x86_64-debian-clang 0.2-2 0.65 16.19 16.84 NOTE
r-devel-linux-x86_64-debian-gcc 0.2-2 0.59 15.96 16.55 NOTE
r-devel-linux-x86_64-fedora-clang 0.2-2 32.31 NOTE
r-devel-linux-x86_64-fedora-gcc 0.2-2 30.21 NOTE
r-devel-osx-x86_64-clang 0.2-2 36.95 NOTE
r-devel-windows-ix86+x86_64 0.2-2 5.00 24.00 29.00 OK
r-patched-linux-x86_64 0.2-2 0.78 16.10 16.87 NOTE
r-patched-solaris-sparc 0.2-2 197.30 NOTE
r-patched-solaris-x86 0.2-2 41.70 NOTE
r-release-linux-x86_64 0.2-2 0.60 16.21 16.80 NOTE
r-release-osx-x86_64-mavericks 0.2-2 OK
r-release-osx-x86_64-snowleopard 0.2-2 OK
r-release-windows-ix86+x86_64 0.2-2 2.00 30.00 32.00 OK
r-oldrel-windows-ix86+x86_64 0.2-2 4.00 28.00 32.00 OK

Check Details

Version: 0.2-2
Check: S3 generic/method consistency
Result: NOTE
    Found the following apparent S3 methods exported but not registered:
     plot.mtd plot.sim print.crmsize print.dxcrm print.mtd print.sim
    See section ‘Registering S3 methods’ in the ‘Writing R Extensions’
    manual.
Flavors: r-devel-linux-x86_64-debian-clang, r-devel-linux-x86_64-debian-gcc, r-devel-linux-x86_64-fedora-clang, r-devel-linux-x86_64-fedora-gcc, r-devel-osx-x86_64-clang, r-patched-linux-x86_64, r-patched-solaris-sparc, r-patched-solaris-x86, r-release-linux-x86_64