CRAN Package Check Results for Package dfcrm

Last updated on 2015-01-29 23:48:12.

Flavor Version Tinstall Tcheck Ttotal Status Flags
r-devel-linux-x86_64-debian-clang 0.2-2 0.72 17.01 17.72 NOTE
r-devel-linux-x86_64-debian-gcc 0.2-2 0.71 16.24 16.95 NOTE
r-devel-linux-x86_64-fedora-clang 0.2-2 33.97 NOTE
r-devel-linux-x86_64-fedora-gcc 0.2-2 32.81 NOTE
r-devel-osx-x86_64-clang 0.2-2 36.08 NOTE
r-devel-windows-ix86+x86_64 0.2-2 3.00 24.00 27.00 OK
r-patched-linux-x86_64 0.2-2 0.87 17.14 18.01 OK
r-patched-solaris-sparc 0.2-2 223.30 OK
r-patched-solaris-x86 0.2-2 44.40 OK
r-release-linux-ix86 0.2-2 0.97 23.14 24.10 OK
r-release-linux-x86_64 0.2-2 0.67 17.30 17.97 OK
r-release-osx-x86_64-mavericks 0.2-2 OK
r-release-windows-ix86+x86_64 0.2-2 2.00 25.00 27.00 OK
r-oldrel-windows-ix86+x86_64 0.2-2 2.00 27.00 29.00 OK

Check Details

Version: 0.2-2
Check: S3 generic/method consistency
Result: NOTE
    Found the following apparent S3 methods exported but not registered:
     print.crmsize print.dxcrm print.mtd print.sim plot.mtd plot.sim
    See section ‘Registering S3 methods’ in the ‘Writing R Extensions’
    manual.
Flavors: r-devel-linux-x86_64-debian-clang, r-devel-linux-x86_64-debian-gcc, r-devel-linux-x86_64-fedora-clang, r-devel-linux-x86_64-fedora-gcc, r-devel-osx-x86_64-clang