CRAN Package Check Results for Package dfcrm

Last updated on 2015-07-06 23:47:40.

Flavor Version Tinstall Tcheck Ttotal Status Flags
r-devel-linux-x86_64-debian-clang 0.2-2 0.58 15.23 15.82 NOTE
r-devel-linux-x86_64-debian-gcc 0.2-2 0.56 15.20 15.76 NOTE
r-devel-linux-x86_64-fedora-clang 0.2-2 30.67 NOTE
r-devel-linux-x86_64-fedora-gcc 0.2-2 30.40 NOTE
r-devel-osx-x86_64-clang 0.2-2 29.08 NOTE
r-devel-windows-ix86+x86_64 0.2-2 3.00 23.00 26.00 NOTE
r-patched-linux-x86_64 0.2-2 0.63 15.72 16.35 NOTE
r-patched-solaris-sparc 0.2-2 197.30 NOTE
r-patched-solaris-x86 0.2-2 42.70 NOTE
r-release-linux-x86_64 0.2-2 0.58 16.25 16.83 NOTE
r-release-osx-x86_64-mavericks 0.2-2 OK
r-release-windows-ix86+x86_64 0.2-2 3.00 24.00 27.00 OK
r-oldrel-windows-ix86+x86_64 0.2-2 4.00 28.00 32.00 OK

Check Details

Version: 0.2-2
Check: S3 generic/method consistency
Result: NOTE
    Found the following apparent S3 methods exported but not registered:
     plot.mtd plot.sim print.crmsize print.dxcrm print.mtd print.sim
    See section ‘Registering S3 methods’ in the ‘Writing R Extensions’
    manual.
Flavors: r-devel-linux-x86_64-debian-clang, r-devel-linux-x86_64-debian-gcc, r-devel-linux-x86_64-fedora-clang, r-devel-linux-x86_64-fedora-gcc, r-devel-osx-x86_64-clang, r-patched-linux-x86_64, r-patched-solaris-sparc, r-patched-solaris-x86, r-release-linux-x86_64

Version: 0.2-2
Check: R code for possible problems
Result: NOTE
    crm: no visible global function definition for ‘optimize’
    crm: no visible global function definition for ‘integrate’
    crm: no visible global function definition for ‘qnorm’
    mtite: no visible global function definition for ‘rexp’
    mtite: no visible global function definition for ‘rbinom’
    mtite: no visible global function definition for ‘runif’
    mtrials: no visible global function definition for ‘rbinom’
    myjitter: no visible global function definition for ‘runif’
    nopt: no visible global function definition for ‘qnorm’
    nopt: no visible global function definition for ‘pnorm’
    onetite: no visible global function definition for ‘rexp’
    onetite: no visible global function definition for ‘rbinom’
    onetite: no visible global function definition for ‘runif’
    onetrial: no visible global function definition for ‘rbinom’
    plot.mtd: no visible global function definition for ‘menu’
    plot.mtd: no visible global function definition for ‘par’
    plot.mtd: no visible global function definition for ‘plot’
    plot.mtd: no visible global function definition for ‘points’
    plot.mtd: no visible global function definition for ‘lines’
    plot.mtd: no visible global function definition for ‘abline’
    plot.mtd: no visible global function definition for ‘legend’
    plot.mtd: no visible global function definition for ‘locator’
    plot.mtd: no visible global function definition for ‘mtext’
    plot.mtd: no visible global function definition for ‘text’
    plot.sim: no visible global function definition for ‘menu’
    plot.sim: no visible global function definition for ‘par’
    plot.sim: no visible global function definition for ‘plot’
    plot.sim: no visible global function definition for ‘points’
    plot.sim: no visible global function definition for ‘lines’
    plot.sim: no visible global function definition for ‘abline’
    plot.sim: no visible global function definition for ‘legend’
    plot.sim: no visible global function definition for ‘locator’
    plot.sim: no visible global function definition for ‘mtext’
    plot.sim: no visible global function definition for ‘text’
    plot.sim: no visible global function definition for ‘hist’
    plot.sim: no visible global function definition for ‘quantile’
    plot.sim: no visible global function definition for ‘median’
    titecrm: no visible global function definition for ‘optimize’
    titecrm: no visible global function definition for ‘integrate’
    titecrm: no visible global function definition for ‘qnorm’
    Undefined global functions or variables:
     abline hist integrate legend lines locator median menu mtext optimize
     par plot pnorm points qnorm quantile rbinom rexp runif text
Flavors: r-devel-linux-x86_64-debian-clang, r-devel-linux-x86_64-debian-gcc, r-devel-linux-x86_64-fedora-clang, r-devel-linux-x86_64-fedora-gcc, r-devel-windows-ix86+x86_64